{"id":1893,"date":"2019-02-22T11:51:25","date_gmt":"2019-02-22T11:51:25","guid":{"rendered":"https:\/\/help.jamk.fi\/oppiminen\/verkko-opiskelun-taidot-2\/tiedon-hankinta-kaytto-ja-tuottaminen\/"},"modified":"2024-03-04T17:01:28","modified_gmt":"2024-03-04T15:01:28","slug":"tiedon-hankinta-kaytto-ja-tuottaminen","status":"publish","type":"page","link":"https:\/\/help.jamk.fi\/oppiminen\/fi\/verkko-opiskelun-taidot-2\/tiedon-hankinta-kaytto-ja-tuottaminen\/","title":{"rendered":"Tiedonhankinta"},"content":{"rendered":"\n<p>Tehdess\u00e4si oppimisteht\u00e4vi\u00e4 sek\u00e4 opintojesi loppupuolella opinn\u00e4ytety\u00f6t\u00e4, tiedonhaku ja l\u00e4hdeaineistojen laadun arviointi ovat keskeisi\u00e4 opiskelutaitoja. Jamkin kirjastosta saat tiedonhankinnan opastusta niin opintojen alkuvaiheisiin kuin opinn\u00e4ytety\u00f6n tekemiseenkin. Voit varata henkil\u00f6kohtaisen opastusajan tai hy\u00f6dynt\u00e4\u00e4 kirjaston nettisivuilta l\u00f6ytyvi\u00e4 tiedonhaun oppaita.<\/p>\n\n\n\n<p>Tehdess\u00e4si hakuja kirjaston tietokannoista tai hy\u00f6dynt\u00e4ess\u00e4si hakukoneita tieteellisten l\u00e4hteiden hakemiseen, opit tunnistamaan oman alasi laadukkaat l\u00e4hteet. Tietokannoissa voit rajata hakuja vertaisarvioituihin tai tieteellisiin l\u00e4hteisiin ja l\u00f6ydetty\u00e4si hyv\u00e4n l\u00e4hteen kannattaa tehd\u00e4 hakuja l\u00e4hteen kirjoittajan nimell\u00e4 sek\u00e4 tutustua l\u00e4hdeluetteloon, joka voi johdattaa muiden aihepiirin asiantuntijoiden materiaaleihin.<\/p>\n\n\n\n<p>Linkkej\u00e4 tekstiss\u00e4 mainittuihin lis\u00e4tietoihin:<\/p>\n\n\n\n<ul class=\"wp-block-list\">\n<li><a href=\"https:\/\/jamkstudent.sharepoint.com\/sites\/Kirjasto-Elmo\/SitePages\/Kirjasto-tiedonhankinnan-tukena.aspx\">Jamkin kirjaston tiedonhankinnan opastus<\/a><\/li>\n\n\n\n<li><a href=\"https:\/\/janet.finna.fi\/\">Jamkin verkkokirjasto: Tiedonhaun oppaat koulutusaloittain<\/a><\/li>\n\n\n\n<li>Hakukoneiden hy\u00f6dynt\u00e4misen esimerkki <a href=\"https:\/\/scholar.google.fi\/\">Google Scholar<\/a><\/li>\n<\/ul>\n\n\n\n<h2 class=\"wp-block-heading\">Hyv\u00e4 tieteellinen k\u00e4yt\u00e4nt\u00f6<\/h2>\n\n\n\n<p>Laadukkaan tieteellisen tutkimuksen perustana on hyvien tieteellisten k\u00e4yt\u00e4nt\u00f6jen noudattaminen. Opiskelijalle on tarjolla useita l\u00e4hteit\u00e4, joiden avulla perehty\u00e4 hyv\u00e4n tieteellisen k\u00e4yt\u00e4nn\u00f6n l\u00e4ht\u00f6kohtiin ja eettisiin periaatteisiin, sek\u00e4 k\u00e4yt\u00e4nn\u00f6n ohjeistuksia oppimisteht\u00e4vien ja opinn\u00e4ytety\u00f6n laadukkaaseen tuottamiseen.<\/p>\n\n\n\n<ul class=\"wp-block-list\">\n<li>Tutkimuseettinen neuvottelukunta (TENK): <a href=\"https:\/\/www.tenk.fi\/sites\/tenk.fi\/files\/HTK_ohje_2012.pdf\">Hyv\u00e4 tieteellinen k\u00e4yt\u00e4nt\u00f6 ja sen loukkausep\u00e4ilyjen k\u00e4sittely Suomessa (pdf)<\/a><\/li>\n\n\n\n<li>Jamk: <a href=\"https:\/\/www.jamk.fi\/fi\/opiskelijalle\/tutkinto-opiskelija\/saannot-ja-periaatteet\">Eettiset periaatteet<\/a><\/li>\n\n\n\n<li>Ammattikorkeakoulujen rehtorineuvosto Arene ry: <a href=\"http:\/\/www.arene.fi\/julkaisut\/raportit\/opinnaytetoiden-eettiset-suositukset\/\">Ammattikorkeakoulujen opinn\u00e4ytet\u00f6iden eettiset suositukset<\/a><\/li>\n\n\n\n<li>Jamk: <a href=\"https:\/\/help.jamk.fi\/raportointiohje\/fi\/\">Opinn\u00e4ytety\u00f6n raportointi<\/a><\/li>\n<\/ul>\n\n\n\n<p>&nbsp;<\/p>\n","protected":false},"excerpt":{"rendered":"<p>Tehdess\u00e4si oppimisteht\u00e4vi\u00e4 sek\u00e4 opintojesi loppupuolella opinn\u00e4ytety\u00f6t\u00e4, tiedonhaku ja l\u00e4hdeaineistojen laadun arviointi ovat keskeisi\u00e4 opiskelutaitoja. Jamkin kirjastosta saat tiedonhankinnan opastusta niin opintojen alkuvaiheisiin kuin opinn\u00e4ytety\u00f6n tekemiseenkin. Voit varata henkil\u00f6kohtaisen opastusajan tai hy\u00f6dynt\u00e4\u00e4 kirjaston nettisivuilta l\u00f6ytyvi\u00e4 tiedonhaun oppaita. Tehdess\u00e4si hakuja kirjaston tietokannoista tai hy\u00f6dynt\u00e4ess\u00e4si hakukoneita tieteellisten l\u00e4hteiden hakemiseen, opit tunnistamaan oman alasi laadukkaat l\u00e4hteet. Tietokannoissa voit rajata [&hellip;]<\/p>\n","protected":false},"author":73,"featured_media":0,"parent":1889,"menu_order":20,"comment_status":"closed","ping_status":"closed","template":"","meta":{"_acf_changed":false,"_relevanssi_hide_post":"","_relevanssi_hide_content":"","_relevanssi_pin_for_all":"","_relevanssi_pin_keywords":"","_relevanssi_unpin_keywords":"","_relevanssi_related_keywords":"","_relevanssi_related_include_ids":"","_relevanssi_related_exclude_ids":"","_relevanssi_related_no_append":"","_relevanssi_related_not_related":"","_relevanssi_related_posts":"","_relevanssi_noindex_reason":"","footnotes":""},"categories":[1],"tags":[],"class_list":["post-1893","page","type-page","status-publish","hentry","category-uncategorised"],"acf":[],"yoast_head":"<!-- This site is optimized with the Yoast SEO plugin v27.5 - https:\/\/yoast.com\/product\/yoast-seo-wordpress\/ -->\n<title>Tiedonhankinta - Oppiminen<\/title>\n<meta name=\"robots\" content=\"index, follow, max-snippet:-1, max-image-preview:large, max-video-preview:-1\" \/>\n<link rel=\"canonical\" href=\"https:\/\/help.jamk.fi\/oppiminen\/fi\/verkko-opiskelun-taidot-2\/tiedon-hankinta-kaytto-ja-tuottaminen\/\" \/>\n<meta property=\"og:locale\" content=\"fi_FI\" \/>\n<meta property=\"og:type\" content=\"article\" \/>\n<meta property=\"og:title\" content=\"Tiedonhankinta - Oppiminen\" \/>\n<meta property=\"og:description\" content=\"Tehdess\u00e4si oppimisteht\u00e4vi\u00e4 sek\u00e4 opintojesi loppupuolella opinn\u00e4ytety\u00f6t\u00e4, tiedonhaku ja l\u00e4hdeaineistojen laadun arviointi ovat keskeisi\u00e4 opiskelutaitoja. Jamkin kirjastosta saat tiedonhankinnan opastusta niin opintojen alkuvaiheisiin kuin opinn\u00e4ytety\u00f6n tekemiseenkin. Voit varata henkil\u00f6kohtaisen opastusajan tai hy\u00f6dynt\u00e4\u00e4 kirjaston nettisivuilta l\u00f6ytyvi\u00e4 tiedonhaun oppaita. Tehdess\u00e4si hakuja kirjaston tietokannoista tai hy\u00f6dynt\u00e4ess\u00e4si hakukoneita tieteellisten l\u00e4hteiden hakemiseen, opit tunnistamaan oman alasi laadukkaat l\u00e4hteet. Tietokannoissa voit rajata [&hellip;]\" \/>\n<meta property=\"og:url\" content=\"https:\/\/help.jamk.fi\/oppiminen\/fi\/verkko-opiskelun-taidot-2\/tiedon-hankinta-kaytto-ja-tuottaminen\/\" \/>\n<meta property=\"og:site_name\" content=\"Oppiminen\" \/>\n<meta property=\"article:modified_time\" content=\"2024-03-04T15:01:28+00:00\" \/>\n<meta name=\"twitter:card\" content=\"summary_large_image\" \/>\n<meta name=\"twitter:label1\" content=\"Arvioitu lukuaika\" \/>\n\t<meta name=\"twitter:data1\" content=\"1 minuutti\" \/>\n<script type=\"application\/ld+json\" class=\"yoast-schema-graph\">{\"@context\":\"https:\\\/\\\/schema.org\",\"@graph\":[{\"@type\":\"WebPage\",\"@id\":\"https:\\\/\\\/help.jamk.fi\\\/oppiminen\\\/fi\\\/verkko-opiskelun-taidot-2\\\/tiedon-hankinta-kaytto-ja-tuottaminen\\\/\",\"url\":\"https:\\\/\\\/help.jamk.fi\\\/oppiminen\\\/fi\\\/verkko-opiskelun-taidot-2\\\/tiedon-hankinta-kaytto-ja-tuottaminen\\\/\",\"name\":\"Tiedonhankinta - Oppiminen\",\"isPartOf\":{\"@id\":\"https:\\\/\\\/help.jamk.fi\\\/oppiminen\\\/#website\"},\"datePublished\":\"2019-02-22T11:51:25+00:00\",\"dateModified\":\"2024-03-04T15:01:28+00:00\",\"breadcrumb\":{\"@id\":\"https:\\\/\\\/help.jamk.fi\\\/oppiminen\\\/fi\\\/verkko-opiskelun-taidot-2\\\/tiedon-hankinta-kaytto-ja-tuottaminen\\\/#breadcrumb\"},\"inLanguage\":\"fi\",\"potentialAction\":[{\"@type\":\"ReadAction\",\"target\":[\"https:\\\/\\\/help.jamk.fi\\\/oppiminen\\\/fi\\\/verkko-opiskelun-taidot-2\\\/tiedon-hankinta-kaytto-ja-tuottaminen\\\/\"]}]},{\"@type\":\"BreadcrumbList\",\"@id\":\"https:\\\/\\\/help.jamk.fi\\\/oppiminen\\\/fi\\\/verkko-opiskelun-taidot-2\\\/tiedon-hankinta-kaytto-ja-tuottaminen\\\/#breadcrumb\",\"itemListElement\":[{\"@type\":\"ListItem\",\"position\":1,\"name\":\"Home\",\"item\":\"https:\\\/\\\/help.jamk.fi\\\/oppiminen\\\/fi\\\/\"},{\"@type\":\"ListItem\",\"position\":2,\"name\":\"Opiskelijan digitaidot\",\"item\":\"https:\\\/\\\/help.jamk.fi\\\/oppiminen\\\/fi\\\/verkko-opiskelun-taidot-2\\\/\"},{\"@type\":\"ListItem\",\"position\":3,\"name\":\"Tiedonhankinta\"}]},{\"@type\":\"WebSite\",\"@id\":\"https:\\\/\\\/help.jamk.fi\\\/oppiminen\\\/#website\",\"url\":\"https:\\\/\\\/help.jamk.fi\\\/oppiminen\\\/\",\"name\":\"Oppiminen\",\"description\":\"\",\"potentialAction\":[{\"@type\":\"SearchAction\",\"target\":{\"@type\":\"EntryPoint\",\"urlTemplate\":\"https:\\\/\\\/help.jamk.fi\\\/oppiminen\\\/?s={search_term_string}\"},\"query-input\":{\"@type\":\"PropertyValueSpecification\",\"valueRequired\":true,\"valueName\":\"search_term_string\"}}],\"inLanguage\":\"fi\"}]}<\/script>\n<!-- \/ Yoast SEO plugin. -->","yoast_head_json":{"title":"Tiedonhankinta - Oppiminen","robots":{"index":"index","follow":"follow","max-snippet":"max-snippet:-1","max-image-preview":"max-image-preview:large","max-video-preview":"max-video-preview:-1"},"canonical":"https:\/\/help.jamk.fi\/oppiminen\/fi\/verkko-opiskelun-taidot-2\/tiedon-hankinta-kaytto-ja-tuottaminen\/","og_locale":"fi_FI","og_type":"article","og_title":"Tiedonhankinta - Oppiminen","og_description":"Tehdess\u00e4si oppimisteht\u00e4vi\u00e4 sek\u00e4 opintojesi loppupuolella opinn\u00e4ytety\u00f6t\u00e4, tiedonhaku ja l\u00e4hdeaineistojen laadun arviointi ovat keskeisi\u00e4 opiskelutaitoja. Jamkin kirjastosta saat tiedonhankinnan opastusta niin opintojen alkuvaiheisiin kuin opinn\u00e4ytety\u00f6n tekemiseenkin. Voit varata henkil\u00f6kohtaisen opastusajan tai hy\u00f6dynt\u00e4\u00e4 kirjaston nettisivuilta l\u00f6ytyvi\u00e4 tiedonhaun oppaita. Tehdess\u00e4si hakuja kirjaston tietokannoista tai hy\u00f6dynt\u00e4ess\u00e4si hakukoneita tieteellisten l\u00e4hteiden hakemiseen, opit tunnistamaan oman alasi laadukkaat l\u00e4hteet. Tietokannoissa voit rajata [&hellip;]","og_url":"https:\/\/help.jamk.fi\/oppiminen\/fi\/verkko-opiskelun-taidot-2\/tiedon-hankinta-kaytto-ja-tuottaminen\/","og_site_name":"Oppiminen","article_modified_time":"2024-03-04T15:01:28+00:00","twitter_card":"summary_large_image","twitter_misc":{"Arvioitu lukuaika":"1 minuutti"},"schema":{"@context":"https:\/\/schema.org","@graph":[{"@type":"WebPage","@id":"https:\/\/help.jamk.fi\/oppiminen\/fi\/verkko-opiskelun-taidot-2\/tiedon-hankinta-kaytto-ja-tuottaminen\/","url":"https:\/\/help.jamk.fi\/oppiminen\/fi\/verkko-opiskelun-taidot-2\/tiedon-hankinta-kaytto-ja-tuottaminen\/","name":"Tiedonhankinta - Oppiminen","isPartOf":{"@id":"https:\/\/help.jamk.fi\/oppiminen\/#website"},"datePublished":"2019-02-22T11:51:25+00:00","dateModified":"2024-03-04T15:01:28+00:00","breadcrumb":{"@id":"https:\/\/help.jamk.fi\/oppiminen\/fi\/verkko-opiskelun-taidot-2\/tiedon-hankinta-kaytto-ja-tuottaminen\/#breadcrumb"},"inLanguage":"fi","potentialAction":[{"@type":"ReadAction","target":["https:\/\/help.jamk.fi\/oppiminen\/fi\/verkko-opiskelun-taidot-2\/tiedon-hankinta-kaytto-ja-tuottaminen\/"]}]},{"@type":"BreadcrumbList","@id":"https:\/\/help.jamk.fi\/oppiminen\/fi\/verkko-opiskelun-taidot-2\/tiedon-hankinta-kaytto-ja-tuottaminen\/#breadcrumb","itemListElement":[{"@type":"ListItem","position":1,"name":"Home","item":"https:\/\/help.jamk.fi\/oppiminen\/fi\/"},{"@type":"ListItem","position":2,"name":"Opiskelijan digitaidot","item":"https:\/\/help.jamk.fi\/oppiminen\/fi\/verkko-opiskelun-taidot-2\/"},{"@type":"ListItem","position":3,"name":"Tiedonhankinta"}]},{"@type":"WebSite","@id":"https:\/\/help.jamk.fi\/oppiminen\/#website","url":"https:\/\/help.jamk.fi\/oppiminen\/","name":"Oppiminen","description":"","potentialAction":[{"@type":"SearchAction","target":{"@type":"EntryPoint","urlTemplate":"https:\/\/help.jamk.fi\/oppiminen\/?s={search_term_string}"},"query-input":{"@type":"PropertyValueSpecification","valueRequired":true,"valueName":"search_term_string"}}],"inLanguage":"fi"}]}},"_links":{"self":[{"href":"https:\/\/help.jamk.fi\/oppiminen\/wp-json\/wp\/v2\/pages\/1893","targetHints":{"allow":["GET"]}}],"collection":[{"href":"https:\/\/help.jamk.fi\/oppiminen\/wp-json\/wp\/v2\/pages"}],"about":[{"href":"https:\/\/help.jamk.fi\/oppiminen\/wp-json\/wp\/v2\/types\/page"}],"author":[{"embeddable":true,"href":"https:\/\/help.jamk.fi\/oppiminen\/wp-json\/wp\/v2\/users\/73"}],"replies":[{"embeddable":true,"href":"https:\/\/help.jamk.fi\/oppiminen\/wp-json\/wp\/v2\/comments?post=1893"}],"version-history":[{"count":5,"href":"https:\/\/help.jamk.fi\/oppiminen\/wp-json\/wp\/v2\/pages\/1893\/revisions"}],"predecessor-version":[{"id":2371,"href":"https:\/\/help.jamk.fi\/oppiminen\/wp-json\/wp\/v2\/pages\/1893\/revisions\/2371"}],"up":[{"embeddable":true,"href":"https:\/\/help.jamk.fi\/oppiminen\/wp-json\/wp\/v2\/pages\/1889"}],"wp:attachment":[{"href":"https:\/\/help.jamk.fi\/oppiminen\/wp-json\/wp\/v2\/media?parent=1893"}],"wp:term":[{"taxonomy":"category","embeddable":true,"href":"https:\/\/help.jamk.fi\/oppiminen\/wp-json\/wp\/v2\/categories?post=1893"},{"taxonomy":"post_tag","embeddable":true,"href":"https:\/\/help.jamk.fi\/oppiminen\/wp-json\/wp\/v2\/tags?post=1893"}],"curies":[{"name":"wp","href":"https:\/\/api.w.org\/{rel}","templated":true}]}}