{"id":1899,"date":"2019-06-10T06:59:53","date_gmt":"2019-06-10T05:59:53","guid":{"rendered":"https:\/\/help.jamk.fi\/oppiminen\/identiteetti-ja-hyvinvointi-verkossa\/digitaalinen-jalanjalki-ja-oppimisanalytiikka\/"},"modified":"2024-01-19T15:46:17","modified_gmt":"2024-01-19T13:46:17","slug":"digitaalinen-jalanjalki-ja-oppimisanalytiikka","status":"publish","type":"page","link":"https:\/\/help.jamk.fi\/oppiminen\/fi\/identiteetti-ja-hyvinvointi-verkossa\/digitaalinen-jalanjalki-ja-oppimisanalytiikka\/","title":{"rendered":"Digitaalinen jalanj\u00e4lki ja oppimisanalytiikka"},"content":{"rendered":"\n<p>J\u00e4t\u00e4t\nj\u00e4lkeesi suuren datam\u00e4\u00e4r\u00e4n, kun k\u00e4yt\u00e4t digitaalisia palveluita. T\u00e4t\u00e4 datam\u00e4\u00e4r\u00e4\u00e4\nkutsutaan digitaaliseksi jalanj\u00e4ljeksi. P\u00e4ivitt\u00e4in j\u00e4t\u00e4t j\u00e4lki\u00e4, etk\u00e4\nv\u00e4ltt\u00e4m\u00e4tt\u00e4 kiinnit\u00e4 niihin mit\u00e4\u00e4n huomioita: kaupassa k\u00e4yt\u00e4t bonuskorttia,\nlainaat kirjoja kirjastosta tai k\u00e4yt\u00e4t s\u00e4hk\u00f6isi\u00e4 palveluita &#8211; n\u00e4ist\u00e4 kaikista\nj\u00e4\u00e4 j\u00e4lki. (Hannula 2017, 8)<\/p>\n\n\n\n<p>Kun kirjaudut esimerkiksi Moodleen, siit\u00e4 j\u00e4\u00e4 j\u00e4lki. Samoin k\u00e4y, kun palautat teht\u00e4vi\u00e4. T\u00e4t\u00e4 dataa kutsutaan oppimisdataksi. (Hannula 2017, 8)<\/p>\n\n\n\n<p>Opiskelijasta\nkertyy opiskelun aikana tietoa erilaisiin j\u00e4rjestelmiin: <\/p>\n\n\n\n<ul class=\"wp-block-list\">\n<li>perustiedot opiskelupaikan hyv\u00e4ksymisen j\u00e4lkeen (opiskelijanumero, osoite ym.)<\/li>\n\n\n\n<li>lokimerkint\u00f6j\u00e4 oppimisalustalla (esimerkiksi teht\u00e4v\u00e4n palautusp\u00e4iv\u00e4 ja -aika, keskustelualueella k\u00e4ynti)<\/li>\n\n\n\n<li>suoritusmerkint\u00f6j\u00e4 opintorekisteriin (esimerkiksi arvosana, arvosanan kirjausp\u00e4iv\u00e4m\u00e4\u00e4r\u00e4)<\/li>\n<\/ul>\n\n\n\n<p>Opiskelija\nei voi kovinkaan paljoa vaikuttaa tiedon kertymiseen, koska n\u00e4iden tietojen\nker\u00e4\u00e4minen on v\u00e4ltt\u00e4m\u00e4t\u00f6nt\u00e4 opiskelun j\u00e4rjest\u00e4miseksi. (Suhonen, 2018)<\/p>\n\n\n\n<p>Oppimisanalytiikka\njaotellaan oppimisen analytiikkaan, opiskelun analytiikkaan,\ntila-analytiikkaan, biometriaan ja opettamisen analytiikkaan.<\/p>\n\n\n\n<p>Opiskelun\nanalytiikan kautta voit seurata etenemist\u00e4si. Opettaja n\u00e4kee miss\u00e4\nmahdollisesti tarvitset ohjausta, jos esimerkiksi teht\u00e4vien tekeminen ei etene.\n<\/p>\n\n\n\n<p>Oppimisanalytiikan\navulla voit siis seurata omia suorituksiasi ja oppimistapahtumiasi ja saada\nv\u00e4lit\u00f6nt\u00e4 palautetta opiskelussasi.&nbsp;\nParhaimmillaan oppimisanalytiikka auttaa sinua hahmottamaan kykyj\u00e4si ja\nkehityst\u00e4si.<\/p>\n\n\n\n<p>Katso\noppimisanalytiikkavideo:<\/p>\n\n\n\n<figure class=\"wp-block-embed is-type-video is-provider-youtube wp-block-embed-youtube wp-embed-aspect-16-9 wp-has-aspect-ratio\"><div class=\"wp-block-embed__wrapper\">\n<iframe title=\"Digistarttipaketti: Oppimisanalytiikka\" width=\"500\" height=\"281\" data-cookieconsent=\"marketing\" data-cookieblock-src=\"https:\/\/www.youtube.com\/embed\/9MEavXkVOOA?feature=oembed\" frameborder=\"0\" allow=\"accelerometer; autoplay; clipboard-write; encrypted-media; gyroscope; picture-in-picture; web-share\" referrerpolicy=\"strict-origin-when-cross-origin\" allowfullscreen><\/iframe>\n<\/div><div class=\"block-embed__cookie-notice--wrapper cookieconsent-optout-marketing\"><div class=\"block-embed__cookie-notice--text\"><p>Oops! This video will not be shown because you have disabled the marketing cookies. To see the video, <a href=\"javascript:Cookiebot.submitCustomConsent(false,false,true)\">accept marketing cookies<\/a>.<\/p><\/div><\/div><\/figure>\n\n\n\n<p>Hannula, H. (2017). Oppijan digitaalinen jalanj\u00e4lki \u2013 Oppimisen arjessa kertyv\u00e4t henkil\u00f6tiedot sek\u00e4 oikeus ja mahdollisuudet niiden k\u00e4ytt\u00e4miseen. Poluttamo-hanke. <\/p>\n\n\n\n<p>Suhonen, S. (2018). Digistarttipaketti: Oppimisanalytiikka. Video. Tampereen ammattikorkeakoulu. Viitattu 4.4.2019 <a href=\"https:\/\/youtu.be\/9MEavXkVOOA\">https:\/\/youtu.be\/9MEavXkVOOA<\/a><\/p>\n","protected":false},"excerpt":{"rendered":"<p>J\u00e4t\u00e4t j\u00e4lkeesi suuren datam\u00e4\u00e4r\u00e4n, kun k\u00e4yt\u00e4t digitaalisia palveluita. T\u00e4t\u00e4 datam\u00e4\u00e4r\u00e4\u00e4 kutsutaan digitaaliseksi jalanj\u00e4ljeksi. P\u00e4ivitt\u00e4in j\u00e4t\u00e4t j\u00e4lki\u00e4, etk\u00e4 v\u00e4ltt\u00e4m\u00e4tt\u00e4 kiinnit\u00e4 niihin mit\u00e4\u00e4n huomioita: kaupassa k\u00e4yt\u00e4t bonuskorttia, lainaat kirjoja kirjastosta tai k\u00e4yt\u00e4t s\u00e4hk\u00f6isi\u00e4 palveluita &#8211; n\u00e4ist\u00e4 kaikista j\u00e4\u00e4 j\u00e4lki. (Hannula 2017, 8) Kun kirjaudut esimerkiksi Moodleen, siit\u00e4 j\u00e4\u00e4 j\u00e4lki. Samoin k\u00e4y, kun palautat teht\u00e4vi\u00e4. T\u00e4t\u00e4 dataa kutsutaan [&hellip;]<\/p>\n","protected":false},"author":73,"featured_media":0,"parent":1890,"menu_order":0,"comment_status":"closed","ping_status":"open","template":"","meta":{"_acf_changed":false,"_relevanssi_hide_post":"","_relevanssi_hide_content":"","_relevanssi_pin_for_all":"","_relevanssi_pin_keywords":"","_relevanssi_unpin_keywords":"","_relevanssi_related_keywords":"","_relevanssi_related_include_ids":"","_relevanssi_related_exclude_ids":"","_relevanssi_related_no_append":"","_relevanssi_related_not_related":"","_relevanssi_related_posts":"","_relevanssi_noindex_reason":"","footnotes":""},"categories":[1],"tags":[],"class_list":["post-1899","page","type-page","status-publish","hentry","category-uncategorised"],"acf":[],"yoast_head":"<!-- This site is optimized with the Yoast SEO plugin v27.3 - https:\/\/yoast.com\/product\/yoast-seo-wordpress\/ -->\n<title>Digitaalinen jalanj\u00e4lki ja oppimisanalytiikka - Oppiminen<\/title>\n<meta name=\"robots\" content=\"index, follow, max-snippet:-1, max-image-preview:large, max-video-preview:-1\" \/>\n<link rel=\"canonical\" href=\"https:\/\/help.jamk.fi\/oppiminen\/fi\/identiteetti-ja-hyvinvointi-verkossa\/digitaalinen-jalanjalki-ja-oppimisanalytiikka\/\" \/>\n<meta property=\"og:locale\" content=\"fi_FI\" \/>\n<meta property=\"og:type\" content=\"article\" \/>\n<meta property=\"og:title\" content=\"Digitaalinen jalanj\u00e4lki ja oppimisanalytiikka - Oppiminen\" \/>\n<meta property=\"og:description\" content=\"J\u00e4t\u00e4t j\u00e4lkeesi suuren datam\u00e4\u00e4r\u00e4n, kun k\u00e4yt\u00e4t digitaalisia palveluita. T\u00e4t\u00e4 datam\u00e4\u00e4r\u00e4\u00e4 kutsutaan digitaaliseksi jalanj\u00e4ljeksi. P\u00e4ivitt\u00e4in j\u00e4t\u00e4t j\u00e4lki\u00e4, etk\u00e4 v\u00e4ltt\u00e4m\u00e4tt\u00e4 kiinnit\u00e4 niihin mit\u00e4\u00e4n huomioita: kaupassa k\u00e4yt\u00e4t bonuskorttia, lainaat kirjoja kirjastosta tai k\u00e4yt\u00e4t s\u00e4hk\u00f6isi\u00e4 palveluita &#8211; n\u00e4ist\u00e4 kaikista j\u00e4\u00e4 j\u00e4lki. (Hannula 2017, 8) Kun kirjaudut esimerkiksi Moodleen, siit\u00e4 j\u00e4\u00e4 j\u00e4lki. Samoin k\u00e4y, kun palautat teht\u00e4vi\u00e4. T\u00e4t\u00e4 dataa kutsutaan [&hellip;]\" \/>\n<meta property=\"og:url\" content=\"https:\/\/help.jamk.fi\/oppiminen\/fi\/identiteetti-ja-hyvinvointi-verkossa\/digitaalinen-jalanjalki-ja-oppimisanalytiikka\/\" \/>\n<meta property=\"og:site_name\" content=\"Oppiminen\" \/>\n<meta property=\"article:modified_time\" content=\"2024-01-19T13:46:17+00:00\" \/>\n<meta name=\"twitter:card\" content=\"summary_large_image\" \/>\n<meta name=\"twitter:label1\" content=\"Arvioitu lukuaika\" \/>\n\t<meta name=\"twitter:data1\" content=\"2 minuuttia\" \/>\n<script type=\"application\/ld+json\" class=\"yoast-schema-graph\">{\"@context\":\"https:\\\/\\\/schema.org\",\"@graph\":[{\"@type\":\"WebPage\",\"@id\":\"https:\\\/\\\/help.jamk.fi\\\/oppiminen\\\/fi\\\/identiteetti-ja-hyvinvointi-verkossa\\\/digitaalinen-jalanjalki-ja-oppimisanalytiikka\\\/\",\"url\":\"https:\\\/\\\/help.jamk.fi\\\/oppiminen\\\/fi\\\/identiteetti-ja-hyvinvointi-verkossa\\\/digitaalinen-jalanjalki-ja-oppimisanalytiikka\\\/\",\"name\":\"Digitaalinen jalanj\u00e4lki ja oppimisanalytiikka - Oppiminen\",\"isPartOf\":{\"@id\":\"https:\\\/\\\/help.jamk.fi\\\/oppiminen\\\/#website\"},\"datePublished\":\"2019-06-10T05:59:53+00:00\",\"dateModified\":\"2024-01-19T13:46:17+00:00\",\"breadcrumb\":{\"@id\":\"https:\\\/\\\/help.jamk.fi\\\/oppiminen\\\/fi\\\/identiteetti-ja-hyvinvointi-verkossa\\\/digitaalinen-jalanjalki-ja-oppimisanalytiikka\\\/#breadcrumb\"},\"inLanguage\":\"fi\",\"potentialAction\":[{\"@type\":\"ReadAction\",\"target\":[\"https:\\\/\\\/help.jamk.fi\\\/oppiminen\\\/fi\\\/identiteetti-ja-hyvinvointi-verkossa\\\/digitaalinen-jalanjalki-ja-oppimisanalytiikka\\\/\"]}]},{\"@type\":\"BreadcrumbList\",\"@id\":\"https:\\\/\\\/help.jamk.fi\\\/oppiminen\\\/fi\\\/identiteetti-ja-hyvinvointi-verkossa\\\/digitaalinen-jalanjalki-ja-oppimisanalytiikka\\\/#breadcrumb\",\"itemListElement\":[{\"@type\":\"ListItem\",\"position\":1,\"name\":\"Home\",\"item\":\"https:\\\/\\\/help.jamk.fi\\\/oppiminen\\\/fi\\\/\"},{\"@type\":\"ListItem\",\"position\":2,\"name\":\"Identiteetti ja hyvinvointi verkossa\",\"item\":\"https:\\\/\\\/help.jamk.fi\\\/oppiminen\\\/fi\\\/identiteetti-ja-hyvinvointi-verkossa\\\/\"},{\"@type\":\"ListItem\",\"position\":3,\"name\":\"Digitaalinen jalanj\u00e4lki ja oppimisanalytiikka\"}]},{\"@type\":\"WebSite\",\"@id\":\"https:\\\/\\\/help.jamk.fi\\\/oppiminen\\\/#website\",\"url\":\"https:\\\/\\\/help.jamk.fi\\\/oppiminen\\\/\",\"name\":\"Oppiminen\",\"description\":\"\",\"potentialAction\":[{\"@type\":\"SearchAction\",\"target\":{\"@type\":\"EntryPoint\",\"urlTemplate\":\"https:\\\/\\\/help.jamk.fi\\\/oppiminen\\\/?s={search_term_string}\"},\"query-input\":{\"@type\":\"PropertyValueSpecification\",\"valueRequired\":true,\"valueName\":\"search_term_string\"}}],\"inLanguage\":\"fi\"}]}<\/script>\n<!-- \/ Yoast SEO plugin. -->","yoast_head_json":{"title":"Digitaalinen jalanj\u00e4lki ja oppimisanalytiikka - Oppiminen","robots":{"index":"index","follow":"follow","max-snippet":"max-snippet:-1","max-image-preview":"max-image-preview:large","max-video-preview":"max-video-preview:-1"},"canonical":"https:\/\/help.jamk.fi\/oppiminen\/fi\/identiteetti-ja-hyvinvointi-verkossa\/digitaalinen-jalanjalki-ja-oppimisanalytiikka\/","og_locale":"fi_FI","og_type":"article","og_title":"Digitaalinen jalanj\u00e4lki ja oppimisanalytiikka - Oppiminen","og_description":"J\u00e4t\u00e4t j\u00e4lkeesi suuren datam\u00e4\u00e4r\u00e4n, kun k\u00e4yt\u00e4t digitaalisia palveluita. T\u00e4t\u00e4 datam\u00e4\u00e4r\u00e4\u00e4 kutsutaan digitaaliseksi jalanj\u00e4ljeksi. P\u00e4ivitt\u00e4in j\u00e4t\u00e4t j\u00e4lki\u00e4, etk\u00e4 v\u00e4ltt\u00e4m\u00e4tt\u00e4 kiinnit\u00e4 niihin mit\u00e4\u00e4n huomioita: kaupassa k\u00e4yt\u00e4t bonuskorttia, lainaat kirjoja kirjastosta tai k\u00e4yt\u00e4t s\u00e4hk\u00f6isi\u00e4 palveluita &#8211; n\u00e4ist\u00e4 kaikista j\u00e4\u00e4 j\u00e4lki. (Hannula 2017, 8) Kun kirjaudut esimerkiksi Moodleen, siit\u00e4 j\u00e4\u00e4 j\u00e4lki. Samoin k\u00e4y, kun palautat teht\u00e4vi\u00e4. T\u00e4t\u00e4 dataa kutsutaan [&hellip;]","og_url":"https:\/\/help.jamk.fi\/oppiminen\/fi\/identiteetti-ja-hyvinvointi-verkossa\/digitaalinen-jalanjalki-ja-oppimisanalytiikka\/","og_site_name":"Oppiminen","article_modified_time":"2024-01-19T13:46:17+00:00","twitter_card":"summary_large_image","twitter_misc":{"Arvioitu lukuaika":"2 minuuttia"},"schema":{"@context":"https:\/\/schema.org","@graph":[{"@type":"WebPage","@id":"https:\/\/help.jamk.fi\/oppiminen\/fi\/identiteetti-ja-hyvinvointi-verkossa\/digitaalinen-jalanjalki-ja-oppimisanalytiikka\/","url":"https:\/\/help.jamk.fi\/oppiminen\/fi\/identiteetti-ja-hyvinvointi-verkossa\/digitaalinen-jalanjalki-ja-oppimisanalytiikka\/","name":"Digitaalinen jalanj\u00e4lki ja oppimisanalytiikka - Oppiminen","isPartOf":{"@id":"https:\/\/help.jamk.fi\/oppiminen\/#website"},"datePublished":"2019-06-10T05:59:53+00:00","dateModified":"2024-01-19T13:46:17+00:00","breadcrumb":{"@id":"https:\/\/help.jamk.fi\/oppiminen\/fi\/identiteetti-ja-hyvinvointi-verkossa\/digitaalinen-jalanjalki-ja-oppimisanalytiikka\/#breadcrumb"},"inLanguage":"fi","potentialAction":[{"@type":"ReadAction","target":["https:\/\/help.jamk.fi\/oppiminen\/fi\/identiteetti-ja-hyvinvointi-verkossa\/digitaalinen-jalanjalki-ja-oppimisanalytiikka\/"]}]},{"@type":"BreadcrumbList","@id":"https:\/\/help.jamk.fi\/oppiminen\/fi\/identiteetti-ja-hyvinvointi-verkossa\/digitaalinen-jalanjalki-ja-oppimisanalytiikka\/#breadcrumb","itemListElement":[{"@type":"ListItem","position":1,"name":"Home","item":"https:\/\/help.jamk.fi\/oppiminen\/fi\/"},{"@type":"ListItem","position":2,"name":"Identiteetti ja hyvinvointi verkossa","item":"https:\/\/help.jamk.fi\/oppiminen\/fi\/identiteetti-ja-hyvinvointi-verkossa\/"},{"@type":"ListItem","position":3,"name":"Digitaalinen jalanj\u00e4lki ja oppimisanalytiikka"}]},{"@type":"WebSite","@id":"https:\/\/help.jamk.fi\/oppiminen\/#website","url":"https:\/\/help.jamk.fi\/oppiminen\/","name":"Oppiminen","description":"","potentialAction":[{"@type":"SearchAction","target":{"@type":"EntryPoint","urlTemplate":"https:\/\/help.jamk.fi\/oppiminen\/?s={search_term_string}"},"query-input":{"@type":"PropertyValueSpecification","valueRequired":true,"valueName":"search_term_string"}}],"inLanguage":"fi"}]}},"_links":{"self":[{"href":"https:\/\/help.jamk.fi\/oppiminen\/wp-json\/wp\/v2\/pages\/1899","targetHints":{"allow":["GET"]}}],"collection":[{"href":"https:\/\/help.jamk.fi\/oppiminen\/wp-json\/wp\/v2\/pages"}],"about":[{"href":"https:\/\/help.jamk.fi\/oppiminen\/wp-json\/wp\/v2\/types\/page"}],"author":[{"embeddable":true,"href":"https:\/\/help.jamk.fi\/oppiminen\/wp-json\/wp\/v2\/users\/73"}],"replies":[{"embeddable":true,"href":"https:\/\/help.jamk.fi\/oppiminen\/wp-json\/wp\/v2\/comments?post=1899"}],"version-history":[{"count":3,"href":"https:\/\/help.jamk.fi\/oppiminen\/wp-json\/wp\/v2\/pages\/1899\/revisions"}],"predecessor-version":[{"id":2354,"href":"https:\/\/help.jamk.fi\/oppiminen\/wp-json\/wp\/v2\/pages\/1899\/revisions\/2354"}],"up":[{"embeddable":true,"href":"https:\/\/help.jamk.fi\/oppiminen\/wp-json\/wp\/v2\/pages\/1890"}],"wp:attachment":[{"href":"https:\/\/help.jamk.fi\/oppiminen\/wp-json\/wp\/v2\/media?parent=1899"}],"wp:term":[{"taxonomy":"category","embeddable":true,"href":"https:\/\/help.jamk.fi\/oppiminen\/wp-json\/wp\/v2\/categories?post=1899"},{"taxonomy":"post_tag","embeddable":true,"href":"https:\/\/help.jamk.fi\/oppiminen\/wp-json\/wp\/v2\/tags?post=1899"}],"curies":[{"name":"wp","href":"https:\/\/api.w.org\/{rel}","templated":true}]}}