{"id":2161,"date":"2024-01-04T14:29:46","date_gmt":"2024-01-04T12:29:46","guid":{"rendered":"https:\/\/help.jamk.fi\/oppiminen\/?page_id=2161"},"modified":"2024-01-04T14:31:45","modified_gmt":"2024-01-04T12:31:45","slug":"laadukas-verkossa-opiskelu","status":"publish","type":"page","link":"https:\/\/help.jamk.fi\/oppiminen\/fi\/verkko-opiskelun-taidot-2\/laadukas-verkossa-opiskelu\/","title":{"rendered":"Laadukas verkossa opiskelu"},"content":{"rendered":"\n<p>Verkossa opiskeltaessa on hy\u00f6dyllist\u00e4 huomioida nelj\u00e4 n\u00e4k\u00f6kulmaa.<\/p>\n\n\n\n<ol class=\"wp-block-list\">\n<li><strong>Min\u00e4 osana verkkoyhteis\u00f6\u00e4:&nbsp;<\/strong>Opintojesi aikana sinun on mahdollista verkostoitua muiden oman alasi osaajien kanssa ja avata tie elinik\u00e4iselle ammatilliselle kehittymiselle. T\u00e4h\u00e4n p\u00e4\u00e4set k\u00e4siksi p\u00e4ivitt\u00e4m\u00e4ll\u00e4 oman profiilisi opintojaksojen toimintaymp\u00e4rist\u00f6iss\u00e4 (Moodle, Zoom, Microsoft 365) sek\u00e4 esitt\u00e4ytym\u00e4ll\u00e4 ja toimimalla aktiivisesti ryhm\u00e4llesi luoduissa verkostoissa.<\/li>\n\n\n\n<li><strong>Pelis\u00e4\u00e4nn\u00f6t ja netiketti:<\/strong>&nbsp;Huomioi opintojaksojen k\u00e4yt\u00e4nteet ja aikataulut, jotka on laadittu tukemaan ajank\u00e4ytt\u00f6\u00e4si opiskeluun liittyen. Pyri edist\u00e4m\u00e4\u00e4n luottamusta opiskeluryhm\u00e4n sis\u00e4ll\u00e4 kohteliaisuudella ja antamalla rakentavaa palautetta.<\/li>\n\n\n\n<li><strong>Yhdess\u00e4 tekeminen:&nbsp;<\/strong>Verkossa opiskeltaessa muilta opiskelijoilta oppiminen ja tiedon jakaminen on t\u00e4rke\u00e4\u00e4. Vertaistuki ja vuorovaikutuksellinen opiskeluilmapiiri edist\u00e4v\u00e4t oppimista.<\/li>\n\n\n\n<li><strong>Verkko-opiskelijan tekniset taidot:<\/strong>&nbsp;Verkko-opiskelu vaatii Internetin k\u00e4ytt\u00f6taitoa sek\u00e4 perustiet\u00e4myst\u00e4 tietoturvaan ja tekij\u00e4noikeuksiin liittyvist\u00e4 asioista. Keskeist\u00e4 on my\u00f6s pilvipalveluiden hy\u00f6dynt\u00e4minen sek\u00e4 verkkotapaamisiin liittyvien sovellusten ja toimintatapojen hallinta.<\/li>\n<\/ol>\n\n\n\n<h2 class=\"wp-block-heading\">Verkkopedagoginen laatukriteerist\u00f6<\/h2>\n\n\n\n<p><a href=\"https:\/\/www.jamk.fi\/fi\/opiskelijalle\/tutkinto-opiskelija\/saannot-ja-periaatteet\" target=\"_blank\" rel=\"noreferrer noopener\">Verkkopedagogiset laatukriteerist\u00f6<\/a><\/p>\n\n\n\n<p>Oppiminen ja opiskelu on ennen kaikkea oppijan aktiivista toimintaa. Verkko-opiskelussa t\u00e4m\u00e4 korostuu entisest\u00e4\u00e4n. Jamkin verkkopedagogiset&nbsp;laatukriteerit asettavat kriteereit\u00e4 laadukkaiden verkkototeutusten suhteen, mutta niiss\u00e4 linjataan my\u00f6s opiskelijan toimintaa seuraavasti:<\/p>\n\n\n\n<ul class=\"wp-block-list\">\n<li>Opiskelija vastaa oppimisestaan.<\/li>\n\n\n\n<li>Opiskelija huolehtii siit\u00e4, ett\u00e4 h\u00e4nell\u00e4 on&nbsp;k\u00e4yt\u00f6ss\u00e4\u00e4n verkko-opinnoissa tarvittava laitteisto (esim. headset, webkamera, tietokone).<\/li>\n\n\n\n<li>Opiskelija osallistuu aktiivisesti oppimistaan ja opiskeluaan koskeviin vuorovaikutteisiin tilanteisiin.<\/li>\n<\/ul>\n","protected":false},"excerpt":{"rendered":"<p>Verkossa opiskeltaessa on hy\u00f6dyllist\u00e4 huomioida nelj\u00e4 n\u00e4k\u00f6kulmaa. Verkkopedagoginen laatukriteerist\u00f6 Verkkopedagogiset laatukriteerist\u00f6 Oppiminen ja opiskelu on ennen kaikkea oppijan aktiivista toimintaa. Verkko-opiskelussa t\u00e4m\u00e4 korostuu entisest\u00e4\u00e4n. Jamkin verkkopedagogiset&nbsp;laatukriteerit asettavat kriteereit\u00e4 laadukkaiden verkkototeutusten suhteen, mutta niiss\u00e4 linjataan my\u00f6s opiskelijan toimintaa seuraavasti:<\/p>\n","protected":false},"author":73,"featured_media":0,"parent":1889,"menu_order":0,"comment_status":"closed","ping_status":"closed","template":"","meta":{"_acf_changed":false,"_relevanssi_hide_post":"","_relevanssi_hide_content":"","_relevanssi_pin_for_all":"","_relevanssi_pin_keywords":"","_relevanssi_unpin_keywords":"","_relevanssi_related_keywords":"","_relevanssi_related_include_ids":"","_relevanssi_related_exclude_ids":"","_relevanssi_related_no_append":"","_relevanssi_related_not_related":"","_relevanssi_related_posts":"","_relevanssi_noindex_reason":"","footnotes":""},"categories":[],"tags":[],"class_list":["post-2161","page","type-page","status-publish","hentry"],"acf":[],"yoast_head":"<!-- This site is optimized with the Yoast SEO plugin v27.3 - https:\/\/yoast.com\/product\/yoast-seo-wordpress\/ -->\n<title>Laadukas verkossa opiskelu - Oppiminen<\/title>\n<meta name=\"robots\" content=\"index, follow, max-snippet:-1, max-image-preview:large, max-video-preview:-1\" \/>\n<link rel=\"canonical\" href=\"https:\/\/help.jamk.fi\/oppiminen\/fi\/verkko-opiskelun-taidot-2\/laadukas-verkossa-opiskelu\/\" \/>\n<meta property=\"og:locale\" content=\"fi_FI\" \/>\n<meta property=\"og:type\" content=\"article\" \/>\n<meta property=\"og:title\" content=\"Laadukas verkossa opiskelu - Oppiminen\" \/>\n<meta property=\"og:description\" content=\"Verkossa opiskeltaessa on hy\u00f6dyllist\u00e4 huomioida nelj\u00e4 n\u00e4k\u00f6kulmaa. Verkkopedagoginen laatukriteerist\u00f6 Verkkopedagogiset laatukriteerist\u00f6 Oppiminen ja opiskelu on ennen kaikkea oppijan aktiivista toimintaa. Verkko-opiskelussa t\u00e4m\u00e4 korostuu entisest\u00e4\u00e4n. Jamkin verkkopedagogiset&nbsp;laatukriteerit asettavat kriteereit\u00e4 laadukkaiden verkkototeutusten suhteen, mutta niiss\u00e4 linjataan my\u00f6s opiskelijan toimintaa seuraavasti:\" \/>\n<meta property=\"og:url\" content=\"https:\/\/help.jamk.fi\/oppiminen\/fi\/verkko-opiskelun-taidot-2\/laadukas-verkossa-opiskelu\/\" \/>\n<meta property=\"og:site_name\" content=\"Oppiminen\" \/>\n<meta property=\"article:modified_time\" content=\"2024-01-04T12:31:45+00:00\" \/>\n<meta name=\"twitter:card\" content=\"summary_large_image\" \/>\n<meta name=\"twitter:label1\" content=\"Arvioitu lukuaika\" \/>\n\t<meta name=\"twitter:data1\" content=\"2 minuuttia\" \/>\n<script type=\"application\/ld+json\" class=\"yoast-schema-graph\">{\"@context\":\"https:\\\/\\\/schema.org\",\"@graph\":[{\"@type\":\"WebPage\",\"@id\":\"https:\\\/\\\/help.jamk.fi\\\/oppiminen\\\/fi\\\/verkko-opiskelun-taidot-2\\\/laadukas-verkossa-opiskelu\\\/\",\"url\":\"https:\\\/\\\/help.jamk.fi\\\/oppiminen\\\/fi\\\/verkko-opiskelun-taidot-2\\\/laadukas-verkossa-opiskelu\\\/\",\"name\":\"Laadukas verkossa opiskelu - Oppiminen\",\"isPartOf\":{\"@id\":\"https:\\\/\\\/help.jamk.fi\\\/oppiminen\\\/#website\"},\"datePublished\":\"2024-01-04T12:29:46+00:00\",\"dateModified\":\"2024-01-04T12:31:45+00:00\",\"breadcrumb\":{\"@id\":\"https:\\\/\\\/help.jamk.fi\\\/oppiminen\\\/fi\\\/verkko-opiskelun-taidot-2\\\/laadukas-verkossa-opiskelu\\\/#breadcrumb\"},\"inLanguage\":\"fi\",\"potentialAction\":[{\"@type\":\"ReadAction\",\"target\":[\"https:\\\/\\\/help.jamk.fi\\\/oppiminen\\\/fi\\\/verkko-opiskelun-taidot-2\\\/laadukas-verkossa-opiskelu\\\/\"]}]},{\"@type\":\"BreadcrumbList\",\"@id\":\"https:\\\/\\\/help.jamk.fi\\\/oppiminen\\\/fi\\\/verkko-opiskelun-taidot-2\\\/laadukas-verkossa-opiskelu\\\/#breadcrumb\",\"itemListElement\":[{\"@type\":\"ListItem\",\"position\":1,\"name\":\"Home\",\"item\":\"https:\\\/\\\/help.jamk.fi\\\/oppiminen\\\/fi\\\/\"},{\"@type\":\"ListItem\",\"position\":2,\"name\":\"Opiskelijan digitaidot\",\"item\":\"https:\\\/\\\/help.jamk.fi\\\/oppiminen\\\/fi\\\/verkko-opiskelun-taidot-2\\\/\"},{\"@type\":\"ListItem\",\"position\":3,\"name\":\"Laadukas verkossa opiskelu\"}]},{\"@type\":\"WebSite\",\"@id\":\"https:\\\/\\\/help.jamk.fi\\\/oppiminen\\\/#website\",\"url\":\"https:\\\/\\\/help.jamk.fi\\\/oppiminen\\\/\",\"name\":\"Oppiminen\",\"description\":\"\",\"potentialAction\":[{\"@type\":\"SearchAction\",\"target\":{\"@type\":\"EntryPoint\",\"urlTemplate\":\"https:\\\/\\\/help.jamk.fi\\\/oppiminen\\\/?s={search_term_string}\"},\"query-input\":{\"@type\":\"PropertyValueSpecification\",\"valueRequired\":true,\"valueName\":\"search_term_string\"}}],\"inLanguage\":\"fi\"}]}<\/script>\n<!-- \/ Yoast SEO plugin. -->","yoast_head_json":{"title":"Laadukas verkossa opiskelu - Oppiminen","robots":{"index":"index","follow":"follow","max-snippet":"max-snippet:-1","max-image-preview":"max-image-preview:large","max-video-preview":"max-video-preview:-1"},"canonical":"https:\/\/help.jamk.fi\/oppiminen\/fi\/verkko-opiskelun-taidot-2\/laadukas-verkossa-opiskelu\/","og_locale":"fi_FI","og_type":"article","og_title":"Laadukas verkossa opiskelu - Oppiminen","og_description":"Verkossa opiskeltaessa on hy\u00f6dyllist\u00e4 huomioida nelj\u00e4 n\u00e4k\u00f6kulmaa. Verkkopedagoginen laatukriteerist\u00f6 Verkkopedagogiset laatukriteerist\u00f6 Oppiminen ja opiskelu on ennen kaikkea oppijan aktiivista toimintaa. Verkko-opiskelussa t\u00e4m\u00e4 korostuu entisest\u00e4\u00e4n. Jamkin verkkopedagogiset&nbsp;laatukriteerit asettavat kriteereit\u00e4 laadukkaiden verkkototeutusten suhteen, mutta niiss\u00e4 linjataan my\u00f6s opiskelijan toimintaa seuraavasti:","og_url":"https:\/\/help.jamk.fi\/oppiminen\/fi\/verkko-opiskelun-taidot-2\/laadukas-verkossa-opiskelu\/","og_site_name":"Oppiminen","article_modified_time":"2024-01-04T12:31:45+00:00","twitter_card":"summary_large_image","twitter_misc":{"Arvioitu lukuaika":"2 minuuttia"},"schema":{"@context":"https:\/\/schema.org","@graph":[{"@type":"WebPage","@id":"https:\/\/help.jamk.fi\/oppiminen\/fi\/verkko-opiskelun-taidot-2\/laadukas-verkossa-opiskelu\/","url":"https:\/\/help.jamk.fi\/oppiminen\/fi\/verkko-opiskelun-taidot-2\/laadukas-verkossa-opiskelu\/","name":"Laadukas verkossa opiskelu - Oppiminen","isPartOf":{"@id":"https:\/\/help.jamk.fi\/oppiminen\/#website"},"datePublished":"2024-01-04T12:29:46+00:00","dateModified":"2024-01-04T12:31:45+00:00","breadcrumb":{"@id":"https:\/\/help.jamk.fi\/oppiminen\/fi\/verkko-opiskelun-taidot-2\/laadukas-verkossa-opiskelu\/#breadcrumb"},"inLanguage":"fi","potentialAction":[{"@type":"ReadAction","target":["https:\/\/help.jamk.fi\/oppiminen\/fi\/verkko-opiskelun-taidot-2\/laadukas-verkossa-opiskelu\/"]}]},{"@type":"BreadcrumbList","@id":"https:\/\/help.jamk.fi\/oppiminen\/fi\/verkko-opiskelun-taidot-2\/laadukas-verkossa-opiskelu\/#breadcrumb","itemListElement":[{"@type":"ListItem","position":1,"name":"Home","item":"https:\/\/help.jamk.fi\/oppiminen\/fi\/"},{"@type":"ListItem","position":2,"name":"Opiskelijan digitaidot","item":"https:\/\/help.jamk.fi\/oppiminen\/fi\/verkko-opiskelun-taidot-2\/"},{"@type":"ListItem","position":3,"name":"Laadukas verkossa opiskelu"}]},{"@type":"WebSite","@id":"https:\/\/help.jamk.fi\/oppiminen\/#website","url":"https:\/\/help.jamk.fi\/oppiminen\/","name":"Oppiminen","description":"","potentialAction":[{"@type":"SearchAction","target":{"@type":"EntryPoint","urlTemplate":"https:\/\/help.jamk.fi\/oppiminen\/?s={search_term_string}"},"query-input":{"@type":"PropertyValueSpecification","valueRequired":true,"valueName":"search_term_string"}}],"inLanguage":"fi"}]}},"_links":{"self":[{"href":"https:\/\/help.jamk.fi\/oppiminen\/wp-json\/wp\/v2\/pages\/2161","targetHints":{"allow":["GET"]}}],"collection":[{"href":"https:\/\/help.jamk.fi\/oppiminen\/wp-json\/wp\/v2\/pages"}],"about":[{"href":"https:\/\/help.jamk.fi\/oppiminen\/wp-json\/wp\/v2\/types\/page"}],"author":[{"embeddable":true,"href":"https:\/\/help.jamk.fi\/oppiminen\/wp-json\/wp\/v2\/users\/73"}],"replies":[{"embeddable":true,"href":"https:\/\/help.jamk.fi\/oppiminen\/wp-json\/wp\/v2\/comments?post=2161"}],"version-history":[{"count":1,"href":"https:\/\/help.jamk.fi\/oppiminen\/wp-json\/wp\/v2\/pages\/2161\/revisions"}],"predecessor-version":[{"id":2162,"href":"https:\/\/help.jamk.fi\/oppiminen\/wp-json\/wp\/v2\/pages\/2161\/revisions\/2162"}],"up":[{"embeddable":true,"href":"https:\/\/help.jamk.fi\/oppiminen\/wp-json\/wp\/v2\/pages\/1889"}],"wp:attachment":[{"href":"https:\/\/help.jamk.fi\/oppiminen\/wp-json\/wp\/v2\/media?parent=2161"}],"wp:term":[{"taxonomy":"category","embeddable":true,"href":"https:\/\/help.jamk.fi\/oppiminen\/wp-json\/wp\/v2\/categories?post=2161"},{"taxonomy":"post_tag","embeddable":true,"href":"https:\/\/help.jamk.fi\/oppiminen\/wp-json\/wp\/v2\/tags?post=2161"}],"curies":[{"name":"wp","href":"https:\/\/api.w.org\/{rel}","templated":true}]}}