{"id":17,"date":"2022-09-20T09:18:59","date_gmt":"2022-09-20T06:18:59","guid":{"rendered":"https:\/\/help.jamk.fi\/ops-kasikirja\/?page_id=17"},"modified":"2026-04-13T10:08:34","modified_gmt":"2026-04-13T07:08:34","slug":"opiskelijalahtoisyys-tyoelamalaheisyys","status":"publish","type":"page","link":"https:\/\/help.jamk.fi\/ops-kasikirja\/fi\/opiskelijalahtoisyys-tyoelamalaheisyys\/","title":{"rendered":"Opiskelijal\u00e4ht\u00f6isyys ja ty\u00f6el\u00e4m\u00e4l\u00e4heisyys"},"content":{"rendered":"\n<h2 class=\"wp-block-heading\">Opiskelijal\u00e4ht\u00f6isyys, oppijal\u00e4ht\u00f6isyys<\/h2>\n\n\n\n<p>Opiskelijal\u00e4ht\u00f6isyys korostaa yksil\u00f6llist\u00e4 oppimista, opiskelijan omien tavoitteiden ja kiinnostusten huomioonottamista. Opiskelijal\u00e4ht\u00f6isyyden toteutuminen Jamkissa korostaa opiskelijoiden aktiivista roolia oppimisessa ja pyrkii tukemaan heit\u00e4 yksil\u00f6llisesti ja kokonaisvaltaisesti. Tavoitteena on tarjota opiskelijoille parhaat mahdollisuudet oppimiseen, osaamisen kehittymiseen ja menestymiseen opintojen aikana ja sen j\u00e4lkeen.  Digivisio 2030 -projektissa k\u00e4ytet\u00e4\u00e4n k\u00e4sitett\u00e4 oppijal\u00e4ht\u00f6isyys, kun opiskelua tarkastellaan jatkuvan oppimisen n\u00e4k\u00f6kulmasta. Jamkissa opetussuunnitelmaty\u00f6 on keskeinen osa tutkinto-koulutusten suunnittelua, jolloin tutkintoa suorittavalla henkil\u00f6ll\u00e4 on tutkinto-opiskelijan status. OPS-k\u00e4sikirjassa k\u00e4yt\u00e4mme k\u00e4sitett\u00e4 opiskelija.<\/p>\n\n\n\n<h3 class=\"wp-block-heading\"><strong>Opiskelijal\u00e4ht\u00f6isyys k\u00e4yt\u00e4nn\u00f6n toiminnassa<\/strong><\/h3>\n\n\n\n<ul class=\"wp-block-list\">\n<li>Opintojen suunnittelu ja joustavuus: mahdollistetaan joustavat henkil\u00f6kohtaiset opiskelusuunnitelmat.<\/li>\n\n\n\n<li>Oppimisen suunnittelussa siirret\u00e4\u00e4n katse ryhm\u00e4st\u00e4 yksil\u00f6\u00f6n. Opetuksen suunnittelusta siirryt\u00e4\u00e4n muotoilemaan yksil\u00f6n oppimista tukevia oppimisprosesseja.<\/li>\n\n\n\n<li>Osallistava ja vuorovaikutteinen opetus: korostetaan vuorovaikutteista opetusta, jossa opiskelijat osallistuvat aktiivisesti oppimisprosessiin.<\/li>\n\n\n\n<li>Jatkuva ja monipuolinen arviointi: sopeutetaan arviointimenetelm\u00e4t oppijoiden tarpeisiin ja oppimistavoitteisiin.<\/li>\n\n\n\n<li>Ohjaus ja tuki: opiskelijal\u00e4ht\u00f6inen toiminta sis\u00e4lt\u00e4\u00e4 my\u00f6s uraohjauksen ja tuen tarjoamisen, kuten opinto-ohjausta opettajatutoreilta ja opinto-ohjaajilta, vertaistutorointia, uraohjausta ja muita erilaisia tuki- ja ohjauspalveluita.<\/li>\n\n\n\n<li>Opiskelijoiden osallistuminen opetussuunnitelman ja opintojaksojen kehitt\u00e4miseen: opiskelijoiden n\u00e4kemykset ja kokemukset otetaan huomioon p\u00e4\u00e4t\u00f6ksenteossa ja toiminnan kehitt\u00e4misess\u00e4. Osallistetaan opiskelijat jatkuvan palautteen antamiseen eri tasoilla, kuten opintojakson aikainen palaute. Luodaan mahdollisuuksia vaikuttaa opetusmenetelmiin, opetussuunnitelmiin, opiskeluymp\u00e4rist\u00f6\u00f6n ja muuhun korkeakoulun toimintaan esimerkiksi opiskelijaedustajien kautta.<\/li>\n<\/ul>\n\n\n\n<p>Oppiminen on Jamkissa monimuotoista, opiskelijoita aktivoivaa ja ty\u00f6el\u00e4m\u00e4\u00e4n liittyv\u00e4\u00e4. Oppijakeskeiset oppimisprosessit ovat kest\u00e4vi\u00e4 ja niill\u00e4 rakennetaan edellytykset yksil\u00f6lliselle ja motivoivalle oppimiskokemukselle mukautuen opiskelijan henkil\u00f6kohtaisiin tarpeisiin ja oppimisen ymp\u00e4rist\u00f6ihin. Opiskelija on oman oppimisensa omistaja ja oppiminen aktivoituu tekemisen kautta, painottaen opiskelijan aktiivista ja yhteisty\u00f6h\u00f6n perustuvaa roolia tiedon rakentamisessa. Opiskelijakeskeisyyden n\u00e4hd\u00e4\u00e4n lis\u00e4\u00e4v\u00e4n vuorovaikutusta koko korkeakouluyhteis\u00f6ss\u00e4.<\/p>\n\n\n\n<p>Opiskelijal\u00e4ht\u00f6isyys muuttaa suunnittelua ryhm\u00e4st\u00e4 yksil\u00f6\u00f6n &#8211; opettajan ty\u00f6suunnitelmasta opiskelijan oppimista tukevaan oppimisprosessin suunnitteluun. <\/p>\n\n\n\n<p><\/p>\n\n\n\n<h2 class=\"wp-block-heading\">Ty\u00f6el\u00e4m\u00e4l\u00e4heisyys<\/h2>\n\n\n\n<p>Ammattikorkeakoulun perusteht\u00e4v\u00e4n\u00e4 on antaa ty\u00f6el\u00e4m\u00e4n ja sen kehitt\u00e4misen vaatimuksiin perustuvaa korkeakouluopetusta ammatillisiin asiantuntijateht\u00e4viin sek\u00e4 tukea opiskelijan ammatillista kasvua (Ammattikorkeakoululaki 932\/2014, 4 \u00a7). Ty\u00f6el\u00e4m\u00e4l\u00e4heinen opetussuunnitelma rakentuu ennakointitiedon pohjalta, vastaa tulevaisuuden ty\u00f6el\u00e4m\u00e4n osaamistarpeisiin ja tukee opiskelijan valmiuksia toimia ja kehitty\u00e4 ty\u00f6el\u00e4m\u00e4ss\u00e4.<\/p>\n\n\n\n<p>Opetussuunnitelman kehitt\u00e4minen yhteisty\u00f6ss\u00e4 ty\u00f6el\u00e4m\u00e4n kanssa tuo opetussuunnitelmiin kokemustietoa ty\u00f6el\u00e4m\u00e4st\u00e4 ja vahvistaa koulutusten ty\u00f6el\u00e4m\u00e4relevanssia. Opinnot ja ty\u00f6el\u00e4m\u00e4 pyrit\u00e4\u00e4n integroimaan kiinte\u00e4sti toisiinsa, mik\u00e4 mahdollistaa opiskelijoiden ty\u00f6el\u00e4m\u00e4valmiuksien kehittymisen tutkinnon aikana. Ty\u00f6el\u00e4m\u00e4l\u00e4heisess\u00e4 opetussuunnitelmassa mahdollistuu opiskelijan yksil\u00f6lliset urapolut, ty\u00f6el\u00e4m\u00e4taitojen kehittyminen ja niiden n\u00e4kyv\u00e4ksi tekeminen.<\/p>\n\n\n\n<p>Ty\u00f6el\u00e4m\u00e4l\u00e4heisyys toteutuu opetussuunnitelmissa monipuolisina pedagogisina ratkaisuina, kuten ty\u00f6el\u00e4m\u00e4\u00e4n kytkeytyvin\u00e4 oppimisteht\u00e4vin\u00e4, projekteina ja kehitt\u00e4misteht\u00e4vin\u00e4, harjoitteluna, opinn\u00e4ytet\u00f6in\u00e4, ty\u00f6n opinnollistamisena, alumnien osallistumisena sek\u00e4 AMK- ja YAMK-koulutusten v\u00e4lisen\u00e4 yhteisty\u00f6n\u00e4.<\/p>\n\n\n\n<p class=\"has-text-align-right\"><em>13.4.2026<\/em><\/p>\n","protected":false},"excerpt":{"rendered":"<p>Opiskelijal\u00e4ht\u00f6isyys, oppijal\u00e4ht\u00f6isyys Opiskelijal\u00e4ht\u00f6isyys korostaa yksil\u00f6llist\u00e4 oppimista, opiskelijan omien tavoitteiden ja kiinnostusten huomioonottamista. Opiskelijal\u00e4ht\u00f6isyyden toteutuminen Jamkissa korostaa opiskelijoiden aktiivista roolia oppimisessa ja pyrkii tukemaan heit\u00e4 yksil\u00f6llisesti ja kokonaisvaltaisesti. Tavoitteena on tarjota opiskelijoille parhaat mahdollisuudet oppimiseen, osaamisen kehittymiseen ja menestymiseen opintojen aikana ja sen j\u00e4lkeen. Digivisio 2030 -projektissa k\u00e4ytet\u00e4\u00e4n k\u00e4sitett\u00e4 oppijal\u00e4ht\u00f6isyys, kun opiskelua tarkastellaan jatkuvan oppimisen n\u00e4k\u00f6kulmasta. [&hellip;]<\/p>\n","protected":false},"author":83,"featured_media":0,"parent":0,"menu_order":2,"comment_status":"closed","ping_status":"closed","template":"","meta":{"_acf_changed":false,"_relevanssi_hide_post":"","_relevanssi_hide_content":"","_relevanssi_pin_for_all":"","_relevanssi_pin_keywords":"","_relevanssi_unpin_keywords":"","_relevanssi_related_keywords":"","_relevanssi_related_include_ids":"","_relevanssi_related_exclude_ids":"","_relevanssi_related_no_append":"","_relevanssi_related_not_related":"","_relevanssi_related_posts":"","_relevanssi_noindex_reason":"","footnotes":""},"categories":[],"tags":[],"class_list":["post-17","page","type-page","status-publish","hentry"],"acf":[],"yoast_head":"<!-- This site is optimized with the Yoast SEO plugin v27.5 - https:\/\/yoast.com\/product\/yoast-seo-wordpress\/ -->\n<title>Opiskelijal\u00e4ht\u00f6isyys ja ty\u00f6el\u00e4m\u00e4l\u00e4heisyys - Ops-k\u00e4sikirja<\/title>\n<meta name=\"robots\" content=\"index, follow, max-snippet:-1, max-image-preview:large, max-video-preview:-1\" \/>\n<link rel=\"canonical\" href=\"https:\/\/help.jamk.fi\/ops-kasikirja\/fi\/opiskelijalahtoisyys-tyoelamalaheisyys\/\" \/>\n<meta property=\"og:locale\" content=\"fi_FI\" \/>\n<meta property=\"og:type\" content=\"article\" \/>\n<meta property=\"og:title\" content=\"Opiskelijal\u00e4ht\u00f6isyys ja ty\u00f6el\u00e4m\u00e4l\u00e4heisyys - Ops-k\u00e4sikirja\" \/>\n<meta property=\"og:description\" content=\"Opiskelijal\u00e4ht\u00f6isyys, oppijal\u00e4ht\u00f6isyys Opiskelijal\u00e4ht\u00f6isyys korostaa yksil\u00f6llist\u00e4 oppimista, opiskelijan omien tavoitteiden ja kiinnostusten huomioonottamista. Opiskelijal\u00e4ht\u00f6isyyden toteutuminen Jamkissa korostaa opiskelijoiden aktiivista roolia oppimisessa ja pyrkii tukemaan heit\u00e4 yksil\u00f6llisesti ja kokonaisvaltaisesti. Tavoitteena on tarjota opiskelijoille parhaat mahdollisuudet oppimiseen, osaamisen kehittymiseen ja menestymiseen opintojen aikana ja sen j\u00e4lkeen. Digivisio 2030 -projektissa k\u00e4ytet\u00e4\u00e4n k\u00e4sitett\u00e4 oppijal\u00e4ht\u00f6isyys, kun opiskelua tarkastellaan jatkuvan oppimisen n\u00e4k\u00f6kulmasta. [&hellip;]\" \/>\n<meta property=\"og:url\" content=\"https:\/\/help.jamk.fi\/ops-kasikirja\/fi\/opiskelijalahtoisyys-tyoelamalaheisyys\/\" \/>\n<meta property=\"og:site_name\" content=\"Ops-k\u00e4sikirja\" \/>\n<meta property=\"article:modified_time\" content=\"2026-04-13T07:08:34+00:00\" \/>\n<meta name=\"twitter:card\" content=\"summary_large_image\" \/>\n<meta name=\"twitter:label1\" content=\"Arvioitu lukuaika\" \/>\n\t<meta name=\"twitter:data1\" content=\"3 minuuttia\" \/>\n<script type=\"application\/ld+json\" class=\"yoast-schema-graph\">{\"@context\":\"https:\\\/\\\/schema.org\",\"@graph\":[{\"@type\":\"WebPage\",\"@id\":\"https:\\\/\\\/help.jamk.fi\\\/ops-kasikirja\\\/fi\\\/opiskelijalahtoisyys-tyoelamalaheisyys\\\/\",\"url\":\"https:\\\/\\\/help.jamk.fi\\\/ops-kasikirja\\\/fi\\\/opiskelijalahtoisyys-tyoelamalaheisyys\\\/\",\"name\":\"Opiskelijal\u00e4ht\u00f6isyys ja ty\u00f6el\u00e4m\u00e4l\u00e4heisyys - Ops-k\u00e4sikirja\",\"isPartOf\":{\"@id\":\"https:\\\/\\\/help.jamk.fi\\\/ops-kasikirja\\\/#website\"},\"datePublished\":\"2022-09-20T06:18:59+00:00\",\"dateModified\":\"2026-04-13T07:08:34+00:00\",\"breadcrumb\":{\"@id\":\"https:\\\/\\\/help.jamk.fi\\\/ops-kasikirja\\\/fi\\\/opiskelijalahtoisyys-tyoelamalaheisyys\\\/#breadcrumb\"},\"inLanguage\":\"fi\",\"potentialAction\":[{\"@type\":\"ReadAction\",\"target\":[\"https:\\\/\\\/help.jamk.fi\\\/ops-kasikirja\\\/fi\\\/opiskelijalahtoisyys-tyoelamalaheisyys\\\/\"]}]},{\"@type\":\"BreadcrumbList\",\"@id\":\"https:\\\/\\\/help.jamk.fi\\\/ops-kasikirja\\\/fi\\\/opiskelijalahtoisyys-tyoelamalaheisyys\\\/#breadcrumb\",\"itemListElement\":[{\"@type\":\"ListItem\",\"position\":1,\"name\":\"Etusivu\",\"item\":\"https:\\\/\\\/help.jamk.fi\\\/ops-kasikirja\\\/fi\\\/\"},{\"@type\":\"ListItem\",\"position\":2,\"name\":\"Opiskelijal\u00e4ht\u00f6isyys ja ty\u00f6el\u00e4m\u00e4l\u00e4heisyys\"}]},{\"@type\":\"WebSite\",\"@id\":\"https:\\\/\\\/help.jamk.fi\\\/ops-kasikirja\\\/#website\",\"url\":\"https:\\\/\\\/help.jamk.fi\\\/ops-kasikirja\\\/\",\"name\":\"Ops-k\u00e4sikirja\",\"description\":\"\",\"potentialAction\":[{\"@type\":\"SearchAction\",\"target\":{\"@type\":\"EntryPoint\",\"urlTemplate\":\"https:\\\/\\\/help.jamk.fi\\\/ops-kasikirja\\\/?s={search_term_string}\"},\"query-input\":{\"@type\":\"PropertyValueSpecification\",\"valueRequired\":true,\"valueName\":\"search_term_string\"}}],\"inLanguage\":\"fi\"}]}<\/script>\n<!-- \/ Yoast SEO plugin. -->","yoast_head_json":{"title":"Opiskelijal\u00e4ht\u00f6isyys ja ty\u00f6el\u00e4m\u00e4l\u00e4heisyys - Ops-k\u00e4sikirja","robots":{"index":"index","follow":"follow","max-snippet":"max-snippet:-1","max-image-preview":"max-image-preview:large","max-video-preview":"max-video-preview:-1"},"canonical":"https:\/\/help.jamk.fi\/ops-kasikirja\/fi\/opiskelijalahtoisyys-tyoelamalaheisyys\/","og_locale":"fi_FI","og_type":"article","og_title":"Opiskelijal\u00e4ht\u00f6isyys ja ty\u00f6el\u00e4m\u00e4l\u00e4heisyys - Ops-k\u00e4sikirja","og_description":"Opiskelijal\u00e4ht\u00f6isyys, oppijal\u00e4ht\u00f6isyys Opiskelijal\u00e4ht\u00f6isyys korostaa yksil\u00f6llist\u00e4 oppimista, opiskelijan omien tavoitteiden ja kiinnostusten huomioonottamista. Opiskelijal\u00e4ht\u00f6isyyden toteutuminen Jamkissa korostaa opiskelijoiden aktiivista roolia oppimisessa ja pyrkii tukemaan heit\u00e4 yksil\u00f6llisesti ja kokonaisvaltaisesti. Tavoitteena on tarjota opiskelijoille parhaat mahdollisuudet oppimiseen, osaamisen kehittymiseen ja menestymiseen opintojen aikana ja sen j\u00e4lkeen. Digivisio 2030 -projektissa k\u00e4ytet\u00e4\u00e4n k\u00e4sitett\u00e4 oppijal\u00e4ht\u00f6isyys, kun opiskelua tarkastellaan jatkuvan oppimisen n\u00e4k\u00f6kulmasta. [&hellip;]","og_url":"https:\/\/help.jamk.fi\/ops-kasikirja\/fi\/opiskelijalahtoisyys-tyoelamalaheisyys\/","og_site_name":"Ops-k\u00e4sikirja","article_modified_time":"2026-04-13T07:08:34+00:00","twitter_card":"summary_large_image","twitter_misc":{"Arvioitu lukuaika":"3 minuuttia"},"schema":{"@context":"https:\/\/schema.org","@graph":[{"@type":"WebPage","@id":"https:\/\/help.jamk.fi\/ops-kasikirja\/fi\/opiskelijalahtoisyys-tyoelamalaheisyys\/","url":"https:\/\/help.jamk.fi\/ops-kasikirja\/fi\/opiskelijalahtoisyys-tyoelamalaheisyys\/","name":"Opiskelijal\u00e4ht\u00f6isyys ja ty\u00f6el\u00e4m\u00e4l\u00e4heisyys - Ops-k\u00e4sikirja","isPartOf":{"@id":"https:\/\/help.jamk.fi\/ops-kasikirja\/#website"},"datePublished":"2022-09-20T06:18:59+00:00","dateModified":"2026-04-13T07:08:34+00:00","breadcrumb":{"@id":"https:\/\/help.jamk.fi\/ops-kasikirja\/fi\/opiskelijalahtoisyys-tyoelamalaheisyys\/#breadcrumb"},"inLanguage":"fi","potentialAction":[{"@type":"ReadAction","target":["https:\/\/help.jamk.fi\/ops-kasikirja\/fi\/opiskelijalahtoisyys-tyoelamalaheisyys\/"]}]},{"@type":"BreadcrumbList","@id":"https:\/\/help.jamk.fi\/ops-kasikirja\/fi\/opiskelijalahtoisyys-tyoelamalaheisyys\/#breadcrumb","itemListElement":[{"@type":"ListItem","position":1,"name":"Etusivu","item":"https:\/\/help.jamk.fi\/ops-kasikirja\/fi\/"},{"@type":"ListItem","position":2,"name":"Opiskelijal\u00e4ht\u00f6isyys ja ty\u00f6el\u00e4m\u00e4l\u00e4heisyys"}]},{"@type":"WebSite","@id":"https:\/\/help.jamk.fi\/ops-kasikirja\/#website","url":"https:\/\/help.jamk.fi\/ops-kasikirja\/","name":"Ops-k\u00e4sikirja","description":"","potentialAction":[{"@type":"SearchAction","target":{"@type":"EntryPoint","urlTemplate":"https:\/\/help.jamk.fi\/ops-kasikirja\/?s={search_term_string}"},"query-input":{"@type":"PropertyValueSpecification","valueRequired":true,"valueName":"search_term_string"}}],"inLanguage":"fi"}]}},"_links":{"self":[{"href":"https:\/\/help.jamk.fi\/ops-kasikirja\/wp-json\/wp\/v2\/pages\/17","targetHints":{"allow":["GET"]}}],"collection":[{"href":"https:\/\/help.jamk.fi\/ops-kasikirja\/wp-json\/wp\/v2\/pages"}],"about":[{"href":"https:\/\/help.jamk.fi\/ops-kasikirja\/wp-json\/wp\/v2\/types\/page"}],"author":[{"embeddable":true,"href":"https:\/\/help.jamk.fi\/ops-kasikirja\/wp-json\/wp\/v2\/users\/83"}],"replies":[{"embeddable":true,"href":"https:\/\/help.jamk.fi\/ops-kasikirja\/wp-json\/wp\/v2\/comments?post=17"}],"version-history":[{"count":12,"href":"https:\/\/help.jamk.fi\/ops-kasikirja\/wp-json\/wp\/v2\/pages\/17\/revisions"}],"predecessor-version":[{"id":650,"href":"https:\/\/help.jamk.fi\/ops-kasikirja\/wp-json\/wp\/v2\/pages\/17\/revisions\/650"}],"wp:attachment":[{"href":"https:\/\/help.jamk.fi\/ops-kasikirja\/wp-json\/wp\/v2\/media?parent=17"}],"wp:term":[{"taxonomy":"category","embeddable":true,"href":"https:\/\/help.jamk.fi\/ops-kasikirja\/wp-json\/wp\/v2\/categories?post=17"},{"taxonomy":"post_tag","embeddable":true,"href":"https:\/\/help.jamk.fi\/ops-kasikirja\/wp-json\/wp\/v2\/tags?post=17"}],"curies":[{"name":"wp","href":"https:\/\/api.w.org\/{rel}","templated":true}]}}