{"id":23,"date":"2022-09-20T09:22:43","date_gmt":"2022-09-20T06:22:43","guid":{"rendered":"https:\/\/help.jamk.fi\/ops-kasikirja\/laatu\/"},"modified":"2026-04-13T12:11:01","modified_gmt":"2026-04-13T09:11:01","slug":"laatu","status":"publish","type":"page","link":"https:\/\/help.jamk.fi\/ops-kasikirja\/fi\/laatu\/","title":{"rendered":"Opetussuunnitelmien laadunhallinnan l\u00e4ht\u00f6kohdat"},"content":{"rendered":"\n<p>Ty\u00f6el\u00e4m\u00e4n tulevaisuuden osaamistarpeet ovat opetussuunnitelmaty\u00f6n l\u00e4ht\u00f6kohta. Opetussuunnitelmaa laadittaessa on analysoitava sidosryhmien odotuksia ja ennakoitava niiden muutoksia.<\/p>\n\n\n\n<p>Opetussuunnitelmissa huomioidaan opiskelijal\u00e4ht\u00f6isyys, joka n\u00e4kyy opinnoissa joustavuutena. Opiskelija voi vaikuttaa siihen, miten h\u00e4n hankkii osaamisen, jota koulutuksen suorittaneelta vaaditaan. Opettaja toimii valmentajana, joka tukee opiskelijan oppimisprosessia. Opiskelijoiden ohjaukseen osallistuu koko henkil\u00f6st\u00f6.<\/p>\n\n\n\n<p>Ammattikorkeakouluyhteis\u00f6 toimii tiiviiss\u00e4 yhteisty\u00f6ss\u00e4 kesken\u00e4\u00e4n sek\u00e4 opiskelijoiden ja kumppaniorganisaatioiden kanssa hy\u00f6dynt\u00e4en verkostoista saatavaa osaamista.<\/p>\n\n\n\n<p>Oppiminen on opiskelijan tavoitteellinen prosessi, joka kohdistuu ty\u00f6el\u00e4m\u00e4ss\u00e4 tarpeelliseen tietoon. Oppimisessa hy\u00f6dynnet\u00e4\u00e4n yhteistoiminnallista ongelmanratkaisua.<\/p>\n\n\n\n<p>Tutkintokoulutuksesta valmistunut opiskelija on saavuttanut ammatillisissa asiantuntijateht\u00e4viss\u00e4 tarvittavan ja kansainv\u00e4lisi\u00e4 vaatimuksia (EQF\/NQF-taso 6 tai 7) vastaavan osaamisen sek\u00e4 valmiudet jatkuvaan oppimiseen.<\/p>\n\n\n\n<h2 class=\"wp-block-heading\">Suunnittele, toteuta, arvioi ja paranna<\/h2>\n\n\n\n<p>Laadunhallinta perustuu jatkuvan parantamisen periaatteeseen: 1) suunnittelu, 2) toiminta, 3) seuranta ja arviointi ja 4) laadun parantaminen.<\/p>\n\n\n\n<p>Opetussuunnitelmat laaditaan osaamisperusteisiksi: mit\u00e4 opiskelija osaa suoritettuaan opintojakson, opintokokonaisuuden ja tutkinnon. Erityist\u00e4 huomiota on kiinnitett\u00e4v\u00e4 tutkinnon, opintokokonaisuuksien ja opintojaksojen osaamistavoitteiden loogiseen yhteyteen. Opintojaksotasolla on huomioitava osaamistavoitteiden, arviointikriteereiden, opiskeltavien sis\u00e4lt\u00f6jen ja oppimismenetelmien yhteensopivuus.<\/p>\n\n\n\n<p>T\u00e4rkeimm\u00e4t koulutuksen toteutusta ohjaavat dokumentit ovat Jamkin eettiset, pedagogiset ja ohjauksen periaatteet sek\u00e4 tutkintos\u00e4\u00e4nt\u00f6.<\/p>\n\n\n\n<p>Seuranta ja arviointi perustuu tunnuslukuihin, palautteisiin ja arviointeihin. T\u00e4rkeimm\u00e4t tunnusluvut ovat Jamkin tuloskortissa ja m\u00e4\u00e4r\u00e4aikaisarviointien indikaattoreissa. T\u00e4rkeimm\u00e4t palautteet ovat opintojaksopalaute opintohallintoj\u00e4rjestelm\u00e4ss\u00e4, opiskelijakunnan vuosittain kokoama palaute, AVOP-palaute valmistumisvaiheessa sek\u00e4 uraseurantapalaute viisi vuotta valmistumisen j\u00e4lkeen. T\u00e4rkeimm\u00e4t arvioinnit ovat ohjelmien m\u00e4\u00e4r\u00e4aikaisarvioinnit ja kansainv\u00e4liset akkreditoinnit valituissa ohjelmissa.<\/p>\n\n\n\n<p>Laatua parannetaan k\u00e4sittelem\u00e4ll\u00e4 seuranta- ja arviointitieto Jamkin laatuk\u00e4sikirjassa sovitulla tavalla.<\/p>\n\n\n\n<p>Opetussuunnitelmiin tehd\u00e4\u00e4n tarkentavia p\u00e4ivityksi\u00e4 vuosittain ja perusteellisempia uudistuksia noin viiden vuoden v\u00e4lein. P\u00e4ivityksiss\u00e4 ja uudistuksissa selvitet\u00e4\u00e4n ty\u00f6el\u00e4m\u00e4n tulevia osaamistarpeita. Opetussuunnitelmat k\u00e4sitell\u00e4\u00e4n ty\u00f6el\u00e4m\u00e4n neuvottelukunnissa tai muulla tavoin ty\u00f6el\u00e4m\u00e4n edustajien kanssa. Tutkinto-ohjelmasta vastaava p\u00e4\u00e4llikk\u00f6 vastaa opetussuunnitelman laadusta. H\u00e4n tarkistaa opetussuunnitelman osaamistavoitteet ennen suunnitelman hyv\u00e4ksymist\u00e4 opintoasioiden lautakunnassa.<\/p>\n\n\n\n<h2 class=\"wp-block-heading\">Linkit<\/h2>\n\n\n\n<p><a href=\"https:\/\/jamkstudent.sharepoint.com\/sites\/Laatukanava-Elmo#jamkin-laatuk%C3%A4sikirja-ja-strategia\" target=\"_blank\" rel=\"noreferrer noopener\">Jamkin laatuk\u00e4sikirja (Elmo-intra, vaatii kirjautumisen)<\/a><\/p>\n\n\n\n<hr class=\"wp-block-separator has-alpha-channel-opacity\"\/>\n\n\n\n<p class=\"has-text-align-right\"><sub>Tero Janatuinen 7.12.2022, tarkistettu 13.4.2026<\/sub><\/p>\n","protected":false},"excerpt":{"rendered":"<p>Ty\u00f6el\u00e4m\u00e4n tulevaisuuden osaamistarpeet ovat opetussuunnitelmaty\u00f6n l\u00e4ht\u00f6kohta. Opetussuunnitelmaa laadittaessa on analysoitava sidosryhmien odotuksia ja ennakoitava niiden muutoksia. Opetussuunnitelmissa huomioidaan opiskelijal\u00e4ht\u00f6isyys, joka n\u00e4kyy opinnoissa joustavuutena. Opiskelija voi vaikuttaa siihen, miten h\u00e4n hankkii osaamisen, jota koulutuksen suorittaneelta vaaditaan. Opettaja toimii valmentajana, joka tukee opiskelijan oppimisprosessia. Opiskelijoiden ohjaukseen osallistuu koko henkil\u00f6st\u00f6. Ammattikorkeakouluyhteis\u00f6 toimii tiiviiss\u00e4 yhteisty\u00f6ss\u00e4 kesken\u00e4\u00e4n sek\u00e4 opiskelijoiden ja [&hellip;]<\/p>\n","protected":false},"author":79,"featured_media":0,"parent":0,"menu_order":5,"comment_status":"closed","ping_status":"closed","template":"","meta":{"_acf_changed":false,"_relevanssi_hide_post":"","_relevanssi_hide_content":"","_relevanssi_pin_for_all":"","_relevanssi_pin_keywords":"","_relevanssi_unpin_keywords":"","_relevanssi_related_keywords":"","_relevanssi_related_include_ids":"","_relevanssi_related_exclude_ids":"","_relevanssi_related_no_append":"","_relevanssi_related_not_related":"","_relevanssi_related_posts":"","_relevanssi_noindex_reason":"","footnotes":""},"categories":[],"tags":[96,100],"class_list":["post-23","page","type-page","status-publish","hentry","tag-laatu","tag-opintojaksopalaute"],"acf":[],"yoast_head":"<!-- This site is optimized with the Yoast SEO plugin v27.4 - https:\/\/yoast.com\/product\/yoast-seo-wordpress\/ -->\n<title>Opetussuunnitelmien laadunhallinnan l\u00e4ht\u00f6kohdat - Ops-k\u00e4sikirja<\/title>\n<meta name=\"robots\" content=\"index, follow, max-snippet:-1, max-image-preview:large, max-video-preview:-1\" \/>\n<link rel=\"canonical\" href=\"https:\/\/help.jamk.fi\/ops-kasikirja\/fi\/laatu\/\" \/>\n<meta property=\"og:locale\" content=\"fi_FI\" \/>\n<meta property=\"og:type\" content=\"article\" \/>\n<meta property=\"og:title\" content=\"Opetussuunnitelmien laadunhallinnan l\u00e4ht\u00f6kohdat - Ops-k\u00e4sikirja\" \/>\n<meta property=\"og:description\" content=\"Ty\u00f6el\u00e4m\u00e4n tulevaisuuden osaamistarpeet ovat opetussuunnitelmaty\u00f6n l\u00e4ht\u00f6kohta. Opetussuunnitelmaa laadittaessa on analysoitava sidosryhmien odotuksia ja ennakoitava niiden muutoksia. Opetussuunnitelmissa huomioidaan opiskelijal\u00e4ht\u00f6isyys, joka n\u00e4kyy opinnoissa joustavuutena. Opiskelija voi vaikuttaa siihen, miten h\u00e4n hankkii osaamisen, jota koulutuksen suorittaneelta vaaditaan. Opettaja toimii valmentajana, joka tukee opiskelijan oppimisprosessia. Opiskelijoiden ohjaukseen osallistuu koko henkil\u00f6st\u00f6. Ammattikorkeakouluyhteis\u00f6 toimii tiiviiss\u00e4 yhteisty\u00f6ss\u00e4 kesken\u00e4\u00e4n sek\u00e4 opiskelijoiden ja [&hellip;]\" \/>\n<meta property=\"og:url\" content=\"https:\/\/help.jamk.fi\/ops-kasikirja\/fi\/laatu\/\" \/>\n<meta property=\"og:site_name\" content=\"Ops-k\u00e4sikirja\" \/>\n<meta property=\"article:modified_time\" content=\"2026-04-13T09:11:01+00:00\" \/>\n<meta name=\"twitter:card\" content=\"summary_large_image\" \/>\n<meta name=\"twitter:label1\" content=\"Arvioitu lukuaika\" \/>\n\t<meta name=\"twitter:data1\" content=\"2 minuuttia\" \/>\n<script type=\"application\/ld+json\" class=\"yoast-schema-graph\">{\"@context\":\"https:\\\/\\\/schema.org\",\"@graph\":[{\"@type\":\"WebPage\",\"@id\":\"https:\\\/\\\/help.jamk.fi\\\/ops-kasikirja\\\/fi\\\/laatu\\\/\",\"url\":\"https:\\\/\\\/help.jamk.fi\\\/ops-kasikirja\\\/fi\\\/laatu\\\/\",\"name\":\"Opetussuunnitelmien laadunhallinnan l\u00e4ht\u00f6kohdat - Ops-k\u00e4sikirja\",\"isPartOf\":{\"@id\":\"https:\\\/\\\/help.jamk.fi\\\/ops-kasikirja\\\/#website\"},\"datePublished\":\"2022-09-20T06:22:43+00:00\",\"dateModified\":\"2026-04-13T09:11:01+00:00\",\"breadcrumb\":{\"@id\":\"https:\\\/\\\/help.jamk.fi\\\/ops-kasikirja\\\/fi\\\/laatu\\\/#breadcrumb\"},\"inLanguage\":\"fi\",\"potentialAction\":[{\"@type\":\"ReadAction\",\"target\":[\"https:\\\/\\\/help.jamk.fi\\\/ops-kasikirja\\\/fi\\\/laatu\\\/\"]}]},{\"@type\":\"BreadcrumbList\",\"@id\":\"https:\\\/\\\/help.jamk.fi\\\/ops-kasikirja\\\/fi\\\/laatu\\\/#breadcrumb\",\"itemListElement\":[{\"@type\":\"ListItem\",\"position\":1,\"name\":\"Etusivu\",\"item\":\"https:\\\/\\\/help.jamk.fi\\\/ops-kasikirja\\\/fi\\\/\"},{\"@type\":\"ListItem\",\"position\":2,\"name\":\"Opetussuunnitelmien laadunhallinnan l\u00e4ht\u00f6kohdat\"}]},{\"@type\":\"WebSite\",\"@id\":\"https:\\\/\\\/help.jamk.fi\\\/ops-kasikirja\\\/#website\",\"url\":\"https:\\\/\\\/help.jamk.fi\\\/ops-kasikirja\\\/\",\"name\":\"Ops-k\u00e4sikirja\",\"description\":\"\",\"potentialAction\":[{\"@type\":\"SearchAction\",\"target\":{\"@type\":\"EntryPoint\",\"urlTemplate\":\"https:\\\/\\\/help.jamk.fi\\\/ops-kasikirja\\\/?s={search_term_string}\"},\"query-input\":{\"@type\":\"PropertyValueSpecification\",\"valueRequired\":true,\"valueName\":\"search_term_string\"}}],\"inLanguage\":\"fi\"}]}<\/script>\n<!-- \/ Yoast SEO plugin. -->","yoast_head_json":{"title":"Opetussuunnitelmien laadunhallinnan l\u00e4ht\u00f6kohdat - Ops-k\u00e4sikirja","robots":{"index":"index","follow":"follow","max-snippet":"max-snippet:-1","max-image-preview":"max-image-preview:large","max-video-preview":"max-video-preview:-1"},"canonical":"https:\/\/help.jamk.fi\/ops-kasikirja\/fi\/laatu\/","og_locale":"fi_FI","og_type":"article","og_title":"Opetussuunnitelmien laadunhallinnan l\u00e4ht\u00f6kohdat - Ops-k\u00e4sikirja","og_description":"Ty\u00f6el\u00e4m\u00e4n tulevaisuuden osaamistarpeet ovat opetussuunnitelmaty\u00f6n l\u00e4ht\u00f6kohta. Opetussuunnitelmaa laadittaessa on analysoitava sidosryhmien odotuksia ja ennakoitava niiden muutoksia. Opetussuunnitelmissa huomioidaan opiskelijal\u00e4ht\u00f6isyys, joka n\u00e4kyy opinnoissa joustavuutena. Opiskelija voi vaikuttaa siihen, miten h\u00e4n hankkii osaamisen, jota koulutuksen suorittaneelta vaaditaan. Opettaja toimii valmentajana, joka tukee opiskelijan oppimisprosessia. Opiskelijoiden ohjaukseen osallistuu koko henkil\u00f6st\u00f6. Ammattikorkeakouluyhteis\u00f6 toimii tiiviiss\u00e4 yhteisty\u00f6ss\u00e4 kesken\u00e4\u00e4n sek\u00e4 opiskelijoiden ja [&hellip;]","og_url":"https:\/\/help.jamk.fi\/ops-kasikirja\/fi\/laatu\/","og_site_name":"Ops-k\u00e4sikirja","article_modified_time":"2026-04-13T09:11:01+00:00","twitter_card":"summary_large_image","twitter_misc":{"Arvioitu lukuaika":"2 minuuttia"},"schema":{"@context":"https:\/\/schema.org","@graph":[{"@type":"WebPage","@id":"https:\/\/help.jamk.fi\/ops-kasikirja\/fi\/laatu\/","url":"https:\/\/help.jamk.fi\/ops-kasikirja\/fi\/laatu\/","name":"Opetussuunnitelmien laadunhallinnan l\u00e4ht\u00f6kohdat - Ops-k\u00e4sikirja","isPartOf":{"@id":"https:\/\/help.jamk.fi\/ops-kasikirja\/#website"},"datePublished":"2022-09-20T06:22:43+00:00","dateModified":"2026-04-13T09:11:01+00:00","breadcrumb":{"@id":"https:\/\/help.jamk.fi\/ops-kasikirja\/fi\/laatu\/#breadcrumb"},"inLanguage":"fi","potentialAction":[{"@type":"ReadAction","target":["https:\/\/help.jamk.fi\/ops-kasikirja\/fi\/laatu\/"]}]},{"@type":"BreadcrumbList","@id":"https:\/\/help.jamk.fi\/ops-kasikirja\/fi\/laatu\/#breadcrumb","itemListElement":[{"@type":"ListItem","position":1,"name":"Etusivu","item":"https:\/\/help.jamk.fi\/ops-kasikirja\/fi\/"},{"@type":"ListItem","position":2,"name":"Opetussuunnitelmien laadunhallinnan l\u00e4ht\u00f6kohdat"}]},{"@type":"WebSite","@id":"https:\/\/help.jamk.fi\/ops-kasikirja\/#website","url":"https:\/\/help.jamk.fi\/ops-kasikirja\/","name":"Ops-k\u00e4sikirja","description":"","potentialAction":[{"@type":"SearchAction","target":{"@type":"EntryPoint","urlTemplate":"https:\/\/help.jamk.fi\/ops-kasikirja\/?s={search_term_string}"},"query-input":{"@type":"PropertyValueSpecification","valueRequired":true,"valueName":"search_term_string"}}],"inLanguage":"fi"}]}},"_links":{"self":[{"href":"https:\/\/help.jamk.fi\/ops-kasikirja\/wp-json\/wp\/v2\/pages\/23","targetHints":{"allow":["GET"]}}],"collection":[{"href":"https:\/\/help.jamk.fi\/ops-kasikirja\/wp-json\/wp\/v2\/pages"}],"about":[{"href":"https:\/\/help.jamk.fi\/ops-kasikirja\/wp-json\/wp\/v2\/types\/page"}],"author":[{"embeddable":true,"href":"https:\/\/help.jamk.fi\/ops-kasikirja\/wp-json\/wp\/v2\/users\/79"}],"replies":[{"embeddable":true,"href":"https:\/\/help.jamk.fi\/ops-kasikirja\/wp-json\/wp\/v2\/comments?post=23"}],"version-history":[{"count":7,"href":"https:\/\/help.jamk.fi\/ops-kasikirja\/wp-json\/wp\/v2\/pages\/23\/revisions"}],"predecessor-version":[{"id":666,"href":"https:\/\/help.jamk.fi\/ops-kasikirja\/wp-json\/wp\/v2\/pages\/23\/revisions\/666"}],"wp:attachment":[{"href":"https:\/\/help.jamk.fi\/ops-kasikirja\/wp-json\/wp\/v2\/media?parent=23"}],"wp:term":[{"taxonomy":"category","embeddable":true,"href":"https:\/\/help.jamk.fi\/ops-kasikirja\/wp-json\/wp\/v2\/categories?post=23"},{"taxonomy":"post_tag","embeddable":true,"href":"https:\/\/help.jamk.fi\/ops-kasikirja\/wp-json\/wp\/v2\/tags?post=23"}],"curies":[{"name":"wp","href":"https:\/\/api.w.org\/{rel}","templated":true}]}}