{"id":469,"date":"2024-04-18T12:48:54","date_gmt":"2024-04-18T09:48:54","guid":{"rendered":"https:\/\/help.jamk.fi\/ops-kasikirja\/?page_id=469"},"modified":"2025-03-11T13:04:41","modified_gmt":"2025-03-11T11:04:41","slug":"toteutusten-tarkistuslista","status":"publish","type":"page","link":"https:\/\/help.jamk.fi\/ops-kasikirja\/fi\/toteutusten-tarkistuslista\/","title":{"rendered":"Toteutusten tarkistuslista (Peppi)"},"content":{"rendered":"\n<h2 class=\"wp-block-heading\">Tarkistuslista opintojakson toteutuskuvauksen arviointiin<\/h2>\n\n\n\n<p>Voit k\u00e4ytt\u00e4\u00e4 tarkistuslistaa joko itse oman toteutuksesi arvioinnissa tai pyyt\u00e4\u00e4 kollegaasi arvioimaan sit\u00e4.<\/p>\n\n\n\n<p>Tee ensin toteutus <a href=\"https:\/\/help.jamk.fi\/peppi-ohjeet-henkilokunnalle\/fi\/opettajan-ohjeet\/toteutussuunnitelman-tayttoohje-opettajien-ohje\/\">Pepin ohjeen mukaisesti<\/a>. Katso toteutustasi opiskelijan n\u00e4kym\u00e4st\u00e4 joko opintohausta tai opetussuunnitelmat-sivulta.<\/p>\n\n\n\n<h3 class=\"wp-block-heading\">Selkeys ja ymm\u00e4rrett\u00e4vyys<\/h3>\n\n\n\n<ol class=\"wp-block-list\">\n<li>Kieli on selke\u00e4\u00e4 yleiskielt\u00e4 ilman monimutkaisia lauserakenteita.<\/li>\n\n\n\n<li>Kuvauksesta ei puutu oleellista tai kriittist\u00e4 tietoa opiskelun n\u00e4k\u00f6kulmasta.<\/li>\n<\/ol>\n\n\n\n<h3 class=\"wp-block-heading\">Sis\u00e4ll\u00f6n johdonmukaisuus<\/h3>\n\n\n\n<ol class=\"wp-block-list\">\n<li>Kuvatut menetelm\u00e4t, arviointi, sis\u00e4ll\u00f6t, materiaalit ja ajank\u00e4ytt\u00f6 vastaavat opintojakson osaamistavoitteisiin. \n<ul class=\"wp-block-list\">\n<li>Esimerkiksi miten valittu pedagoginen menetelm\u00e4 soveltuu arviointiin? N\u00e4kyyk\u00f6 kehitt\u00e4v\u00e4 ja jatkuva arviointi toteutuskuvauksessa?<\/li>\n<\/ul>\n<\/li>\n\n\n\n<li>Mahdollisista esitietovaatimuksista on tieto opintojaksolla.<\/li>\n<\/ol>\n\n\n\n<h3 class=\"wp-block-heading\">Opiskeluk\u00e4yt\u00e4nteit\u00e4 varten annettu tieto<\/h3>\n\n\n\n<ol class=\"wp-block-list\">\n<li>Tieto, ett\u00e4 opiskelijan tulee osoittaa aktiivisuutensa kolmen viikon kuluessa opintojakson alkamisesta. T\u00e4m\u00e4 on edellytys opintojaksolla opiskelulle. (Ei koske nonstoppeja.)<\/li>\n\n\n\n<li>Opetus- ja oppimismenetelm\u00e4t sek\u00e4 ohjaus on kuvattu opiskelijal\u00e4ht\u00f6isesti. \n<ul class=\"wp-block-list\">\n<li>Esimerkiksi jos toteutuksella on webinaareja, kerro: \u201dWebinaareihin osallistuminen edellytt\u00e4\u00e4 toimivaa kameraa, kuulokkeita ja mikrofonia.\u201d<\/li>\n<\/ul>\n<\/li>\n\n\n\n<li>Monimuoto-opiskelussa et\u00e4- ja l\u00e4hiopiskelun sis\u00e4ll\u00f6t ja paikka on kuvattu erikseen. \n<ul class=\"wp-block-list\">\n<li>Esimerkiksi l\u00e4hiopiskelu p\u00e4\u00e4kampuksella, et\u00e4opiskelu verkossa, harjoitukset p\u00e4\u00e4kampuksen laboratoriossa tai harjoitukset verkossa simuloituna.<\/li>\n<\/ul>\n<\/li>\n\n\n\n<li>Vaihtoehtoiset suoritustavat kerrottu, esim. opinnollistaminen. Kerro my\u00f6s, jos vaihtoehtoisia suoritustapoja ei ole.<\/li>\n\n\n\n<li>Ty\u00f6el\u00e4m\u00e4l\u00e4heisyys on kuvattu. \n<ul class=\"wp-block-list\">\n<li>Esimerkiksi teht\u00e4v\u00e4t sovelletaan ty\u00f6el\u00e4m\u00e4\u00e4n, vierailut ty\u00f6paikoilla, yhteisty\u00f6projetit, sis\u00e4lt\u00f6 suunniteltu yhdess\u00e4 ty\u00f6el\u00e4m\u00e4n kanssa.<\/li>\n<\/ul>\n<\/li>\n\n\n\n<li>Tentit ja uusintamahdollisuudet -kent\u00e4ss\u00e4 tulee olla kerrottu, onko tentti\u00e4 vai ei.<\/li>\n\n\n\n<li>Sis\u00e4ll\u00f6n jaksotus on kuvattu. Mit\u00e4 tapahtuu mill\u00e4kin viikolla (rytmitys, ajoitus, viikkoteht\u00e4v\u00e4t, toteutuksen pakolliset osat)?<\/li>\n\n\n\n<li>Aikataulu ja ajank\u00e4ytt\u00f6 on kuvattu realistisesti (1 op = 27 tuntia). \n<ul class=\"wp-block-list\">\n<li>Ajank\u00e4ytt\u00f6 on ohjattu esimerkiksi kertomalla \u201cVaraa t\u00e4ll\u00e4 opintojaksolla opiskeluun n. 4-6 tuntia viikossa\u201d.<\/li>\n<\/ul>\n<\/li>\n\n\n\n<li>Arviointimenetelm\u00e4t on kuvattu Lis\u00e4tietoja opiskelijoille -kentt\u00e4\u00e4n. <\/li>\n<\/ol>\n\n\n\n<h2 class=\"wp-block-heading\">Linkit<\/h2>\n\n\n\n<p><a href=\"https:\/\/help.jamk.fi\/peppi-ohjeet-henkilokunnalle\/fi\/opettajan-ohjeet\/toteutussuunnitelman-tayttoohje-opettajien-ohje\/\">Toteutussuunnitelman t\u00e4ytt\u00f6ohje opettajille (Peppi-ohjeet henkil\u00f6kunnalle)<\/a><\/p>\n\n\n\n<p><a href=\"https:\/\/opintohaku.jamk.fi\/\">Opintohaku<\/a><\/p>\n\n\n\n<p><a href=\"https:\/\/opetussuunnitelmat.peppi.jamk.fi\/\">Opetussuunnitelmat (Peppi)<\/a><\/p>\n\n\n\n<p><a href=\"https:\/\/help.jamk.fi\/raportointiohje\/fi\/3-kirjoittamisprosessi\/tekoalyn-kaytto-oppimistehtavissa-ja-opinnaytetyossa\/\">Teko\u00e4lyn k\u00e4ytt\u00f6 oppimisteht\u00e4viss\u00e4 ja opinn\u00e4ytety\u00f6ss\u00e4 (Opiskelijan raportointiohje)<\/a><\/p>\n\n\n\n<p class=\"has-text-align-right\"><em>OPS-kehitt\u00e4misryhm\u00e4 ja Tarja Moilanen 17.4.2024<\/em><\/p>\n","protected":false},"excerpt":{"rendered":"<p>Tarkistuslista opintojakson toteutuskuvauksen arviointiin Voit k\u00e4ytt\u00e4\u00e4 tarkistuslistaa joko itse oman toteutuksesi arvioinnissa tai pyyt\u00e4\u00e4 kollegaasi arvioimaan sit\u00e4. Tee ensin toteutus Pepin ohjeen mukaisesti. Katso toteutustasi opiskelijan n\u00e4kym\u00e4st\u00e4 joko opintohausta tai opetussuunnitelmat-sivulta. Selkeys ja ymm\u00e4rrett\u00e4vyys Sis\u00e4ll\u00f6n johdonmukaisuus Opiskeluk\u00e4yt\u00e4nteit\u00e4 varten annettu tieto Linkit Toteutussuunnitelman t\u00e4ytt\u00f6ohje opettajille (Peppi-ohjeet henkil\u00f6kunnalle) Opintohaku Opetussuunnitelmat (Peppi) Teko\u00e4lyn k\u00e4ytt\u00f6 oppimisteht\u00e4viss\u00e4 ja opinn\u00e4ytety\u00f6ss\u00e4 (Opiskelijan [&hellip;]<\/p>\n","protected":false},"author":79,"featured_media":0,"parent":0,"menu_order":17,"comment_status":"closed","ping_status":"closed","template":"","meta":{"_acf_changed":false,"_relevanssi_hide_post":"","_relevanssi_hide_content":"","_relevanssi_pin_for_all":"","_relevanssi_pin_keywords":"","_relevanssi_unpin_keywords":"","_relevanssi_related_keywords":"","_relevanssi_related_include_ids":"","_relevanssi_related_exclude_ids":"","_relevanssi_related_no_append":"","_relevanssi_related_not_related":"","_relevanssi_related_posts":"","_relevanssi_noindex_reason":"","footnotes":""},"categories":[],"tags":[],"class_list":["post-469","page","type-page","status-publish","hentry"],"acf":[],"yoast_head":"<!-- This site is optimized with the Yoast SEO plugin v27.4 - https:\/\/yoast.com\/product\/yoast-seo-wordpress\/ -->\n<title>Toteutusten tarkistuslista (Peppi) - Ops-k\u00e4sikirja<\/title>\n<meta name=\"robots\" content=\"index, follow, max-snippet:-1, max-image-preview:large, max-video-preview:-1\" \/>\n<link rel=\"canonical\" href=\"https:\/\/help.jamk.fi\/ops-kasikirja\/fi\/toteutusten-tarkistuslista\/\" \/>\n<meta property=\"og:locale\" content=\"fi_FI\" \/>\n<meta property=\"og:type\" content=\"article\" \/>\n<meta property=\"og:title\" content=\"Toteutusten tarkistuslista (Peppi) - Ops-k\u00e4sikirja\" \/>\n<meta property=\"og:description\" content=\"Tarkistuslista opintojakson toteutuskuvauksen arviointiin Voit k\u00e4ytt\u00e4\u00e4 tarkistuslistaa joko itse oman toteutuksesi arvioinnissa tai pyyt\u00e4\u00e4 kollegaasi arvioimaan sit\u00e4. Tee ensin toteutus Pepin ohjeen mukaisesti. Katso toteutustasi opiskelijan n\u00e4kym\u00e4st\u00e4 joko opintohausta tai opetussuunnitelmat-sivulta. Selkeys ja ymm\u00e4rrett\u00e4vyys Sis\u00e4ll\u00f6n johdonmukaisuus Opiskeluk\u00e4yt\u00e4nteit\u00e4 varten annettu tieto Linkit Toteutussuunnitelman t\u00e4ytt\u00f6ohje opettajille (Peppi-ohjeet henkil\u00f6kunnalle) Opintohaku Opetussuunnitelmat (Peppi) Teko\u00e4lyn k\u00e4ytt\u00f6 oppimisteht\u00e4viss\u00e4 ja opinn\u00e4ytety\u00f6ss\u00e4 (Opiskelijan [&hellip;]\" \/>\n<meta property=\"og:url\" content=\"https:\/\/help.jamk.fi\/ops-kasikirja\/fi\/toteutusten-tarkistuslista\/\" \/>\n<meta property=\"og:site_name\" content=\"Ops-k\u00e4sikirja\" \/>\n<meta property=\"article:modified_time\" content=\"2025-03-11T11:04:41+00:00\" \/>\n<meta name=\"twitter:card\" content=\"summary_large_image\" \/>\n<meta name=\"twitter:label1\" content=\"Arvioitu lukuaika\" \/>\n\t<meta name=\"twitter:data1\" content=\"2 minuuttia\" \/>\n<script type=\"application\/ld+json\" class=\"yoast-schema-graph\">{\"@context\":\"https:\\\/\\\/schema.org\",\"@graph\":[{\"@type\":\"WebPage\",\"@id\":\"https:\\\/\\\/help.jamk.fi\\\/ops-kasikirja\\\/fi\\\/toteutusten-tarkistuslista\\\/\",\"url\":\"https:\\\/\\\/help.jamk.fi\\\/ops-kasikirja\\\/fi\\\/toteutusten-tarkistuslista\\\/\",\"name\":\"Toteutusten tarkistuslista (Peppi) - Ops-k\u00e4sikirja\",\"isPartOf\":{\"@id\":\"https:\\\/\\\/help.jamk.fi\\\/ops-kasikirja\\\/#website\"},\"datePublished\":\"2024-04-18T09:48:54+00:00\",\"dateModified\":\"2025-03-11T11:04:41+00:00\",\"breadcrumb\":{\"@id\":\"https:\\\/\\\/help.jamk.fi\\\/ops-kasikirja\\\/fi\\\/toteutusten-tarkistuslista\\\/#breadcrumb\"},\"inLanguage\":\"fi\",\"potentialAction\":[{\"@type\":\"ReadAction\",\"target\":[\"https:\\\/\\\/help.jamk.fi\\\/ops-kasikirja\\\/fi\\\/toteutusten-tarkistuslista\\\/\"]}]},{\"@type\":\"BreadcrumbList\",\"@id\":\"https:\\\/\\\/help.jamk.fi\\\/ops-kasikirja\\\/fi\\\/toteutusten-tarkistuslista\\\/#breadcrumb\",\"itemListElement\":[{\"@type\":\"ListItem\",\"position\":1,\"name\":\"Etusivu\",\"item\":\"https:\\\/\\\/help.jamk.fi\\\/ops-kasikirja\\\/fi\\\/\"},{\"@type\":\"ListItem\",\"position\":2,\"name\":\"Toteutusten tarkistuslista (Peppi)\"}]},{\"@type\":\"WebSite\",\"@id\":\"https:\\\/\\\/help.jamk.fi\\\/ops-kasikirja\\\/#website\",\"url\":\"https:\\\/\\\/help.jamk.fi\\\/ops-kasikirja\\\/\",\"name\":\"Ops-k\u00e4sikirja\",\"description\":\"\",\"potentialAction\":[{\"@type\":\"SearchAction\",\"target\":{\"@type\":\"EntryPoint\",\"urlTemplate\":\"https:\\\/\\\/help.jamk.fi\\\/ops-kasikirja\\\/?s={search_term_string}\"},\"query-input\":{\"@type\":\"PropertyValueSpecification\",\"valueRequired\":true,\"valueName\":\"search_term_string\"}}],\"inLanguage\":\"fi\"}]}<\/script>\n<!-- \/ Yoast SEO plugin. -->","yoast_head_json":{"title":"Toteutusten tarkistuslista (Peppi) - Ops-k\u00e4sikirja","robots":{"index":"index","follow":"follow","max-snippet":"max-snippet:-1","max-image-preview":"max-image-preview:large","max-video-preview":"max-video-preview:-1"},"canonical":"https:\/\/help.jamk.fi\/ops-kasikirja\/fi\/toteutusten-tarkistuslista\/","og_locale":"fi_FI","og_type":"article","og_title":"Toteutusten tarkistuslista (Peppi) - Ops-k\u00e4sikirja","og_description":"Tarkistuslista opintojakson toteutuskuvauksen arviointiin Voit k\u00e4ytt\u00e4\u00e4 tarkistuslistaa joko itse oman toteutuksesi arvioinnissa tai pyyt\u00e4\u00e4 kollegaasi arvioimaan sit\u00e4. Tee ensin toteutus Pepin ohjeen mukaisesti. Katso toteutustasi opiskelijan n\u00e4kym\u00e4st\u00e4 joko opintohausta tai opetussuunnitelmat-sivulta. Selkeys ja ymm\u00e4rrett\u00e4vyys Sis\u00e4ll\u00f6n johdonmukaisuus Opiskeluk\u00e4yt\u00e4nteit\u00e4 varten annettu tieto Linkit Toteutussuunnitelman t\u00e4ytt\u00f6ohje opettajille (Peppi-ohjeet henkil\u00f6kunnalle) Opintohaku Opetussuunnitelmat (Peppi) Teko\u00e4lyn k\u00e4ytt\u00f6 oppimisteht\u00e4viss\u00e4 ja opinn\u00e4ytety\u00f6ss\u00e4 (Opiskelijan [&hellip;]","og_url":"https:\/\/help.jamk.fi\/ops-kasikirja\/fi\/toteutusten-tarkistuslista\/","og_site_name":"Ops-k\u00e4sikirja","article_modified_time":"2025-03-11T11:04:41+00:00","twitter_card":"summary_large_image","twitter_misc":{"Arvioitu lukuaika":"2 minuuttia"},"schema":{"@context":"https:\/\/schema.org","@graph":[{"@type":"WebPage","@id":"https:\/\/help.jamk.fi\/ops-kasikirja\/fi\/toteutusten-tarkistuslista\/","url":"https:\/\/help.jamk.fi\/ops-kasikirja\/fi\/toteutusten-tarkistuslista\/","name":"Toteutusten tarkistuslista (Peppi) - Ops-k\u00e4sikirja","isPartOf":{"@id":"https:\/\/help.jamk.fi\/ops-kasikirja\/#website"},"datePublished":"2024-04-18T09:48:54+00:00","dateModified":"2025-03-11T11:04:41+00:00","breadcrumb":{"@id":"https:\/\/help.jamk.fi\/ops-kasikirja\/fi\/toteutusten-tarkistuslista\/#breadcrumb"},"inLanguage":"fi","potentialAction":[{"@type":"ReadAction","target":["https:\/\/help.jamk.fi\/ops-kasikirja\/fi\/toteutusten-tarkistuslista\/"]}]},{"@type":"BreadcrumbList","@id":"https:\/\/help.jamk.fi\/ops-kasikirja\/fi\/toteutusten-tarkistuslista\/#breadcrumb","itemListElement":[{"@type":"ListItem","position":1,"name":"Etusivu","item":"https:\/\/help.jamk.fi\/ops-kasikirja\/fi\/"},{"@type":"ListItem","position":2,"name":"Toteutusten tarkistuslista (Peppi)"}]},{"@type":"WebSite","@id":"https:\/\/help.jamk.fi\/ops-kasikirja\/#website","url":"https:\/\/help.jamk.fi\/ops-kasikirja\/","name":"Ops-k\u00e4sikirja","description":"","potentialAction":[{"@type":"SearchAction","target":{"@type":"EntryPoint","urlTemplate":"https:\/\/help.jamk.fi\/ops-kasikirja\/?s={search_term_string}"},"query-input":{"@type":"PropertyValueSpecification","valueRequired":true,"valueName":"search_term_string"}}],"inLanguage":"fi"}]}},"_links":{"self":[{"href":"https:\/\/help.jamk.fi\/ops-kasikirja\/wp-json\/wp\/v2\/pages\/469","targetHints":{"allow":["GET"]}}],"collection":[{"href":"https:\/\/help.jamk.fi\/ops-kasikirja\/wp-json\/wp\/v2\/pages"}],"about":[{"href":"https:\/\/help.jamk.fi\/ops-kasikirja\/wp-json\/wp\/v2\/types\/page"}],"author":[{"embeddable":true,"href":"https:\/\/help.jamk.fi\/ops-kasikirja\/wp-json\/wp\/v2\/users\/79"}],"replies":[{"embeddable":true,"href":"https:\/\/help.jamk.fi\/ops-kasikirja\/wp-json\/wp\/v2\/comments?post=469"}],"version-history":[{"count":15,"href":"https:\/\/help.jamk.fi\/ops-kasikirja\/wp-json\/wp\/v2\/pages\/469\/revisions"}],"predecessor-version":[{"id":612,"href":"https:\/\/help.jamk.fi\/ops-kasikirja\/wp-json\/wp\/v2\/pages\/469\/revisions\/612"}],"wp:attachment":[{"href":"https:\/\/help.jamk.fi\/ops-kasikirja\/wp-json\/wp\/v2\/media?parent=469"}],"wp:term":[{"taxonomy":"category","embeddable":true,"href":"https:\/\/help.jamk.fi\/ops-kasikirja\/wp-json\/wp\/v2\/categories?post=469"},{"taxonomy":"post_tag","embeddable":true,"href":"https:\/\/help.jamk.fi\/ops-kasikirja\/wp-json\/wp\/v2\/tags?post=469"}],"curies":[{"name":"wp","href":"https:\/\/api.w.org\/{rel}","templated":true}]}}