{"id":8,"date":"2022-09-20T09:14:11","date_gmt":"2022-09-20T06:14:11","guid":{"rendered":"https:\/\/help.jamk.fi\/ops-kasikirja\/ops-linjaukset\/"},"modified":"2026-03-20T12:36:25","modified_gmt":"2026-03-20T10:36:25","slug":"ops-linjaukset","status":"publish","type":"page","link":"https:\/\/help.jamk.fi\/ops-kasikirja\/fi\/ops-linjaukset\/","title":{"rendered":"Opetussuunnitelmaty\u00f6n strategiset linjaukset, periaatteet ja k\u00e4sitteet"},"content":{"rendered":"\n<p>Opetussuunnitelma on keskeinen osa opiskelijan opintojen suunnittelua ja opettajien opetuksen suunnittelua. Opetussuunnitelmalla m\u00e4\u00e4ritell\u00e4\u00e4n tutkinnon osaamisprofiili ja tavoiteltavat koulutusalakohtaiset sek\u00e4 tutkintojen yhteiset osaamisalueet, jotka yhdess\u00e4 luovat perustan ammatilliselle asiantuntijuudelle, ty\u00f6el\u00e4m\u00e4ss\u00e4 toimimiselle, yhteisty\u00f6lle ja asiantuntijuuden kehittymiselle.<\/p>\n\n\n\n<h2 class=\"wp-block-heading\">Opetussuunnitelmaty\u00f6n strategiset linjaukset 2026<\/h2>\n\n\n\n<p>Opetussuunnitelmaty\u00f6n strategisilla linjauksilla kuvaamme Jamkin tavoitetilaa opetussuunnitelmien kehitt\u00e4miselle. OPSty\u00f6n strategisia linjauksia noudatetaan l\u00e4pi koko opetussuunnitelmaty\u00f6n sek\u00e4 OPSissa ett\u00e4 sen toteutussuunnitelmissa. OPSty\u00f6n strategiset linjaukset on hyv\u00e4ksytty koulutuksen johtoryhm\u00e4ss\u00e4 ja Jamkin johtoryhm\u00e4ss\u00e4. Linjaukset on kuvattu alla olevassa kuviossa (kuvio 1).<\/p>\n\n\n\n<figure class=\"wp-block-image size-full\"><a href=\"https:\/\/help.jamk.fi\/ops-kasikirja\/wp-content\/uploads\/sites\/61\/2026\/02\/Opetussuunnitelman-strategiset-linjaukset-2026-scaled.png\"><img loading=\"lazy\" decoding=\"async\" width=\"2560\" height=\"1484\" src=\"https:\/\/help.jamk.fi\/ops-kasikirja\/wp-content\/uploads\/sites\/61\/2026\/02\/Opetussuunnitelman-strategiset-linjaukset-2026-scaled.png\" alt=\"\" class=\"wp-image-616\" srcset=\"https:\/\/help.jamk.fi\/ops-kasikirja\/wp-content\/uploads\/sites\/61\/2026\/02\/Opetussuunnitelman-strategiset-linjaukset-2026-scaled.png 2560w, https:\/\/help.jamk.fi\/ops-kasikirja\/wp-content\/uploads\/sites\/61\/2026\/02\/Opetussuunnitelman-strategiset-linjaukset-2026-300x174.png 300w, https:\/\/help.jamk.fi\/ops-kasikirja\/wp-content\/uploads\/sites\/61\/2026\/02\/Opetussuunnitelman-strategiset-linjaukset-2026-1024x594.png 1024w, https:\/\/help.jamk.fi\/ops-kasikirja\/wp-content\/uploads\/sites\/61\/2026\/02\/Opetussuunnitelman-strategiset-linjaukset-2026-768x445.png 768w, https:\/\/help.jamk.fi\/ops-kasikirja\/wp-content\/uploads\/sites\/61\/2026\/02\/Opetussuunnitelman-strategiset-linjaukset-2026-1536x890.png 1536w, https:\/\/help.jamk.fi\/ops-kasikirja\/wp-content\/uploads\/sites\/61\/2026\/02\/Opetussuunnitelman-strategiset-linjaukset-2026-2048x1187.png 2048w\" sizes=\"auto, (max-width: 2560px) 100vw, 2560px\" \/><\/a><figcaption class=\"wp-element-caption\">Kuvio 1. Opetussuunnitelmaty\u00f6n strategiset linjaukset 2026<\/figcaption><\/figure>\n\n\n\n<ul class=\"wp-block-list\">\n<li><strong>Resurssiviisaus: <\/strong>\n<ul class=\"wp-block-list\">\n<li>Mitoitamme opintotarjonnan kysynt\u00e4\u00e4n, jotta toteutukset ovat tarkoituksenmukaisia ja resurssit ovat tehokkaasti k\u00e4yt\u00f6ss\u00e4.<\/li>\n\n\n\n<li>Toteutamme yhteisi\u00e4 opintoja monialaisissa opiskelijaryhmiss\u00e4, mik\u00e4 lis\u00e4\u00e4 oppimisen monipuolisuutta ja parantaa ryhm\u00e4kokojen tasapainoa.<\/li>\n\n\n\n<li>Teemme ty\u00f6njakoon perustuvaa yhteisty\u00f6t\u00e4 kotimaisten ja kansainv\u00e4listen korkeakoulujen kanssa Jamkin profiilin mukaisesti.<\/li>\n\n\n\n<li>Hy\u00f6dynn\u00e4mme opintotarjontaa my\u00f6s jatkuvassa oppimisessa.<\/li>\n<\/ul>\n<\/li>\n\n\n\n<li><strong>Opiskelijal\u00e4ht\u00f6isyys:<\/strong>\n<ul class=\"wp-block-list\">\n<li>Kannustamme opiskelijoita ottamaan&nbsp; aktiivisen roolin omasta oppimisestaan.<\/li>\n\n\n\n<li>Tuemme opiskelijoiden motivaatiota, itsearviointikyky\u00e4 ja hyvinvointia.<\/li>\n\n\n\n<li>Mahdollistamme joustavat opintopolut sek\u00e4 aiemmin hankitun osaamisen hy\u00f6dynt\u00e4misen (hyv\u00e4ksiluvut ja AHOT) opiskelijan HOPSin mukaisesti.<\/li>\n\n\n\n<li>Mahdollistamme laadukkaan ja saavutettavan oppimisen, ohjauksen ja opetuksen. Jamkin hyv\u00e4 pedagogiikka on saavutettavaa.<\/li>\n<\/ul>\n<\/li>\n\n\n\n<li><strong>Kansainv\u00e4lisyys:<\/strong>\n<ul class=\"wp-block-list\">\n<li>Olemme kansainv\u00e4linen korkeakoulu.<\/li>\n\n\n\n<li>Opetussuunnitelmamme tukevat opiskelijaliikkuvuutta ja huomioimme suunnittelussa eurooppalaiset ja kansalliset opiskelijaliikkuvuuden suositukset ja tavoitteet.<\/li>\n\n\n\n<li>Mahdollistamme opiskelijoiden opiskelun ja harjoittelun ulkomailla osana tutkintoaan.<\/li>\n\n\n\n<li>Tuotamme ja toteutamme englanninkielisi\u00e4 opintoja huomioiden my\u00f6s meille saapuvat vaihto-opiskelijat.<\/li>\n\n\n\n<li>Mahdollistamme korkeakoulussamme kotikansainv\u00e4listymisen sit\u00e4 tukevan toiminnan avulla.<\/li>\n<\/ul>\n<\/li>\n\n\n\n<li><strong>Ty\u00f6el\u00e4m\u00e4l\u00e4ht\u00f6isyys:<\/strong>\n<ul class=\"wp-block-list\">\n<li>Rakennamme opetussuunnitelmat ennakointitiedon pohjalta, jotta koulutuksemme vastaa tulevaisuuden ty\u00f6el\u00e4m\u00e4n osaamistarpeisiin.<\/li>\n\n\n\n<li>Koulutamme asiantuntijoita, joilla on taito kohdata tulevaisuuden ty\u00f6el\u00e4m\u00e4n haasteita innovaatioilla ja kilpailukykyisell\u00e4 osaamisella.<\/li>\n\n\n\n<li>Vahvistamme koulutuksen ja ty\u00f6el\u00e4m\u00e4n kumppanuutta projekteilla, harjoitteluilla ja opinn\u00e4ytet\u00f6ill\u00e4.<\/li>\n<\/ul>\n<\/li>\n\n\n\n<li><strong>Digitaalisuus<\/strong>:\n<ul class=\"wp-block-list\">\n<li>Digitaalisten ratkaisujen hy\u00f6dynt\u00e4minen on merkitt\u00e4v\u00e4 osa tulevaisuuden ty\u00f6el\u00e4m\u00e4osaamista. Suunnittelemme opetusta siten, ett\u00e4 valituilla laadukkailla menetelmill\u00e4 vahvistetaan opiskelijoiden aktiivista roolia oppimisessa ja kehitet\u00e4\u00e4n heid\u00e4n yhteisty\u00f6- ja vuorovaikutustaitojaan. &nbsp;<\/li>\n\n\n\n<li>Opetuksessa ja oppimisessa tuemme opiskelijoita kehitt\u00e4m\u00e4\u00e4n osaamistaan k\u00e4ytt\u00e4m\u00e4ll\u00e4 digitaalisia ratkaisuja pedagogisesti perustellulla tavalla vastuullisesti. Digitaaliset v\u00e4lineet mahdollistavat jatkuvan palautteen ja siten tukevat oppimisprosessin n\u00e4kyv\u00e4ksi tekemist\u00e4 kaikille asianosaisille.<\/li>\n<\/ul>\n<\/li>\n\n\n\n<li><strong>Tutkimusperustaisuus:<\/strong>\n<ul class=\"wp-block-list\">\n<li>Opetuksemme ja oppiminen perustuvat ajankohtaiseen tutkimustietoon, tieteelliseen ajatteluun ja tiedon kriittiseen tarkasteluun.<\/li>\n\n\n\n<li>Mahdollistamme opiskelijoille osallistumisen TKI-toimintaan, joissa he voivat kehitt\u00e4\u00e4 tutkimusvalmiuksiaan osana opintojaan.<\/li>\n\n\n\n<li>Toteutamme opetusta uusimpien tutkimustulosten mukaisesti.<\/li>\n<\/ul>\n<\/li>\n<\/ul>\n\n\n\n<p>Opetussuunnitelmaty\u00f6t\u00e4 ohjaa opintoasioiden lautakunnan hyv\u00e4ksym\u00e4t <strong>opetussuunnitelman perusteet<\/strong>. <\/p>\n\n\n\n<h2 class=\"wp-block-heading\">Periaatteet<\/h2>\n\n\n\n<p>Opetussuunnitelmaty\u00f6 on osa ammattikorkeakouluopettajien ty\u00f6t\u00e4, jonka resursoinnista vastaa yksik\u00f6iden tulosalueet. Opetussuunnitelmien tarkistamista tehd\u00e4\u00e4n vuosittain, jolloin tehd\u00e4\u00e4n tarpeelliset korjaukset ja hienos\u00e4\u00e4d\u00f6t. Opetussuunnitelmien laajempi kehitt\u00e4misty\u00f6 tapahtuu noin 5 vuoden v\u00e4lein. Opetussuunnitelmien puoliv\u00e4litarkastelua tehd\u00e4\u00e4n toteutusten n\u00e4k\u00f6kulmasta 2-3 vuoden v\u00e4lein. N\u00e4m\u00e4 ovat osa koulutuksen tuloksellisuuden ja laadun varmennusta. Vuosittain p\u00e4ivitet\u00e4\u00e4n opintojaksojen toteutussuunnitelmat vuosikellon mukaisesti.<\/p>\n\n\n\n<p>Tarkemmat kuvaukset ja aikataulun OPS 2028 kehitt\u00e4misty\u00f6st\u00e4 l\u00f6yd\u00e4t sis\u00e4isest\u00e4 <a href=\"https:\/\/teams.microsoft.com\/l\/channel\/19%3Aa_3VE-TbEB2piVpVm9U5b0aAUJfAx8scEtcBNlPWhLk1%40thread.tacv2\/General?groupId=b9c31708-e8dc-41e0-98be-9a409df156ba&amp;tenantId=6e9eaaf0-3ff7-4de9-8cd4-1ffbd45951b9\">Teams-ty\u00f6tilasta (vaatii kirjautumisen)<\/a>.<\/p>\n\n\n\n<h2 class=\"wp-block-heading\">K\u00e4sitteet<\/h2>\n\n\n\n<ul class=\"wp-block-list\">\n<li><strong>Kompetenssilla<\/strong> tarkoitetaan osaamisaluetta. Tutkinto-ohjelmien yhteiset ja ala- tai tutkintokohtaiset osaamisalueet kuvaavat valmistuvan opiskelijan tavoiteltavaa osaamista, joka kehityy opintojen aikana. Tutkinto-ohjelmissa m\u00e4\u00e4ritell\u00e4\u00e4n ala- tai tutkintokohtaiset osaamisalueet, jotka voivat olla my\u00f6s kansallisesti sovittuja tai akkreditoinneissa esim. EUR-ACE m\u00e4\u00e4riteltyj\u00e4 osaamisalueita. <\/li>\n\n\n\n<li><strong>Modulaarinen<\/strong> opetussuunnitelma koostuu <strong>opintokokonaisuuksista<\/strong>, jotka muodostuvat kahdesta tai useammasta opintojaksosta. Jamkissa yksi opintokokonaisuus voi sis\u00e4lt\u00e4\u00e4 vain yhden tyyppisi\u00e4 opintojaksoja, pakollisia, vaihtoehtoisia tai vapaasti valittavia opintoja.<\/li>\n\n\n\n<li>Oppiminen voi olla formaalia (muodollista), informaalia (vapaamuotoista) tai  nonformaalia (ei-muodollista). <strong>Formaali oppiminen<\/strong> strukturoitua ja perustuu koulutus instituutioiden organisoimiin oppimistilanteisiin. Oppimisesta saa opintopisteit\u00e4 ja tunnustuksen, todistuksen, diplomin, osaamismerkin tai vastaavan. Jatkuvan oppimisen n\u00e4k\u00f6kulmasta esimerkiksi avoimen ammattikorkeakoulun tarjonta, erikoistumiskoulutukset, muu t\u00e4ydennyskoulutus jne. <\/li>\n\n\n\n<li><strong>Nonformaali oppiminen<\/strong> on koulutusorganisaatioiden tarjoamaa tai niiden ulkopuolella tapahtuvaa oppimista. Oppiminen perustuu yksil\u00f6iden tai organisaatioiden koulutustarpeisiin. Jatkuvan oppimisen n\u00e4k\u00f6kulmasta oppiminen voi olla tuntiperustaista ja voi tapahtua avoimissa oppimisymp\u00e4rist\u00f6iss\u00e4. <\/li>\n\n\n\n<li><strong>Informaali oppiminen<\/strong> on vapaasti tapahtuvaa oppimista erilaisissa arkiel\u00e4m\u00e4n toimintatilanteissa. T\u00e4t\u00e4 ei ole organisoitu systemaattisesti. Jatkuvan oppimisen n\u00e4k\u00f6kulmasta t\u00e4m\u00e4 tarkoittaa itseopiskelua esimerkiksi podcastit, webinaarit, asiantuntijaluennot, blogit, artikkelit, avoimet testit, ym. <\/li>\n\n\n\n<li><strong>Tutkinto-ohjelman ydinosaaminen<\/strong>: AMK-tutkintojen ydinosaaminen kuvataan alan ammatillisena ydinosaamisena tutkinto-ohjelmakohtaisesti ja YAMK-tutkintojen ydinosaaminen kuvataan alan asiantuntijan ydinosaamisena tutkinto-ohjelmakohtaisesti. AMK- ja YAMK-tutkinto-ohjelmien ydinosaamiset ovat laajoja kokonaisuuksia, jotka muodostavat opiskelijan ammatillisen asiantuntijuuden sek\u00e4 tutkinnon ytimen.<\/li>\n\n\n\n<li><strong>T\u00e4ydent\u00e4v\u00e4 osaaminen<\/strong>: T\u00e4ydent\u00e4v\u00e4 osaaminen syvent\u00e4\u00e4 ja\/tai laajentaa opiskelijan ydinosaamista ja mahdollistaa opiskelijalle yksil\u00f6llisen osaamisprofiilin rakentamisen. T\u00e4ydent\u00e4v\u00e4\u00e4 osaamista opiskelija hankkii vaihtoehtoisista ammattiopinnoista ja vapaasti valittavista opinnoista.<\/li>\n\n\n\n<li>Vaihtoehtoisista ammattiopinnoista voidaan muodostaa tutkintoon <strong>opintopolkuja<\/strong> (ent. suuntautuminen, k\u00e4rki). Opintopolkuja kannattaa muodostaa vasta siin\u00e4 tapauksessa, jos opiskelijalle vaihtoehtoisia opintopolkuja on enemm\u00e4n kuin kaksi tai jos vaihtoehtoisuus ei ole muutoin selke\u00e4sti m\u00e4\u00e4ritelt\u00e4viss\u00e4 tutkintorakenteessa.<\/li>\n<\/ul>\n\n\n\n<h3 class=\"wp-block-heading\">Tutkinnon opetusmuodot<\/h3>\n\n\n\n<ul class=\"wp-block-list\">\n<li><strong>Monimuotototeutus<\/strong> &#8211; part-time studies (sis\u00e4lt\u00e4\u00e4 l\u00e4hi- ja et\u00e4opiskelua sek\u00e4 itsen\u00e4ist\u00e4 ty\u00f6skentely\u00e4)<\/li>\n\n\n\n<li><strong>P\u00e4iv\u00e4toteutus<\/strong> &#8211; full-time studies (sis\u00e4lt\u00e4\u00e4 p\u00e4\u00e4osin l\u00e4hiopetusta, jossa opettajat ja opiskelijat ovat fyysisesti samassa tilassa sek\u00e4 itsen\u00e4ist\u00e4 ty\u00f6skentely\u00e4)<\/li>\n\n\n\n<li><strong>Verkkototeutus <\/strong>&#8211; online teaching (opetus tapahtuu p\u00e4\u00e4osin tieto- ja viestint\u00e4tekniikan v\u00e4lityksell\u00e4)<\/li>\n<\/ul>\n\n\n\n<h3 class=\"wp-block-heading\">Opetuksen toteutustavat<\/h3>\n\n\n\n<ul class=\"wp-block-list\">\n<li><strong>Et\u00e4opiskelu<\/strong> &#8211; distance learning (opettajat ja opiskelijat ovat fyysisesti eri tiloissa, mutta yhteydess\u00e4 tieto- ja viestint\u00e4tekniikan v\u00e4lityksell\u00e4)<\/li>\n\n\n\n<li><strong>L\u00e4hiopiskelu<\/strong> &#8211; contact learning (opettajat ja opiskelijat ovat fyysisesti samassa tilassa)<\/li>\n\n\n\n<li><strong>Monimuoto-opiskelu<\/strong> &#8211; blended learning (sis\u00e4lt\u00e4\u00e4 l\u00e4hi- ja et\u00e4opiskelua sek\u00e4 itsen\u00e4ist\u00e4 ty\u00f6skentely\u00e4)<\/li>\n<\/ul>\n\n\n\n<p><strong>Hybridiopetuksella <\/strong>(hybrid teaching) tarkoitetaan sit\u00e4, ett\u00e4 opettajat ja osa opiskelijoista ovat fyysisesti samassa tilassa ja osa opiskelijoista yhteydess\u00e4 tieto- ja viestint\u00e4tekniikan v\u00e4lityksell\u00e4 samaan aikaan. Hybridiopetus vaatii opettajalta erityist\u00e4 teknist\u00e4 osaamista sek\u00e4 resursseja toteuttaa sit\u00e4 laadukkaasti. Jamkissa k\u00e4yt\u00e4mme p\u00e4\u00e4s\u00e4\u00e4nt\u00f6isesti joko et\u00e4-, l\u00e4hi- tai monimuoto-opiskelua.<\/p>\n\n\n\n<p><strong>Nonstop -toteutus<\/strong> &#8211; Opintojaksolla on jatkuva ilmoittautuminen ja opiskelijalla on mahdollisuus aloittaa opintojakso joustavasti lukukauden tai lukuvuoden aikana. Toteutuksella on selke\u00e4sti ilmoitettu alkamis- ja p\u00e4\u00e4ttymisp\u00e4iv\u00e4. Opiskelijam\u00e4\u00e4r\u00e4\u00e4 voidaan rajoittaa toisin kuin MOOC -toteutuksilla. Opiskelijan suoritusaikaa opintojakson toteutuksella voidaan rajoittaa esimerkiksi viikoissa.  Opintoja voi suorittaa vapaasti 24\/7 joko osittain tai kokonaan itsen\u00e4isesti. Toteutuksella voi olla yksil\u00f6- ja ryhm\u00e4teht\u00e4vi\u00e4, jolloin pedagogisesti tulee m\u00e4\u00e4ritell\u00e4 teht\u00e4vien luonne huomioiden joustava opintojen suorittaminen. Toteutukselle kannattaa suunnitella erilaisia vuorovaikutuksellisia teht\u00e4vi\u00e4. Nonstop -toteutuksilla opiskelijalle tulee olla tarjolla ohjausta ja tukea koko opintojakson toteutuksen ajan. Palautteen antamiseen tulee kiinnitt\u00e4\u00e4 erityist\u00e4 huomiota. Arvioinnissa noudatetaan opintojaksolle m\u00e4\u00e4riteltyj\u00e4 arviointikriteereit\u00e4. <\/p>\n\n\n\n<p><strong>MOOC (Massive Open Online Courses)<\/strong> &#8211; Digikampuksen m\u00e4\u00e4ritelm\u00e4n mukaisesti MOOC -kurssit ovat kaikille avoimia verkkokursseja, joille osallistujam\u00e4\u00e4r\u00e4\u00e4 ei ole rajoitettu. Ne ovat avoinna tietyn ajan esimerkiksi lukukauden tai lukuvuoden. Kurssin voi aloittaa joustavasti tietyn ajanjakson aikana. MOOC-kurssi on maksuton. Todistukset ja opintosuoritusmerkinn\u00e4t voivat olla maksullisia. <\/p>\n\n\n\n<h2 class=\"wp-block-heading\">Linkit<\/h2>\n\n\n\n<p><a href=\"https:\/\/www.jamk.fi\/fi\/opiskelijalle\" target=\"_blank\" rel=\"noreferrer noopener\">OPS-perusteet (Opiskelijalle-sivut)<\/a><\/p>\n\n\n\n<p><a data-type=\"URL\" data-id=\"https:\/\/jamkstudent.sharepoint.com\/sites\/Koulutuksen-kehittaminen-Elmo\/SitePages\/Opetussuunnitelmat.aspx\" href=\"https:\/\/jamkstudent.sharepoint.com\/sites\/Koulutuksen-kehittaminen-Elmo\/SitePages\/Opetussuunnitelmat.aspx\" target=\"_blank\" rel=\"noreferrer noopener\">OPS-ty\u00f6 (Elmo-intra, vaatii kirjautumisen)<\/a><\/p>\n\n\n\n<hr class=\"wp-block-separator has-alpha-channel-opacity\"\/>\n\n\n\n<p class=\"has-text-align-right\"><sub>Sirpa Tuomi 4.2.2026<\/sub><\/p>\n\n\n\n<p><\/p>\n","protected":false},"excerpt":{"rendered":"<p>Opetussuunnitelma on keskeinen osa opiskelijan opintojen suunnittelua ja opettajien opetuksen suunnittelua. Opetussuunnitelmalla m\u00e4\u00e4ritell\u00e4\u00e4n tutkinnon osaamisprofiili ja tavoiteltavat koulutusalakohtaiset sek\u00e4 tutkintojen yhteiset osaamisalueet, jotka yhdess\u00e4 luovat perustan ammatilliselle asiantuntijuudelle, ty\u00f6el\u00e4m\u00e4ss\u00e4 toimimiselle, yhteisty\u00f6lle ja asiantuntijuuden kehittymiselle. Opetussuunnitelmaty\u00f6n strategiset linjaukset 2026 Opetussuunnitelmaty\u00f6n strategisilla linjauksilla kuvaamme Jamkin tavoitetilaa opetussuunnitelmien kehitt\u00e4miselle. OPSty\u00f6n strategisia linjauksia noudatetaan l\u00e4pi koko opetussuunnitelmaty\u00f6n sek\u00e4 OPSissa [&hellip;]<\/p>\n","protected":false},"author":79,"featured_media":0,"parent":0,"menu_order":1,"comment_status":"closed","ping_status":"closed","template":"","meta":{"_acf_changed":false,"_relevanssi_hide_post":"","_relevanssi_hide_content":"","_relevanssi_pin_for_all":"","_relevanssi_pin_keywords":"","_relevanssi_unpin_keywords":"","_relevanssi_related_keywords":"","_relevanssi_related_include_ids":"","_relevanssi_related_exclude_ids":"","_relevanssi_related_no_append":"","_relevanssi_related_not_related":"","_relevanssi_related_posts":"","_relevanssi_noindex_reason":"","footnotes":""},"categories":[],"tags":[43,49,53],"class_list":["post-8","page","type-page","status-publish","hentry","tag-kasitteet","tag-ops-perusteet","tag-periaatteet"],"acf":[],"yoast_head":"<!-- This site is optimized with the Yoast SEO plugin v27.4 - https:\/\/yoast.com\/product\/yoast-seo-wordpress\/ -->\n<title>Opetussuunnitelmaty\u00f6n strategiset linjaukset, periaatteet ja k\u00e4sitteet - Ops-k\u00e4sikirja<\/title>\n<meta name=\"robots\" content=\"index, follow, max-snippet:-1, max-image-preview:large, max-video-preview:-1\" \/>\n<link rel=\"canonical\" href=\"https:\/\/help.jamk.fi\/ops-kasikirja\/fi\/ops-linjaukset\/\" \/>\n<meta property=\"og:locale\" content=\"fi_FI\" \/>\n<meta property=\"og:type\" content=\"article\" \/>\n<meta property=\"og:title\" content=\"Opetussuunnitelmaty\u00f6n strategiset linjaukset, periaatteet ja k\u00e4sitteet - Ops-k\u00e4sikirja\" \/>\n<meta property=\"og:description\" content=\"Opetussuunnitelma on keskeinen osa opiskelijan opintojen suunnittelua ja opettajien opetuksen suunnittelua. Opetussuunnitelmalla m\u00e4\u00e4ritell\u00e4\u00e4n tutkinnon osaamisprofiili ja tavoiteltavat koulutusalakohtaiset sek\u00e4 tutkintojen yhteiset osaamisalueet, jotka yhdess\u00e4 luovat perustan ammatilliselle asiantuntijuudelle, ty\u00f6el\u00e4m\u00e4ss\u00e4 toimimiselle, yhteisty\u00f6lle ja asiantuntijuuden kehittymiselle. Opetussuunnitelmaty\u00f6n strategiset linjaukset 2026 Opetussuunnitelmaty\u00f6n strategisilla linjauksilla kuvaamme Jamkin tavoitetilaa opetussuunnitelmien kehitt\u00e4miselle. OPSty\u00f6n strategisia linjauksia noudatetaan l\u00e4pi koko opetussuunnitelmaty\u00f6n sek\u00e4 OPSissa [&hellip;]\" \/>\n<meta property=\"og:url\" content=\"https:\/\/help.jamk.fi\/ops-kasikirja\/fi\/ops-linjaukset\/\" \/>\n<meta property=\"og:site_name\" content=\"Ops-k\u00e4sikirja\" \/>\n<meta property=\"article:modified_time\" content=\"2026-03-20T10:36:25+00:00\" \/>\n<meta property=\"og:image\" content=\"https:\/\/help.jamk.fi\/ops-kasikirja\/wp-content\/uploads\/sites\/61\/2026\/02\/Opetussuunnitelman-strategiset-linjaukset-2026-scaled.png\" \/>\n\t<meta property=\"og:image:width\" content=\"2560\" \/>\n\t<meta property=\"og:image:height\" content=\"1484\" \/>\n\t<meta property=\"og:image:type\" content=\"image\/png\" \/>\n<meta name=\"twitter:card\" content=\"summary_large_image\" \/>\n<meta name=\"twitter:label1\" content=\"Arvioitu lukuaika\" \/>\n\t<meta name=\"twitter:data1\" content=\"6 minuuttia\" \/>\n<script type=\"application\/ld+json\" class=\"yoast-schema-graph\">{\"@context\":\"https:\\\/\\\/schema.org\",\"@graph\":[{\"@type\":\"WebPage\",\"@id\":\"https:\\\/\\\/help.jamk.fi\\\/ops-kasikirja\\\/fi\\\/ops-linjaukset\\\/\",\"url\":\"https:\\\/\\\/help.jamk.fi\\\/ops-kasikirja\\\/fi\\\/ops-linjaukset\\\/\",\"name\":\"Opetussuunnitelmaty\u00f6n strategiset linjaukset, periaatteet ja k\u00e4sitteet - Ops-k\u00e4sikirja\",\"isPartOf\":{\"@id\":\"https:\\\/\\\/help.jamk.fi\\\/ops-kasikirja\\\/#website\"},\"primaryImageOfPage\":{\"@id\":\"https:\\\/\\\/help.jamk.fi\\\/ops-kasikirja\\\/fi\\\/ops-linjaukset\\\/#primaryimage\"},\"image\":{\"@id\":\"https:\\\/\\\/help.jamk.fi\\\/ops-kasikirja\\\/fi\\\/ops-linjaukset\\\/#primaryimage\"},\"thumbnailUrl\":\"https:\\\/\\\/help.jamk.fi\\\/ops-kasikirja\\\/wp-content\\\/uploads\\\/sites\\\/61\\\/2026\\\/02\\\/Opetussuunnitelman-strategiset-linjaukset-2026-scaled.png\",\"datePublished\":\"2022-09-20T06:14:11+00:00\",\"dateModified\":\"2026-03-20T10:36:25+00:00\",\"breadcrumb\":{\"@id\":\"https:\\\/\\\/help.jamk.fi\\\/ops-kasikirja\\\/fi\\\/ops-linjaukset\\\/#breadcrumb\"},\"inLanguage\":\"fi\",\"potentialAction\":[{\"@type\":\"ReadAction\",\"target\":[\"https:\\\/\\\/help.jamk.fi\\\/ops-kasikirja\\\/fi\\\/ops-linjaukset\\\/\"]}]},{\"@type\":\"ImageObject\",\"inLanguage\":\"fi\",\"@id\":\"https:\\\/\\\/help.jamk.fi\\\/ops-kasikirja\\\/fi\\\/ops-linjaukset\\\/#primaryimage\",\"url\":\"https:\\\/\\\/help.jamk.fi\\\/ops-kasikirja\\\/wp-content\\\/uploads\\\/sites\\\/61\\\/2026\\\/02\\\/Opetussuunnitelman-strategiset-linjaukset-2026-scaled.png\",\"contentUrl\":\"https:\\\/\\\/help.jamk.fi\\\/ops-kasikirja\\\/wp-content\\\/uploads\\\/sites\\\/61\\\/2026\\\/02\\\/Opetussuunnitelman-strategiset-linjaukset-2026-scaled.png\",\"width\":2560,\"height\":1484},{\"@type\":\"BreadcrumbList\",\"@id\":\"https:\\\/\\\/help.jamk.fi\\\/ops-kasikirja\\\/fi\\\/ops-linjaukset\\\/#breadcrumb\",\"itemListElement\":[{\"@type\":\"ListItem\",\"position\":1,\"name\":\"Etusivu\",\"item\":\"https:\\\/\\\/help.jamk.fi\\\/ops-kasikirja\\\/fi\\\/\"},{\"@type\":\"ListItem\",\"position\":2,\"name\":\"Opetussuunnitelmaty\u00f6n strategiset linjaukset, periaatteet ja k\u00e4sitteet\"}]},{\"@type\":\"WebSite\",\"@id\":\"https:\\\/\\\/help.jamk.fi\\\/ops-kasikirja\\\/#website\",\"url\":\"https:\\\/\\\/help.jamk.fi\\\/ops-kasikirja\\\/\",\"name\":\"Ops-k\u00e4sikirja\",\"description\":\"\",\"potentialAction\":[{\"@type\":\"SearchAction\",\"target\":{\"@type\":\"EntryPoint\",\"urlTemplate\":\"https:\\\/\\\/help.jamk.fi\\\/ops-kasikirja\\\/?s={search_term_string}\"},\"query-input\":{\"@type\":\"PropertyValueSpecification\",\"valueRequired\":true,\"valueName\":\"search_term_string\"}}],\"inLanguage\":\"fi\"}]}<\/script>\n<!-- \/ Yoast SEO plugin. -->","yoast_head_json":{"title":"Opetussuunnitelmaty\u00f6n strategiset linjaukset, periaatteet ja k\u00e4sitteet - Ops-k\u00e4sikirja","robots":{"index":"index","follow":"follow","max-snippet":"max-snippet:-1","max-image-preview":"max-image-preview:large","max-video-preview":"max-video-preview:-1"},"canonical":"https:\/\/help.jamk.fi\/ops-kasikirja\/fi\/ops-linjaukset\/","og_locale":"fi_FI","og_type":"article","og_title":"Opetussuunnitelmaty\u00f6n strategiset linjaukset, periaatteet ja k\u00e4sitteet - Ops-k\u00e4sikirja","og_description":"Opetussuunnitelma on keskeinen osa opiskelijan opintojen suunnittelua ja opettajien opetuksen suunnittelua. Opetussuunnitelmalla m\u00e4\u00e4ritell\u00e4\u00e4n tutkinnon osaamisprofiili ja tavoiteltavat koulutusalakohtaiset sek\u00e4 tutkintojen yhteiset osaamisalueet, jotka yhdess\u00e4 luovat perustan ammatilliselle asiantuntijuudelle, ty\u00f6el\u00e4m\u00e4ss\u00e4 toimimiselle, yhteisty\u00f6lle ja asiantuntijuuden kehittymiselle. Opetussuunnitelmaty\u00f6n strategiset linjaukset 2026 Opetussuunnitelmaty\u00f6n strategisilla linjauksilla kuvaamme Jamkin tavoitetilaa opetussuunnitelmien kehitt\u00e4miselle. OPSty\u00f6n strategisia linjauksia noudatetaan l\u00e4pi koko opetussuunnitelmaty\u00f6n sek\u00e4 OPSissa [&hellip;]","og_url":"https:\/\/help.jamk.fi\/ops-kasikirja\/fi\/ops-linjaukset\/","og_site_name":"Ops-k\u00e4sikirja","article_modified_time":"2026-03-20T10:36:25+00:00","og_image":[{"width":2560,"height":1484,"url":"https:\/\/help.jamk.fi\/ops-kasikirja\/wp-content\/uploads\/sites\/61\/2026\/02\/Opetussuunnitelman-strategiset-linjaukset-2026-scaled.png","type":"image\/png"}],"twitter_card":"summary_large_image","twitter_misc":{"Arvioitu lukuaika":"6 minuuttia"},"schema":{"@context":"https:\/\/schema.org","@graph":[{"@type":"WebPage","@id":"https:\/\/help.jamk.fi\/ops-kasikirja\/fi\/ops-linjaukset\/","url":"https:\/\/help.jamk.fi\/ops-kasikirja\/fi\/ops-linjaukset\/","name":"Opetussuunnitelmaty\u00f6n strategiset linjaukset, periaatteet ja k\u00e4sitteet - Ops-k\u00e4sikirja","isPartOf":{"@id":"https:\/\/help.jamk.fi\/ops-kasikirja\/#website"},"primaryImageOfPage":{"@id":"https:\/\/help.jamk.fi\/ops-kasikirja\/fi\/ops-linjaukset\/#primaryimage"},"image":{"@id":"https:\/\/help.jamk.fi\/ops-kasikirja\/fi\/ops-linjaukset\/#primaryimage"},"thumbnailUrl":"https:\/\/help.jamk.fi\/ops-kasikirja\/wp-content\/uploads\/sites\/61\/2026\/02\/Opetussuunnitelman-strategiset-linjaukset-2026-scaled.png","datePublished":"2022-09-20T06:14:11+00:00","dateModified":"2026-03-20T10:36:25+00:00","breadcrumb":{"@id":"https:\/\/help.jamk.fi\/ops-kasikirja\/fi\/ops-linjaukset\/#breadcrumb"},"inLanguage":"fi","potentialAction":[{"@type":"ReadAction","target":["https:\/\/help.jamk.fi\/ops-kasikirja\/fi\/ops-linjaukset\/"]}]},{"@type":"ImageObject","inLanguage":"fi","@id":"https:\/\/help.jamk.fi\/ops-kasikirja\/fi\/ops-linjaukset\/#primaryimage","url":"https:\/\/help.jamk.fi\/ops-kasikirja\/wp-content\/uploads\/sites\/61\/2026\/02\/Opetussuunnitelman-strategiset-linjaukset-2026-scaled.png","contentUrl":"https:\/\/help.jamk.fi\/ops-kasikirja\/wp-content\/uploads\/sites\/61\/2026\/02\/Opetussuunnitelman-strategiset-linjaukset-2026-scaled.png","width":2560,"height":1484},{"@type":"BreadcrumbList","@id":"https:\/\/help.jamk.fi\/ops-kasikirja\/fi\/ops-linjaukset\/#breadcrumb","itemListElement":[{"@type":"ListItem","position":1,"name":"Etusivu","item":"https:\/\/help.jamk.fi\/ops-kasikirja\/fi\/"},{"@type":"ListItem","position":2,"name":"Opetussuunnitelmaty\u00f6n strategiset linjaukset, periaatteet ja k\u00e4sitteet"}]},{"@type":"WebSite","@id":"https:\/\/help.jamk.fi\/ops-kasikirja\/#website","url":"https:\/\/help.jamk.fi\/ops-kasikirja\/","name":"Ops-k\u00e4sikirja","description":"","potentialAction":[{"@type":"SearchAction","target":{"@type":"EntryPoint","urlTemplate":"https:\/\/help.jamk.fi\/ops-kasikirja\/?s={search_term_string}"},"query-input":{"@type":"PropertyValueSpecification","valueRequired":true,"valueName":"search_term_string"}}],"inLanguage":"fi"}]}},"_links":{"self":[{"href":"https:\/\/help.jamk.fi\/ops-kasikirja\/wp-json\/wp\/v2\/pages\/8","targetHints":{"allow":["GET"]}}],"collection":[{"href":"https:\/\/help.jamk.fi\/ops-kasikirja\/wp-json\/wp\/v2\/pages"}],"about":[{"href":"https:\/\/help.jamk.fi\/ops-kasikirja\/wp-json\/wp\/v2\/types\/page"}],"author":[{"embeddable":true,"href":"https:\/\/help.jamk.fi\/ops-kasikirja\/wp-json\/wp\/v2\/users\/79"}],"replies":[{"embeddable":true,"href":"https:\/\/help.jamk.fi\/ops-kasikirja\/wp-json\/wp\/v2\/comments?post=8"}],"version-history":[{"count":24,"href":"https:\/\/help.jamk.fi\/ops-kasikirja\/wp-json\/wp\/v2\/pages\/8\/revisions"}],"predecessor-version":[{"id":634,"href":"https:\/\/help.jamk.fi\/ops-kasikirja\/wp-json\/wp\/v2\/pages\/8\/revisions\/634"}],"wp:attachment":[{"href":"https:\/\/help.jamk.fi\/ops-kasikirja\/wp-json\/wp\/v2\/media?parent=8"}],"wp:term":[{"taxonomy":"category","embeddable":true,"href":"https:\/\/help.jamk.fi\/ops-kasikirja\/wp-json\/wp\/v2\/categories?post=8"},{"taxonomy":"post_tag","embeddable":true,"href":"https:\/\/help.jamk.fi\/ops-kasikirja\/wp-json\/wp\/v2\/tags?post=8"}],"curies":[{"name":"wp","href":"https:\/\/api.w.org\/{rel}","templated":true}]}}