{"id":58,"date":"2021-12-21T08:01:14","date_gmt":"2021-12-21T06:01:14","guid":{"rendered":"https:\/\/help.jamk.fi\/panopto\/kuinka\/panopto-ja-moodle\/"},"modified":"2025-09-08T13:49:19","modified_gmt":"2025-09-08T10:49:19","slug":"panopto-ja-moodle","status":"publish","type":"page","link":"https:\/\/help.jamk.fi\/panopto\/fi\/kuinka\/panopto-ja-moodle\/","title":{"rendered":"Videotiedostojen palauttaminen Moodlen kautta Panoptoon"},"content":{"rendered":"\n<p>Jos Moodlen opintojaksolle on lis\u00e4tty Panopto-lohko, voit&nbsp;palauttaa videosi suoraan Moodlen kautta Panopton Assignments-kansioon. <\/p>\n\n\n\n<iframe loading=\"lazy\" src=\"https:\/\/panopto.jamk.fi\/Panopto\/Pages\/Embed.aspx?id=503a09b1-039b-4476-9f95-ac5c017bf045&#038;autoplay=false&#038;offerviewer=true&#038;showtitle=true&#038;showbrand=false&#038;captions=true&#038;interactivity=all\" height=\"405\" width=\"720\" style=\"border: 1px solid #464646;\" allowfullscreen allow=\"autoplay\"><\/iframe>\n\n\n\n<ol class=\"wp-block-list\">\n<li>Avaa Teht\u00e4v\u00e4-aktiviteetti ja klikkaa&nbsp;<strong>Lis\u00e4\u00e4 palautus<\/strong>.<\/li>\n\n\n\n<li>Klikkaa vihre\u00e4\u00e4 Panopto-painiketta ty\u00f6kalupalkissa. Huom. Panopto-painike on vain Moodlen Atto HTML- editorissa. K\u00e4y vaihtamassa editori klikkaamalla profiilikuvaasi oikeassa yl\u00e4kulmassa, valitse Asetukset ja avautuvalla sivulla Tekstieditorin asetukset. Valitse pudotusvalikosta Atto HTML ja tallenna.<\/li>\n\n\n\n<li>Aloita videosi palauttaminen klikkaamalla&nbsp;<strong>Upload<\/strong>.<\/li>\n\n\n\n<li>Valitse Moodle yl\u00e4laidan pudotusvalikosta klikkaamalla pient\u00e4 nuolikuvaketta kansion edess\u00e4.<\/li>\n\n\n\n<li>Etsi kurssin nimell\u00e4 oleva kansio ja klikkaa pient\u00e4 nuolikuvaketta kansion nimen edess\u00e4.<\/li>\n\n\n\n<li>Valitse teht\u00e4v\u00e4palautuskansio klikkaamalla kansiota &#8221;<em>kurssinnimi <\/em>(assignments)&#8221;.<\/li>\n\n\n\n<li>Kun pudotusvalikossa lukee <em>kurssinnimi<\/em> (assignments) raahaa videotiedosto koneeltasi tai hae se hakupainikkeen kautta.<\/li>\n\n\n\n<li>Kun video alkaa latautua Panoptoon, voit muuttaa videon nime\u00e4 sit\u00e4 nime\u00e4 klikkaamalla. Hyv\u00e4 nimi videolle on esimerkiksi oma etunimesi ja sukunimesi<\/li>\n\n\n\n<li>Kun&nbsp;<strong>Insert-<\/strong>painike aktivoituu, voit klikata sit\u00e4 ja videosi lis\u00e4t\u00e4\u00e4n Panoptoon.<\/li>\n\n\n\n<li>Klikkaa&nbsp;<strong>Tallenna muutokset<\/strong>, jotta videopalautuksesi tallentuu.<\/li>\n<\/ol>\n","protected":false},"excerpt":{"rendered":"<p>Jos Moodlen opintojaksolle on lis\u00e4tty Panopto-lohko, voit&nbsp;palauttaa videosi suoraan Moodlen kautta Panopton Assignments-kansioon.<\/p>\n","protected":false},"author":73,"featured_media":0,"parent":34,"menu_order":2,"comment_status":"closed","ping_status":"closed","template":"","meta":{"_acf_changed":false,"_relevanssi_hide_post":"","_relevanssi_hide_content":"","_relevanssi_pin_for_all":"","_relevanssi_pin_keywords":"","_relevanssi_unpin_keywords":"","_relevanssi_related_keywords":"","_relevanssi_related_include_ids":"","_relevanssi_related_exclude_ids":"","_relevanssi_related_no_append":"","_relevanssi_related_not_related":"","_relevanssi_related_posts":"","_relevanssi_noindex_reason":"","footnotes":""},"categories":[],"tags":[],"class_list":["post-58","page","type-page","status-publish","hentry"],"acf":[],"yoast_head":"<!-- This site is optimized with the Yoast SEO plugin v27.3 - https:\/\/yoast.com\/product\/yoast-seo-wordpress\/ -->\n<title>Videotiedostojen palauttaminen Moodlen kautta Panoptoon - Panopto<\/title>\n<meta name=\"robots\" content=\"index, follow, max-snippet:-1, max-image-preview:large, max-video-preview:-1\" \/>\n<link rel=\"canonical\" href=\"https:\/\/help.jamk.fi\/panopto\/fi\/kuinka\/panopto-ja-moodle\/\" \/>\n<meta property=\"og:locale\" content=\"fi_FI\" \/>\n<meta property=\"og:type\" content=\"article\" \/>\n<meta property=\"og:title\" content=\"Videotiedostojen palauttaminen Moodlen kautta Panoptoon - Panopto\" \/>\n<meta property=\"og:description\" content=\"Jos Moodlen opintojaksolle on lis\u00e4tty Panopto-lohko, voit&nbsp;palauttaa videosi suoraan Moodlen kautta Panopton Assignments-kansioon.\" \/>\n<meta property=\"og:url\" content=\"https:\/\/help.jamk.fi\/panopto\/fi\/kuinka\/panopto-ja-moodle\/\" \/>\n<meta property=\"og:site_name\" content=\"Panopto\" \/>\n<meta property=\"article:modified_time\" content=\"2025-09-08T10:49:19+00:00\" \/>\n<meta name=\"twitter:card\" content=\"summary_large_image\" \/>\n<meta name=\"twitter:label1\" content=\"Arvioitu lukuaika\" \/>\n\t<meta name=\"twitter:data1\" content=\"1 minuutti\" \/>\n<script type=\"application\/ld+json\" class=\"yoast-schema-graph\">{\"@context\":\"https:\\\/\\\/schema.org\",\"@graph\":[{\"@type\":\"WebPage\",\"@id\":\"https:\\\/\\\/help.jamk.fi\\\/panopto\\\/fi\\\/kuinka\\\/panopto-ja-moodle\\\/\",\"url\":\"https:\\\/\\\/help.jamk.fi\\\/panopto\\\/fi\\\/kuinka\\\/panopto-ja-moodle\\\/\",\"name\":\"Videotiedostojen palauttaminen Moodlen kautta Panoptoon - Panopto\",\"isPartOf\":{\"@id\":\"https:\\\/\\\/help.jamk.fi\\\/panopto\\\/#website\"},\"datePublished\":\"2021-12-21T06:01:14+00:00\",\"dateModified\":\"2025-09-08T10:49:19+00:00\",\"breadcrumb\":{\"@id\":\"https:\\\/\\\/help.jamk.fi\\\/panopto\\\/fi\\\/kuinka\\\/panopto-ja-moodle\\\/#breadcrumb\"},\"inLanguage\":\"fi\",\"potentialAction\":[{\"@type\":\"ReadAction\",\"target\":[\"https:\\\/\\\/help.jamk.fi\\\/panopto\\\/fi\\\/kuinka\\\/panopto-ja-moodle\\\/\"]}]},{\"@type\":\"BreadcrumbList\",\"@id\":\"https:\\\/\\\/help.jamk.fi\\\/panopto\\\/fi\\\/kuinka\\\/panopto-ja-moodle\\\/#breadcrumb\",\"itemListElement\":[{\"@type\":\"ListItem\",\"position\":1,\"name\":\"Etusivu\",\"item\":\"https:\\\/\\\/help.jamk.fi\\\/panopto\\\/fi\\\/\"},{\"@type\":\"ListItem\",\"position\":2,\"name\":\"Opiskelijalle\",\"item\":\"https:\\\/\\\/help.jamk.fi\\\/panopto\\\/fi\\\/kuinka\\\/\"},{\"@type\":\"ListItem\",\"position\":3,\"name\":\"Videotiedostojen palauttaminen Moodlen kautta Panoptoon\"}]},{\"@type\":\"WebSite\",\"@id\":\"https:\\\/\\\/help.jamk.fi\\\/panopto\\\/#website\",\"url\":\"https:\\\/\\\/help.jamk.fi\\\/panopto\\\/\",\"name\":\"Panopto\",\"description\":\"\",\"potentialAction\":[{\"@type\":\"SearchAction\",\"target\":{\"@type\":\"EntryPoint\",\"urlTemplate\":\"https:\\\/\\\/help.jamk.fi\\\/panopto\\\/?s={search_term_string}\"},\"query-input\":{\"@type\":\"PropertyValueSpecification\",\"valueRequired\":true,\"valueName\":\"search_term_string\"}}],\"inLanguage\":\"fi\"}]}<\/script>\n<!-- \/ Yoast SEO plugin. -->","yoast_head_json":{"title":"Videotiedostojen palauttaminen Moodlen kautta Panoptoon - Panopto","robots":{"index":"index","follow":"follow","max-snippet":"max-snippet:-1","max-image-preview":"max-image-preview:large","max-video-preview":"max-video-preview:-1"},"canonical":"https:\/\/help.jamk.fi\/panopto\/fi\/kuinka\/panopto-ja-moodle\/","og_locale":"fi_FI","og_type":"article","og_title":"Videotiedostojen palauttaminen Moodlen kautta Panoptoon - Panopto","og_description":"Jos Moodlen opintojaksolle on lis\u00e4tty Panopto-lohko, voit&nbsp;palauttaa videosi suoraan Moodlen kautta Panopton Assignments-kansioon.","og_url":"https:\/\/help.jamk.fi\/panopto\/fi\/kuinka\/panopto-ja-moodle\/","og_site_name":"Panopto","article_modified_time":"2025-09-08T10:49:19+00:00","twitter_card":"summary_large_image","twitter_misc":{"Arvioitu lukuaika":"1 minuutti"},"schema":{"@context":"https:\/\/schema.org","@graph":[{"@type":"WebPage","@id":"https:\/\/help.jamk.fi\/panopto\/fi\/kuinka\/panopto-ja-moodle\/","url":"https:\/\/help.jamk.fi\/panopto\/fi\/kuinka\/panopto-ja-moodle\/","name":"Videotiedostojen palauttaminen Moodlen kautta Panoptoon - Panopto","isPartOf":{"@id":"https:\/\/help.jamk.fi\/panopto\/#website"},"datePublished":"2021-12-21T06:01:14+00:00","dateModified":"2025-09-08T10:49:19+00:00","breadcrumb":{"@id":"https:\/\/help.jamk.fi\/panopto\/fi\/kuinka\/panopto-ja-moodle\/#breadcrumb"},"inLanguage":"fi","potentialAction":[{"@type":"ReadAction","target":["https:\/\/help.jamk.fi\/panopto\/fi\/kuinka\/panopto-ja-moodle\/"]}]},{"@type":"BreadcrumbList","@id":"https:\/\/help.jamk.fi\/panopto\/fi\/kuinka\/panopto-ja-moodle\/#breadcrumb","itemListElement":[{"@type":"ListItem","position":1,"name":"Etusivu","item":"https:\/\/help.jamk.fi\/panopto\/fi\/"},{"@type":"ListItem","position":2,"name":"Opiskelijalle","item":"https:\/\/help.jamk.fi\/panopto\/fi\/kuinka\/"},{"@type":"ListItem","position":3,"name":"Videotiedostojen palauttaminen Moodlen kautta Panoptoon"}]},{"@type":"WebSite","@id":"https:\/\/help.jamk.fi\/panopto\/#website","url":"https:\/\/help.jamk.fi\/panopto\/","name":"Panopto","description":"","potentialAction":[{"@type":"SearchAction","target":{"@type":"EntryPoint","urlTemplate":"https:\/\/help.jamk.fi\/panopto\/?s={search_term_string}"},"query-input":{"@type":"PropertyValueSpecification","valueRequired":true,"valueName":"search_term_string"}}],"inLanguage":"fi"}]}},"_links":{"self":[{"href":"https:\/\/help.jamk.fi\/panopto\/wp-json\/wp\/v2\/pages\/58","targetHints":{"allow":["GET"]}}],"collection":[{"href":"https:\/\/help.jamk.fi\/panopto\/wp-json\/wp\/v2\/pages"}],"about":[{"href":"https:\/\/help.jamk.fi\/panopto\/wp-json\/wp\/v2\/types\/page"}],"author":[{"embeddable":true,"href":"https:\/\/help.jamk.fi\/panopto\/wp-json\/wp\/v2\/users\/73"}],"replies":[{"embeddable":true,"href":"https:\/\/help.jamk.fi\/panopto\/wp-json\/wp\/v2\/comments?post=58"}],"version-history":[{"count":9,"href":"https:\/\/help.jamk.fi\/panopto\/wp-json\/wp\/v2\/pages\/58\/revisions"}],"predecessor-version":[{"id":591,"href":"https:\/\/help.jamk.fi\/panopto\/wp-json\/wp\/v2\/pages\/58\/revisions\/591"}],"up":[{"embeddable":true,"href":"https:\/\/help.jamk.fi\/panopto\/wp-json\/wp\/v2\/pages\/34"}],"wp:attachment":[{"href":"https:\/\/help.jamk.fi\/panopto\/wp-json\/wp\/v2\/media?parent=58"}],"wp:term":[{"taxonomy":"category","embeddable":true,"href":"https:\/\/help.jamk.fi\/panopto\/wp-json\/wp\/v2\/categories?post=58"},{"taxonomy":"post_tag","embeddable":true,"href":"https:\/\/help.jamk.fi\/panopto\/wp-json\/wp\/v2\/tags?post=58"}],"curies":[{"name":"wp","href":"https:\/\/api.w.org\/{rel}","templated":true}]}}