{"id":4512,"date":"2019-11-15T08:13:29","date_gmt":"2019-11-15T06:13:29","guid":{"rendered":"https:\/\/help.jamk.fi\/peppi-ohjeet-henkilokunnalle\/resurssien-suunnittelu-ja-varaus\/vapaan-tilan-etsiminen-ja-tilojen-selailu\/"},"modified":"2025-10-13T10:05:13","modified_gmt":"2025-10-13T07:05:13","slug":"vapaan-tilan-etsiminen-ja-tilojen-selailu","status":"publish","type":"page","link":"https:\/\/help.jamk.fi\/peppi-ohjeet-henkilokunnalle\/fi\/resurssien-suunnittelu-ja-varaus\/vapaan-tilan-etsiminen-ja-tilojen-selailu\/","title":{"rendered":"Vapaan tilan etsiminen ja tilojen selailu"},"content":{"rendered":"\n<p>Pepiss\u00e4 voi selailla tilakalentereita, ryhm\u00e4kalentereita, opettajan kalenteria, yksik\u00f6iden lainattavia laitteita sek\u00e4 etsi\u00e4 vapaita tiloja eri toimintojen kautta:<\/p>\n\n\n\n<ul class=\"wp-block-list\">\n<li><em>Avaa oma kalenteri<\/em> -toiminnossa<ul><li>Valitse <em>Tilat<\/em>-kentt\u00e4 Kirjoita haluamasi tilan tai v\u00e4lineen nimi laatikkoon. Voit hakea usean tilan, henkil\u00f6n tai v\u00e4lineen kalentereita kerralla<\/li>   <li>Yksik\u00f6n v\u00e4lineet ja autot l\u00f6ytyv\u00e4t Tilat-valinnalla. V\u00e4lineiden nimien edess\u00e4 on yksik\u00f6n lyhenne. \u00c4l\u00e4 k\u00e4yt\u00e4 suurennuslasin alta l\u00f6ytyv\u00e4\u00e4 \u201dV\u00e4lineet ja autot\u201d -toimintoa<ul> <iframe loading=\"lazy\" style=\"padding: 0px; border: 1px solid #464646;\" src=\"https:\/\/panopto.jamk.fi\/Panopto\/Pages\/Embed.aspx?id=3c2adc15-71da-45f1-b77d-abb900989e1a&amp;v=1\" allowfullscreen=\"allowfullscreen\" width=\"720\" height=\"405\" frameborder=\"0\">&amp;amp;amp;amp;amp;amp;amp;amp;amp;amp;amp;amp;amp;amp;amp;amp;amp;amp;amp;lt;\/p> <\/iframe><\/ul><\/li> <\/ul>  <ul><li>Kirjoita haluamasi tilan tai v\u00e4lineen nimi laatikkoon. Voit hakea usean tilan, henkil\u00f6n tai v\u00e4lineen kalentereita kerralla<\/li>   <\/ul><\/li>\n\n\n\n<li>Etsi vapaa tila<\/li>\n\n\n\n<li>Etsi sopiva tila -painike<\/li>\n\n\n\n<li>Vapaan ajan haku -toiminnolla<\/li>\n\n\n\n<li>Selaamalla<\/li>\n\n\n\n<li>Resurssipikahaulla<\/li>\n<\/ul>\n\n\n\n<p>Huomioithan, ett\u00e4 opettajan tai ryhm\u00e4n kalenteri ei palauta tuloksia, jos heille ei ole tehty varauksia<\/p>\n\n\n\n<p>Aiemmilla kerroilla hakemasi tilat, v\u00e4lineet ja henkil\u00f6t j\u00e4\u00e4v\u00e4t oman kalenterin ja Tee muu varaus -kalenterin muistiin, joten muista tyhjent\u00e4\u00e4 valinnat, kun alat tehd\u00e4 uutta hakua.<\/p>\n\n\n\n<h2 class=\"wp-block-heading\" id=\"etsivapaa\">2 Etsi vapaa tila<\/h2>\n\n\n\n<p>Jos tied\u00e4t jo halutun p\u00e4iv\u00e4m\u00e4\u00e4r\u00e4n sek\u00e4 kellonajan ja haluat etsi\u00e4 siihen sopivan tilan, toimi n\u00e4in:<\/p>\n\n\n\n<ul class=\"wp-block-list\">\n<li>Valitse Avaa oma kalenteri<\/li>\n\n\n\n<li>Maalaa kalenterista haluttu p\u00e4iv\u00e4\/kellonaika esim. 20.11. klo 10-12 (\u00e4l\u00e4 valitse viel\u00e4 mit\u00e4\u00e4n tilaa, valitse itsesi kuitenkin osallistujaksi).<\/li>\n\n\n\n<li>Avautuvalla varauslomakkeella klikkaa <em>Tilat ja v\u00e4lineet<\/em> -kent\u00e4n oikealta puolelta suurennuslasin takaa <em>Etsi sopiva tila<\/em>.<\/li>\n<\/ul>\n\n\n\n<figure class=\"wp-block-image\"><img loading=\"lazy\" decoding=\"async\" width=\"597\" height=\"626\" src=\"https:\/\/help.jamk.fi\/peppi-ohjeet-henkilokunnalle\/wp-content\/uploads\/sites\/131\/2019\/11\/Etsi-sopiva-tila-varauslomakkeessa.jpg\" alt=\"Klikkaavarauslomakkeessa suurennuslasia ja valitse etsi sopiva tila\" class=\"wp-image-199\"\/><\/figure>\n\n\n\n<ul class=\"wp-block-list\">\n<li>Jos varaat yleens\u00e4 tietyn kampuksen tiloja, voit valita sen oletustoimipisteeksi. Etsi haluamasi kampus <em>Toimipiste<\/em>-kohtaan ja valitse kohta <em>Talleta toimipisteet oletusarvoiksi<\/em> ja klikkaa <em>Hae<\/em>. T\u00e4m\u00e4n j\u00e4lkeen aina kun avaat <em>Etsi sopiva tila<\/em> -toiminnon, Toimipiste-kentt\u00e4 on esit\u00e4ytetty.<\/li>\n<\/ul>\n\n\n\n<figure class=\"wp-block-image\"><img loading=\"lazy\" decoding=\"async\" width=\"250\" height=\"367\" src=\"https:\/\/help.jamk.fi\/peppi-ohjeet-henkilokunnalle\/wp-content\/uploads\/sites\/131\/2019\/11\/Tila-on-vapaa-tappa-2.jpg\" alt=\"Haku n\u00e4ytt\u00e4\u00e4 vapaat tilat. Lukon kuvan tilan per\u00e4ss\u00e4 kertoo, ettei ole varausoikeutta\" class=\"wp-image-204\"\/><\/figure>\n\n\n\n<ul class=\"wp-block-list\">\n<li>Voit vaihtaa kampusta halutessasi. Jos et halua muuttaa oletusvalintaa, \u00e4l\u00e4 valitse kohtaa <em>Talleta toimipiste oletusarvoksi<\/em>, vaan lis\u00e4\u00e4 valitsemasi kampus ja muut toiminnot ja klikkaa lopuksi <em>Hae<\/em>.<br>Jos et halua mit\u00e4\u00e4n kampusta oletusarvoksi, vaan joka kerta valitset itse, milt\u00e4 kampukselta haet tiloja, j\u00e4t\u00e4 toimipistekohta tyhj\u00e4ksi ja valitse kohta <em>Talleta toimipiste oletusarvoksi<\/em> ja klikkaa <em>Hae.<\/em><\/li>\n\n\n\n<li><em>Tilatyyppi<\/em>-kohdassa voit m\u00e4\u00e4ritell\u00e4, haetko esimerkiksi auditorioita tai IT-tiloja vai ihan kaikkia kampuksen tiloja.<\/li>\n\n\n\n<li>J\u00e4t\u00e4 valinta kohtaan <em>Tila on vapaa varauksen ajankohtana<\/em> ja k\u00e4ynnist\u00e4 haku klikkaamalla <em>Hae<\/em>-painiketta. T\u00e4ll\u00f6in n\u00e4et ainoastaan ne tilat, jotka ovat vapaana kyseisen\u00e4 ajankohtana.<\/li>\n\n\n\n<li>Oletuksena on valittuna <em>Minulla on varausoikeus tilaan<\/em>. T\u00e4ll\u00f6in j\u00e4rjestelm\u00e4 j\u00e4tt\u00e4\u00e4 hakutuloksista pois tilat, joihin varaajalla ei ole oikeuksia tai joihin tilan rajoitteet est\u00e4v\u00e4t varaamisen varaajan roolilla valitulle ajankohdalle. Jos j\u00e4t\u00e4t ruksin pois, hakutuloksiin tulee my\u00f6s ne tilat, joihin sinulla ei ole varausoikeutta, ja niiss\u00e4 n\u00e4kyy lukon kuva.<\/li>\n\n\n\n<li>Valitse listalta joku vapaista tiloista rivin per\u00e4ss\u00e4 olevalla +-painikkeella.<\/li>\n<\/ul>\n\n\n\n<figure class=\"wp-block-image\"><img loading=\"lazy\" decoding=\"async\" width=\"250\" height=\"258\" src=\"https:\/\/help.jamk.fi\/peppi-ohjeet-henkilokunnalle\/wp-content\/uploads\/sites\/131\/2019\/11\/Pluspainike-1.jpg\" alt=\"Pluspainikkeella saat valittua haluamasi tilan\" class=\"wp-image-202\"\/><\/figure>\n\n\n\n<ul class=\"wp-block-list\">\n<li>Jatka varauslomakkeen t\u00e4ytt\u00e4mist\u00e4 normaalisti ja klikkaa lopuksi <em>Tallenn<\/em>a-painiketta.<\/li>\n<\/ul>\n\n\n\n<h2 class=\"wp-block-heading\" id=\"sopiva\">3 Etsi sopiva tila<\/h2>\n\n\n\n<p>T\u00e4ll\u00e4 toiminnolla voit joko etsi\u00e4 tiloja tai yksik\u00f6n v\u00e4lineit\u00e4 eri kriteereill\u00e4 tai selata tiloja toimipistekohtaisesti Omassa kalenterissa tai Tee muu varaus -kalenterissa. Klikkaa Tilat-sarakkeen vieress\u00e4 olevaa suurennuslasia ja valitse <em>Etsi sopiva tila<\/em>. Jos olet t\u00e4t\u00e4 ennen maalannut kalenterista tietyn ajanjakson ja siirtynyt t\u00e4h\u00e4n ikkunaan varauslomakkeen kautta, sinulla on k\u00e4yt\u00f6ss\u00e4si my\u00f6s vaihtoeht<em>o Tila on vapaa<\/em>, joka hakee vain tiloja, jotka ovat vapaana valitsemallasi ajanjaksolla.<\/p>\n\n\n\n<ol class=\"wp-block-list\">\n<li>Valitse hakuehdot (tyypillisesti tilatyyppi ja toimipiste)<\/li>\n\n\n\n<li>T\u00e4ss\u00e4kin voit tallentaa halutessasi toimipisteen oletusarvoksi<\/li>\n\n\n\n<li>Klikkaa <em>Hae<\/em><\/li>\n\n\n\n<li>T\u00e4m\u00e4n j\u00e4lkeen valitse haluamasi tila klikkaamalla <em>Valitse<\/em> -painiketta<\/li>\n<\/ol>\n\n\n\n<h2 class=\"wp-block-heading\" id=\"vapaa\">4 Vapaan ajan haku<\/h2>\n\n\n\n<p><iframe loading=\"lazy\" style=\"padding: 0px; border: 1px solid #464646;\" src=\"https:\/\/panopto.jamk.fi\/Panopto\/Pages\/Embed.aspx?id=58dcb46e-ea36-4f15-99c2-abb9008ff149&amp;v=1\" allowfullscreen=\"allowfullscreen\" width=\"720\" height=\"405\" frameborder=\"0\"><\/iframe><\/p>\n\n\n\n<ul class=\"wp-block-list\">\n<li>Voi hakea toimipisteell\u00e4, nimill\u00e4, tilatyypill\u00e4, yksik\u00f6n lainalaitteilla, henkil\u00f6ll\u00e4 ja varustenipulla.<\/li>\n\n\n\n<li><a href=\"https:\/\/help.jamk.fi\/peppi-ohjeet-henkilokunnalle\/fi\/resurssien-suunnittelu-ja-varaus\/varauksen-tekeminen\/\">T\u00e4m\u00e4n toiminnon kautta voit varata useamman tilan kerralla, jos ne ovat haluttuna ajankohtana vapaana<\/a><\/li>\n\n\n\n<li>Lukon kuva kertoo, onko tilaan varausoikeutta. Kun hiiren laittaa tilan nimen p\u00e4\u00e4lle, n\u00e4kee tilatiedot ja kuvan<\/li>\n\n\n\n<li>Voit tehd\u00e4 itsellesi muistiin tallennettuja hakuja, ja hakea niill\u00e4 tiloja, v\u00e4lineit\u00e4 ja henkil\u00f6it\u00e4. <a href=\"https:\/\/help.jamk.fi\/peppi-ohjeet-henkilokunnalle\/fi\/resurssien-suunnittelu-ja-varaus\/suosikkilistat-ja-resurssijoukot\/\">Tarkemmat ohjeet tallennetuista hauista ovat t\u00e4\u00e4ll\u00e4<\/a><\/li>\n<\/ul>\n\n\n\n<figure class=\"wp-block-image\"><img loading=\"lazy\" decoding=\"async\" width=\"412\" height=\"420\" src=\"https:\/\/help.jamk.fi\/peppi-ohjeet-henkilokunnalle\/wp-content\/uploads\/sites\/131\/2019\/11\/Vapaanajanjaku.jpg\" alt=\"Tilatietojen n\u00e4kyminen vapaan ajan haussa\" class=\"wp-image-211\"\/><\/figure>\n\n\n\n<h2 class=\"wp-block-heading\" id=\"selaa\">5 Selaa tiloja<\/h2>\n\n\n\n<p>Oma kalenteri tai Tee muu varaus kalentereissa voit <em>Selaa tiloja<\/em> -v\u00e4lilehdell\u00e4 selata tiloja toimipistekohtaisesti. Klikkaa <em>Tilat<\/em>-sarakkeen vieress\u00e4 olevaa suurennuslasia ja valitse <em>Etsi sopiva til<\/em>a. Valitse avautuvasta uudesta ikkunasta <em>Sela<\/em>a-v\u00e4lilehti.<\/p>\n\n\n\n<ul class=\"wp-block-list\">\n<li>Valitse toimipiste, jonka tiloja haluat selata. Valinta tapahtuu rivin alussa olevan nuolen avulla.<\/li>\n<\/ul>\n\n\n\n<figure class=\"wp-block-image\"><img loading=\"lazy\" decoding=\"async\" width=\"604\" height=\"570\" src=\"https:\/\/help.jamk.fi\/peppi-ohjeet-henkilokunnalle\/wp-content\/uploads\/sites\/131\/2019\/11\/Selaa-toimipisteita.jpg\" alt=\"Selaa toimipisteit\u00e4 klikkaamalla nuolesta\" class=\"wp-image-209\"\/><\/figure>\n\n\n\n<ul class=\"wp-block-list\">\n<li>Valitse haluamasi tila klikkaamalla rivin alussa olevaa nuolipainiketta. Jos tilan edess\u00e4 on lukon kuva, sinulla ei ole varausoikeutta kyseiseen tilaan.<\/li>\n\n\n\n<li>Info-painikkeen takaa saat n\u00e4kyviin muun muassa tilan kuvan. Infopainikkeen viereisest\u00e4 painikkeesta saat avattua kyseisen tilan tilakalenterin:<\/li>\n<\/ul>\n\n\n\n<figure class=\"wp-block-image\"><img loading=\"lazy\" decoding=\"async\" width=\"600\" height=\"494\" src=\"https:\/\/help.jamk.fi\/peppi-ohjeet-henkilokunnalle\/wp-content\/uploads\/sites\/131\/2019\/11\/Tilan-lisatiedot.jpg\" alt=\"Info- ja kalenteripainikkeista avautuu lis\u00e4tietoa halustusta tilasta\" class=\"wp-image-210\"\/><\/figure>\n","protected":false},"excerpt":{"rendered":"<p>Pepiss\u00e4 voi selailla tilakalentereita, ryhm\u00e4kalentereita, opettajan kalenteria, yksik\u00f6iden lainattavia laitteita sek\u00e4 etsi\u00e4 vapaita tiloja eri toimintojen kautta: Huomioithan, ett\u00e4 opettajan tai ryhm\u00e4n kalenteri ei palauta tuloksia, jos heille ei ole tehty varauksia Aiemmilla kerroilla hakemasi tilat, v\u00e4lineet ja henkil\u00f6t j\u00e4\u00e4v\u00e4t oman kalenterin ja Tee muu varaus -kalenterin muistiin, joten muista tyhjent\u00e4\u00e4 valinnat, kun alat tehd\u00e4 [&hellip;]<\/p>\n","protected":false},"author":76,"featured_media":0,"parent":4511,"menu_order":1,"comment_status":"closed","ping_status":"open","template":"","meta":{"_acf_changed":false,"_relevanssi_hide_post":"","_relevanssi_hide_content":"","_relevanssi_pin_for_all":"","_relevanssi_pin_keywords":"","_relevanssi_unpin_keywords":"","_relevanssi_related_keywords":"","_relevanssi_related_include_ids":"","_relevanssi_related_exclude_ids":"","_relevanssi_related_no_append":"","_relevanssi_related_not_related":"","_relevanssi_related_posts":"","_relevanssi_noindex_reason":"","footnotes":""},"categories":[1],"tags":[],"class_list":["post-4512","page","type-page","status-publish","hentry","category-uncategorised"],"acf":[],"yoast_head":"<!-- This site is optimized with the Yoast SEO plugin v27.3 - https:\/\/yoast.com\/product\/yoast-seo-wordpress\/ -->\n<title>Vapaan tilan etsiminen ja tilojen selailu - Peppi-ohjeet henkil\u00f6kunnalle<\/title>\n<meta name=\"robots\" content=\"index, follow, max-snippet:-1, max-image-preview:large, max-video-preview:-1\" \/>\n<link rel=\"canonical\" href=\"https:\/\/help.jamk.fi\/peppi-ohjeet-henkilokunnalle\/fi\/resurssien-suunnittelu-ja-varaus\/vapaan-tilan-etsiminen-ja-tilojen-selailu\/\" \/>\n<meta property=\"og:locale\" content=\"fi_FI\" \/>\n<meta property=\"og:type\" content=\"article\" \/>\n<meta property=\"og:title\" content=\"Vapaan tilan etsiminen ja tilojen selailu - Peppi-ohjeet henkil\u00f6kunnalle\" \/>\n<meta property=\"og:description\" content=\"Pepiss\u00e4 voi selailla tilakalentereita, ryhm\u00e4kalentereita, opettajan kalenteria, yksik\u00f6iden lainattavia laitteita sek\u00e4 etsi\u00e4 vapaita tiloja eri toimintojen kautta: Huomioithan, ett\u00e4 opettajan tai ryhm\u00e4n kalenteri ei palauta tuloksia, jos heille ei ole tehty varauksia Aiemmilla kerroilla hakemasi tilat, v\u00e4lineet ja henkil\u00f6t j\u00e4\u00e4v\u00e4t oman kalenterin ja Tee muu varaus -kalenterin muistiin, joten muista tyhjent\u00e4\u00e4 valinnat, kun alat tehd\u00e4 [&hellip;]\" \/>\n<meta property=\"og:url\" content=\"https:\/\/help.jamk.fi\/peppi-ohjeet-henkilokunnalle\/fi\/resurssien-suunnittelu-ja-varaus\/vapaan-tilan-etsiminen-ja-tilojen-selailu\/\" \/>\n<meta property=\"og:site_name\" content=\"Peppi-ohjeet henkil\u00f6kunnalle\" \/>\n<meta property=\"article:modified_time\" content=\"2025-10-13T07:05:13+00:00\" \/>\n<meta property=\"og:image\" content=\"https:\/\/help.jamk.fi\/peppi-ohjeet-henkilokunnalle\/wp-content\/uploads\/sites\/131\/2019\/11\/Etsi-sopiva-tila-varauslomakkeessa.jpg\" \/>\n\t<meta property=\"og:image:width\" content=\"597\" \/>\n\t<meta property=\"og:image:height\" content=\"626\" \/>\n\t<meta property=\"og:image:type\" content=\"image\/jpeg\" \/>\n<meta name=\"twitter:card\" content=\"summary_large_image\" \/>\n<meta name=\"twitter:label1\" content=\"Arvioitu lukuaika\" \/>\n\t<meta name=\"twitter:data1\" content=\"6 minuuttia\" \/>\n<script type=\"application\/ld+json\" class=\"yoast-schema-graph\">{\"@context\":\"https:\\\/\\\/schema.org\",\"@graph\":[{\"@type\":\"WebPage\",\"@id\":\"https:\\\/\\\/help.jamk.fi\\\/peppi-ohjeet-henkilokunnalle\\\/fi\\\/resurssien-suunnittelu-ja-varaus\\\/vapaan-tilan-etsiminen-ja-tilojen-selailu\\\/\",\"url\":\"https:\\\/\\\/help.jamk.fi\\\/peppi-ohjeet-henkilokunnalle\\\/fi\\\/resurssien-suunnittelu-ja-varaus\\\/vapaan-tilan-etsiminen-ja-tilojen-selailu\\\/\",\"name\":\"Vapaan tilan etsiminen ja tilojen selailu - Peppi-ohjeet henkil\u00f6kunnalle\",\"isPartOf\":{\"@id\":\"https:\\\/\\\/help.jamk.fi\\\/peppi-ohjeet-henkilokunnalle\\\/#website\"},\"primaryImageOfPage\":{\"@id\":\"https:\\\/\\\/help.jamk.fi\\\/peppi-ohjeet-henkilokunnalle\\\/fi\\\/resurssien-suunnittelu-ja-varaus\\\/vapaan-tilan-etsiminen-ja-tilojen-selailu\\\/#primaryimage\"},\"image\":{\"@id\":\"https:\\\/\\\/help.jamk.fi\\\/peppi-ohjeet-henkilokunnalle\\\/fi\\\/resurssien-suunnittelu-ja-varaus\\\/vapaan-tilan-etsiminen-ja-tilojen-selailu\\\/#primaryimage\"},\"thumbnailUrl\":\"https:\\\/\\\/help.jamk.fi\\\/peppi-ohjeet-henkilokunnalle\\\/wp-content\\\/uploads\\\/sites\\\/131\\\/2019\\\/11\\\/Etsi-sopiva-tila-varauslomakkeessa.jpg\",\"datePublished\":\"2019-11-15T06:13:29+00:00\",\"dateModified\":\"2025-10-13T07:05:13+00:00\",\"breadcrumb\":{\"@id\":\"https:\\\/\\\/help.jamk.fi\\\/peppi-ohjeet-henkilokunnalle\\\/fi\\\/resurssien-suunnittelu-ja-varaus\\\/vapaan-tilan-etsiminen-ja-tilojen-selailu\\\/#breadcrumb\"},\"inLanguage\":\"fi\",\"potentialAction\":[{\"@type\":\"ReadAction\",\"target\":[\"https:\\\/\\\/help.jamk.fi\\\/peppi-ohjeet-henkilokunnalle\\\/fi\\\/resurssien-suunnittelu-ja-varaus\\\/vapaan-tilan-etsiminen-ja-tilojen-selailu\\\/\"]}]},{\"@type\":\"ImageObject\",\"inLanguage\":\"fi\",\"@id\":\"https:\\\/\\\/help.jamk.fi\\\/peppi-ohjeet-henkilokunnalle\\\/fi\\\/resurssien-suunnittelu-ja-varaus\\\/vapaan-tilan-etsiminen-ja-tilojen-selailu\\\/#primaryimage\",\"url\":\"https:\\\/\\\/help.jamk.fi\\\/peppi-ohjeet-henkilokunnalle\\\/wp-content\\\/uploads\\\/sites\\\/131\\\/2019\\\/11\\\/Etsi-sopiva-tila-varauslomakkeessa.jpg\",\"contentUrl\":\"https:\\\/\\\/help.jamk.fi\\\/peppi-ohjeet-henkilokunnalle\\\/wp-content\\\/uploads\\\/sites\\\/131\\\/2019\\\/11\\\/Etsi-sopiva-tila-varauslomakkeessa.jpg\",\"width\":597,\"height\":626,\"caption\":\"Klikkaavarauslomakkeessa suurennuslasia ja valitse etsi sopiva tila\"},{\"@type\":\"BreadcrumbList\",\"@id\":\"https:\\\/\\\/help.jamk.fi\\\/peppi-ohjeet-henkilokunnalle\\\/fi\\\/resurssien-suunnittelu-ja-varaus\\\/vapaan-tilan-etsiminen-ja-tilojen-selailu\\\/#breadcrumb\",\"itemListElement\":[{\"@type\":\"ListItem\",\"position\":1,\"name\":\"Home\",\"item\":\"https:\\\/\\\/help.jamk.fi\\\/peppi-ohjeet-henkilokunnalle\\\/en\\\/\"},{\"@type\":\"ListItem\",\"position\":2,\"name\":\"Resurssien suunnittelu ja varaus\",\"item\":\"https:\\\/\\\/help.jamk.fi\\\/peppi-ohjeet-henkilokunnalle\\\/fi\\\/resurssien-suunnittelu-ja-varaus\\\/\"},{\"@type\":\"ListItem\",\"position\":3,\"name\":\"Vapaan tilan etsiminen ja tilojen selailu\"}]},{\"@type\":\"WebSite\",\"@id\":\"https:\\\/\\\/help.jamk.fi\\\/peppi-ohjeet-henkilokunnalle\\\/#website\",\"url\":\"https:\\\/\\\/help.jamk.fi\\\/peppi-ohjeet-henkilokunnalle\\\/\",\"name\":\"Peppi-ohjeet henkil\u00f6kunnalle\",\"description\":\"\",\"potentialAction\":[{\"@type\":\"SearchAction\",\"target\":{\"@type\":\"EntryPoint\",\"urlTemplate\":\"https:\\\/\\\/help.jamk.fi\\\/peppi-ohjeet-henkilokunnalle\\\/?s={search_term_string}\"},\"query-input\":{\"@type\":\"PropertyValueSpecification\",\"valueRequired\":true,\"valueName\":\"search_term_string\"}}],\"inLanguage\":\"fi\"}]}<\/script>\n<!-- \/ Yoast SEO plugin. -->","yoast_head_json":{"title":"Vapaan tilan etsiminen ja tilojen selailu - Peppi-ohjeet henkil\u00f6kunnalle","robots":{"index":"index","follow":"follow","max-snippet":"max-snippet:-1","max-image-preview":"max-image-preview:large","max-video-preview":"max-video-preview:-1"},"canonical":"https:\/\/help.jamk.fi\/peppi-ohjeet-henkilokunnalle\/fi\/resurssien-suunnittelu-ja-varaus\/vapaan-tilan-etsiminen-ja-tilojen-selailu\/","og_locale":"fi_FI","og_type":"article","og_title":"Vapaan tilan etsiminen ja tilojen selailu - Peppi-ohjeet henkil\u00f6kunnalle","og_description":"Pepiss\u00e4 voi selailla tilakalentereita, ryhm\u00e4kalentereita, opettajan kalenteria, yksik\u00f6iden lainattavia laitteita sek\u00e4 etsi\u00e4 vapaita tiloja eri toimintojen kautta: Huomioithan, ett\u00e4 opettajan tai ryhm\u00e4n kalenteri ei palauta tuloksia, jos heille ei ole tehty varauksia Aiemmilla kerroilla hakemasi tilat, v\u00e4lineet ja henkil\u00f6t j\u00e4\u00e4v\u00e4t oman kalenterin ja Tee muu varaus -kalenterin muistiin, joten muista tyhjent\u00e4\u00e4 valinnat, kun alat tehd\u00e4 [&hellip;]","og_url":"https:\/\/help.jamk.fi\/peppi-ohjeet-henkilokunnalle\/fi\/resurssien-suunnittelu-ja-varaus\/vapaan-tilan-etsiminen-ja-tilojen-selailu\/","og_site_name":"Peppi-ohjeet henkil\u00f6kunnalle","article_modified_time":"2025-10-13T07:05:13+00:00","og_image":[{"width":597,"height":626,"url":"https:\/\/help.jamk.fi\/peppi-ohjeet-henkilokunnalle\/wp-content\/uploads\/sites\/131\/2019\/11\/Etsi-sopiva-tila-varauslomakkeessa.jpg","type":"image\/jpeg"}],"twitter_card":"summary_large_image","twitter_misc":{"Arvioitu lukuaika":"6 minuuttia"},"schema":{"@context":"https:\/\/schema.org","@graph":[{"@type":"WebPage","@id":"https:\/\/help.jamk.fi\/peppi-ohjeet-henkilokunnalle\/fi\/resurssien-suunnittelu-ja-varaus\/vapaan-tilan-etsiminen-ja-tilojen-selailu\/","url":"https:\/\/help.jamk.fi\/peppi-ohjeet-henkilokunnalle\/fi\/resurssien-suunnittelu-ja-varaus\/vapaan-tilan-etsiminen-ja-tilojen-selailu\/","name":"Vapaan tilan etsiminen ja tilojen selailu - Peppi-ohjeet henkil\u00f6kunnalle","isPartOf":{"@id":"https:\/\/help.jamk.fi\/peppi-ohjeet-henkilokunnalle\/#website"},"primaryImageOfPage":{"@id":"https:\/\/help.jamk.fi\/peppi-ohjeet-henkilokunnalle\/fi\/resurssien-suunnittelu-ja-varaus\/vapaan-tilan-etsiminen-ja-tilojen-selailu\/#primaryimage"},"image":{"@id":"https:\/\/help.jamk.fi\/peppi-ohjeet-henkilokunnalle\/fi\/resurssien-suunnittelu-ja-varaus\/vapaan-tilan-etsiminen-ja-tilojen-selailu\/#primaryimage"},"thumbnailUrl":"https:\/\/help.jamk.fi\/peppi-ohjeet-henkilokunnalle\/wp-content\/uploads\/sites\/131\/2019\/11\/Etsi-sopiva-tila-varauslomakkeessa.jpg","datePublished":"2019-11-15T06:13:29+00:00","dateModified":"2025-10-13T07:05:13+00:00","breadcrumb":{"@id":"https:\/\/help.jamk.fi\/peppi-ohjeet-henkilokunnalle\/fi\/resurssien-suunnittelu-ja-varaus\/vapaan-tilan-etsiminen-ja-tilojen-selailu\/#breadcrumb"},"inLanguage":"fi","potentialAction":[{"@type":"ReadAction","target":["https:\/\/help.jamk.fi\/peppi-ohjeet-henkilokunnalle\/fi\/resurssien-suunnittelu-ja-varaus\/vapaan-tilan-etsiminen-ja-tilojen-selailu\/"]}]},{"@type":"ImageObject","inLanguage":"fi","@id":"https:\/\/help.jamk.fi\/peppi-ohjeet-henkilokunnalle\/fi\/resurssien-suunnittelu-ja-varaus\/vapaan-tilan-etsiminen-ja-tilojen-selailu\/#primaryimage","url":"https:\/\/help.jamk.fi\/peppi-ohjeet-henkilokunnalle\/wp-content\/uploads\/sites\/131\/2019\/11\/Etsi-sopiva-tila-varauslomakkeessa.jpg","contentUrl":"https:\/\/help.jamk.fi\/peppi-ohjeet-henkilokunnalle\/wp-content\/uploads\/sites\/131\/2019\/11\/Etsi-sopiva-tila-varauslomakkeessa.jpg","width":597,"height":626,"caption":"Klikkaavarauslomakkeessa suurennuslasia ja valitse etsi sopiva tila"},{"@type":"BreadcrumbList","@id":"https:\/\/help.jamk.fi\/peppi-ohjeet-henkilokunnalle\/fi\/resurssien-suunnittelu-ja-varaus\/vapaan-tilan-etsiminen-ja-tilojen-selailu\/#breadcrumb","itemListElement":[{"@type":"ListItem","position":1,"name":"Home","item":"https:\/\/help.jamk.fi\/peppi-ohjeet-henkilokunnalle\/en\/"},{"@type":"ListItem","position":2,"name":"Resurssien suunnittelu ja varaus","item":"https:\/\/help.jamk.fi\/peppi-ohjeet-henkilokunnalle\/fi\/resurssien-suunnittelu-ja-varaus\/"},{"@type":"ListItem","position":3,"name":"Vapaan tilan etsiminen ja tilojen selailu"}]},{"@type":"WebSite","@id":"https:\/\/help.jamk.fi\/peppi-ohjeet-henkilokunnalle\/#website","url":"https:\/\/help.jamk.fi\/peppi-ohjeet-henkilokunnalle\/","name":"Peppi-ohjeet henkil\u00f6kunnalle","description":"","potentialAction":[{"@type":"SearchAction","target":{"@type":"EntryPoint","urlTemplate":"https:\/\/help.jamk.fi\/peppi-ohjeet-henkilokunnalle\/?s={search_term_string}"},"query-input":{"@type":"PropertyValueSpecification","valueRequired":true,"valueName":"search_term_string"}}],"inLanguage":"fi"}]}},"_links":{"self":[{"href":"https:\/\/help.jamk.fi\/peppi-ohjeet-henkilokunnalle\/wp-json\/wp\/v2\/pages\/4512","targetHints":{"allow":["GET"]}}],"collection":[{"href":"https:\/\/help.jamk.fi\/peppi-ohjeet-henkilokunnalle\/wp-json\/wp\/v2\/pages"}],"about":[{"href":"https:\/\/help.jamk.fi\/peppi-ohjeet-henkilokunnalle\/wp-json\/wp\/v2\/types\/page"}],"author":[{"embeddable":true,"href":"https:\/\/help.jamk.fi\/peppi-ohjeet-henkilokunnalle\/wp-json\/wp\/v2\/users\/76"}],"replies":[{"embeddable":true,"href":"https:\/\/help.jamk.fi\/peppi-ohjeet-henkilokunnalle\/wp-json\/wp\/v2\/comments?post=4512"}],"version-history":[{"count":15,"href":"https:\/\/help.jamk.fi\/peppi-ohjeet-henkilokunnalle\/wp-json\/wp\/v2\/pages\/4512\/revisions"}],"predecessor-version":[{"id":7804,"href":"https:\/\/help.jamk.fi\/peppi-ohjeet-henkilokunnalle\/wp-json\/wp\/v2\/pages\/4512\/revisions\/7804"}],"up":[{"embeddable":true,"href":"https:\/\/help.jamk.fi\/peppi-ohjeet-henkilokunnalle\/wp-json\/wp\/v2\/pages\/4511"}],"wp:attachment":[{"href":"https:\/\/help.jamk.fi\/peppi-ohjeet-henkilokunnalle\/wp-json\/wp\/v2\/media?parent=4512"}],"wp:term":[{"taxonomy":"category","embeddable":true,"href":"https:\/\/help.jamk.fi\/peppi-ohjeet-henkilokunnalle\/wp-json\/wp\/v2\/categories?post=4512"},{"taxonomy":"post_tag","embeddable":true,"href":"https:\/\/help.jamk.fi\/peppi-ohjeet-henkilokunnalle\/wp-json\/wp\/v2\/tags?post=4512"}],"curies":[{"name":"wp","href":"https:\/\/api.w.org\/{rel}","templated":true}]}}