{"id":4518,"date":"2019-11-08T12:45:14","date_gmt":"2019-11-08T10:45:14","guid":{"rendered":"https:\/\/help.jamk.fi\/peppi-ohjeet-henkilokunnalle\/opintopolut\/"},"modified":"2024-09-12T12:53:52","modified_gmt":"2024-09-12T09:53:52","slug":"opintopolut","status":"publish","type":"page","link":"https:\/\/help.jamk.fi\/peppi-ohjeet-henkilokunnalle\/fi\/opetussuunnittelu\/opetussuunnitelmat-opsit\/opintopolut\/","title":{"rendered":"Opintopolut"},"content":{"rendered":"\n<p>Opintopolut tarkoittavat Pepiss\u00e4 tutkinto-ohjelman sis\u00e4ll\u00e4 olevia k\u00e4rki\u00e4 tai suuntautumisia. Voit luoda rakenteen Opintopolku-v\u00e4lilehdell\u00e4 niin, ett\u00e4 opiskelija n\u00e4kee Opintopolku-n\u00e4kym\u00e4n kautta vain oman suuntautumisensa opinnot. Kuhunkin opintopolkuun liitet\u00e4\u00e4n kaikille yhteiset opinnot ja ko. suuntautumiseen kuuluvat opinnot.<\/p>\n\n\n\n<p>Voit lis\u00e4t\u00e4 opetussuunnitelmaan uuden opintopolun seuraavasti:<\/p>\n\n\n\n<ol class=\"wp-block-list\">\n<li>Valitse p\u00e4\u00e4valikosta <strong>Opetussuunnittelu<\/strong> &gt; <strong>Opetussuunnitelma<\/strong>.<\/li>\n\n\n\n<li>Hae OPS, johon haluat lis\u00e4t\u00e4 opintopolun. Lis\u00e4tietoja: <a href=\"https:\/\/help.jamk.fi\/peppi-ohjeet-henkilokunnalle\/fi\/hakutoiminto\/\">Hakutoiminto<\/a>.<\/li>\n\n\n\n<li>Avaa OPS napsauttamalla sit\u00e4 hakutuloksissa.<\/li>\n\n\n\n<li>Valitse valikosta <strong>Opintopolut<\/strong> ja napsauta <strong>Lis\u00e4\u00e4 opintopolku<\/strong> -painiketta.<br>N\u00e4yt\u00f6lle aukeaa <strong>Opintopolku<\/strong>-ponnahdusikkuna.<\/li>\n\n\n\n<li>Sy\u00f6t\u00e4 opintopolulle lyhenne, nimi ja kuvaus. Lyhenne voi olla esim. polun nimen kolme ensimm\u00e4ist\u00e4 kirjainta + vuosiluku.<br>Voit halutessasi m\u00e4\u00e4ritt\u00e4\u00e4 my\u00f6s ryhm\u00e4n, jota opintopolku koskee.<\/li>\n\n\n\n<li>Napsauta <strong>Tallenna<\/strong>-painiketta.<br>Opintopolun lyhenne ilmestyy n\u00e4yt\u00f6n oikeaan reunaan. Lyhenteet\u00f6n opintopolku n\u00e4kyy nimett\u00f6m\u00e4n\u00e4.<\/li>\n\n\n\n<li>Rastita niiden opintokokonaisuuksien ja -jaksojen valintaruudut, jotka haluat sis\u00e4llytt\u00e4\u00e4 opintopolkuun.<br>Valinnat tallentuvat automaattisesti.<\/li>\n<\/ol>\n\n\n<div id=\"info-lift-block_2d56ee43f8dbd688075506003406be05\" class=\"block-info-lift block-info-lift\">\n  <div class=\"row\">\n    <div class=\"col-12\">\n              <div class=\"block-info-lift__content\">\n          <div class=\"block-info-lift__content__icon\">\n            <span>!<\/span>\n          <\/div>\n          <p class=\"block-info-lift__content__text\">HUOM. Opintojakson tulee olla liitettyn\u00e4 johonkin opintopolkuun, jotta se n\u00e4kyisi opiskelijan HOPSilla tai sen voisi vied\u00e4 sinne.<\/p>\n        <\/div>\n          <\/div>\n  <\/div>\n<\/div>","protected":false},"excerpt":{"rendered":"<p>Opintopolut tarkoittavat Pepiss\u00e4 tutkinto-ohjelman sis\u00e4ll\u00e4 olevia k\u00e4rki\u00e4 tai suuntautumisia. Voit luoda rakenteen Opintopolku-v\u00e4lilehdell\u00e4 niin, ett\u00e4 opiskelija n\u00e4kee Opintopolku-n\u00e4kym\u00e4n kautta vain oman suuntautumisensa opinnot. Kuhunkin opintopolkuun liitet\u00e4\u00e4n kaikille yhteiset opinnot ja ko. suuntautumiseen kuuluvat opinnot. Voit lis\u00e4t\u00e4 opetussuunnitelmaan uuden opintopolun seuraavasti:<\/p>\n","protected":false},"author":79,"featured_media":0,"parent":4525,"menu_order":4,"comment_status":"closed","ping_status":"open","template":"","meta":{"_acf_changed":false,"_relevanssi_hide_post":"","_relevanssi_hide_content":"","_relevanssi_pin_for_all":"","_relevanssi_pin_keywords":"","_relevanssi_unpin_keywords":"","_relevanssi_related_keywords":"","_relevanssi_related_include_ids":"","_relevanssi_related_exclude_ids":"","_relevanssi_related_no_append":"","_relevanssi_related_not_related":"","_relevanssi_related_posts":"","_relevanssi_noindex_reason":"","footnotes":""},"categories":[1],"tags":[],"class_list":["post-4518","page","type-page","status-publish","hentry","category-uncategorised"],"acf":[],"yoast_head":"<!-- This site is optimized with the Yoast SEO plugin v27.3 - https:\/\/yoast.com\/product\/yoast-seo-wordpress\/ -->\n<title>Opintopolut - Peppi-ohjeet henkil\u00f6kunnalle<\/title>\n<meta name=\"robots\" content=\"index, follow, max-snippet:-1, max-image-preview:large, max-video-preview:-1\" \/>\n<link rel=\"canonical\" href=\"https:\/\/help.jamk.fi\/peppi-ohjeet-henkilokunnalle\/fi\/opetussuunnittelu\/opetussuunnitelmat-opsit\/opintopolut\/\" \/>\n<meta property=\"og:locale\" content=\"fi_FI\" \/>\n<meta property=\"og:type\" content=\"article\" \/>\n<meta property=\"og:title\" content=\"Opintopolut - Peppi-ohjeet henkil\u00f6kunnalle\" \/>\n<meta property=\"og:description\" content=\"Opintopolut tarkoittavat Pepiss\u00e4 tutkinto-ohjelman sis\u00e4ll\u00e4 olevia k\u00e4rki\u00e4 tai suuntautumisia. Voit luoda rakenteen Opintopolku-v\u00e4lilehdell\u00e4 niin, ett\u00e4 opiskelija n\u00e4kee Opintopolku-n\u00e4kym\u00e4n kautta vain oman suuntautumisensa opinnot. Kuhunkin opintopolkuun liitet\u00e4\u00e4n kaikille yhteiset opinnot ja ko. suuntautumiseen kuuluvat opinnot. Voit lis\u00e4t\u00e4 opetussuunnitelmaan uuden opintopolun seuraavasti:\" \/>\n<meta property=\"og:url\" content=\"https:\/\/help.jamk.fi\/peppi-ohjeet-henkilokunnalle\/fi\/opetussuunnittelu\/opetussuunnitelmat-opsit\/opintopolut\/\" \/>\n<meta property=\"og:site_name\" content=\"Peppi-ohjeet henkil\u00f6kunnalle\" \/>\n<meta property=\"article:modified_time\" content=\"2024-09-12T09:53:52+00:00\" \/>\n<meta name=\"twitter:card\" content=\"summary_large_image\" \/>\n<meta name=\"twitter:label1\" content=\"Arvioitu lukuaika\" \/>\n\t<meta name=\"twitter:data1\" content=\"1 minuutti\" \/>\n<script type=\"application\/ld+json\" class=\"yoast-schema-graph\">{\"@context\":\"https:\\\/\\\/schema.org\",\"@graph\":[{\"@type\":\"WebPage\",\"@id\":\"https:\\\/\\\/help.jamk.fi\\\/peppi-ohjeet-henkilokunnalle\\\/fi\\\/opetussuunnittelu\\\/opetussuunnitelmat-opsit\\\/opintopolut\\\/\",\"url\":\"https:\\\/\\\/help.jamk.fi\\\/peppi-ohjeet-henkilokunnalle\\\/fi\\\/opetussuunnittelu\\\/opetussuunnitelmat-opsit\\\/opintopolut\\\/\",\"name\":\"Opintopolut - Peppi-ohjeet henkil\u00f6kunnalle\",\"isPartOf\":{\"@id\":\"https:\\\/\\\/help.jamk.fi\\\/peppi-ohjeet-henkilokunnalle\\\/#website\"},\"datePublished\":\"2019-11-08T10:45:14+00:00\",\"dateModified\":\"2024-09-12T09:53:52+00:00\",\"breadcrumb\":{\"@id\":\"https:\\\/\\\/help.jamk.fi\\\/peppi-ohjeet-henkilokunnalle\\\/fi\\\/opetussuunnittelu\\\/opetussuunnitelmat-opsit\\\/opintopolut\\\/#breadcrumb\"},\"inLanguage\":\"fi\",\"potentialAction\":[{\"@type\":\"ReadAction\",\"target\":[\"https:\\\/\\\/help.jamk.fi\\\/peppi-ohjeet-henkilokunnalle\\\/fi\\\/opetussuunnittelu\\\/opetussuunnitelmat-opsit\\\/opintopolut\\\/\"]}]},{\"@type\":\"BreadcrumbList\",\"@id\":\"https:\\\/\\\/help.jamk.fi\\\/peppi-ohjeet-henkilokunnalle\\\/fi\\\/opetussuunnittelu\\\/opetussuunnitelmat-opsit\\\/opintopolut\\\/#breadcrumb\",\"itemListElement\":[{\"@type\":\"ListItem\",\"position\":1,\"name\":\"Home\",\"item\":\"https:\\\/\\\/help.jamk.fi\\\/peppi-ohjeet-henkilokunnalle\\\/en\\\/\"},{\"@type\":\"ListItem\",\"position\":2,\"name\":\"Opetussuunnittelu\",\"item\":\"https:\\\/\\\/help.jamk.fi\\\/peppi-ohjeet-henkilokunnalle\\\/fi\\\/opetussuunnittelu\\\/\"},{\"@type\":\"ListItem\",\"position\":3,\"name\":\"Opetussuunnitelmat (OPSit)\",\"item\":\"https:\\\/\\\/help.jamk.fi\\\/peppi-ohjeet-henkilokunnalle\\\/fi\\\/opetussuunnittelu\\\/opetussuunnitelmat-opsit\\\/\"},{\"@type\":\"ListItem\",\"position\":4,\"name\":\"Opintopolut\"}]},{\"@type\":\"WebSite\",\"@id\":\"https:\\\/\\\/help.jamk.fi\\\/peppi-ohjeet-henkilokunnalle\\\/#website\",\"url\":\"https:\\\/\\\/help.jamk.fi\\\/peppi-ohjeet-henkilokunnalle\\\/\",\"name\":\"Peppi-ohjeet henkil\u00f6kunnalle\",\"description\":\"\",\"potentialAction\":[{\"@type\":\"SearchAction\",\"target\":{\"@type\":\"EntryPoint\",\"urlTemplate\":\"https:\\\/\\\/help.jamk.fi\\\/peppi-ohjeet-henkilokunnalle\\\/?s={search_term_string}\"},\"query-input\":{\"@type\":\"PropertyValueSpecification\",\"valueRequired\":true,\"valueName\":\"search_term_string\"}}],\"inLanguage\":\"fi\"}]}<\/script>\n<!-- \/ Yoast SEO plugin. -->","yoast_head_json":{"title":"Opintopolut - Peppi-ohjeet henkil\u00f6kunnalle","robots":{"index":"index","follow":"follow","max-snippet":"max-snippet:-1","max-image-preview":"max-image-preview:large","max-video-preview":"max-video-preview:-1"},"canonical":"https:\/\/help.jamk.fi\/peppi-ohjeet-henkilokunnalle\/fi\/opetussuunnittelu\/opetussuunnitelmat-opsit\/opintopolut\/","og_locale":"fi_FI","og_type":"article","og_title":"Opintopolut - Peppi-ohjeet henkil\u00f6kunnalle","og_description":"Opintopolut tarkoittavat Pepiss\u00e4 tutkinto-ohjelman sis\u00e4ll\u00e4 olevia k\u00e4rki\u00e4 tai suuntautumisia. Voit luoda rakenteen Opintopolku-v\u00e4lilehdell\u00e4 niin, ett\u00e4 opiskelija n\u00e4kee Opintopolku-n\u00e4kym\u00e4n kautta vain oman suuntautumisensa opinnot. Kuhunkin opintopolkuun liitet\u00e4\u00e4n kaikille yhteiset opinnot ja ko. suuntautumiseen kuuluvat opinnot. Voit lis\u00e4t\u00e4 opetussuunnitelmaan uuden opintopolun seuraavasti:","og_url":"https:\/\/help.jamk.fi\/peppi-ohjeet-henkilokunnalle\/fi\/opetussuunnittelu\/opetussuunnitelmat-opsit\/opintopolut\/","og_site_name":"Peppi-ohjeet henkil\u00f6kunnalle","article_modified_time":"2024-09-12T09:53:52+00:00","twitter_card":"summary_large_image","twitter_misc":{"Arvioitu lukuaika":"1 minuutti"},"schema":{"@context":"https:\/\/schema.org","@graph":[{"@type":"WebPage","@id":"https:\/\/help.jamk.fi\/peppi-ohjeet-henkilokunnalle\/fi\/opetussuunnittelu\/opetussuunnitelmat-opsit\/opintopolut\/","url":"https:\/\/help.jamk.fi\/peppi-ohjeet-henkilokunnalle\/fi\/opetussuunnittelu\/opetussuunnitelmat-opsit\/opintopolut\/","name":"Opintopolut - Peppi-ohjeet henkil\u00f6kunnalle","isPartOf":{"@id":"https:\/\/help.jamk.fi\/peppi-ohjeet-henkilokunnalle\/#website"},"datePublished":"2019-11-08T10:45:14+00:00","dateModified":"2024-09-12T09:53:52+00:00","breadcrumb":{"@id":"https:\/\/help.jamk.fi\/peppi-ohjeet-henkilokunnalle\/fi\/opetussuunnittelu\/opetussuunnitelmat-opsit\/opintopolut\/#breadcrumb"},"inLanguage":"fi","potentialAction":[{"@type":"ReadAction","target":["https:\/\/help.jamk.fi\/peppi-ohjeet-henkilokunnalle\/fi\/opetussuunnittelu\/opetussuunnitelmat-opsit\/opintopolut\/"]}]},{"@type":"BreadcrumbList","@id":"https:\/\/help.jamk.fi\/peppi-ohjeet-henkilokunnalle\/fi\/opetussuunnittelu\/opetussuunnitelmat-opsit\/opintopolut\/#breadcrumb","itemListElement":[{"@type":"ListItem","position":1,"name":"Home","item":"https:\/\/help.jamk.fi\/peppi-ohjeet-henkilokunnalle\/en\/"},{"@type":"ListItem","position":2,"name":"Opetussuunnittelu","item":"https:\/\/help.jamk.fi\/peppi-ohjeet-henkilokunnalle\/fi\/opetussuunnittelu\/"},{"@type":"ListItem","position":3,"name":"Opetussuunnitelmat (OPSit)","item":"https:\/\/help.jamk.fi\/peppi-ohjeet-henkilokunnalle\/fi\/opetussuunnittelu\/opetussuunnitelmat-opsit\/"},{"@type":"ListItem","position":4,"name":"Opintopolut"}]},{"@type":"WebSite","@id":"https:\/\/help.jamk.fi\/peppi-ohjeet-henkilokunnalle\/#website","url":"https:\/\/help.jamk.fi\/peppi-ohjeet-henkilokunnalle\/","name":"Peppi-ohjeet henkil\u00f6kunnalle","description":"","potentialAction":[{"@type":"SearchAction","target":{"@type":"EntryPoint","urlTemplate":"https:\/\/help.jamk.fi\/peppi-ohjeet-henkilokunnalle\/?s={search_term_string}"},"query-input":{"@type":"PropertyValueSpecification","valueRequired":true,"valueName":"search_term_string"}}],"inLanguage":"fi"}]}},"_links":{"self":[{"href":"https:\/\/help.jamk.fi\/peppi-ohjeet-henkilokunnalle\/wp-json\/wp\/v2\/pages\/4518","targetHints":{"allow":["GET"]}}],"collection":[{"href":"https:\/\/help.jamk.fi\/peppi-ohjeet-henkilokunnalle\/wp-json\/wp\/v2\/pages"}],"about":[{"href":"https:\/\/help.jamk.fi\/peppi-ohjeet-henkilokunnalle\/wp-json\/wp\/v2\/types\/page"}],"author":[{"embeddable":true,"href":"https:\/\/help.jamk.fi\/peppi-ohjeet-henkilokunnalle\/wp-json\/wp\/v2\/users\/79"}],"replies":[{"embeddable":true,"href":"https:\/\/help.jamk.fi\/peppi-ohjeet-henkilokunnalle\/wp-json\/wp\/v2\/comments?post=4518"}],"version-history":[{"count":5,"href":"https:\/\/help.jamk.fi\/peppi-ohjeet-henkilokunnalle\/wp-json\/wp\/v2\/pages\/4518\/revisions"}],"predecessor-version":[{"id":6378,"href":"https:\/\/help.jamk.fi\/peppi-ohjeet-henkilokunnalle\/wp-json\/wp\/v2\/pages\/4518\/revisions\/6378"}],"up":[{"embeddable":true,"href":"https:\/\/help.jamk.fi\/peppi-ohjeet-henkilokunnalle\/wp-json\/wp\/v2\/pages\/4525"}],"wp:attachment":[{"href":"https:\/\/help.jamk.fi\/peppi-ohjeet-henkilokunnalle\/wp-json\/wp\/v2\/media?parent=4518"}],"wp:term":[{"taxonomy":"category","embeddable":true,"href":"https:\/\/help.jamk.fi\/peppi-ohjeet-henkilokunnalle\/wp-json\/wp\/v2\/categories?post=4518"},{"taxonomy":"post_tag","embeddable":true,"href":"https:\/\/help.jamk.fi\/peppi-ohjeet-henkilokunnalle\/wp-json\/wp\/v2\/tags?post=4518"}],"curies":[{"name":"wp","href":"https:\/\/api.w.org\/{rel}","templated":true}]}}