{"id":4537,"date":"2019-11-25T07:47:52","date_gmt":"2019-11-25T05:47:52","guid":{"rendered":"https:\/\/help.jamk.fi\/peppi-ohjeet-henkilokunnalle\/vuosisuunnittelu\/mallipohjat\/"},"modified":"2024-01-22T16:54:00","modified_gmt":"2024-01-22T14:54:00","slug":"mallipohjat","status":"publish","type":"page","link":"https:\/\/help.jamk.fi\/peppi-ohjeet-henkilokunnalle\/fi\/vuosisuunnittelu\/mallipohjat\/","title":{"rendered":"Mallipohjat"},"content":{"rendered":"\n<h2 class=\"wp-block-heading\">Toteutuksen mallipohjat<\/h2>\n\n\n\n<p>Voit luoda ja tallentaa toteutussuunnitelman mallipohjia eri opintojaksojen toteutuksia varten. Mallipohjat sis\u00e4lt\u00e4v\u00e4t toteutuksen opetus ja arviointi -osion tekstikent\u00e4t.<\/p>\n\n\n\n<p>Tallentamalla tiedot mallipohjaan voit hy\u00f6dynt\u00e4\u00e4 kerran kirjoitettua teksti\u00e4 kaikilla niill\u00e4 toteutuksilla, jossa k\u00e4yt\u00e4t samoja opetus- ja arviointimenetelmi\u00e4.<\/p>\n\n\n\n<p>Kun olet tallentanut mallipohjan, voit ladata sen toteutuksillesi ja tarvittaessa muokataan teksti\u00e4 toteutuskohtaisesti.<\/p>\n\n\n\n<p>Olemassa olevan mallipohjan lataaminen toteutukselle<\/p>\n\n\n\n<ul class=\"wp-block-list\">\n<li>Avaa toteutus jolle haluat mallipohjan tiedot<\/li>\n\n\n\n<li>Toteutuksen perustiedot &gt; Muokkaa<\/li>\n\n\n\n<li>Opetus ja arviointi -otsikon alla Lataa mallipohja -toiminto tuo toteutuksen tekstikenttiin valitsemaasi mallipohjaan tallennetut tekstit<\/li>\n\n\n\n<li>Voit muokata mallipohjan tekstej\u00e4 Opetus ja arviointi -otsikon alla olevissa kentiss\u00e4 kyseiseen toteutukseen sopiviksi.<\/li>\n<\/ul>\n\n\n\n<p>Voit tallentaa useita mallipohjia.<br>Voit muokata tai poistaa mallipohjia.<\/p>\n\n\n\n<p>HUOM! Mallipohjan p\u00e4ivitykset ja poistot eiv\u00e4t muuta tai poista tietoja toteutuksilta, joissa mallipohjaa on k\u00e4ytetty.<\/p>\n\n\n\n<p>JAMKissa kaikki toteutussuunnitelmat sis\u00e4lt\u00e4v\u00e4t n\u00e4m\u00e4 tiedot:<\/p>\n\n\n\n<ul class=\"wp-block-list\">\n<li>Opetusmenetelm\u00e4t <\/li>\n\n\n\n<li>Aika ja paikka<\/li>\n\n\n\n<li>Oppimateriaali ja suositeltava kirjallisuus<\/li>\n\n\n\n<li>Toteutuksen valinnaiset suoritustavat<\/li>\n\n\n\n<li>Harjoittelu ja ty\u00f6el\u00e4m\u00e4yhteisty\u00f6<\/li>\n\n\n\n<li>Tenttien ajankohdat ja uusintamahdollisuudet<\/li>\n\n\n\n<li>KV yhteydet<\/li>\n\n\n\n<li>Opiskelijan ajank\u00e4ytt\u00f6 ja kuormitus<\/li>\n\n\n\n<li>Sis\u00e4ll\u00f6n jaksotus<\/li>\n\n\n\n<li>Lis\u00e4tietoja opiskelijalle (t\u00e4h\u00e4n kirjoitetaan arviointimenetelm\u00e4t)<\/li>\n\n\n\n<li>Arviointiasteikko<\/li>\n<\/ul>\n\n\n\n<p>Vaiheittainen ohje<\/p>\n\n\n\n<ol class=\"wp-block-list\">\n<li>Valitse Vuosisuunnittelu -&gt; Mallipohjat<\/li>\n\n\n\n<li>Luo uusi mallipohja\n<ol class=\"wp-block-list\">\n<li>Valitse Tee uusi mallipohja<\/li>\n\n\n\n<li>Anna mallipohjalle Mallipohjan nimi (pakollinen tieto) ja valitse k\u00e4ytett\u00e4v\u00e4 Arviointiasteikko<\/li>\n\n\n\n<li>Kirjoita haluamiisi kenttiin my\u00f6hemmin toteutussuunnittelussa k\u00e4ytett\u00e4v\u00e4t tiedot<\/li>\n\n\n\n<li>Valitse Tallenna<\/li>\n<\/ol>\n<\/li>\n\n\n\n<li>Muokkaa olemassa olevaa mallipohjaa\n<ol class=\"wp-block-list\">\n<li>Klikkaa vasemmasta navigaatiosta mallipohjan nime\u00e4<\/li>\n\n\n\n<li>Muokkaa haluamiasi kentti\u00e4<\/li>\n\n\n\n<li>Valitse Tallenna<\/li>\n<\/ol>\n<\/li>\n\n\n\n<li>Poista mallipohja\n<ol class=\"wp-block-list\">\n<li>Klikkaa vasemmassa navigaatiossa mallipohjan nimen vieress\u00e4 olevaa ruksia<\/li>\n\n\n\n<li>Valitse OK<\/li>\n<\/ol>\n<\/li>\n<\/ol>\n\n\n\n<h2 class=\"wp-block-heading\" id=\"Toteutuksenmallipohjat\">Mallipohjan tallennus<\/h2>\n\n\n\n<p>Avaa ty\u00f6p\u00f6yd\u00e4n yl\u00e4palkin Toteutukset-kuvakkeesta avautuvasta listasta Mallipohjat.<\/p>\n\n\n\n<p>Paina Tee uusi mallipohja -painiketta.<\/p>\n\n\n\n<p>Anna mallipohjalle nimi, valitse k\u00e4ytett\u00e4v\u00e4 arviointiasteikko ja t\u00e4yt\u00e4 tarvittavat tekstikent\u00e4t. Tallenna.<\/p>\n\n\n\n<p>Tee sellainen mallipohja, joka on hy\u00f6dynnett\u00e4viss\u00e4 mahdollisimman pitk\u00e4\u00e4n ja eri toteutuksilla. Esimerkiksi kellonaika- tai p\u00e4iv\u00e4m\u00e4\u00e4r\u00e4tietoja ei kannata tallentaa mallipohjaan.<\/p>\n","protected":false},"excerpt":{"rendered":"<p>Toteutuksen mallipohjat Voit luoda ja tallentaa toteutussuunnitelman mallipohjia eri opintojaksojen toteutuksia varten. Mallipohjat sis\u00e4lt\u00e4v\u00e4t toteutuksen opetus ja arviointi -osion tekstikent\u00e4t. Tallentamalla tiedot mallipohjaan voit hy\u00f6dynt\u00e4\u00e4 kerran kirjoitettua teksti\u00e4 kaikilla niill\u00e4 toteutuksilla, jossa k\u00e4yt\u00e4t samoja opetus- ja arviointimenetelmi\u00e4. Kun olet tallentanut mallipohjan, voit ladata sen toteutuksillesi ja tarvittaessa muokataan teksti\u00e4 toteutuskohtaisesti. Olemassa olevan mallipohjan lataaminen toteutukselle [&hellip;]<\/p>\n","protected":false},"author":78,"featured_media":0,"parent":4522,"menu_order":11,"comment_status":"closed","ping_status":"open","template":"","meta":{"_acf_changed":false,"_relevanssi_hide_post":"","_relevanssi_hide_content":"","_relevanssi_pin_for_all":"","_relevanssi_pin_keywords":"","_relevanssi_unpin_keywords":"","_relevanssi_related_keywords":"","_relevanssi_related_include_ids":"","_relevanssi_related_exclude_ids":"","_relevanssi_related_no_append":"","_relevanssi_related_not_related":"","_relevanssi_related_posts":"","_relevanssi_noindex_reason":"","footnotes":""},"categories":[1],"tags":[],"class_list":["post-4537","page","type-page","status-publish","hentry","category-uncategorised"],"acf":[],"yoast_head":"<!-- This site is optimized with the Yoast SEO plugin v27.4 - https:\/\/yoast.com\/product\/yoast-seo-wordpress\/ -->\n<title>Mallipohjat - Peppi-ohjeet henkil\u00f6kunnalle<\/title>\n<meta name=\"robots\" content=\"index, follow, max-snippet:-1, max-image-preview:large, max-video-preview:-1\" \/>\n<link rel=\"canonical\" href=\"https:\/\/help.jamk.fi\/peppi-ohjeet-henkilokunnalle\/fi\/vuosisuunnittelu\/mallipohjat\/\" \/>\n<meta property=\"og:locale\" content=\"fi_FI\" \/>\n<meta property=\"og:type\" content=\"article\" \/>\n<meta property=\"og:title\" content=\"Mallipohjat - Peppi-ohjeet henkil\u00f6kunnalle\" \/>\n<meta property=\"og:description\" content=\"Toteutuksen mallipohjat Voit luoda ja tallentaa toteutussuunnitelman mallipohjia eri opintojaksojen toteutuksia varten. Mallipohjat sis\u00e4lt\u00e4v\u00e4t toteutuksen opetus ja arviointi -osion tekstikent\u00e4t. Tallentamalla tiedot mallipohjaan voit hy\u00f6dynt\u00e4\u00e4 kerran kirjoitettua teksti\u00e4 kaikilla niill\u00e4 toteutuksilla, jossa k\u00e4yt\u00e4t samoja opetus- ja arviointimenetelmi\u00e4. Kun olet tallentanut mallipohjan, voit ladata sen toteutuksillesi ja tarvittaessa muokataan teksti\u00e4 toteutuskohtaisesti. Olemassa olevan mallipohjan lataaminen toteutukselle [&hellip;]\" \/>\n<meta property=\"og:url\" content=\"https:\/\/help.jamk.fi\/peppi-ohjeet-henkilokunnalle\/fi\/vuosisuunnittelu\/mallipohjat\/\" \/>\n<meta property=\"og:site_name\" content=\"Peppi-ohjeet henkil\u00f6kunnalle\" \/>\n<meta property=\"article:modified_time\" content=\"2024-01-22T14:54:00+00:00\" \/>\n<meta name=\"twitter:card\" content=\"summary_large_image\" \/>\n<meta name=\"twitter:label1\" content=\"Arvioitu lukuaika\" \/>\n\t<meta name=\"twitter:data1\" content=\"2 minuuttia\" \/>\n<script type=\"application\/ld+json\" class=\"yoast-schema-graph\">{\"@context\":\"https:\\\/\\\/schema.org\",\"@graph\":[{\"@type\":\"WebPage\",\"@id\":\"https:\\\/\\\/help.jamk.fi\\\/peppi-ohjeet-henkilokunnalle\\\/fi\\\/vuosisuunnittelu\\\/mallipohjat\\\/\",\"url\":\"https:\\\/\\\/help.jamk.fi\\\/peppi-ohjeet-henkilokunnalle\\\/fi\\\/vuosisuunnittelu\\\/mallipohjat\\\/\",\"name\":\"Mallipohjat - Peppi-ohjeet henkil\u00f6kunnalle\",\"isPartOf\":{\"@id\":\"https:\\\/\\\/help.jamk.fi\\\/peppi-ohjeet-henkilokunnalle\\\/#website\"},\"datePublished\":\"2019-11-25T05:47:52+00:00\",\"dateModified\":\"2024-01-22T14:54:00+00:00\",\"breadcrumb\":{\"@id\":\"https:\\\/\\\/help.jamk.fi\\\/peppi-ohjeet-henkilokunnalle\\\/fi\\\/vuosisuunnittelu\\\/mallipohjat\\\/#breadcrumb\"},\"inLanguage\":\"fi\",\"potentialAction\":[{\"@type\":\"ReadAction\",\"target\":[\"https:\\\/\\\/help.jamk.fi\\\/peppi-ohjeet-henkilokunnalle\\\/fi\\\/vuosisuunnittelu\\\/mallipohjat\\\/\"]}]},{\"@type\":\"BreadcrumbList\",\"@id\":\"https:\\\/\\\/help.jamk.fi\\\/peppi-ohjeet-henkilokunnalle\\\/fi\\\/vuosisuunnittelu\\\/mallipohjat\\\/#breadcrumb\",\"itemListElement\":[{\"@type\":\"ListItem\",\"position\":1,\"name\":\"Home\",\"item\":\"https:\\\/\\\/help.jamk.fi\\\/peppi-ohjeet-henkilokunnalle\\\/en\\\/\"},{\"@type\":\"ListItem\",\"position\":2,\"name\":\"Vuosisuunnittelu\",\"item\":\"https:\\\/\\\/help.jamk.fi\\\/peppi-ohjeet-henkilokunnalle\\\/fi\\\/vuosisuunnittelu\\\/\"},{\"@type\":\"ListItem\",\"position\":3,\"name\":\"Mallipohjat\"}]},{\"@type\":\"WebSite\",\"@id\":\"https:\\\/\\\/help.jamk.fi\\\/peppi-ohjeet-henkilokunnalle\\\/#website\",\"url\":\"https:\\\/\\\/help.jamk.fi\\\/peppi-ohjeet-henkilokunnalle\\\/\",\"name\":\"Peppi-ohjeet henkil\u00f6kunnalle\",\"description\":\"\",\"potentialAction\":[{\"@type\":\"SearchAction\",\"target\":{\"@type\":\"EntryPoint\",\"urlTemplate\":\"https:\\\/\\\/help.jamk.fi\\\/peppi-ohjeet-henkilokunnalle\\\/?s={search_term_string}\"},\"query-input\":{\"@type\":\"PropertyValueSpecification\",\"valueRequired\":true,\"valueName\":\"search_term_string\"}}],\"inLanguage\":\"fi\"}]}<\/script>\n<!-- \/ Yoast SEO plugin. -->","yoast_head_json":{"title":"Mallipohjat - Peppi-ohjeet henkil\u00f6kunnalle","robots":{"index":"index","follow":"follow","max-snippet":"max-snippet:-1","max-image-preview":"max-image-preview:large","max-video-preview":"max-video-preview:-1"},"canonical":"https:\/\/help.jamk.fi\/peppi-ohjeet-henkilokunnalle\/fi\/vuosisuunnittelu\/mallipohjat\/","og_locale":"fi_FI","og_type":"article","og_title":"Mallipohjat - Peppi-ohjeet henkil\u00f6kunnalle","og_description":"Toteutuksen mallipohjat Voit luoda ja tallentaa toteutussuunnitelman mallipohjia eri opintojaksojen toteutuksia varten. Mallipohjat sis\u00e4lt\u00e4v\u00e4t toteutuksen opetus ja arviointi -osion tekstikent\u00e4t. Tallentamalla tiedot mallipohjaan voit hy\u00f6dynt\u00e4\u00e4 kerran kirjoitettua teksti\u00e4 kaikilla niill\u00e4 toteutuksilla, jossa k\u00e4yt\u00e4t samoja opetus- ja arviointimenetelmi\u00e4. Kun olet tallentanut mallipohjan, voit ladata sen toteutuksillesi ja tarvittaessa muokataan teksti\u00e4 toteutuskohtaisesti. Olemassa olevan mallipohjan lataaminen toteutukselle [&hellip;]","og_url":"https:\/\/help.jamk.fi\/peppi-ohjeet-henkilokunnalle\/fi\/vuosisuunnittelu\/mallipohjat\/","og_site_name":"Peppi-ohjeet henkil\u00f6kunnalle","article_modified_time":"2024-01-22T14:54:00+00:00","twitter_card":"summary_large_image","twitter_misc":{"Arvioitu lukuaika":"2 minuuttia"},"schema":{"@context":"https:\/\/schema.org","@graph":[{"@type":"WebPage","@id":"https:\/\/help.jamk.fi\/peppi-ohjeet-henkilokunnalle\/fi\/vuosisuunnittelu\/mallipohjat\/","url":"https:\/\/help.jamk.fi\/peppi-ohjeet-henkilokunnalle\/fi\/vuosisuunnittelu\/mallipohjat\/","name":"Mallipohjat - Peppi-ohjeet henkil\u00f6kunnalle","isPartOf":{"@id":"https:\/\/help.jamk.fi\/peppi-ohjeet-henkilokunnalle\/#website"},"datePublished":"2019-11-25T05:47:52+00:00","dateModified":"2024-01-22T14:54:00+00:00","breadcrumb":{"@id":"https:\/\/help.jamk.fi\/peppi-ohjeet-henkilokunnalle\/fi\/vuosisuunnittelu\/mallipohjat\/#breadcrumb"},"inLanguage":"fi","potentialAction":[{"@type":"ReadAction","target":["https:\/\/help.jamk.fi\/peppi-ohjeet-henkilokunnalle\/fi\/vuosisuunnittelu\/mallipohjat\/"]}]},{"@type":"BreadcrumbList","@id":"https:\/\/help.jamk.fi\/peppi-ohjeet-henkilokunnalle\/fi\/vuosisuunnittelu\/mallipohjat\/#breadcrumb","itemListElement":[{"@type":"ListItem","position":1,"name":"Home","item":"https:\/\/help.jamk.fi\/peppi-ohjeet-henkilokunnalle\/en\/"},{"@type":"ListItem","position":2,"name":"Vuosisuunnittelu","item":"https:\/\/help.jamk.fi\/peppi-ohjeet-henkilokunnalle\/fi\/vuosisuunnittelu\/"},{"@type":"ListItem","position":3,"name":"Mallipohjat"}]},{"@type":"WebSite","@id":"https:\/\/help.jamk.fi\/peppi-ohjeet-henkilokunnalle\/#website","url":"https:\/\/help.jamk.fi\/peppi-ohjeet-henkilokunnalle\/","name":"Peppi-ohjeet henkil\u00f6kunnalle","description":"","potentialAction":[{"@type":"SearchAction","target":{"@type":"EntryPoint","urlTemplate":"https:\/\/help.jamk.fi\/peppi-ohjeet-henkilokunnalle\/?s={search_term_string}"},"query-input":{"@type":"PropertyValueSpecification","valueRequired":true,"valueName":"search_term_string"}}],"inLanguage":"fi"}]}},"_links":{"self":[{"href":"https:\/\/help.jamk.fi\/peppi-ohjeet-henkilokunnalle\/wp-json\/wp\/v2\/pages\/4537","targetHints":{"allow":["GET"]}}],"collection":[{"href":"https:\/\/help.jamk.fi\/peppi-ohjeet-henkilokunnalle\/wp-json\/wp\/v2\/pages"}],"about":[{"href":"https:\/\/help.jamk.fi\/peppi-ohjeet-henkilokunnalle\/wp-json\/wp\/v2\/types\/page"}],"author":[{"embeddable":true,"href":"https:\/\/help.jamk.fi\/peppi-ohjeet-henkilokunnalle\/wp-json\/wp\/v2\/users\/78"}],"replies":[{"embeddable":true,"href":"https:\/\/help.jamk.fi\/peppi-ohjeet-henkilokunnalle\/wp-json\/wp\/v2\/comments?post=4537"}],"version-history":[{"count":4,"href":"https:\/\/help.jamk.fi\/peppi-ohjeet-henkilokunnalle\/wp-json\/wp\/v2\/pages\/4537\/revisions"}],"predecessor-version":[{"id":6391,"href":"https:\/\/help.jamk.fi\/peppi-ohjeet-henkilokunnalle\/wp-json\/wp\/v2\/pages\/4537\/revisions\/6391"}],"up":[{"embeddable":true,"href":"https:\/\/help.jamk.fi\/peppi-ohjeet-henkilokunnalle\/wp-json\/wp\/v2\/pages\/4522"}],"wp:attachment":[{"href":"https:\/\/help.jamk.fi\/peppi-ohjeet-henkilokunnalle\/wp-json\/wp\/v2\/media?parent=4537"}],"wp:term":[{"taxonomy":"category","embeddable":true,"href":"https:\/\/help.jamk.fi\/peppi-ohjeet-henkilokunnalle\/wp-json\/wp\/v2\/categories?post=4537"},{"taxonomy":"post_tag","embeddable":true,"href":"https:\/\/help.jamk.fi\/peppi-ohjeet-henkilokunnalle\/wp-json\/wp\/v2\/tags?post=4537"}],"curies":[{"name":"wp","href":"https:\/\/api.w.org\/{rel}","templated":true}]}}