{"id":4547,"date":"2020-01-27T13:42:24","date_gmt":"2020-01-27T11:42:24","guid":{"rendered":"https:\/\/help.jamk.fi\/peppi-ohjeet-henkilokunnalle\/perus-ja-kuvaustiedot\/"},"modified":"2025-10-14T09:18:40","modified_gmt":"2025-10-14T06:18:40","slug":"perus-ja-kuvaustiedot","status":"publish","type":"page","link":"https:\/\/help.jamk.fi\/peppi-ohjeet-henkilokunnalle\/fi\/opettajan-ohjeet\/perus-ja-kuvaustiedot\/","title":{"rendered":"Opintojakson kuvaustiedot"},"content":{"rendered":"<div id=\"info-lift-block_11ba40e0a5591684cc80e3a6135d7a61\" class=\"block-info-lift block-info-lift\">\n  <div class=\"row\">\n    <div class=\"col-12\">\n              <div class=\"block-info-lift__content\">\n          <div class=\"block-info-lift__content__icon\">\n            <span>!<\/span>\n          <\/div>\n          <p class=\"block-info-lift__content__text\">Opintojakson, opintokokonaisuuden ja toteutuksen kuvauksen tiedot l\u00f6ytyv\u00e4t t\u00e4lt\u00e4 sivulta sek\u00e4 opintojakson perustiedot- ja toteutussuunnitelman t\u00e4ytt\u00f6ohje opettajille -sivuilta.<\/p>\n        <\/div>\n          <\/div>\n  <\/div>\n<\/div>\n\n\n<p>HUOM. Opintojaksoon tekem\u00e4si muutokset vaikuttavat seuraavasti:<\/p>\n\n\n\n<ul class=\"wp-block-list\">\n<li>Mik\u00e4li yksi opintojakso kuuluu useampaan OPSiin tai opintokokonaisuuteen, siihen tehdyt muutokset p\u00e4ivittyv\u00e4t samalla kaikkiin niihin elementteihin, joihin se on liitetty.\n<ul class=\"wp-block-list\">\n<li>Voit tarkistaa opintojakson liitokset Liitokset opetussuunnitelmiin ja erillisiin opintokokonaisuuksiin -v\u00e4lilehdelt\u00e4.<\/li>\n<\/ul>\n<\/li>\n\n\n\n<li>Jos opintojakso sis\u00e4ltyy jo hyv\u00e4ksyttyyn OPSiin, sen nime\u00e4, laajuutta, tavoitteita tai sis\u00e4lt\u00f6\u00e4 ei saa en\u00e4\u00e4 muuttaa.<\/li>\n\n\n\n<li><a href=\"https:\/\/help.jamk.fi\/peppi-ohjeet-henkilokunnalle\/fi\/opetussuunnittelu\/opintojaksot\/\">Katso opintojaksojen luomisen periaatteet Opintojaksot-sivulta<\/a>.<\/li>\n<\/ul>\n\n\n\n<p>Ennen kuin p\u00e4\u00e4set tekem\u00e4\u00e4n opintojakson kuvaustietoja, opintojaksosta on teht\u00e4v\u00e4 ns. perustiedot. Jamkissa opintojakson perustietoja p\u00e4\u00e4see tekem\u00e4\u00e4n yksik\u00f6n <strong>koulutuskoordinaattori tai muu vastaava henkil\u00f6<\/strong>. <a href=\"https:\/\/help.jamk.fi\/peppi-ohjeet-henkilokunnalle\/fi\/opetussuunnittelu\/opintojaksot\/opintojakson-perustiedot\/\">Katso perustietojen tekemisen ohjeet Opintojakson perustiedot -sivulta<\/a>.<\/p>\n\n\n\n<h2 class=\"wp-block-heading\">Kuvaustiedot<\/h2>\n\n\n<div id=\"info-lift-block_2b90ea95b5b36feff6f8bb1e0c0d3873\" class=\"block-info-lift block-info-lift\">\n  <div class=\"row\">\n    <div class=\"col-12\">\n              <div class=\"block-info-lift__content\">\n          <div class=\"block-info-lift__content__icon\">\n            <span>!<\/span>\n          <\/div>\n          <p class=\"block-info-lift__content__text\">Sis\u00e4lt\u00f6-, tavoitteet-, edelt\u00e4v\u00e4 osaaminen- ja lis\u00e4tiedot -kent\u00e4t n\u00e4kyv\u00e4t Opin.fi-palvelussa ja\/tai Jamkin verkkosivuilla.<\/p>\n        <\/div>\n          <\/div>\n  <\/div>\n<\/div>\n\n\n<p>Etsi opintojakso Pepin opettajan ty\u00f6p\u00f6yd\u00e4lt\u00e4 valitsemalla yl\u00e4valikosta: <strong>Opetussuunnittelu<\/strong> &gt; <strong>Opintojaksot.<\/strong><\/p>\n\n\n\n<p>Kuvaustiedot ovat enimm\u00e4kseen vapaita tekstikentti\u00e4, joissa on tarkoitus m\u00e4\u00e4ritell\u00e4 tarkemmin opintojakson sis\u00e4lt\u00f6, osaamistavoitteet ja arviointikriteerit. Jamkissa <strong>opintojakson vastuuhenkil\u00f6<\/strong> t\u00e4ytt\u00e4\u00e4 n\u00e4m\u00e4 tiedot. <\/p>\n\n\n\n<p><\/p>\n\n\n  <div id=\"notice-box-block_26f3d24b3e331a4a93c27f878d93d480\" class=\"block-notice-box block-notice-box\">\n          <h2 class=\"block-notice-box__heading\">Huomioi seuraavat asiat kirjoittaessasi kuvauksia<\/h2>\n    \n    <p>Kirjoita kaikki opintojaksokuvaukset sek\u00e4 suomeksi ett\u00e4 englanniksi. Suomenkieliset kuvaukset kirjoitetaan Suomeksi-kenttiin ja englanninkieliset kuvaukset Englanniksi-kenttiin.<\/p>\n<p>Samoja opintojaksokuvauksia k\u00e4ytet\u00e4\u00e4n myyt\u00e4viss\u00e4 koulutuksissa kuten korkeakouludiplomeissa, avoimen koulutuksissa (Opin.fi ja Jamkin verkkosivut) sek\u00e4 t\u00e4ydennys- ja tilauskoulutuksissa. Tee siis kuvauksesta selke\u00e4, innostava ja ymm\u00e4rrett\u00e4v\u00e4. Voit hy\u00f6dynt\u00e4\u00e4 esimerkiksi opintojaksopalautteissa esiin nousseita asioita.<\/p>\n<p>K\u00e4yt\u00e4 sin\u00e4-muotoa kuvailukentiss\u00e4.<\/p>\n<p>V\u00e4lt\u00e4 opintojaksokuvauksessa luettelomerkkej\u00e4, mutta jos se on v\u00e4ltt\u00e4m\u00e4t\u00f6nt\u00e4, k\u00e4yt\u00e4 \u2013 (ranskalaista viivaa). \u201dKauttaviiva-merkki\u00e4\u201d \/ ei saa k\u00e4ytt\u00e4\u00e4!<\/p>\n<p>Esimiehet p\u00e4\u00e4tt\u00e4v\u00e4t, tarkistetaanko opintojakso(t) ja yksik\u00f6n suunnittelija tai muu vastaava henkil\u00f6 merkitsee henkil\u00f6n tai henkil\u00f6t Tarkistus-kohtaan.<\/p>\n<p>Jos opintojakso toteutetaan sek\u00e4 suomeksi ett\u00e4 englanniksi, tee vain yksi opintojakso.<\/p>\n<p>Opintojakson arviointiasteikko ei periydy toteutukselle.<\/p>\n\n      <\/div>\n\n\n\n<h3 class=\"wp-block-heading\">Tavoitteet<\/h3>\n\n\n<div id=\"info-lift-block_c99f6fbdfba94e8165722557bbed49aa\" class=\"block-info-lift block-info-lift\">\n  <div class=\"row\">\n    <div class=\"col-12\">\n              <div class=\"block-info-lift__content\">\n          <div class=\"block-info-lift__content__icon\">\n            <span>!<\/span>\n          <\/div>\n          <p class=\"block-info-lift__content__text\">N\u00e4kyy Opin.fi-palvelussa ja Jamkin verkkosivuilla.<\/p>\n        <\/div>\n          <\/div>\n  <\/div>\n<\/div>\n\n\n<h4 class=\"wp-block-heading\">Opintojakson osaamistavoite<\/h4>\n\n\n\n<p>Kuvaa t\u00e4h\u00e4n opintojakson osaamistavoite <a href=\"https:\/\/op.europa.eu\/en\/publication-detail\/-\/publication\/da7467e6-8450-11e5-b8b7-01aa75ed71a1\">ECTS-ohjeistuksen mukaisesti (pdf, in English)<\/a> huomioiden EQF-osaamistaso. Kuvaa, miten esimerkiksi eettisyys ilmenee t\u00e4ll\u00e4 opintojaksolla tai mit\u00e4 opiskelija oppii eettisyydest\u00e4 t\u00e4ll\u00e4 opintojaksolla.<\/p>\n\n\n\n<p><strong>Osaamistavoitteet johdetaan tutkinto-ohjelman osaamisista sek\u00e4 opintokokonaisuuden osaamistavoitteesta.<\/strong> Huomioi OPS-rakenteessa olevat opintojakson osaamisen kiinnitykset! Kuvaa opintojakson osaamistavoitteet <strong>tavoiteltavien oppimistulosten <\/strong>muodossa; mit\u00e4 opiskelija osaa opintojakson suoritettuaan. Millainen tieto ja ymm\u00e4rrys sek\u00e4 teoreettiset, k\u00e4yt\u00e4nn\u00f6lliset ja soveltavat taidot opiskelijalla on opintojakson suorittamisen j\u00e4lkeen (Knowledge and Understanding, Intellectual Skills, Practical Skills, Transferable Skills). Kuvaustapa korostaa sit\u00e4, mit\u00e4 opiskelija tiet\u00e4\u00e4, ymm\u00e4rt\u00e4\u00e4, osaa tehd\u00e4 oppimisprosessin tuloksena. Kirjoita kuvaus opiskelijan tekemisen verbeill\u00e4 kuten esim. tiet\u00e4\u00e4, ymm\u00e4rt\u00e4\u00e4, soveltaa, toimii, analysoi jne.<\/p>\n\n\n\n<p>Oppimistulos kuvataan siten, ett\u00e4 se on linjassa arvosana 1:n (v\u00e4ltt\u00e4v\u00e4) tai hyv\u00e4ksytty kanssa.<\/p>\n\n\n\n<p><strong>T\u00e4ss\u00e4 Ei mainita<\/strong> siit\u00e4, mit\u00e4 tai miten opintojakson aikana opiskellaan (sis\u00e4lt\u00f6 ja toteutustavat kerrotaan erikseen). Ei k\u00e4ytet\u00e4 lyhenteit\u00e4, koska kaikki eiv\u00e4t v\u00e4ltt\u00e4m\u00e4tt\u00e4 tunne niiden oikeita merkityksi\u00e4. Osaaminen on m\u00e4\u00e4ritelt\u00e4v\u00e4 ymm\u00e4rrett\u00e4v\u00e4sti, esim. pelkk\u00e4 standardien maininta ei riit\u00e4.<\/p>\n\n\n\n<h4 class=\"wp-block-heading\">Opintojakson osaamiset<\/h4>\n\n\n\n<p>Luettele tutkinnon osaamiset t\u00e4h\u00e4n.<\/p>\n\n\n\n<p>Esimerkiksi n\u00e4in:<br>Eettisyys: ymm\u00e4rt\u00e4\u00e4 hyv\u00e4n tieteellisen k\u00e4yt\u00e4nn\u00f6n periaatteet ja toimii niiden mukaisesti.<br>Kest\u00e4v\u00e4 kehitys: osaa k\u00e4ytt\u00e4\u00e4 omaan alaansa liittyv\u00e4\u00e4 tietoa kest\u00e4vien ratkaisujen ja toimintamallien etsimiseen, k\u00e4ytt\u00f6\u00f6nottamiseen ja vakiinnuttamiseen.<\/p>\n\n\n\n<h3 class=\"wp-block-heading\">Sis\u00e4lt\u00f6<\/h3>\n\n\n<div id=\"info-lift-block_3a52002f702f430aad700b5d95e74013\" class=\"block-info-lift block-info-lift\">\n  <div class=\"row\">\n    <div class=\"col-12\">\n              <div class=\"block-info-lift__content\">\n          <div class=\"block-info-lift__content__icon\">\n            <span>!<\/span>\n          <\/div>\n          <p class=\"block-info-lift__content__text\">Opin.fi-palvelussa Sis\u00e4lt\u00f6-kentt\u00e4 on opintojaksosivun ylin kentt\u00e4. Kirjoita alkuun v\u00e4hint\u00e4\u00e4n yksi lause, mist\u00e4 opintojaksossa on kyse. Esim. T\u00e4ss\u00e4 opintojaksossa opit &#8230; Opintojakso antaa sinulle ty\u00f6kaluja &#8230; Kentt\u00e4 n\u00e4kyy my\u00f6s Jamkin verkkosivuilla.<\/p>\n        <\/div>\n          <\/div>\n  <\/div>\n<\/div>\n\n\n<p>Kerro t\u00e4ss\u00e4 tarkemmin opintojakson keskeisimmist\u00e4 sis\u00e4ll\u00f6ist\u00e4; kerrotaan lukijalle t\u00e4sm\u00e4llisesti ja konkreettisesti, mit\u00e4 asioita, taitoja yms. opiskellaan. Aloita kuvaus johdantolauseella.<\/p>\n\n\n\n<p>Ei mainintaa toteutustavoista.<\/p>\n\n\n\n<p>Vastaa kysymyksiin:<\/p>\n\n\n\n<ul class=\"wp-block-list\">\n<li>Mitk\u00e4 ovat opintojakson <strong>t\u00e4rkeimpi\u00e4 sis\u00e4lt\u00f6j\u00e4<\/strong>?<\/li>\n\n\n\n<li>Mit\u00e4 <strong>ty\u00f6kaluja<\/strong> opintojaksolta saa?<\/li>\n<\/ul>\n\n\n\n<h3 class=\"wp-block-heading\">Toteutustavat<\/h3>\n\n\n\n<p>Kuvataan toteutuksen yhteydess\u00e4 Opetusmenetelm\u00e4t-kohdassa.<\/p>\n\n\n\n<h3 class=\"wp-block-heading\">Lis\u00e4tiedot<\/h3>\n\n\n<div id=\"info-lift-block_e43cd52975223c78077307a6cdbdfd50\" class=\"block-info-lift block-info-lift\">\n  <div class=\"row\">\n    <div class=\"col-12\">\n              <div class=\"block-info-lift__content\">\n          <div class=\"block-info-lift__content__icon\">\n            <span>!<\/span>\n          <\/div>\n          <p class=\"block-info-lift__content__text\">N\u00e4kyy Opin.fi-palvelussa.<\/p>\n        <\/div>\n          <\/div>\n  <\/div>\n<\/div>\n\n\n<p>Vapaamuotoinen kentt\u00e4, joka on varattu oleellisille tiedoille, jotka eiv\u00e4t selvi\u00e4 kuvauksesta. Voit kirjoittaa kentt\u00e4\u00e4n lis\u00e4informaatiota opintojaksosta, sen liittymisest\u00e4 esim. johonkin v\u00e4yl\u00e4\u00e4n. Mik\u00e4li opintojaksoa tarjotaan muille kuin tutkinto-opiskelijoille, voit kuvata t\u00e4ss\u00e4 kohderyhm\u00e4n (kenelle opinnot sopivat?).<\/p>\n\n\n\n<h3 class=\"wp-block-heading\">Oppimateriaalit<\/h3>\n\n\n\n<p>Kuvataan toteutuksen yhteydess\u00e4. Kentt\u00e4 n\u00e4kyy Opin.fi-palvelussa, jos kent\u00e4ss\u00e4 on sis\u00e4lt\u00f6\u00e4.<\/p>\n\n\n\n<h3 class=\"wp-block-heading\">Kurssikirjallisuus<\/h3>\n\n\n\n<p>Tieto ei n\u00e4y opiskelijalle.<\/p>\n\n\n\n<p>HUOM: Lis\u00e4\u00e4 kirjallisuus my\u00f6s toteutukseen, jotta opiskelijat n\u00e4kev\u00e4t ne. Muista my\u00f6s ilmoittaa opintojaksolle valitsemasi kurssikirjallisuus ja muu materiaali sek\u00e4 ryhm\u00e4n koko kirjastolle.<\/p>\n\n\n\n<h3 class=\"wp-block-heading\">Edelt\u00e4v\u00e4 osaaminen<\/h3>\n\n\n<div id=\"info-lift-block_c99f6fbdfba94e8165722557bbed49aa\" class=\"block-info-lift block-info-lift\">\n  <div class=\"row\">\n    <div class=\"col-12\">\n              <div class=\"block-info-lift__content\">\n          <div class=\"block-info-lift__content__icon\">\n            <span>!<\/span>\n          <\/div>\n          <p class=\"block-info-lift__content__text\">N\u00e4kyy Opin.fi-palvelussa ja Jamkin verkkosivuilla.<\/p>\n        <\/div>\n          <\/div>\n  <\/div>\n<\/div>\n\n\n<p>Kirjoita t\u00e4h\u00e4n edelt\u00e4v\u00e4 osaaminen, ei viittauksia opintojaksoihin eik\u00e4 tutkintoihin. Jos jokin asia on edellytyksen\u00e4 ammattikorkeakouluun p\u00e4\u00e4sylle, esim. peruskoulun matematiikka, se ei ole edelt\u00e4v\u00e4\u00e4 osaamista.<\/p>\n\n\n\n<p>Esimerkkej\u00e4 edelt\u00e4v\u00e4st\u00e4 osaamisesta:<\/p>\n\n\n\n<ul class=\"wp-block-list\">\n<li>Suositellaan \/ vaaditaan markkinoinnin perustietojen hallintaa.<\/li>\n\n\n\n<li>Suositellaan, ett\u00e4 sinulla on tietotekniikan perustaidot hallussa.<\/li>\n<\/ul>\n\n\n\n<p>Kohtaan on otettava kantaa eli jos edelt\u00e4v\u00e4\u00e4 osaamista ei edellytet\u00e4, kirjoita kentt\u00e4\u00e4n esim. Ei vaadi edelt\u00e4v\u00e4\u00e4 osaamista. \u00c4l\u00e4 k\u00e4yt\u00e4 ranskalaista viivaa!<\/p>\n\n\n\n<p><strong>Huom. Jos olet lis\u00e4nnyt Pakollisen edelt\u00e4v\u00e4n opintojakson Vastaavuudet ja edelt\u00e4vyydet -v\u00e4lilehdell\u00e4, tsekkaa, ett\u00e4 se on linjassa t\u00e4m\u00e4n kent\u00e4n kanssa.<\/strong><\/p>\n\n\n\n<h3 class=\"wp-block-heading\"><\/h3>\n\n\n  <div id=\"notice-box-block_660b2b765b966d7974e4324973d57419\" class=\"block-notice-box block-notice-box\">\n          <h2 class=\"block-notice-box__heading\">UUSI! Ingressi &#8211; max. 300 merkki\u00e4<\/h2>\n    \n    <p>Siirr\u00e4 Tavoitteet-kent\u00e4st\u00e4 &#8221;opintojakson tarkoitus&#8221; -teksti t\u00e4h\u00e4n kentt\u00e4\u00e4n. <\/p>\n<p>Kuvaa lyhyesti opintojakson tarkoitus opiskelijan n\u00e4k\u00f6kulmasta. Hy\u00f6dynn\u00e4 alla olevia kysymyksi\u00e4:<\/p>\n<p>Mink\u00e4 takia opintojakso on olemassa?<br \/>\nMit\u00e4 osallistuja oppii opintojakson aikana?<br \/>\nMiten osaaminen kehittyy?<br \/>\nMit\u00e4 osallistuja hallitsee tai osaa opintojakson k\u00e4yty\u00e4\u00e4n?<br \/>\nKirjoita hy\u00f6tyn\u00e4k\u00f6kulma: esim. \u201dT\u00e4m\u00e4n opintojakson k\u00e4yty\u00e4si olet oppinut\u2026\u201d<\/p>\n<p>Lis\u00e4ksi voit kertoa, kenelle opintojakso on tarkoitettu, jos opintoa tarjotaan Opin.fi-palvelussa.<\/p>\n\n      <\/div>\n\n\n\n<h3 class=\"wp-block-heading\">Arviointiasteikko<\/h3>\n\n\n\n<p>0-5 tai hyv\u00e4ksytty\/hyl\u00e4tty tutkintos\u00e4\u00e4nn\u00f6n mukaisesti. Tieto ei periydy toteutukselle.<\/p>\n\n\n\n<h3 class=\"wp-block-heading\">Arviointikriteerit, v\u00e4ltt\u00e4v\u00e4 1, tyydytt\u00e4v\u00e4 2<\/h3>\n\n\n\n<p>Kuvaa kentt\u00e4\u00e4n arviointikriteerit erikseen arvosanoille 1 ja 2.<\/p>\n\n\n\n<p>Arviointikriteereill\u00e4 kuvataan opiskelijan saavuttamaa osaamista suhteessa opintojakson osaamistavoitteisiin. V\u00e4lt\u00e4 adjektiivien k\u00e4ytt\u00e4mist\u00e4, kuvaa tasoero esim. Bloomin taksonomian mukaisilla verbeill\u00e4 tai SOLO-taksonomian mukaan.<\/p>\n\n\n\n<p>\u201dAssessment criteria are descriptions of what the student is expected to do, in order to demonstrate that a learning outcome has been achieved.\u201d (ECTS user\u2019s guide 2015)<\/p>\n\n\n\n<p>Mik\u00e4li opetussuunnitelmassa ei toisin m\u00e4\u00e4r\u00e4t\u00e4, hyv\u00e4ksyttyjen opintosuoritusten arviointiasteikko voi tarkoituksen mukaan olla joko viisiportainen: 5 (erinomainen), 4 (kiitett\u00e4v\u00e4), 3 (hyv\u00e4), 2 (tyydytt\u00e4v\u00e4) ja 1 (v\u00e4ltt\u00e4v\u00e4) tai hyv\u00e4ksytty (S)\/hyl\u00e4tty (0). Opintojakson suoritus on hyl\u00e4tty (0), mik\u00e4li opiskelija ei saavuta opintojakson l\u00e4p\u00e4isylle asetettuja minimitavoitteita.<\/p>\n\n\n\n<h3 class=\"wp-block-heading\">Arviointikriteerit, hyv\u00e4 3, kiitett\u00e4v\u00e4 4<\/h3>\n\n\n\n<p>Kuvaa kentt\u00e4\u00e4n arviointikriteerit erikseen arvosanoille 3 ja 4.<\/p>\n\n\n\n<h3 class=\"wp-block-heading\">Arviointikriteeri, erinomainen 5<\/h3>\n\n\n\n<p>Kuvaa kentt\u00e4\u00e4n arviointikriteerit arvosanalle 5.<\/p>\n\n\n\n<h3 class=\"wp-block-heading\">Arviointikriteeri, hyv\u00e4ksytty\/hyl\u00e4tty<\/h3>\n\n\n\n<p>Kuvaa kentt\u00e4\u00e4n arviointikriteerit arvosanalle \u201dhyv\u00e4ksytty\u201d.<\/p>\n\n\n\n<h3 class=\"wp-block-heading\">Tarkistus<\/h3>\n\n\n\n<p>T\u00e4ss\u00e4 m\u00e4\u00e4ritell\u00e4\u00e4n, tarvitaanko kyseisell\u00e4 jaksolla kielen ja\/tai sis\u00e4ll\u00f6n tarkistusta. Jos toimit opintojakson sis\u00e4ll\u00f6n tai kielen tarkistajana, sinun tulee laittaa ruksi \u201cSis\u00e4lt\u00f6 tarkistettu\u201d \u2013 tai \u201cK\u00e4\u00e4nn\u00f6s tarkistettu\u201d -kohtaan tarkistuksen j\u00e4lkeen.<\/p>\n\n\n\n<h4 class=\"wp-block-heading\">Vaatii sis\u00e4ll\u00f6n tarkistuksen \/ Vaatii k\u00e4\u00e4nn\u00f6ksen tarkistuksen<\/h4>\n\n\n\n<p>N\u00e4ihin kohtiin laitetaan ruksit silloin, jos yksik\u00f6ss\u00e4, alalla tai tutkinto-ohjelmassa halutaan, ett\u00e4 opintojakso tarkistetaan sis\u00e4ll\u00f6n ja\/tai k\u00e4\u00e4nn\u00f6ksen osalta.<\/p>\n\n\n\n<h4 class=\"wp-block-heading\">Sis\u00e4ll\u00f6n tarkistaja \/ K\u00e4\u00e4nt\u00e4j\u00e4<\/h4>\n\n\n\n<p>Etsi alasvetovalikosta kirjoittamalla kentt\u00e4\u00e4n sen henkil\u00f6n nimi, jonka teht\u00e4viin sis\u00e4ll\u00f6n tai k\u00e4\u00e4nn\u00f6ksen tarkistaminen kuuluu. T\u00e4ytet\u00e4\u00e4n vain, jos tarkistus vaaditaan (ruksi kohdassa \u201dvaatii tarkistuksen\u201d).<\/p>\n\n\n\n<h4 class=\"wp-block-heading\">Sis\u00e4lt\u00f6\/k\u00e4\u00e4nn\u00f6s tarkistettu<\/h4>\n\n\n\n<p>Sis\u00e4ll\u00f6n tai k\u00e4\u00e4nn\u00f6ksen tarkistaja asettaa ruksin tehty\u00e4\u00e4n ty\u00f6n.<\/p>\n\n\n\n<h3 class=\"wp-block-heading\">Kommentti<\/h3>\n\n\n\n<p>Kommentti-osio n\u00e4ytt\u00e4\u00e4 virkailijan kommentit ko. opintojakson tietoihin liittyen. Kommenttikent\u00e4n sis\u00e4lt\u00f6 ei v\u00e4lity opiskelijoille.<\/p>\n","protected":false},"excerpt":{"rendered":"<p>HUOM. Opintojaksoon tekem\u00e4si muutokset vaikuttavat seuraavasti: Ennen kuin p\u00e4\u00e4set tekem\u00e4\u00e4n opintojakson kuvaustietoja, opintojaksosta on teht\u00e4v\u00e4 ns. perustiedot. Jamkissa opintojakson perustietoja p\u00e4\u00e4see tekem\u00e4\u00e4n yksik\u00f6n koulutuskoordinaattori tai muu vastaava henkil\u00f6. Katso perustietojen tekemisen ohjeet Opintojakson perustiedot -sivulta. Kuvaustiedot Etsi opintojakso Pepin opettajan ty\u00f6p\u00f6yd\u00e4lt\u00e4 valitsemalla yl\u00e4valikosta: Opetussuunnittelu &gt; Opintojaksot. Kuvaustiedot ovat enimm\u00e4kseen vapaita tekstikentti\u00e4, joissa on tarkoitus m\u00e4\u00e4ritell\u00e4 [&hellip;]<\/p>\n","protected":false},"author":79,"featured_media":0,"parent":4552,"menu_order":1,"comment_status":"closed","ping_status":"open","template":"","meta":{"_acf_changed":false,"_relevanssi_hide_post":"","_relevanssi_hide_content":"","_relevanssi_pin_for_all":"","_relevanssi_pin_keywords":"","_relevanssi_unpin_keywords":"","_relevanssi_related_keywords":"","_relevanssi_related_include_ids":"","_relevanssi_related_exclude_ids":"","_relevanssi_related_no_append":"","_relevanssi_related_not_related":"","_relevanssi_related_posts":"","_relevanssi_noindex_reason":"","footnotes":""},"categories":[1],"tags":[],"class_list":["post-4547","page","type-page","status-publish","hentry","category-uncategorised"],"acf":[],"yoast_head":"<!-- This site is optimized with the Yoast SEO plugin v27.3 - https:\/\/yoast.com\/product\/yoast-seo-wordpress\/ -->\n<title>Opintojakson kuvaustiedot - Peppi-ohjeet henkil\u00f6kunnalle<\/title>\n<meta name=\"robots\" content=\"index, follow, max-snippet:-1, max-image-preview:large, max-video-preview:-1\" \/>\n<link rel=\"canonical\" href=\"https:\/\/help.jamk.fi\/peppi-ohjeet-henkilokunnalle\/fi\/opettajan-ohjeet\/perus-ja-kuvaustiedot\/\" \/>\n<meta property=\"og:locale\" content=\"fi_FI\" \/>\n<meta property=\"og:type\" content=\"article\" \/>\n<meta property=\"og:title\" content=\"Opintojakson kuvaustiedot - Peppi-ohjeet henkil\u00f6kunnalle\" \/>\n<meta property=\"og:description\" content=\"HUOM. Opintojaksoon tekem\u00e4si muutokset vaikuttavat seuraavasti: Ennen kuin p\u00e4\u00e4set tekem\u00e4\u00e4n opintojakson kuvaustietoja, opintojaksosta on teht\u00e4v\u00e4 ns. perustiedot. Jamkissa opintojakson perustietoja p\u00e4\u00e4see tekem\u00e4\u00e4n yksik\u00f6n koulutuskoordinaattori tai muu vastaava henkil\u00f6. Katso perustietojen tekemisen ohjeet Opintojakson perustiedot -sivulta. Kuvaustiedot Etsi opintojakso Pepin opettajan ty\u00f6p\u00f6yd\u00e4lt\u00e4 valitsemalla yl\u00e4valikosta: Opetussuunnittelu &gt; Opintojaksot. Kuvaustiedot ovat enimm\u00e4kseen vapaita tekstikentti\u00e4, joissa on tarkoitus m\u00e4\u00e4ritell\u00e4 [&hellip;]\" \/>\n<meta property=\"og:url\" content=\"https:\/\/help.jamk.fi\/peppi-ohjeet-henkilokunnalle\/fi\/opettajan-ohjeet\/perus-ja-kuvaustiedot\/\" \/>\n<meta property=\"og:site_name\" content=\"Peppi-ohjeet henkil\u00f6kunnalle\" \/>\n<meta property=\"article:modified_time\" content=\"2025-10-14T06:18:40+00:00\" \/>\n<meta name=\"twitter:card\" content=\"summary_large_image\" \/>\n<meta name=\"twitter:label1\" content=\"Arvioitu lukuaika\" \/>\n\t<meta name=\"twitter:data1\" content=\"5 minuuttia\" \/>\n<script type=\"application\/ld+json\" class=\"yoast-schema-graph\">{\"@context\":\"https:\\\/\\\/schema.org\",\"@graph\":[{\"@type\":\"WebPage\",\"@id\":\"https:\\\/\\\/help.jamk.fi\\\/peppi-ohjeet-henkilokunnalle\\\/fi\\\/opettajan-ohjeet\\\/perus-ja-kuvaustiedot\\\/\",\"url\":\"https:\\\/\\\/help.jamk.fi\\\/peppi-ohjeet-henkilokunnalle\\\/fi\\\/opettajan-ohjeet\\\/perus-ja-kuvaustiedot\\\/\",\"name\":\"Opintojakson kuvaustiedot - Peppi-ohjeet henkil\u00f6kunnalle\",\"isPartOf\":{\"@id\":\"https:\\\/\\\/help.jamk.fi\\\/peppi-ohjeet-henkilokunnalle\\\/#website\"},\"datePublished\":\"2020-01-27T11:42:24+00:00\",\"dateModified\":\"2025-10-14T06:18:40+00:00\",\"breadcrumb\":{\"@id\":\"https:\\\/\\\/help.jamk.fi\\\/peppi-ohjeet-henkilokunnalle\\\/fi\\\/opettajan-ohjeet\\\/perus-ja-kuvaustiedot\\\/#breadcrumb\"},\"inLanguage\":\"fi\",\"potentialAction\":[{\"@type\":\"ReadAction\",\"target\":[\"https:\\\/\\\/help.jamk.fi\\\/peppi-ohjeet-henkilokunnalle\\\/fi\\\/opettajan-ohjeet\\\/perus-ja-kuvaustiedot\\\/\"]}]},{\"@type\":\"BreadcrumbList\",\"@id\":\"https:\\\/\\\/help.jamk.fi\\\/peppi-ohjeet-henkilokunnalle\\\/fi\\\/opettajan-ohjeet\\\/perus-ja-kuvaustiedot\\\/#breadcrumb\",\"itemListElement\":[{\"@type\":\"ListItem\",\"position\":1,\"name\":\"Home\",\"item\":\"https:\\\/\\\/help.jamk.fi\\\/peppi-ohjeet-henkilokunnalle\\\/en\\\/\"},{\"@type\":\"ListItem\",\"position\":2,\"name\":\"Opettajan ohjeet\",\"item\":\"https:\\\/\\\/help.jamk.fi\\\/peppi-ohjeet-henkilokunnalle\\\/fi\\\/opettajan-ohjeet\\\/\"},{\"@type\":\"ListItem\",\"position\":3,\"name\":\"Opintojakson kuvaustiedot\"}]},{\"@type\":\"WebSite\",\"@id\":\"https:\\\/\\\/help.jamk.fi\\\/peppi-ohjeet-henkilokunnalle\\\/#website\",\"url\":\"https:\\\/\\\/help.jamk.fi\\\/peppi-ohjeet-henkilokunnalle\\\/\",\"name\":\"Peppi-ohjeet henkil\u00f6kunnalle\",\"description\":\"\",\"potentialAction\":[{\"@type\":\"SearchAction\",\"target\":{\"@type\":\"EntryPoint\",\"urlTemplate\":\"https:\\\/\\\/help.jamk.fi\\\/peppi-ohjeet-henkilokunnalle\\\/?s={search_term_string}\"},\"query-input\":{\"@type\":\"PropertyValueSpecification\",\"valueRequired\":true,\"valueName\":\"search_term_string\"}}],\"inLanguage\":\"fi\"}]}<\/script>\n<!-- \/ Yoast SEO plugin. -->","yoast_head_json":{"title":"Opintojakson kuvaustiedot - Peppi-ohjeet henkil\u00f6kunnalle","robots":{"index":"index","follow":"follow","max-snippet":"max-snippet:-1","max-image-preview":"max-image-preview:large","max-video-preview":"max-video-preview:-1"},"canonical":"https:\/\/help.jamk.fi\/peppi-ohjeet-henkilokunnalle\/fi\/opettajan-ohjeet\/perus-ja-kuvaustiedot\/","og_locale":"fi_FI","og_type":"article","og_title":"Opintojakson kuvaustiedot - Peppi-ohjeet henkil\u00f6kunnalle","og_description":"HUOM. Opintojaksoon tekem\u00e4si muutokset vaikuttavat seuraavasti: Ennen kuin p\u00e4\u00e4set tekem\u00e4\u00e4n opintojakson kuvaustietoja, opintojaksosta on teht\u00e4v\u00e4 ns. perustiedot. Jamkissa opintojakson perustietoja p\u00e4\u00e4see tekem\u00e4\u00e4n yksik\u00f6n koulutuskoordinaattori tai muu vastaava henkil\u00f6. Katso perustietojen tekemisen ohjeet Opintojakson perustiedot -sivulta. Kuvaustiedot Etsi opintojakso Pepin opettajan ty\u00f6p\u00f6yd\u00e4lt\u00e4 valitsemalla yl\u00e4valikosta: Opetussuunnittelu &gt; Opintojaksot. Kuvaustiedot ovat enimm\u00e4kseen vapaita tekstikentti\u00e4, joissa on tarkoitus m\u00e4\u00e4ritell\u00e4 [&hellip;]","og_url":"https:\/\/help.jamk.fi\/peppi-ohjeet-henkilokunnalle\/fi\/opettajan-ohjeet\/perus-ja-kuvaustiedot\/","og_site_name":"Peppi-ohjeet henkil\u00f6kunnalle","article_modified_time":"2025-10-14T06:18:40+00:00","twitter_card":"summary_large_image","twitter_misc":{"Arvioitu lukuaika":"5 minuuttia"},"schema":{"@context":"https:\/\/schema.org","@graph":[{"@type":"WebPage","@id":"https:\/\/help.jamk.fi\/peppi-ohjeet-henkilokunnalle\/fi\/opettajan-ohjeet\/perus-ja-kuvaustiedot\/","url":"https:\/\/help.jamk.fi\/peppi-ohjeet-henkilokunnalle\/fi\/opettajan-ohjeet\/perus-ja-kuvaustiedot\/","name":"Opintojakson kuvaustiedot - Peppi-ohjeet henkil\u00f6kunnalle","isPartOf":{"@id":"https:\/\/help.jamk.fi\/peppi-ohjeet-henkilokunnalle\/#website"},"datePublished":"2020-01-27T11:42:24+00:00","dateModified":"2025-10-14T06:18:40+00:00","breadcrumb":{"@id":"https:\/\/help.jamk.fi\/peppi-ohjeet-henkilokunnalle\/fi\/opettajan-ohjeet\/perus-ja-kuvaustiedot\/#breadcrumb"},"inLanguage":"fi","potentialAction":[{"@type":"ReadAction","target":["https:\/\/help.jamk.fi\/peppi-ohjeet-henkilokunnalle\/fi\/opettajan-ohjeet\/perus-ja-kuvaustiedot\/"]}]},{"@type":"BreadcrumbList","@id":"https:\/\/help.jamk.fi\/peppi-ohjeet-henkilokunnalle\/fi\/opettajan-ohjeet\/perus-ja-kuvaustiedot\/#breadcrumb","itemListElement":[{"@type":"ListItem","position":1,"name":"Home","item":"https:\/\/help.jamk.fi\/peppi-ohjeet-henkilokunnalle\/en\/"},{"@type":"ListItem","position":2,"name":"Opettajan ohjeet","item":"https:\/\/help.jamk.fi\/peppi-ohjeet-henkilokunnalle\/fi\/opettajan-ohjeet\/"},{"@type":"ListItem","position":3,"name":"Opintojakson kuvaustiedot"}]},{"@type":"WebSite","@id":"https:\/\/help.jamk.fi\/peppi-ohjeet-henkilokunnalle\/#website","url":"https:\/\/help.jamk.fi\/peppi-ohjeet-henkilokunnalle\/","name":"Peppi-ohjeet henkil\u00f6kunnalle","description":"","potentialAction":[{"@type":"SearchAction","target":{"@type":"EntryPoint","urlTemplate":"https:\/\/help.jamk.fi\/peppi-ohjeet-henkilokunnalle\/?s={search_term_string}"},"query-input":{"@type":"PropertyValueSpecification","valueRequired":true,"valueName":"search_term_string"}}],"inLanguage":"fi"}]}},"_links":{"self":[{"href":"https:\/\/help.jamk.fi\/peppi-ohjeet-henkilokunnalle\/wp-json\/wp\/v2\/pages\/4547","targetHints":{"allow":["GET"]}}],"collection":[{"href":"https:\/\/help.jamk.fi\/peppi-ohjeet-henkilokunnalle\/wp-json\/wp\/v2\/pages"}],"about":[{"href":"https:\/\/help.jamk.fi\/peppi-ohjeet-henkilokunnalle\/wp-json\/wp\/v2\/types\/page"}],"author":[{"embeddable":true,"href":"https:\/\/help.jamk.fi\/peppi-ohjeet-henkilokunnalle\/wp-json\/wp\/v2\/users\/79"}],"replies":[{"embeddable":true,"href":"https:\/\/help.jamk.fi\/peppi-ohjeet-henkilokunnalle\/wp-json\/wp\/v2\/comments?post=4547"}],"version-history":[{"count":44,"href":"https:\/\/help.jamk.fi\/peppi-ohjeet-henkilokunnalle\/wp-json\/wp\/v2\/pages\/4547\/revisions"}],"predecessor-version":[{"id":7821,"href":"https:\/\/help.jamk.fi\/peppi-ohjeet-henkilokunnalle\/wp-json\/wp\/v2\/pages\/4547\/revisions\/7821"}],"up":[{"embeddable":true,"href":"https:\/\/help.jamk.fi\/peppi-ohjeet-henkilokunnalle\/wp-json\/wp\/v2\/pages\/4552"}],"wp:attachment":[{"href":"https:\/\/help.jamk.fi\/peppi-ohjeet-henkilokunnalle\/wp-json\/wp\/v2\/media?parent=4547"}],"wp:term":[{"taxonomy":"category","embeddable":true,"href":"https:\/\/help.jamk.fi\/peppi-ohjeet-henkilokunnalle\/wp-json\/wp\/v2\/categories?post=4547"},{"taxonomy":"post_tag","embeddable":true,"href":"https:\/\/help.jamk.fi\/peppi-ohjeet-henkilokunnalle\/wp-json\/wp\/v2\/tags?post=4547"}],"curies":[{"name":"wp","href":"https:\/\/api.w.org\/{rel}","templated":true}]}}