{"id":4549,"date":"2020-01-27T13:56:15","date_gmt":"2020-01-27T11:56:15","guid":{"rendered":"https:\/\/help.jamk.fi\/peppi-ohjeet-henkilokunnalle\/opetussuunnittelu\/opintojaksot\/vastuunjako-ja-koulutusalat\/"},"modified":"2025-06-17T15:21:55","modified_gmt":"2025-06-17T12:21:55","slug":"vastuunjako-ja-koulutusalat","status":"publish","type":"page","link":"https:\/\/help.jamk.fi\/peppi-ohjeet-henkilokunnalle\/fi\/opetussuunnittelu\/opintojaksot\/vastuunjako-ja-koulutusalat\/","title":{"rendered":"Vastuunjako ja koulutusalat (opintojakso)"},"content":{"rendered":"\n<p>Voit tarkastella vastuunjakoa ja koulutusaloja, jotka liittyv\u00e4t opintojaksolle periytyneisiin tai m\u00e4\u00e4ritettyihin ajanjaksoihin. Oletusarvoisesti vastuunjako ja koulutusalat periytyv\u00e4t ylemm\u00e4lt\u00e4 elementilt\u00e4, mutta tarvittaessa ne voidaan m\u00e4\u00e4ritt\u00e4\u00e4 my\u00f6s opintojaksokohtaisesti. Vastuunjakoa ei tehd\u00e4 Jamkin yhteisiin opintojaksoihin eik\u00e4 vapaasti valittaviin opintoihin. N\u00e4m\u00e4 tehd\u00e4\u00e4n vasta toteutuksen yhteydess\u00e4. <\/p>\n\n\n\n<p>Valitse Yksikk\u00f6-kentt\u00e4\u00e4n, mik\u00e4 organisaatioyksikk\u00f6 vastaa opintojaksosta. Koulutusala-kentt\u00e4\u00e4n valitaan OKM:n mukainen ala. Tieto periytyy toteutukselle.<\/p>\n\n\n\n<ol class=\"wp-block-list\">\n<li>Valitse opintojakson v\u00e4lilehtivalikosta <strong>Vastuunjako ja koulutusalat<\/strong>.\n<ul class=\"wp-block-list\">\n<li>J\u00e4rjestelm\u00e4 listaa opintojaksoa koskevat ajanjaksot vastuunjakoineen ja koulutusaloineen. <\/li>\n\n\n\n<li>Jos n\u00e4yt\u00f6n yl\u00e4osassa on painikepari <strong>K\u00e4yt\u00e4 perittyj\u00e4 tietoja<\/strong> ja <strong>Muokkaa vastuunjakoa ja koulutusaloja<\/strong>, voit valita k\u00e4ytt\u00f6\u00f6n joko ylemm\u00e4lt\u00e4 elementilt\u00e4 periytyneet tai opintojaksokohtaiset m\u00e4\u00e4ritykset. <\/li>\n\n\n\n<li>Painikkeet n\u00e4kyv\u00e4t vain, jos opintojakso on liitetty opetussuunnitelmaan tai erilliseen opintokokonaisuuteen, jonka vastuunjako ja koulutusalat ovat periytyneet opintojaksolle. <\/li>\n\n\n\n<li>Jos m\u00e4\u00e4rityksi\u00e4 ei ole periytynyt, j\u00e4rjestelm\u00e4 listaa opintojaksokohtaiset ajanjaksot. <\/li>\n<\/ul>\n<\/li>\n\n\n\n<li>Jos haluat ottaa k\u00e4ytt\u00f6\u00f6n periytyneiden m\u00e4\u00e4ritysten sijaan opintojaksokohtaiset m\u00e4\u00e4ritykset, napsauta <strong>Muokkaa vastuunjakoa ja koulutusaloja<\/strong> -painiketta.\n<ul class=\"wp-block-list\">\n<li>Painike muuttuu harmaaksi, ja j\u00e4rjestelm\u00e4 ilmoittaa periytymisen muuttuneen ja listaa opintojaksolle m\u00e4\u00e4ritetyt ajanjaksot vastuunjakoineen ja koulutusaloineen. T\u00e4m\u00e4n j\u00e4lkeen voit lis\u00e4t\u00e4 tai muokata ajanjaksoja opintojaksokohtaisesti.<\/li>\n<\/ul>\n<\/li>\n\n\n\n<li>Lis\u00e4\u00e4 ajanjakso tai muokkaa olemassa olevaa ajanjaksoa: \n<ul class=\"wp-block-list\">\n<li>Jos haluat lis\u00e4t\u00e4 uuden ajanjakson, napsauta <strong>Lis\u00e4\u00e4 uusi ajanjakso<\/strong> -painiketta.<\/li>\n\n\n\n<li>J\u00e4rjestelm\u00e4 avaa <strong>Lis\u00e4\u00e4 uusi ajanjakso<\/strong> -ponnahdusikkunan, jossa voit m\u00e4\u00e4ritt\u00e4\u00e4 ajanjakson vastuunjakoineen ja koulutusaloineen. <\/li>\n\n\n\n<li>Jos haluat muokata olemassa olevaa ajanjaksoa, napsauta sen p\u00e4iv\u00e4m\u00e4\u00e4r\u00e4rivill\u00e4 olevaa <strong>Muokkaa<\/strong>-painiketta.<\/li>\n<\/ul>\n<\/li>\n\n\n\n<li>Valitse kalentereista ajanjakson alku- ja loppup\u00e4iv\u00e4m\u00e4\u00e4r\u00e4t sek\u00e4 lis\u00e4\u00e4 vastuunjakoa ja koulutusaloja koskevat tiedot.<\/li>\n\n\n\n<li>Napsauta yksik\u00f6n, kustannuspaikan tai koulutusalan valintakentt\u00e4\u00e4 ja valitse haluamasi vaihtoehto pudotusvalikosta. Yksik\u00f6ksi valitaan aina organisaatioyksikk\u00f6, esim. LIKE Liiketoimintayksikk\u00f6.<\/li>\n\n\n\n<li>Jos haluat m\u00e4\u00e4ritt\u00e4\u00e4 useita yksik\u00f6it\u00e4 tai koulutusaloja, napsauta <strong>Lis\u00e4\u00e4 rivi<\/strong> -painiketta.<\/li>\n\n\n\n<li>Lis\u00e4\u00e4 jokaisella rivill\u00e4 prosentuaalinen jako-osuus tekstikentt\u00e4\u00e4n. J\u00e4rjestelm\u00e4 varoittaa, jos sy\u00f6tettyjen jako-osuuksien summa on pienempi tai suurempi kuin 100 %. Jos napsautat <strong>Jaa tasan<\/strong> -valintaruutuun merkin, j\u00e4rjestelm\u00e4 laskee yht\u00e4 suuren jako-osuuden kaikille yksik\u00f6ille tai koulutusaloille.<\/li>\n\n\n\n<li>Kun olet sy\u00f6tt\u00e4nyt tiedot, napsauta <strong>Tallenna<\/strong>-painiketta. J\u00e4rjestelm\u00e4 tallentaa tiedot ja sulkee <strong>Lis\u00e4\u00e4 uusi ajanjakso<\/strong> -ponnahdusikkunan.<\/li>\n<\/ol>\n","protected":false},"excerpt":{"rendered":"<p>Voit tarkastella vastuunjakoa ja koulutusaloja, jotka liittyv\u00e4t opintojaksolle periytyneisiin tai m\u00e4\u00e4ritettyihin ajanjaksoihin. Oletusarvoisesti vastuunjako ja koulutusalat periytyv\u00e4t ylemm\u00e4lt\u00e4 elementilt\u00e4, mutta tarvittaessa ne voidaan m\u00e4\u00e4ritt\u00e4\u00e4 my\u00f6s opintojaksokohtaisesti. Vastuunjakoa ei tehd\u00e4 Jamkin yhteisiin opintojaksoihin eik\u00e4 vapaasti valittaviin opintoihin. N\u00e4m\u00e4 tehd\u00e4\u00e4n vasta toteutuksen yhteydess\u00e4. Valitse Yksikk\u00f6-kentt\u00e4\u00e4n, mik\u00e4 organisaatioyksikk\u00f6 vastaa opintojaksosta. Koulutusala-kentt\u00e4\u00e4n valitaan OKM:n mukainen ala. Tieto periytyy toteutukselle.<\/p>\n","protected":false},"author":79,"featured_media":0,"parent":4526,"menu_order":3,"comment_status":"closed","ping_status":"open","template":"","meta":{"_acf_changed":false,"_relevanssi_hide_post":"","_relevanssi_hide_content":"","_relevanssi_pin_for_all":"","_relevanssi_pin_keywords":"","_relevanssi_unpin_keywords":"","_relevanssi_related_keywords":"","_relevanssi_related_include_ids":"","_relevanssi_related_exclude_ids":"","_relevanssi_related_no_append":"","_relevanssi_related_not_related":"","_relevanssi_related_posts":"","_relevanssi_noindex_reason":"","footnotes":""},"categories":[1],"tags":[],"class_list":["post-4549","page","type-page","status-publish","hentry","category-uncategorised"],"acf":[],"yoast_head":"<!-- This site is optimized with the Yoast SEO plugin v27.3 - https:\/\/yoast.com\/product\/yoast-seo-wordpress\/ -->\n<title>Vastuunjako ja koulutusalat (opintojakso) - Peppi-ohjeet henkil\u00f6kunnalle<\/title>\n<meta name=\"robots\" content=\"index, follow, max-snippet:-1, max-image-preview:large, max-video-preview:-1\" \/>\n<link rel=\"canonical\" href=\"https:\/\/help.jamk.fi\/peppi-ohjeet-henkilokunnalle\/fi\/opetussuunnittelu\/opintojaksot\/vastuunjako-ja-koulutusalat\/\" \/>\n<meta property=\"og:locale\" content=\"fi_FI\" \/>\n<meta property=\"og:type\" content=\"article\" \/>\n<meta property=\"og:title\" content=\"Vastuunjako ja koulutusalat (opintojakso) - Peppi-ohjeet henkil\u00f6kunnalle\" \/>\n<meta property=\"og:description\" content=\"Voit tarkastella vastuunjakoa ja koulutusaloja, jotka liittyv\u00e4t opintojaksolle periytyneisiin tai m\u00e4\u00e4ritettyihin ajanjaksoihin. Oletusarvoisesti vastuunjako ja koulutusalat periytyv\u00e4t ylemm\u00e4lt\u00e4 elementilt\u00e4, mutta tarvittaessa ne voidaan m\u00e4\u00e4ritt\u00e4\u00e4 my\u00f6s opintojaksokohtaisesti. Vastuunjakoa ei tehd\u00e4 Jamkin yhteisiin opintojaksoihin eik\u00e4 vapaasti valittaviin opintoihin. N\u00e4m\u00e4 tehd\u00e4\u00e4n vasta toteutuksen yhteydess\u00e4. Valitse Yksikk\u00f6-kentt\u00e4\u00e4n, mik\u00e4 organisaatioyksikk\u00f6 vastaa opintojaksosta. Koulutusala-kentt\u00e4\u00e4n valitaan OKM:n mukainen ala. Tieto periytyy toteutukselle.\" \/>\n<meta property=\"og:url\" content=\"https:\/\/help.jamk.fi\/peppi-ohjeet-henkilokunnalle\/fi\/opetussuunnittelu\/opintojaksot\/vastuunjako-ja-koulutusalat\/\" \/>\n<meta property=\"og:site_name\" content=\"Peppi-ohjeet henkil\u00f6kunnalle\" \/>\n<meta property=\"article:modified_time\" content=\"2025-06-17T12:21:55+00:00\" \/>\n<meta name=\"twitter:card\" content=\"summary_large_image\" \/>\n<meta name=\"twitter:label1\" content=\"Arvioitu lukuaika\" \/>\n\t<meta name=\"twitter:data1\" content=\"2 minuuttia\" \/>\n<script type=\"application\/ld+json\" class=\"yoast-schema-graph\">{\"@context\":\"https:\\\/\\\/schema.org\",\"@graph\":[{\"@type\":\"WebPage\",\"@id\":\"https:\\\/\\\/help.jamk.fi\\\/peppi-ohjeet-henkilokunnalle\\\/fi\\\/opetussuunnittelu\\\/opintojaksot\\\/vastuunjako-ja-koulutusalat\\\/\",\"url\":\"https:\\\/\\\/help.jamk.fi\\\/peppi-ohjeet-henkilokunnalle\\\/fi\\\/opetussuunnittelu\\\/opintojaksot\\\/vastuunjako-ja-koulutusalat\\\/\",\"name\":\"Vastuunjako ja koulutusalat (opintojakso) - Peppi-ohjeet henkil\u00f6kunnalle\",\"isPartOf\":{\"@id\":\"https:\\\/\\\/help.jamk.fi\\\/peppi-ohjeet-henkilokunnalle\\\/#website\"},\"datePublished\":\"2020-01-27T11:56:15+00:00\",\"dateModified\":\"2025-06-17T12:21:55+00:00\",\"breadcrumb\":{\"@id\":\"https:\\\/\\\/help.jamk.fi\\\/peppi-ohjeet-henkilokunnalle\\\/fi\\\/opetussuunnittelu\\\/opintojaksot\\\/vastuunjako-ja-koulutusalat\\\/#breadcrumb\"},\"inLanguage\":\"fi\",\"potentialAction\":[{\"@type\":\"ReadAction\",\"target\":[\"https:\\\/\\\/help.jamk.fi\\\/peppi-ohjeet-henkilokunnalle\\\/fi\\\/opetussuunnittelu\\\/opintojaksot\\\/vastuunjako-ja-koulutusalat\\\/\"]}]},{\"@type\":\"BreadcrumbList\",\"@id\":\"https:\\\/\\\/help.jamk.fi\\\/peppi-ohjeet-henkilokunnalle\\\/fi\\\/opetussuunnittelu\\\/opintojaksot\\\/vastuunjako-ja-koulutusalat\\\/#breadcrumb\",\"itemListElement\":[{\"@type\":\"ListItem\",\"position\":1,\"name\":\"Home\",\"item\":\"https:\\\/\\\/help.jamk.fi\\\/peppi-ohjeet-henkilokunnalle\\\/en\\\/\"},{\"@type\":\"ListItem\",\"position\":2,\"name\":\"Opetussuunnittelu\",\"item\":\"https:\\\/\\\/help.jamk.fi\\\/peppi-ohjeet-henkilokunnalle\\\/fi\\\/opetussuunnittelu\\\/\"},{\"@type\":\"ListItem\",\"position\":3,\"name\":\"Opintojaksot\",\"item\":\"https:\\\/\\\/help.jamk.fi\\\/peppi-ohjeet-henkilokunnalle\\\/fi\\\/opetussuunnittelu\\\/opintojaksot\\\/\"},{\"@type\":\"ListItem\",\"position\":4,\"name\":\"Vastuunjako ja koulutusalat (opintojakso)\"}]},{\"@type\":\"WebSite\",\"@id\":\"https:\\\/\\\/help.jamk.fi\\\/peppi-ohjeet-henkilokunnalle\\\/#website\",\"url\":\"https:\\\/\\\/help.jamk.fi\\\/peppi-ohjeet-henkilokunnalle\\\/\",\"name\":\"Peppi-ohjeet henkil\u00f6kunnalle\",\"description\":\"\",\"potentialAction\":[{\"@type\":\"SearchAction\",\"target\":{\"@type\":\"EntryPoint\",\"urlTemplate\":\"https:\\\/\\\/help.jamk.fi\\\/peppi-ohjeet-henkilokunnalle\\\/?s={search_term_string}\"},\"query-input\":{\"@type\":\"PropertyValueSpecification\",\"valueRequired\":true,\"valueName\":\"search_term_string\"}}],\"inLanguage\":\"fi\"}]}<\/script>\n<!-- \/ Yoast SEO plugin. -->","yoast_head_json":{"title":"Vastuunjako ja koulutusalat (opintojakso) - Peppi-ohjeet henkil\u00f6kunnalle","robots":{"index":"index","follow":"follow","max-snippet":"max-snippet:-1","max-image-preview":"max-image-preview:large","max-video-preview":"max-video-preview:-1"},"canonical":"https:\/\/help.jamk.fi\/peppi-ohjeet-henkilokunnalle\/fi\/opetussuunnittelu\/opintojaksot\/vastuunjako-ja-koulutusalat\/","og_locale":"fi_FI","og_type":"article","og_title":"Vastuunjako ja koulutusalat (opintojakso) - Peppi-ohjeet henkil\u00f6kunnalle","og_description":"Voit tarkastella vastuunjakoa ja koulutusaloja, jotka liittyv\u00e4t opintojaksolle periytyneisiin tai m\u00e4\u00e4ritettyihin ajanjaksoihin. Oletusarvoisesti vastuunjako ja koulutusalat periytyv\u00e4t ylemm\u00e4lt\u00e4 elementilt\u00e4, mutta tarvittaessa ne voidaan m\u00e4\u00e4ritt\u00e4\u00e4 my\u00f6s opintojaksokohtaisesti. Vastuunjakoa ei tehd\u00e4 Jamkin yhteisiin opintojaksoihin eik\u00e4 vapaasti valittaviin opintoihin. N\u00e4m\u00e4 tehd\u00e4\u00e4n vasta toteutuksen yhteydess\u00e4. Valitse Yksikk\u00f6-kentt\u00e4\u00e4n, mik\u00e4 organisaatioyksikk\u00f6 vastaa opintojaksosta. Koulutusala-kentt\u00e4\u00e4n valitaan OKM:n mukainen ala. Tieto periytyy toteutukselle.","og_url":"https:\/\/help.jamk.fi\/peppi-ohjeet-henkilokunnalle\/fi\/opetussuunnittelu\/opintojaksot\/vastuunjako-ja-koulutusalat\/","og_site_name":"Peppi-ohjeet henkil\u00f6kunnalle","article_modified_time":"2025-06-17T12:21:55+00:00","twitter_card":"summary_large_image","twitter_misc":{"Arvioitu lukuaika":"2 minuuttia"},"schema":{"@context":"https:\/\/schema.org","@graph":[{"@type":"WebPage","@id":"https:\/\/help.jamk.fi\/peppi-ohjeet-henkilokunnalle\/fi\/opetussuunnittelu\/opintojaksot\/vastuunjako-ja-koulutusalat\/","url":"https:\/\/help.jamk.fi\/peppi-ohjeet-henkilokunnalle\/fi\/opetussuunnittelu\/opintojaksot\/vastuunjako-ja-koulutusalat\/","name":"Vastuunjako ja koulutusalat (opintojakso) - Peppi-ohjeet henkil\u00f6kunnalle","isPartOf":{"@id":"https:\/\/help.jamk.fi\/peppi-ohjeet-henkilokunnalle\/#website"},"datePublished":"2020-01-27T11:56:15+00:00","dateModified":"2025-06-17T12:21:55+00:00","breadcrumb":{"@id":"https:\/\/help.jamk.fi\/peppi-ohjeet-henkilokunnalle\/fi\/opetussuunnittelu\/opintojaksot\/vastuunjako-ja-koulutusalat\/#breadcrumb"},"inLanguage":"fi","potentialAction":[{"@type":"ReadAction","target":["https:\/\/help.jamk.fi\/peppi-ohjeet-henkilokunnalle\/fi\/opetussuunnittelu\/opintojaksot\/vastuunjako-ja-koulutusalat\/"]}]},{"@type":"BreadcrumbList","@id":"https:\/\/help.jamk.fi\/peppi-ohjeet-henkilokunnalle\/fi\/opetussuunnittelu\/opintojaksot\/vastuunjako-ja-koulutusalat\/#breadcrumb","itemListElement":[{"@type":"ListItem","position":1,"name":"Home","item":"https:\/\/help.jamk.fi\/peppi-ohjeet-henkilokunnalle\/en\/"},{"@type":"ListItem","position":2,"name":"Opetussuunnittelu","item":"https:\/\/help.jamk.fi\/peppi-ohjeet-henkilokunnalle\/fi\/opetussuunnittelu\/"},{"@type":"ListItem","position":3,"name":"Opintojaksot","item":"https:\/\/help.jamk.fi\/peppi-ohjeet-henkilokunnalle\/fi\/opetussuunnittelu\/opintojaksot\/"},{"@type":"ListItem","position":4,"name":"Vastuunjako ja koulutusalat (opintojakso)"}]},{"@type":"WebSite","@id":"https:\/\/help.jamk.fi\/peppi-ohjeet-henkilokunnalle\/#website","url":"https:\/\/help.jamk.fi\/peppi-ohjeet-henkilokunnalle\/","name":"Peppi-ohjeet henkil\u00f6kunnalle","description":"","potentialAction":[{"@type":"SearchAction","target":{"@type":"EntryPoint","urlTemplate":"https:\/\/help.jamk.fi\/peppi-ohjeet-henkilokunnalle\/?s={search_term_string}"},"query-input":{"@type":"PropertyValueSpecification","valueRequired":true,"valueName":"search_term_string"}}],"inLanguage":"fi"}]}},"_links":{"self":[{"href":"https:\/\/help.jamk.fi\/peppi-ohjeet-henkilokunnalle\/wp-json\/wp\/v2\/pages\/4549","targetHints":{"allow":["GET"]}}],"collection":[{"href":"https:\/\/help.jamk.fi\/peppi-ohjeet-henkilokunnalle\/wp-json\/wp\/v2\/pages"}],"about":[{"href":"https:\/\/help.jamk.fi\/peppi-ohjeet-henkilokunnalle\/wp-json\/wp\/v2\/types\/page"}],"author":[{"embeddable":true,"href":"https:\/\/help.jamk.fi\/peppi-ohjeet-henkilokunnalle\/wp-json\/wp\/v2\/users\/79"}],"replies":[{"embeddable":true,"href":"https:\/\/help.jamk.fi\/peppi-ohjeet-henkilokunnalle\/wp-json\/wp\/v2\/comments?post=4549"}],"version-history":[{"count":5,"href":"https:\/\/help.jamk.fi\/peppi-ohjeet-henkilokunnalle\/wp-json\/wp\/v2\/pages\/4549\/revisions"}],"predecessor-version":[{"id":7539,"href":"https:\/\/help.jamk.fi\/peppi-ohjeet-henkilokunnalle\/wp-json\/wp\/v2\/pages\/4549\/revisions\/7539"}],"up":[{"embeddable":true,"href":"https:\/\/help.jamk.fi\/peppi-ohjeet-henkilokunnalle\/wp-json\/wp\/v2\/pages\/4526"}],"wp:attachment":[{"href":"https:\/\/help.jamk.fi\/peppi-ohjeet-henkilokunnalle\/wp-json\/wp\/v2\/media?parent=4549"}],"wp:term":[{"taxonomy":"category","embeddable":true,"href":"https:\/\/help.jamk.fi\/peppi-ohjeet-henkilokunnalle\/wp-json\/wp\/v2\/categories?post=4549"},{"taxonomy":"post_tag","embeddable":true,"href":"https:\/\/help.jamk.fi\/peppi-ohjeet-henkilokunnalle\/wp-json\/wp\/v2\/tags?post=4549"}],"curies":[{"name":"wp","href":"https:\/\/api.w.org\/{rel}","templated":true}]}}