{"id":4551,"date":"2020-01-27T14:35:57","date_gmt":"2020-01-27T12:35:57","guid":{"rendered":"https:\/\/help.jamk.fi\/peppi-ohjeet-henkilokunnalle\/opetussuunnittelu\/erilliset-opintokokonaisuudet\/"},"modified":"2025-06-17T15:28:51","modified_gmt":"2025-06-17T12:28:51","slug":"erilliset-opintokokonaisuudet","status":"publish","type":"page","link":"https:\/\/help.jamk.fi\/peppi-ohjeet-henkilokunnalle\/fi\/opetussuunnittelu\/erilliset-opintokokonaisuudet\/","title":{"rendered":"Erilliset opintokokonaisuudet"},"content":{"rendered":"\n<p>Erillisell\u00e4 opintokokonaisuudella (EOK) voi kuvata esimerkiksi tutkinnon osaa, joka liittyy useaan tutkintorakenteeseen (esim. kieli- ja viestint\u00e4opinnot) tai tutkintoon johtamattoman koulutuksen koulutustarjontaa. EOKeille voi my\u00f6s koota kaikille Jamkin opiskelijoille tarjottavia opintoja, kuten vapaasti valittavat opinnot, kes\u00e4opinnot tai vaihto-opiskelijoiden opinnot.<\/p>\n\n\n\n<p>EOKilla on samat ominaisuudet kuin OPSin rakenteella; siihen voi liitty\u00e4 useita opintokokonaisuuksia ja opintojaksoja. Opsin rakenteeseen liitetty\u00e4 erillist\u00e4 opintokokonaisuutta ei p\u00e4\u00e4se muokkaamaan ko. rakenteesta, vaan sen tietoja muokataan ainoastaan sen luontipaikasta.<\/p>\n\n\n\n<h2 class=\"wp-block-heading\">Vapaasti valittavat opinnot ja erillinen opintokokonaisuus<\/h2>\n\n\n\n<p>Jamkissa on linjattu, ett\u00e4 ns. vapaasti valittavien opintojen erillist\u00e4 tarjontaa voi olla vain niiss\u00e4 tapauksissa, jos opintoja tarjotaan samalla my\u00f6s Jamkin ulkopuolelle esim. avoimen ammattikorkeakoulun, CampusOnlinen tai EduJyv\u00e4skyl\u00e4n tarjontana. Pyrkimyksen\u00e4 on tehd\u00e4 tutkinnoista taloudellisempia Jamkille.<\/p>\n\n\n\n<p>Jos em. syist\u00e4 vapaasti valittavia opintoja tulee tarjolle alalla sen verran, ettei niit\u00e4 voida sis\u00e4llytt\u00e4\u00e4 mink\u00e4\u00e4n tutkinto-ohjelman rakenteeseen, tehd\u00e4\u00e4n niist\u00e4 ns. erillinen opintokokonaisuus.<\/p>\n\n\n\n<h2 class=\"wp-block-heading\">Erillisten opintokokonaisuuksien tarkastelu<\/h2>\n\n\n\n<p>Voit tarkastella erillisi\u00e4 opintokokonaisuuksia.<\/p>\n\n\n\n<ol class=\"wp-block-list\">\n<li>Valitse p\u00e4\u00e4valikosta <strong>Opetussuunnittelu<\/strong> &gt; <strong>Erilliset opintokokonaisuudet<\/strong>, jolloin hakusivu aukeaa.<\/li>\n\n\n\n<li>Hae erillinen opintokokonaisuus. Lis\u00e4tietoja: <a href=\"https:\/\/help.jamk.fi\/peppi-ohjeet-henkilokunnalle\/fi\/opetussuunnittelu\/hakutoiminto\/\">Hakutoiminto<\/a>.<br>Hakukent\u00e4n alle avautuu opintokokonaisuuksien lista.<\/li>\n\n\n\n<li>Napsauta opintokokonaisuutta tarkastellaksesi sen tietoja.<\/li>\n<\/ol>\n\n\n\n<h2 class=\"wp-block-heading\">Erillisten opintokokonaisuuksien luominen<\/h2>\n\n\n\n<p>Voit luoda uuden erillisen opintokokonaisuuden yhteiseen tai tietyn tutkinto-ohjelman k\u00e4ytt\u00f6\u00f6n.<\/p>\n\n\n\n<ol class=\"wp-block-list\">\n<li>Valitse p\u00e4\u00e4valikossa <strong>Opetussuunnittelu<\/strong> &gt; <strong>Erilliset opintokokonaisuudet<\/strong>, jolloin n\u00e4yt\u00f6lle aukeaa Haku-n\u00e4kym\u00e4.<\/li>\n\n\n\n<li>Napsauta Haku-sivun oikeassa yl\u00e4kulmassa olevaa <strong>Lis\u00e4\u00e4 uusi<\/strong> -painiketta.<\/li>\n\n\n\n<li>Napsauta aukeavasta pudotusvalikosta <strong>Erillinen opintokokonaisuus<\/strong> -painiketta, jolloin n\u00e4yt\u00f6lle aukeaa Perustiedot-sivu.<\/li>\n\n\n\n<li>Sy\u00f6t\u00e4 erilliselle opintokokonaisuudelle pakollinen tunnus, erillisen opintokokonaisuuden nimi, voimassaoloaika, vastuuhenkil\u00f6 sek\u00e4 kuvaus suomeksi ja englanniksi.<\/li>\n\n\n\n<li>Sy\u00f6t\u00e4 halutessasi my\u00f6s vastuuyksikk\u00f6 sek\u00e4 luokittelu.<\/li>\n\n\n\n<li>M\u00e4\u00e4rittele Sis\u00e4ll\u00f6n valinnaisuus, esitietovaatimukset ja tarjontatiedot -kohdassa v\u00e4hint\u00e4\u00e4n Sis\u00e4ll\u00f6n valinnaisuus. T\u00e4ll\u00e4 m\u00e4\u00e4ritell\u00e4\u00e4n se, mit\u00e4 t\u00e4m\u00e4n kokonaisuuden opintojaksoja kohdejoukon opiskelijoiden tulee valita.<\/li>\n\n\n\n<li>Kun olet tehnyt tarvittavat lis\u00e4ykset, tallenna erillinen opintokokonaisuus napsauttamalla <strong>Tallenna<\/strong>-painiketta.<\/li>\n\n\n\n<li>T\u00e4m\u00e4n j\u00e4lkeen voit <strong>Rakenne<\/strong>-v\u00e4lilehdell\u00e4 lis\u00e4t\u00e4 erilliseen opintokokonaisuuteen opintojaksoja tai uusia opintokokonaisuuksia.<\/li>\n<\/ol>\n\n\n\n<h3 class=\"wp-block-heading\">Uuden opintojakson lis\u00e4\u00e4minen erilliseen opintokokonaisuuteen<\/h3>\n\n\n\n<ul class=\"wp-block-list\">\n<li>Napsauta opintokokonaisuuden p\u00e4\u00e4tason oikeassa reunassa n\u00e4kyv\u00e4\u00e4 valikko-painiketta ja valitse pudotusvalikosta <strong>Lis\u00e4\u00e4 sis\u00e4lt\u00f6\u00e4<\/strong>.\n<ul class=\"wp-block-list\">\n<li>Leikep\u00f6yd\u00e4lle avautuu Lis\u00e4\u00e4 sis\u00e4lt\u00f6\u00e4 -alue. Ks. <a href=\"https:\/\/help.jamk.fi\/peppi-ohjeet-henkilokunnalle\/fi\/opetussuunnittelu\/opetussuunnitelmat-opsit\/rakenne\/\">Rakenne-sivu<\/a>.<\/li>\n\n\n\n<li>Olemassa olevan opintojakson lis\u00e4\u00e4minen. Ks. <a href=\"https:\/\/help.jamk.fi\/peppi-ohjeet-henkilokunnalle\/fi\/opetussuunnittelu\/opetussuunnitelmat-opsit\/rakenne\/\">Rakenne-sivu<\/a>.<\/li>\n<\/ul>\n<\/li>\n\n\n\n<li>Erillisiin opintokokonaisuuksiin kuuluvan opintojakson muokkaaminen:\n<ul class=\"wp-block-list\">\n<li>Napsauta haluamaasi opintojakson oikeassa reunassa n\u00e4kyv\u00e4\u00e4 valikko-painiketta ja valitse pudotusvalikosta <strong>Muokkaa<\/strong>. HUOM. Katso <a href=\"https:\/\/help.jamk.fi\/peppi-ohjeet-henkilokunnalle\/fi\/opetussuunnittelu\/opintojaksot\/\">opintojakson luomisen periaatteet<\/a>.<\/li>\n\n\n\n<li>Opintojakson tiedot aukeavat <strong>Muokkaa opintojaksoa<\/strong> -ponnahdusikkunaan.<\/li>\n\n\n\n<li>Napsauta Muokkaa-painiketta vasemmassa yl\u00e4kulmassa.<\/li>\n<\/ul>\n<\/li>\n\n\n\n<li>Opintojakson poistaminen erillisist\u00e4 opintokokonaisuuksista:\n<ul class=\"wp-block-list\">\n<li>Napsauta haluamasi opintojakson oikeassa reunassa n\u00e4kyv\u00e4\u00e4 valikko-painiketta ja valitse pudotusvalikosta <strong>Poista opintojakso<\/strong>.<\/li>\n\n\n\n<li>Opintojakso poistuu vain erillisest\u00e4 opintokokonaisuudesta, mutta s\u00e4ilyy Pepiss\u00e4.<\/li>\n<\/ul>\n<\/li>\n<\/ul>\n\n\n\n<h2 class=\"wp-block-heading\">Erillisten opintokokonaisuuksien muokkaaminen<\/h2>\n\n\n\n<p>Voit muokata erillisten opintokokonaisuuksien sis\u00e4lt\u00f6\u00e4.<\/p>\n\n\n\n<ol class=\"wp-block-list\">\n<li>Valitse p\u00e4\u00e4valikosta <strong>Opetussuunnittelu<\/strong> &gt; <strong>Erilliset opintokokonaisuudet<\/strong>.<\/li>\n\n\n\n<li>Hakeaksesi halutun opintokokonaisuuden, kirjoita hakusana ja napsauta <strong>Hae<\/strong>-painiketta.<\/li>\n\n\n\n<li>Avaa opintokokonaisuus haun muodostamasta listasta.<\/li>\n\n\n\n<li>Voit esimerkiksi muokata opintokokonaisuuksien kuvauksia tai lis\u00e4t\u00e4 niihin uusia opintojaksoja tai poistaa niit\u00e4 (ks. ohje yll\u00e4).<\/li>\n<\/ol>\n\n\n\n<h2 class=\"wp-block-heading\">Ajoitussuunnitelman lis\u00e4\u00e4minen erilliselle opintokokonaisuudelle<\/h2>\n\n\n\n<p>Erilliselle opintokokonaisuudelle voi lis\u00e4t\u00e4 oletusajoitussuunnitelman. Ajoituksia voi olla yksi tai useampi, kuten OPSillakin. Ajoituksen tyyppin\u00e4 on yksinkertainen. Liitett\u00e4ess\u00e4 EOK OPSiin, EOKin oletusajoitussuunnitelman tiedot siirtyv\u00e4t OPSin ajoitussuunnitelmaan. Liitt\u00e4misen j\u00e4lkeen n\u00e4m\u00e4 ajoitussuunnitelmat ovat erillisi\u00e4 eli esim. EOKin ajoitussuunnitelman muokkaaminen ei vaikuta OPSissa olevaan ajoitussuunnitelmaan ja p\u00e4in vastoin.<\/p>\n\n\n\n<h2 class=\"wp-block-heading\">Erillinen opintokokonaisuus ja vuosisuunnittelu<\/h2>\n\n\n\n<p>Erillisille opintokokonaisuudelle voidaan tehd\u00e4 toteutukset vuosisuunnittelun kautta. Katso ohjeet <a href=\"https:\/\/help.jamk.fi\/peppi-ohjeet-henkilokunnalle\/fi\/vuosisuunnittelu\/\">vuosisuunnittelun ohjeista<\/a>.<\/p>\n","protected":false},"excerpt":{"rendered":"<p>Erillisell\u00e4 opintokokonaisuudella (EOK) voi kuvata esimerkiksi tutkinnon osaa, joka liittyy useaan tutkintorakenteeseen (esim. kieli- ja viestint\u00e4opinnot) tai tutkintoon johtamattoman koulutuksen koulutustarjontaa. EOKeille voi my\u00f6s koota kaikille Jamkin opiskelijoille tarjottavia opintoja, kuten vapaasti valittavat opinnot, kes\u00e4opinnot tai vaihto-opiskelijoiden opinnot. EOKilla on samat ominaisuudet kuin OPSin rakenteella; siihen voi liitty\u00e4 useita opintokokonaisuuksia ja opintojaksoja. Opsin rakenteeseen liitetty\u00e4 [&hellip;]<\/p>\n","protected":false},"author":79,"featured_media":0,"parent":4510,"menu_order":5,"comment_status":"closed","ping_status":"open","template":"","meta":{"_acf_changed":false,"_relevanssi_hide_post":"","_relevanssi_hide_content":"","_relevanssi_pin_for_all":"","_relevanssi_pin_keywords":"","_relevanssi_unpin_keywords":"","_relevanssi_related_keywords":"","_relevanssi_related_include_ids":"","_relevanssi_related_exclude_ids":"","_relevanssi_related_no_append":"","_relevanssi_related_not_related":"","_relevanssi_related_posts":"","_relevanssi_noindex_reason":"","footnotes":""},"categories":[1],"tags":[],"class_list":["post-4551","page","type-page","status-publish","hentry","category-uncategorised"],"acf":[],"yoast_head":"<!-- This site is optimized with the Yoast SEO plugin v27.3 - https:\/\/yoast.com\/product\/yoast-seo-wordpress\/ -->\n<title>Erilliset opintokokonaisuudet - Peppi-ohjeet henkil\u00f6kunnalle<\/title>\n<meta name=\"robots\" content=\"index, follow, max-snippet:-1, max-image-preview:large, max-video-preview:-1\" \/>\n<link rel=\"canonical\" href=\"https:\/\/help.jamk.fi\/peppi-ohjeet-henkilokunnalle\/fi\/opetussuunnittelu\/erilliset-opintokokonaisuudet\/\" \/>\n<meta property=\"og:locale\" content=\"fi_FI\" \/>\n<meta property=\"og:type\" content=\"article\" \/>\n<meta property=\"og:title\" content=\"Erilliset opintokokonaisuudet - Peppi-ohjeet henkil\u00f6kunnalle\" \/>\n<meta property=\"og:description\" content=\"Erillisell\u00e4 opintokokonaisuudella (EOK) voi kuvata esimerkiksi tutkinnon osaa, joka liittyy useaan tutkintorakenteeseen (esim. kieli- ja viestint\u00e4opinnot) tai tutkintoon johtamattoman koulutuksen koulutustarjontaa. EOKeille voi my\u00f6s koota kaikille Jamkin opiskelijoille tarjottavia opintoja, kuten vapaasti valittavat opinnot, kes\u00e4opinnot tai vaihto-opiskelijoiden opinnot. EOKilla on samat ominaisuudet kuin OPSin rakenteella; siihen voi liitty\u00e4 useita opintokokonaisuuksia ja opintojaksoja. Opsin rakenteeseen liitetty\u00e4 [&hellip;]\" \/>\n<meta property=\"og:url\" content=\"https:\/\/help.jamk.fi\/peppi-ohjeet-henkilokunnalle\/fi\/opetussuunnittelu\/erilliset-opintokokonaisuudet\/\" \/>\n<meta property=\"og:site_name\" content=\"Peppi-ohjeet henkil\u00f6kunnalle\" \/>\n<meta property=\"article:modified_time\" content=\"2025-06-17T12:28:51+00:00\" \/>\n<meta name=\"twitter:card\" content=\"summary_large_image\" \/>\n<meta name=\"twitter:label1\" content=\"Arvioitu lukuaika\" \/>\n\t<meta name=\"twitter:data1\" content=\"3 minuuttia\" \/>\n<script type=\"application\/ld+json\" class=\"yoast-schema-graph\">{\"@context\":\"https:\\\/\\\/schema.org\",\"@graph\":[{\"@type\":\"WebPage\",\"@id\":\"https:\\\/\\\/help.jamk.fi\\\/peppi-ohjeet-henkilokunnalle\\\/fi\\\/opetussuunnittelu\\\/erilliset-opintokokonaisuudet\\\/\",\"url\":\"https:\\\/\\\/help.jamk.fi\\\/peppi-ohjeet-henkilokunnalle\\\/fi\\\/opetussuunnittelu\\\/erilliset-opintokokonaisuudet\\\/\",\"name\":\"Erilliset opintokokonaisuudet - Peppi-ohjeet henkil\u00f6kunnalle\",\"isPartOf\":{\"@id\":\"https:\\\/\\\/help.jamk.fi\\\/peppi-ohjeet-henkilokunnalle\\\/#website\"},\"datePublished\":\"2020-01-27T12:35:57+00:00\",\"dateModified\":\"2025-06-17T12:28:51+00:00\",\"breadcrumb\":{\"@id\":\"https:\\\/\\\/help.jamk.fi\\\/peppi-ohjeet-henkilokunnalle\\\/fi\\\/opetussuunnittelu\\\/erilliset-opintokokonaisuudet\\\/#breadcrumb\"},\"inLanguage\":\"fi\",\"potentialAction\":[{\"@type\":\"ReadAction\",\"target\":[\"https:\\\/\\\/help.jamk.fi\\\/peppi-ohjeet-henkilokunnalle\\\/fi\\\/opetussuunnittelu\\\/erilliset-opintokokonaisuudet\\\/\"]}]},{\"@type\":\"BreadcrumbList\",\"@id\":\"https:\\\/\\\/help.jamk.fi\\\/peppi-ohjeet-henkilokunnalle\\\/fi\\\/opetussuunnittelu\\\/erilliset-opintokokonaisuudet\\\/#breadcrumb\",\"itemListElement\":[{\"@type\":\"ListItem\",\"position\":1,\"name\":\"Home\",\"item\":\"https:\\\/\\\/help.jamk.fi\\\/peppi-ohjeet-henkilokunnalle\\\/en\\\/\"},{\"@type\":\"ListItem\",\"position\":2,\"name\":\"Opetussuunnittelu\",\"item\":\"https:\\\/\\\/help.jamk.fi\\\/peppi-ohjeet-henkilokunnalle\\\/fi\\\/opetussuunnittelu\\\/\"},{\"@type\":\"ListItem\",\"position\":3,\"name\":\"Erilliset opintokokonaisuudet\"}]},{\"@type\":\"WebSite\",\"@id\":\"https:\\\/\\\/help.jamk.fi\\\/peppi-ohjeet-henkilokunnalle\\\/#website\",\"url\":\"https:\\\/\\\/help.jamk.fi\\\/peppi-ohjeet-henkilokunnalle\\\/\",\"name\":\"Peppi-ohjeet henkil\u00f6kunnalle\",\"description\":\"\",\"potentialAction\":[{\"@type\":\"SearchAction\",\"target\":{\"@type\":\"EntryPoint\",\"urlTemplate\":\"https:\\\/\\\/help.jamk.fi\\\/peppi-ohjeet-henkilokunnalle\\\/?s={search_term_string}\"},\"query-input\":{\"@type\":\"PropertyValueSpecification\",\"valueRequired\":true,\"valueName\":\"search_term_string\"}}],\"inLanguage\":\"fi\"}]}<\/script>\n<!-- \/ Yoast SEO plugin. -->","yoast_head_json":{"title":"Erilliset opintokokonaisuudet - Peppi-ohjeet henkil\u00f6kunnalle","robots":{"index":"index","follow":"follow","max-snippet":"max-snippet:-1","max-image-preview":"max-image-preview:large","max-video-preview":"max-video-preview:-1"},"canonical":"https:\/\/help.jamk.fi\/peppi-ohjeet-henkilokunnalle\/fi\/opetussuunnittelu\/erilliset-opintokokonaisuudet\/","og_locale":"fi_FI","og_type":"article","og_title":"Erilliset opintokokonaisuudet - Peppi-ohjeet henkil\u00f6kunnalle","og_description":"Erillisell\u00e4 opintokokonaisuudella (EOK) voi kuvata esimerkiksi tutkinnon osaa, joka liittyy useaan tutkintorakenteeseen (esim. kieli- ja viestint\u00e4opinnot) tai tutkintoon johtamattoman koulutuksen koulutustarjontaa. EOKeille voi my\u00f6s koota kaikille Jamkin opiskelijoille tarjottavia opintoja, kuten vapaasti valittavat opinnot, kes\u00e4opinnot tai vaihto-opiskelijoiden opinnot. EOKilla on samat ominaisuudet kuin OPSin rakenteella; siihen voi liitty\u00e4 useita opintokokonaisuuksia ja opintojaksoja. Opsin rakenteeseen liitetty\u00e4 [&hellip;]","og_url":"https:\/\/help.jamk.fi\/peppi-ohjeet-henkilokunnalle\/fi\/opetussuunnittelu\/erilliset-opintokokonaisuudet\/","og_site_name":"Peppi-ohjeet henkil\u00f6kunnalle","article_modified_time":"2025-06-17T12:28:51+00:00","twitter_card":"summary_large_image","twitter_misc":{"Arvioitu lukuaika":"3 minuuttia"},"schema":{"@context":"https:\/\/schema.org","@graph":[{"@type":"WebPage","@id":"https:\/\/help.jamk.fi\/peppi-ohjeet-henkilokunnalle\/fi\/opetussuunnittelu\/erilliset-opintokokonaisuudet\/","url":"https:\/\/help.jamk.fi\/peppi-ohjeet-henkilokunnalle\/fi\/opetussuunnittelu\/erilliset-opintokokonaisuudet\/","name":"Erilliset opintokokonaisuudet - Peppi-ohjeet henkil\u00f6kunnalle","isPartOf":{"@id":"https:\/\/help.jamk.fi\/peppi-ohjeet-henkilokunnalle\/#website"},"datePublished":"2020-01-27T12:35:57+00:00","dateModified":"2025-06-17T12:28:51+00:00","breadcrumb":{"@id":"https:\/\/help.jamk.fi\/peppi-ohjeet-henkilokunnalle\/fi\/opetussuunnittelu\/erilliset-opintokokonaisuudet\/#breadcrumb"},"inLanguage":"fi","potentialAction":[{"@type":"ReadAction","target":["https:\/\/help.jamk.fi\/peppi-ohjeet-henkilokunnalle\/fi\/opetussuunnittelu\/erilliset-opintokokonaisuudet\/"]}]},{"@type":"BreadcrumbList","@id":"https:\/\/help.jamk.fi\/peppi-ohjeet-henkilokunnalle\/fi\/opetussuunnittelu\/erilliset-opintokokonaisuudet\/#breadcrumb","itemListElement":[{"@type":"ListItem","position":1,"name":"Home","item":"https:\/\/help.jamk.fi\/peppi-ohjeet-henkilokunnalle\/en\/"},{"@type":"ListItem","position":2,"name":"Opetussuunnittelu","item":"https:\/\/help.jamk.fi\/peppi-ohjeet-henkilokunnalle\/fi\/opetussuunnittelu\/"},{"@type":"ListItem","position":3,"name":"Erilliset opintokokonaisuudet"}]},{"@type":"WebSite","@id":"https:\/\/help.jamk.fi\/peppi-ohjeet-henkilokunnalle\/#website","url":"https:\/\/help.jamk.fi\/peppi-ohjeet-henkilokunnalle\/","name":"Peppi-ohjeet henkil\u00f6kunnalle","description":"","potentialAction":[{"@type":"SearchAction","target":{"@type":"EntryPoint","urlTemplate":"https:\/\/help.jamk.fi\/peppi-ohjeet-henkilokunnalle\/?s={search_term_string}"},"query-input":{"@type":"PropertyValueSpecification","valueRequired":true,"valueName":"search_term_string"}}],"inLanguage":"fi"}]}},"_links":{"self":[{"href":"https:\/\/help.jamk.fi\/peppi-ohjeet-henkilokunnalle\/wp-json\/wp\/v2\/pages\/4551","targetHints":{"allow":["GET"]}}],"collection":[{"href":"https:\/\/help.jamk.fi\/peppi-ohjeet-henkilokunnalle\/wp-json\/wp\/v2\/pages"}],"about":[{"href":"https:\/\/help.jamk.fi\/peppi-ohjeet-henkilokunnalle\/wp-json\/wp\/v2\/types\/page"}],"author":[{"embeddable":true,"href":"https:\/\/help.jamk.fi\/peppi-ohjeet-henkilokunnalle\/wp-json\/wp\/v2\/users\/79"}],"replies":[{"embeddable":true,"href":"https:\/\/help.jamk.fi\/peppi-ohjeet-henkilokunnalle\/wp-json\/wp\/v2\/comments?post=4551"}],"version-history":[{"count":11,"href":"https:\/\/help.jamk.fi\/peppi-ohjeet-henkilokunnalle\/wp-json\/wp\/v2\/pages\/4551\/revisions"}],"predecessor-version":[{"id":7544,"href":"https:\/\/help.jamk.fi\/peppi-ohjeet-henkilokunnalle\/wp-json\/wp\/v2\/pages\/4551\/revisions\/7544"}],"up":[{"embeddable":true,"href":"https:\/\/help.jamk.fi\/peppi-ohjeet-henkilokunnalle\/wp-json\/wp\/v2\/pages\/4510"}],"wp:attachment":[{"href":"https:\/\/help.jamk.fi\/peppi-ohjeet-henkilokunnalle\/wp-json\/wp\/v2\/media?parent=4551"}],"wp:term":[{"taxonomy":"category","embeddable":true,"href":"https:\/\/help.jamk.fi\/peppi-ohjeet-henkilokunnalle\/wp-json\/wp\/v2\/categories?post=4551"},{"taxonomy":"post_tag","embeddable":true,"href":"https:\/\/help.jamk.fi\/peppi-ohjeet-henkilokunnalle\/wp-json\/wp\/v2\/tags?post=4551"}],"curies":[{"name":"wp","href":"https:\/\/api.w.org\/{rel}","templated":true}]}}