{"id":4560,"date":"2020-02-17T11:33:15","date_gmt":"2020-02-17T09:33:15","guid":{"rendered":"https:\/\/help.jamk.fi\/peppi-ohjeet-henkilokunnalle\/opiskelijahallinto\/opiskelijat-valikko\/opiskeluoikeustietojen-massamuokkaus\/"},"modified":"2024-01-10T17:14:16","modified_gmt":"2024-01-10T15:14:16","slug":"opiskeluoikeustietojen-massamuokkaus","status":"publish","type":"page","link":"https:\/\/help.jamk.fi\/peppi-ohjeet-henkilokunnalle\/fi\/opiskelijahallinto\/opiskelijat-valikko\/opiskeluoikeustietojen-massamuokkaus\/","title":{"rendered":"Opiskeluoikeustietojen massamuokkaus"},"content":{"rendered":"\n<p>Opiskelijoiden opiskeluoikeustietoja on mahdollista muuttaa suurelle joukolle yhdell\u00e4 kertaa k\u00e4ytt\u00e4en massamuokkaus -toimintoa. Massamuokkaus -toiminnolla voi muuttaa esimerkiksi opiskeluoikeuksia, opiskeluoikeuden muita tietoja, ryhmi\u00e4 ja ohjaajia sek\u00e4 todistusmerkint\u00f6j\u00e4 ja valmistumistietoja.<\/p>\n\n\n\n<h2 class=\"wp-block-heading\">Opiskelijoiden haku<\/h2>\n\n\n\n<p>Tee opiskelijahaku haluamallasi tavalla (ks. <a href=\"https:\/\/help.jamk.fi\/peppi-ohjeet-henkilokunnalle\/fi\/opettajan-ohjeet\/opiskelijahaku\/opiskeluoikeushaku\/\">Opiskeluoikeushaku<\/a>)<\/p>\n\n\n\n<p>Valitse hakutuloslistauksesta haluamasi opiskelijat. Otsikkorivin valintaruutu valitsee kaikki opiskelijat tai vaihtoehtoisesti opiskelijat voi valita yksitellen kunkin opiskelijarivin kohdalta.<\/p>\n\n\n\n<h2 class=\"wp-block-heading\">Massamuokkaa<\/h2>\n\n\n\n<figure class=\"wp-block-image\"><img loading=\"lazy\" decoding=\"async\" width=\"640\" height=\"168\" src=\"https:\/\/help.jamk.fi\/peppi-ohjeet-henkilokunnalle\/wp-content\/uploads\/sites\/131\/2020\/02\/Opiskeluoikeuden_massamuokkaus.png\" alt=\"Kuva opiskeluoikeuden massamuokkauksesta\" class=\"wp-image-617\"\/><\/figure>\n\n\n\n<p>Valitse <strong>Massamuokkaa<\/strong><\/p>\n\n\n\n<figure class=\"wp-block-image\"><img loading=\"lazy\" decoding=\"async\" width=\"815\" height=\"121\" src=\"https:\/\/help.jamk.fi\/peppi-ohjeet-henkilokunnalle\/wp-content\/uploads\/sites\/131\/2020\/02\/Opiskeluoikeuden_massamuokkaus_valinnat.png\" alt=\"Kuva opiskeluoikeuden massamuokkauksen muokattavien tietojen eri vaihtoehdoista\" class=\"wp-image-618\"\/><\/figure>\n\n\n\n<p>Massamuokkaus -valikossa voidaan valita lukukausi johon massamuokkaus kohdistuu esimerkiksi jos tehd\u00e4\u00e4n l\u00e4sn\u00e4oloilmoittautumisia suurelle joukolle opiskelijoita kerralla, niin voidaan valita lukukausi kerralla johon muokkaukset kohdistuvat. HOPSien alustus vaihtoehdolla voidaan alustaa suurelle joukolle opiskelijoita HOPS samalla kertaa. Muokkaa arvoja -valikosta voidaan asettaa tai muuttaa opiskeluoikeuden tietoja suurelle joukolle samalla kertaa esimerkiksi voidaan asettaa ohjaaja koko ryhm\u00e4n opiskelijoille kerralla.<\/p>\n\n\n\n<ul class=\"wp-block-list\">\n<li>Valitse <strong>Muokkaa arvoja<\/strong><\/li>\n\n\n\n<li>Valitse haluamasi muokattava tieto, kuten\n<ul class=\"wp-block-list\">\n<li>opiskeluoikeus<\/li>\n\n\n\n<li>opiskeluoikeuden muut tiedot<\/li>\n\n\n\n<li>ryhm\u00e4t ja ohjaajat<\/li>\n\n\n\n<li>todistusmerkinn\u00e4t ja valmistuminen<\/li>\n<\/ul>\n<\/li>\n\n\n\n<li><strong>Korvaa <\/strong>-valinta korvaa aiemmin annetun tiedon<\/li>\n\n\n\n<li><strong>Lis\u00e4\u00e4<\/strong> -valinta lis\u00e4\u00e4 uuden tiedon<\/li>\n\n\n\n<li><strong>Kirjoita<\/strong> \/ <strong>valitse<\/strong> muokattava arvo<\/li>\n\n\n\n<li>Valitse <strong>Tee muutokset<\/strong><\/li>\n<\/ul>\n\n\n\n<figure class=\"wp-block-image\"><img loading=\"lazy\" decoding=\"async\" width=\"640\" height=\"397\" src=\"https:\/\/help.jamk.fi\/peppi-ohjeet-henkilokunnalle\/wp-content\/uploads\/sites\/131\/2020\/02\/Opiskeluoikeuden_massamuokkaus_muokkaa_arvoja.png\" alt=\"Kuva opiskeluoikeuden massamuokkauksen muokkaa arvoja -valikosta\" class=\"wp-image-619\"\/><\/figure>\n\n\n\n<h3 class=\"wp-block-heading\">HOPSin alustus massamuokkauksella<\/h3>\n\n\n\n<p>HOPSien alustuksen voi tehd\u00e4 massamuokkauksella. <strong>HOPSien alustus<\/strong> \u2013painike <strong>Muokkaa arvoja<\/strong> \u2013painikkeen vieress\u00e4 massamuokkausn\u00e4kym\u00e4ss\u00e4.<\/p>\n\n\n\n<p>OPSin alustus HOPSiksi massamuokkauksella:<\/p>\n\n\n\n<ul class=\"wp-block-list\">\n<li>Tee <strong>opiskelijahaku<\/strong> haluamallasi tavalla (ks. <a href=\"https:\/\/help.jamk.fi\/peppi-ohjeet-henkilokunnalle\/opiskelijahallinto\/opiskelijat-valikko\/opiskeluoikeushaku\">Opiskeluoikeushaku<\/a>)\n\n\n\n\n\n\n\n\n\n\n\n\n\n\n\n\n<ul class=\"wp-block-list\">\n<li>Esimerkiksi hallinnollisella ryhm\u00e4tunnuksella opiskeluoikeushaussa<\/li>\n<\/ul>\n\n\n\n<ul class=\"wp-block-list\">\n<li>Esimerkiksi hallinnollisella ryhm\u00e4tunnuksella opiskeluoikeushaussa<\/li>\n<\/ul>\n\n\n\n<ul class=\"wp-block-list\">\n<li>Esimerkiksi hallinnollisella ryhm\u00e4tunnuksella opiskeluoikeushaussa<\/li>\n<\/ul>\n\n\n\n<ul class=\"wp-block-list\">\n<li>Esimerkiksi hallinnollisella ryhm\u00e4tunnuksella opiskeluoikeushaussa<\/li>\n<\/ul>\n\n\n\n<ul class=\"wp-block-list\">\n<li>Esimerkiksi hallinnollisella ryhm\u00e4tunnuksella opiskeluoikeushaussa<\/li>\n<\/ul>\n\n\n\n<ul class=\"wp-block-list\">\n<li>Esimerkiksi hallinnollisella ryhm\u00e4tunnuksella opiskeluoikeushaussa<\/li>\n<\/ul>\n\n\n\n<ul class=\"wp-block-list\">\n<li>Esimerkiksi hallinnollisella ryhm\u00e4tunnuksella opiskeluoikeushaussa<\/li>\n<\/ul>\n\n\n\n<ul class=\"wp-block-list\">\n<li>Esimerkiksi hallinnollisella ryhm\u00e4tunnuksella opiskeluoikeushaussa<\/li>\n<\/ul>\n\n<ul class=\"wp-block-list\">\n<li>Esimerkiksi hallinnollisella ryhm\u00e4tunnuksella opiskeluoikeushaussa<\/li>\n<\/ul>\n\n\n\n<ul class=\"wp-block-list\">\n<li>Esimerkiksi hallinnollisella ryhm\u00e4tunnuksella opiskeluoikeushaussa<\/li>\n<\/ul>\n\n\n\n<ul class=\"wp-block-list\">\n<li>Esimerkiksi hallinnollisella ryhm\u00e4tunnuksella opiskeluoikeushaussa<\/li>\n<\/ul>\n\n\n\n<ul class=\"wp-block-list\">\n<li>Esimerkiksi hallinnollisella ryhm\u00e4tunnuksella opiskeluoikeushaussa<\/li>\n<\/ul>\n\n\n\n<ul class=\"wp-block-list\">\n<li>Esimerkiksi hallinnollisella ryhm\u00e4tunnuksella opiskeluoikeushaussa<\/li>\n<\/ul>\n\n\n\n<ul class=\"wp-block-list\">\n<li>Esimerkiksi hallinnollisella ryhm\u00e4tunnuksella opiskeluoikeushaussa<\/li>\n<\/ul>\n\n\n\n<ul class=\"wp-block-list\">\n<li>Esimerkiksi hallinnollisella ryhm\u00e4tunnuksella opiskeluoikeushaussa<\/li>\n<\/ul>\n\n\n\n<ul class=\"wp-block-list\">\n<li>Esimerkiksi hallinnollisella ryhm\u00e4tunnuksella opiskeluoikeushaussa<\/li>\n<\/ul>\n<\/li>\n\n\n\n<li>Valitse kaikki haluamasi opiskelijat<\/li>\n\n\n\n<li>Valitse <strong>massamuokkaa<\/strong><\/li>\n\n\n\n<li>Valitse <strong>HOPSien alustus<\/strong> -painike<\/li>\n\n\n\n<li>HOPSin voi alustaa\n<ul class=\"wp-block-list\">\n<li>K\u00e4ytt\u00e4en opiskeluoikeudelle asetettua opetussuunnitelmaa<\/li>\n\n\n\n<li>Korvata vanha HOPS mik\u00e4li sellainen on opiskeluoikeudelle jo alustettu<\/li>\n\n\n\n<li>Poistaa HOPS kokonaisuudessaan jolloin se ei n\u00e4y HOPSin historiatiedoissa.<\/li>\n<\/ul>\n<\/li>\n\n\n\n<li>Valitse <strong>Alusta<\/strong> tai <strong>Poista<\/strong><\/li>\n<\/ul>\n\n\n\n<figure class=\"wp-block-image\"><img loading=\"lazy\" decoding=\"async\" width=\"640\" height=\"371\" src=\"https:\/\/help.jamk.fi\/peppi-ohjeet-henkilokunnalle\/wp-content\/uploads\/sites\/131\/2020\/02\/Opiskeluoikeuden_massamuokkaus_HOPS.png\" alt=\"Kuva opiskeluoikeuden HOPSien massamuokkauksesta\" class=\"wp-image-622\"\/><\/figure>\n\n\n\n<h3 class=\"wp-block-heading\">Opiskelijalla pit\u00e4\u00e4 olla OPS kiinnitettyn\u00e4 opiskeluoikeuteen<\/h3>\n\n\n\n<p>Jos OPSia ei ole kiinnitettyn\u00e4 opiskeluoikeuteen, lis\u00e4\u00e4 opiskelijoille ensin OPS massamuokkauksella<\/p>\n\n\n\n<ul class=\"wp-block-list\">\n<li>Tee <strong>opiskelijahaku<\/strong> haluamallasi tavalla (ks. <a href=\"https:\/\/help.jamk.fi\/peppi-ohjeet-henkilokunnalle\/opiskelijahallinto\/opiskelijat-valikko\/opiskeluoikeushaku\/\">Opiskeluoikeushaku<\/a>)<\/li>\n\n\n\n<li>Valitse kaikki haluamasi opiskelijat<\/li>\n\n\n\n<li>Valitse <strong>Massamuokkaa<\/strong><\/li>\n\n\n\n<li>Valitse <strong>Muokkaa arvoja<\/strong><\/li>\n\n\n\n<li><strong>Opiskeluoikeuden muut tiedot<\/strong> -otsikon alta<\/li>\n\n\n\n<li>Valitse <strong>HOPSin pohjana k\u00e4ytett\u00e4v\u00e4n opetussuunnitelman tunnus<\/strong><\/li>\n\n\n\n<li>Rasti kohtaan <strong>Aseta<\/strong><\/li>\n\n\n\n<li>Hae OPS<\/li>\n\n\n\n<li>Valitse <strong>Tallenna muutokset<\/strong><\/li>\n<\/ul>\n\n\n\n<p>Jos opiskelijalla ei ole HOPSia, h\u00e4n ei pysty ilmoittautumaan opintojaksoille.<\/p>\n","protected":false},"excerpt":{"rendered":"<p>Opiskelijoiden opiskeluoikeustietoja on mahdollista muuttaa suurelle joukolle yhdell\u00e4 kertaa k\u00e4ytt\u00e4en massamuokkaus -toimintoa. Massamuokkaus -toiminnolla voi muuttaa esimerkiksi opiskeluoikeuksia, opiskeluoikeuden muita tietoja, ryhmi\u00e4 ja ohjaajia sek\u00e4 todistusmerkint\u00f6j\u00e4 ja valmistumistietoja. Opiskelijoiden haku Tee opiskelijahaku haluamallasi tavalla (ks. Opiskeluoikeushaku) Valitse hakutuloslistauksesta haluamasi opiskelijat. Otsikkorivin valintaruutu valitsee kaikki opiskelijat tai vaihtoehtoisesti opiskelijat voi valita yksitellen kunkin opiskelijarivin kohdalta. Massamuokkaa [&hellip;]<\/p>\n","protected":false},"author":77,"featured_media":0,"parent":4555,"menu_order":4,"comment_status":"closed","ping_status":"open","template":"","meta":{"_acf_changed":false,"_relevanssi_hide_post":"","_relevanssi_hide_content":"","_relevanssi_pin_for_all":"","_relevanssi_pin_keywords":"","_relevanssi_unpin_keywords":"","_relevanssi_related_keywords":"","_relevanssi_related_include_ids":"","_relevanssi_related_exclude_ids":"","_relevanssi_related_no_append":"","_relevanssi_related_not_related":"","_relevanssi_related_posts":"","_relevanssi_noindex_reason":"","footnotes":""},"categories":[12],"tags":[],"class_list":["post-4560","page","type-page","status-publish","hentry","category-korkeakoulupalveluiden-tyopoyta"],"acf":[],"yoast_head":"<!-- This site is optimized with the Yoast SEO plugin v27.3 - https:\/\/yoast.com\/product\/yoast-seo-wordpress\/ -->\n<title>Opiskeluoikeustietojen massamuokkaus - Peppi-ohjeet henkil\u00f6kunnalle<\/title>\n<meta name=\"robots\" content=\"index, follow, max-snippet:-1, max-image-preview:large, max-video-preview:-1\" \/>\n<link rel=\"canonical\" href=\"https:\/\/help.jamk.fi\/peppi-ohjeet-henkilokunnalle\/fi\/opiskelijahallinto\/opiskelijat-valikko\/opiskeluoikeustietojen-massamuokkaus\/\" \/>\n<meta property=\"og:locale\" content=\"fi_FI\" \/>\n<meta property=\"og:type\" content=\"article\" \/>\n<meta property=\"og:title\" content=\"Opiskeluoikeustietojen massamuokkaus - Peppi-ohjeet henkil\u00f6kunnalle\" \/>\n<meta property=\"og:description\" content=\"Opiskelijoiden opiskeluoikeustietoja on mahdollista muuttaa suurelle joukolle yhdell\u00e4 kertaa k\u00e4ytt\u00e4en massamuokkaus -toimintoa. Massamuokkaus -toiminnolla voi muuttaa esimerkiksi opiskeluoikeuksia, opiskeluoikeuden muita tietoja, ryhmi\u00e4 ja ohjaajia sek\u00e4 todistusmerkint\u00f6j\u00e4 ja valmistumistietoja. Opiskelijoiden haku Tee opiskelijahaku haluamallasi tavalla (ks. Opiskeluoikeushaku) Valitse hakutuloslistauksesta haluamasi opiskelijat. Otsikkorivin valintaruutu valitsee kaikki opiskelijat tai vaihtoehtoisesti opiskelijat voi valita yksitellen kunkin opiskelijarivin kohdalta. Massamuokkaa [&hellip;]\" \/>\n<meta property=\"og:url\" content=\"https:\/\/help.jamk.fi\/peppi-ohjeet-henkilokunnalle\/fi\/opiskelijahallinto\/opiskelijat-valikko\/opiskeluoikeustietojen-massamuokkaus\/\" \/>\n<meta property=\"og:site_name\" content=\"Peppi-ohjeet henkil\u00f6kunnalle\" \/>\n<meta property=\"article:modified_time\" content=\"2024-01-10T15:14:16+00:00\" \/>\n<meta property=\"og:image\" content=\"https:\/\/help.jamk.fi\/peppi-ohjeet-henkilokunnalle\/wp-content\/uploads\/sites\/131\/2020\/02\/Opiskeluoikeuden_massamuokkaus.png\" \/>\n<meta name=\"twitter:card\" content=\"summary_large_image\" \/>\n<meta name=\"twitter:label1\" content=\"Arvioitu lukuaika\" \/>\n\t<meta name=\"twitter:data1\" content=\"3 minuuttia\" \/>\n<script type=\"application\/ld+json\" class=\"yoast-schema-graph\">{\"@context\":\"https:\\\/\\\/schema.org\",\"@graph\":[{\"@type\":\"WebPage\",\"@id\":\"https:\\\/\\\/help.jamk.fi\\\/peppi-ohjeet-henkilokunnalle\\\/fi\\\/opiskelijahallinto\\\/opiskelijat-valikko\\\/opiskeluoikeustietojen-massamuokkaus\\\/\",\"url\":\"https:\\\/\\\/help.jamk.fi\\\/peppi-ohjeet-henkilokunnalle\\\/fi\\\/opiskelijahallinto\\\/opiskelijat-valikko\\\/opiskeluoikeustietojen-massamuokkaus\\\/\",\"name\":\"Opiskeluoikeustietojen massamuokkaus - Peppi-ohjeet henkil\u00f6kunnalle\",\"isPartOf\":{\"@id\":\"https:\\\/\\\/help.jamk.fi\\\/peppi-ohjeet-henkilokunnalle\\\/#website\"},\"primaryImageOfPage\":{\"@id\":\"https:\\\/\\\/help.jamk.fi\\\/peppi-ohjeet-henkilokunnalle\\\/fi\\\/opiskelijahallinto\\\/opiskelijat-valikko\\\/opiskeluoikeustietojen-massamuokkaus\\\/#primaryimage\"},\"image\":{\"@id\":\"https:\\\/\\\/help.jamk.fi\\\/peppi-ohjeet-henkilokunnalle\\\/fi\\\/opiskelijahallinto\\\/opiskelijat-valikko\\\/opiskeluoikeustietojen-massamuokkaus\\\/#primaryimage\"},\"thumbnailUrl\":\"https:\\\/\\\/help.jamk.fi\\\/peppi-ohjeet-henkilokunnalle\\\/wp-content\\\/uploads\\\/sites\\\/131\\\/2020\\\/02\\\/Opiskeluoikeuden_massamuokkaus.png\",\"datePublished\":\"2020-02-17T09:33:15+00:00\",\"dateModified\":\"2024-01-10T15:14:16+00:00\",\"breadcrumb\":{\"@id\":\"https:\\\/\\\/help.jamk.fi\\\/peppi-ohjeet-henkilokunnalle\\\/fi\\\/opiskelijahallinto\\\/opiskelijat-valikko\\\/opiskeluoikeustietojen-massamuokkaus\\\/#breadcrumb\"},\"inLanguage\":\"fi\",\"potentialAction\":[{\"@type\":\"ReadAction\",\"target\":[\"https:\\\/\\\/help.jamk.fi\\\/peppi-ohjeet-henkilokunnalle\\\/fi\\\/opiskelijahallinto\\\/opiskelijat-valikko\\\/opiskeluoikeustietojen-massamuokkaus\\\/\"]}]},{\"@type\":\"ImageObject\",\"inLanguage\":\"fi\",\"@id\":\"https:\\\/\\\/help.jamk.fi\\\/peppi-ohjeet-henkilokunnalle\\\/fi\\\/opiskelijahallinto\\\/opiskelijat-valikko\\\/opiskeluoikeustietojen-massamuokkaus\\\/#primaryimage\",\"url\":\"https:\\\/\\\/help.jamk.fi\\\/peppi-ohjeet-henkilokunnalle\\\/wp-content\\\/uploads\\\/sites\\\/131\\\/2020\\\/02\\\/Opiskeluoikeuden_massamuokkaus.png\",\"contentUrl\":\"https:\\\/\\\/help.jamk.fi\\\/peppi-ohjeet-henkilokunnalle\\\/wp-content\\\/uploads\\\/sites\\\/131\\\/2020\\\/02\\\/Opiskeluoikeuden_massamuokkaus.png\",\"width\":640,\"height\":168,\"caption\":\"Kuva opiskeluoikeuden massamuokkauksesta\"},{\"@type\":\"BreadcrumbList\",\"@id\":\"https:\\\/\\\/help.jamk.fi\\\/peppi-ohjeet-henkilokunnalle\\\/fi\\\/opiskelijahallinto\\\/opiskelijat-valikko\\\/opiskeluoikeustietojen-massamuokkaus\\\/#breadcrumb\",\"itemListElement\":[{\"@type\":\"ListItem\",\"position\":1,\"name\":\"Home\",\"item\":\"https:\\\/\\\/help.jamk.fi\\\/peppi-ohjeet-henkilokunnalle\\\/en\\\/\"},{\"@type\":\"ListItem\",\"position\":2,\"name\":\"Opiskelijahallinto\",\"item\":\"https:\\\/\\\/help.jamk.fi\\\/peppi-ohjeet-henkilokunnalle\\\/fi\\\/opiskelijahallinto\\\/\"},{\"@type\":\"ListItem\",\"position\":3,\"name\":\"Opiskelijoiden hallinta\",\"item\":\"https:\\\/\\\/help.jamk.fi\\\/peppi-ohjeet-henkilokunnalle\\\/fi\\\/opiskelijahallinto\\\/opiskelijat-valikko\\\/\"},{\"@type\":\"ListItem\",\"position\":4,\"name\":\"Opiskeluoikeustietojen massamuokkaus\"}]},{\"@type\":\"WebSite\",\"@id\":\"https:\\\/\\\/help.jamk.fi\\\/peppi-ohjeet-henkilokunnalle\\\/#website\",\"url\":\"https:\\\/\\\/help.jamk.fi\\\/peppi-ohjeet-henkilokunnalle\\\/\",\"name\":\"Peppi-ohjeet henkil\u00f6kunnalle\",\"description\":\"\",\"potentialAction\":[{\"@type\":\"SearchAction\",\"target\":{\"@type\":\"EntryPoint\",\"urlTemplate\":\"https:\\\/\\\/help.jamk.fi\\\/peppi-ohjeet-henkilokunnalle\\\/?s={search_term_string}\"},\"query-input\":{\"@type\":\"PropertyValueSpecification\",\"valueRequired\":true,\"valueName\":\"search_term_string\"}}],\"inLanguage\":\"fi\"}]}<\/script>\n<!-- \/ Yoast SEO plugin. -->","yoast_head_json":{"title":"Opiskeluoikeustietojen massamuokkaus - Peppi-ohjeet henkil\u00f6kunnalle","robots":{"index":"index","follow":"follow","max-snippet":"max-snippet:-1","max-image-preview":"max-image-preview:large","max-video-preview":"max-video-preview:-1"},"canonical":"https:\/\/help.jamk.fi\/peppi-ohjeet-henkilokunnalle\/fi\/opiskelijahallinto\/opiskelijat-valikko\/opiskeluoikeustietojen-massamuokkaus\/","og_locale":"fi_FI","og_type":"article","og_title":"Opiskeluoikeustietojen massamuokkaus - Peppi-ohjeet henkil\u00f6kunnalle","og_description":"Opiskelijoiden opiskeluoikeustietoja on mahdollista muuttaa suurelle joukolle yhdell\u00e4 kertaa k\u00e4ytt\u00e4en massamuokkaus -toimintoa. Massamuokkaus -toiminnolla voi muuttaa esimerkiksi opiskeluoikeuksia, opiskeluoikeuden muita tietoja, ryhmi\u00e4 ja ohjaajia sek\u00e4 todistusmerkint\u00f6j\u00e4 ja valmistumistietoja. Opiskelijoiden haku Tee opiskelijahaku haluamallasi tavalla (ks. Opiskeluoikeushaku) Valitse hakutuloslistauksesta haluamasi opiskelijat. Otsikkorivin valintaruutu valitsee kaikki opiskelijat tai vaihtoehtoisesti opiskelijat voi valita yksitellen kunkin opiskelijarivin kohdalta. Massamuokkaa [&hellip;]","og_url":"https:\/\/help.jamk.fi\/peppi-ohjeet-henkilokunnalle\/fi\/opiskelijahallinto\/opiskelijat-valikko\/opiskeluoikeustietojen-massamuokkaus\/","og_site_name":"Peppi-ohjeet henkil\u00f6kunnalle","article_modified_time":"2024-01-10T15:14:16+00:00","og_image":[{"url":"https:\/\/help.jamk.fi\/peppi-ohjeet-henkilokunnalle\/wp-content\/uploads\/sites\/131\/2020\/02\/Opiskeluoikeuden_massamuokkaus.png","type":"","width":"","height":""}],"twitter_card":"summary_large_image","twitter_misc":{"Arvioitu lukuaika":"3 minuuttia"},"schema":{"@context":"https:\/\/schema.org","@graph":[{"@type":"WebPage","@id":"https:\/\/help.jamk.fi\/peppi-ohjeet-henkilokunnalle\/fi\/opiskelijahallinto\/opiskelijat-valikko\/opiskeluoikeustietojen-massamuokkaus\/","url":"https:\/\/help.jamk.fi\/peppi-ohjeet-henkilokunnalle\/fi\/opiskelijahallinto\/opiskelijat-valikko\/opiskeluoikeustietojen-massamuokkaus\/","name":"Opiskeluoikeustietojen massamuokkaus - Peppi-ohjeet henkil\u00f6kunnalle","isPartOf":{"@id":"https:\/\/help.jamk.fi\/peppi-ohjeet-henkilokunnalle\/#website"},"primaryImageOfPage":{"@id":"https:\/\/help.jamk.fi\/peppi-ohjeet-henkilokunnalle\/fi\/opiskelijahallinto\/opiskelijat-valikko\/opiskeluoikeustietojen-massamuokkaus\/#primaryimage"},"image":{"@id":"https:\/\/help.jamk.fi\/peppi-ohjeet-henkilokunnalle\/fi\/opiskelijahallinto\/opiskelijat-valikko\/opiskeluoikeustietojen-massamuokkaus\/#primaryimage"},"thumbnailUrl":"https:\/\/help.jamk.fi\/peppi-ohjeet-henkilokunnalle\/wp-content\/uploads\/sites\/131\/2020\/02\/Opiskeluoikeuden_massamuokkaus.png","datePublished":"2020-02-17T09:33:15+00:00","dateModified":"2024-01-10T15:14:16+00:00","breadcrumb":{"@id":"https:\/\/help.jamk.fi\/peppi-ohjeet-henkilokunnalle\/fi\/opiskelijahallinto\/opiskelijat-valikko\/opiskeluoikeustietojen-massamuokkaus\/#breadcrumb"},"inLanguage":"fi","potentialAction":[{"@type":"ReadAction","target":["https:\/\/help.jamk.fi\/peppi-ohjeet-henkilokunnalle\/fi\/opiskelijahallinto\/opiskelijat-valikko\/opiskeluoikeustietojen-massamuokkaus\/"]}]},{"@type":"ImageObject","inLanguage":"fi","@id":"https:\/\/help.jamk.fi\/peppi-ohjeet-henkilokunnalle\/fi\/opiskelijahallinto\/opiskelijat-valikko\/opiskeluoikeustietojen-massamuokkaus\/#primaryimage","url":"https:\/\/help.jamk.fi\/peppi-ohjeet-henkilokunnalle\/wp-content\/uploads\/sites\/131\/2020\/02\/Opiskeluoikeuden_massamuokkaus.png","contentUrl":"https:\/\/help.jamk.fi\/peppi-ohjeet-henkilokunnalle\/wp-content\/uploads\/sites\/131\/2020\/02\/Opiskeluoikeuden_massamuokkaus.png","width":640,"height":168,"caption":"Kuva opiskeluoikeuden massamuokkauksesta"},{"@type":"BreadcrumbList","@id":"https:\/\/help.jamk.fi\/peppi-ohjeet-henkilokunnalle\/fi\/opiskelijahallinto\/opiskelijat-valikko\/opiskeluoikeustietojen-massamuokkaus\/#breadcrumb","itemListElement":[{"@type":"ListItem","position":1,"name":"Home","item":"https:\/\/help.jamk.fi\/peppi-ohjeet-henkilokunnalle\/en\/"},{"@type":"ListItem","position":2,"name":"Opiskelijahallinto","item":"https:\/\/help.jamk.fi\/peppi-ohjeet-henkilokunnalle\/fi\/opiskelijahallinto\/"},{"@type":"ListItem","position":3,"name":"Opiskelijoiden hallinta","item":"https:\/\/help.jamk.fi\/peppi-ohjeet-henkilokunnalle\/fi\/opiskelijahallinto\/opiskelijat-valikko\/"},{"@type":"ListItem","position":4,"name":"Opiskeluoikeustietojen massamuokkaus"}]},{"@type":"WebSite","@id":"https:\/\/help.jamk.fi\/peppi-ohjeet-henkilokunnalle\/#website","url":"https:\/\/help.jamk.fi\/peppi-ohjeet-henkilokunnalle\/","name":"Peppi-ohjeet henkil\u00f6kunnalle","description":"","potentialAction":[{"@type":"SearchAction","target":{"@type":"EntryPoint","urlTemplate":"https:\/\/help.jamk.fi\/peppi-ohjeet-henkilokunnalle\/?s={search_term_string}"},"query-input":{"@type":"PropertyValueSpecification","valueRequired":true,"valueName":"search_term_string"}}],"inLanguage":"fi"}]}},"_links":{"self":[{"href":"https:\/\/help.jamk.fi\/peppi-ohjeet-henkilokunnalle\/wp-json\/wp\/v2\/pages\/4560","targetHints":{"allow":["GET"]}}],"collection":[{"href":"https:\/\/help.jamk.fi\/peppi-ohjeet-henkilokunnalle\/wp-json\/wp\/v2\/pages"}],"about":[{"href":"https:\/\/help.jamk.fi\/peppi-ohjeet-henkilokunnalle\/wp-json\/wp\/v2\/types\/page"}],"author":[{"embeddable":true,"href":"https:\/\/help.jamk.fi\/peppi-ohjeet-henkilokunnalle\/wp-json\/wp\/v2\/users\/77"}],"replies":[{"embeddable":true,"href":"https:\/\/help.jamk.fi\/peppi-ohjeet-henkilokunnalle\/wp-json\/wp\/v2\/comments?post=4560"}],"version-history":[{"count":7,"href":"https:\/\/help.jamk.fi\/peppi-ohjeet-henkilokunnalle\/wp-json\/wp\/v2\/pages\/4560\/revisions"}],"predecessor-version":[{"id":6239,"href":"https:\/\/help.jamk.fi\/peppi-ohjeet-henkilokunnalle\/wp-json\/wp\/v2\/pages\/4560\/revisions\/6239"}],"up":[{"embeddable":true,"href":"https:\/\/help.jamk.fi\/peppi-ohjeet-henkilokunnalle\/wp-json\/wp\/v2\/pages\/4555"}],"wp:attachment":[{"href":"https:\/\/help.jamk.fi\/peppi-ohjeet-henkilokunnalle\/wp-json\/wp\/v2\/media?parent=4560"}],"wp:term":[{"taxonomy":"category","embeddable":true,"href":"https:\/\/help.jamk.fi\/peppi-ohjeet-henkilokunnalle\/wp-json\/wp\/v2\/categories?post=4560"},{"taxonomy":"post_tag","embeddable":true,"href":"https:\/\/help.jamk.fi\/peppi-ohjeet-henkilokunnalle\/wp-json\/wp\/v2\/tags?post=4560"}],"curies":[{"name":"wp","href":"https:\/\/api.w.org\/{rel}","templated":true}]}}