{"id":4562,"date":"2020-03-04T10:38:54","date_gmt":"2020-03-04T08:38:54","guid":{"rendered":"https:\/\/help.jamk.fi\/peppi-ohjeet-henkilokunnalle\/opiskelijahallinto\/hops-ohjaus\/"},"modified":"2023-11-10T09:30:21","modified_gmt":"2023-11-10T07:30:21","slug":"hops-ohjaus","status":"publish","type":"page","link":"https:\/\/help.jamk.fi\/peppi-ohjeet-henkilokunnalle\/fi\/opiskelijahallinto\/hops-ohjaus\/","title":{"rendered":"HOPSin ohjaus"},"content":{"rendered":"\n<p>HOPS-ohjaus -toiminto l\u00f6ytyy korkeakoulupalveluiden ty\u00f6p\u00f6yd\u00e4lt\u00e4 sek\u00e4 opettajan ty\u00f6p\u00f6yd\u00e4lt\u00e4. HOPS-ohjauksen avulla voidaan tarkastella ja muokata opiskelijoiden henkil\u00f6kohtaisia opintosuunnitelmia. HOPSiin liittyv\u00e4\u00e4 viestint\u00e4\u00e4 voidaan k\u00e4yd\u00e4 t\u00e4m\u00e4n toiminnon avulla.<\/p>\n\n\n\n<p>K\u00e4ytt\u00e4j\u00e4 n\u00e4kee ryhm\u00e4t, joihin h\u00e4net on kiinnitetty ohjaajaksi. H\u00e4n voi my\u00f6s luoda ja hallinnoida omia ryhmi\u00e4. HOPS-ohjauksen ryhm\u00e4 -toiminnolla voidaan antaa koko ryhm\u00e4lle teht\u00e4vi\u00e4, tarkastella ryhm\u00e4n opintojen etenemist\u00e4, hyv\u00e4ksy\u00e4 tai alustaa ryhm\u00e4n HOPSit sek\u00e4 k\u00e4yd\u00e4 viestint\u00e4\u00e4 ryhm\u00e4n opiskelijoiden kanssa.<\/p>\n\n\n\n<p>K\u00e4ytt\u00e4j\u00e4n omat ohjattavat opiskelijat n\u00e4kyv\u00e4t HOPS-ohjauksen <strong>Yhteenveto<\/strong> -sivulta. Jos k\u00e4ytt\u00e4j\u00e4 on kiinnitetty ryhm\u00e4lle ohjaajaksi niin silloin ohjattavat opiskelijat ja ryhm\u00e4t n\u00e4kyv\u00e4t <strong>HOPS-ryhm\u00e4ni<\/strong> alta. K\u00e4ytt\u00e4j\u00e4 voi my\u00f6s luoda omia HOPS-ryhmi\u00e4 Omat ryhm\u00e4t otsikon alta painamalla <strong>Lis\u00e4\u00e4 oma ryhm\u00e4<\/strong>. K\u00e4ytt\u00e4j\u00e4n luomat Omat ryhm\u00e4t n\u00e4kyv\u00e4t <strong>Omat ryhm\u00e4t<\/strong> -otsikon alla.<\/p>\n\n\n\n<figure class=\"wp-block-image\"><img loading=\"lazy\" decoding=\"async\" width=\"259\" height=\"324\" src=\"https:\/\/help.jamk.fi\/peppi-ohjeet-henkilokunnalle\/wp-content\/uploads\/sites\/131\/2020\/03\/HOPS_Ohjaus_ryhman_lisays.png\" alt=\"Kuva HOPS-ohjaus -valikon ryhmien luomisesta ja hallinnoinnista\" class=\"wp-image-717\"\/><\/figure>\n\n\n\n<p>Voit valita n\u00e4ytet\u00e4\u00e4nk\u00f6 <strong>Vain aktiiviset<\/strong> -opiskelijat vai kaikki opiskelijat. <strong>Kaikki<\/strong> opiskelijat vaihtoehto n\u00e4ytt\u00e4\u00e4 my\u00f6s valmistuneet ja keskeytt\u00e4neet opiskelijat. Valinta l\u00f6ytyy sivun oikeasta reunasta. Sivulla n\u00e4ytett\u00e4vi\u00e4 sarakkeita voit hallinnoida <strong>Sarakkeet<\/strong> -pudotusvalikon kautta.<\/p>\n\n\n\n<figure class=\"wp-block-image\"><img loading=\"lazy\" decoding=\"async\" width=\"375\" height=\"507\" src=\"https:\/\/help.jamk.fi\/peppi-ohjeet-henkilokunnalle\/wp-content\/uploads\/sites\/131\/2020\/03\/HOPS_Ohjaus_nakyman_personointi.png\" alt=\"Kuva HOPS-ohjaus n\u00e4kym\u00e4n personointi -valikoista\" class=\"wp-image-720\"\/><\/figure>\n\n\n\n<h2 class=\"wp-block-heading\">Oman ryhm\u00e4n lis\u00e4\u00e4minen<\/h2>\n\n\n\n<p>Oman ryhm\u00e4n lis\u00e4\u00e4minen onnistuu valitsemalla vasemmasta navigaatiosta lis\u00e4\u00e4 ryhm\u00e4.<\/p>\n\n\n\n<ul class=\"wp-block-list\">\n<li>Valitse <strong>Lis\u00e4\u00e4 ryhm\u00e4<\/strong><\/li>\n\n\n\n<li>Anna ryhm\u00e4lle <strong>Nimi<\/strong>.\n<ul class=\"wp-block-list\">\n<li>Nimi n\u00e4kyy ryhm\u00e4n sivun otsikkona<\/li>\n<\/ul>\n<\/li>\n\n\n\n<li>Anna ryhm\u00e4lle <strong>Koodi<\/strong>.\n<ul class=\"wp-block-list\">\n<li>Koodi n\u00e4kyy vasemmassa navigaatiossa<\/li>\n<\/ul>\n<\/li>\n\n\n\n<li>Halutessasi voit kirjoittaa ryhm\u00e4lle <strong>Kuvauksen<\/strong>.\n<ul class=\"wp-block-list\">\n<li>Kuvaus n\u00e4kyy ryhm\u00e4n kuvaus -v\u00e4lilehdell\u00e4<\/li>\n<\/ul>\n<\/li>\n\n\n\n<li>Paina <strong>Tallenna<\/strong><\/li>\n<\/ul>\n\n\n\n<p>Ryhm\u00e4n koodi tulee n\u00e4kyviin vasempaan navigaatioon ja sit\u00e4 painamalla p\u00e4\u00e4see ryhm\u00e4n sivulle. T\u00e4t\u00e4 kautta voit liitt\u00e4\u00e4 ryhm\u00e4\u00e4n opiskelijoita.<\/p>\n\n\n\n<figure class=\"wp-block-image\"><img loading=\"lazy\" decoding=\"async\" width=\"640\" height=\"352\" src=\"https:\/\/help.jamk.fi\/peppi-ohjeet-henkilokunnalle\/wp-content\/uploads\/sites\/131\/2020\/03\/HOPS_Ohjaus_ryhman_nimeaminen.png\" alt=\"Kuva k\u00e4ytt\u00e4j\u00e4n luomasta HOPS-ohjauksen ryhm\u00e4st\u00e4\" class=\"wp-image-718\"\/><\/figure>\n\n\n\n<h2 class=\"wp-block-heading\">HOPS-ohjauksen v\u00e4lilehdet<\/h2>\n\n\n\n<p>HOPS-ohjaus sivulla on v\u00e4lilehti\u00e4 joiden alta voidaan tarkastella ja k\u00e4sitell\u00e4 ohjattavien opiskelijoiden ja ryhmien tietoja. <strong>Yhteenveto<\/strong> -sivulla on n\u00e4kyviss\u00e4 vain <strong>Opiskelijat<\/strong> ja <strong>Tapahtumat<\/strong> -v\u00e4lilehdet. Ryhm\u00e4t -sivuilla on n\u00e4kyviss\u00e4 kaikki alla olevat v\u00e4lilehdet.<\/p>\n\n\n\n<figure class=\"wp-block-image\"><img loading=\"lazy\" decoding=\"async\" width=\"640\" height=\"31\" src=\"https:\/\/help.jamk.fi\/peppi-ohjeet-henkilokunnalle\/wp-content\/uploads\/sites\/131\/2020\/03\/HOPS_Ohjaus_valilehdet.png\" alt=\"Kuva HOPS-ohjaus sivun v\u00e4lilehdist\u00e4\" class=\"wp-image-721\"\/><\/figure>\n","protected":false},"excerpt":{"rendered":"<p>HOPS-ohjaus -toiminto l\u00f6ytyy korkeakoulupalveluiden ty\u00f6p\u00f6yd\u00e4lt\u00e4 sek\u00e4 opettajan ty\u00f6p\u00f6yd\u00e4lt\u00e4. HOPS-ohjauksen avulla voidaan tarkastella ja muokata opiskelijoiden henkil\u00f6kohtaisia opintosuunnitelmia. HOPSiin liittyv\u00e4\u00e4 viestint\u00e4\u00e4 voidaan k\u00e4yd\u00e4 t\u00e4m\u00e4n toiminnon avulla. K\u00e4ytt\u00e4j\u00e4 n\u00e4kee ryhm\u00e4t, joihin h\u00e4net on kiinnitetty ohjaajaksi. H\u00e4n voi my\u00f6s luoda ja hallinnoida omia ryhmi\u00e4. HOPS-ohjauksen ryhm\u00e4 -toiminnolla voidaan antaa koko ryhm\u00e4lle teht\u00e4vi\u00e4, tarkastella ryhm\u00e4n opintojen etenemist\u00e4, hyv\u00e4ksy\u00e4 tai [&hellip;]<\/p>\n","protected":false},"author":77,"featured_media":0,"parent":4554,"menu_order":2,"comment_status":"closed","ping_status":"open","template":"","meta":{"_acf_changed":false,"_relevanssi_hide_post":"","_relevanssi_hide_content":"","_relevanssi_pin_for_all":"","_relevanssi_pin_keywords":"","_relevanssi_unpin_keywords":"","_relevanssi_related_keywords":"","_relevanssi_related_include_ids":"","_relevanssi_related_exclude_ids":"","_relevanssi_related_no_append":"","_relevanssi_related_not_related":"","_relevanssi_related_posts":"","_relevanssi_noindex_reason":"","footnotes":""},"categories":[12],"tags":[],"class_list":["post-4562","page","type-page","status-publish","hentry","category-korkeakoulupalveluiden-tyopoyta"],"acf":[],"yoast_head":"<!-- This site is optimized with the Yoast SEO plugin v27.3 - https:\/\/yoast.com\/product\/yoast-seo-wordpress\/ -->\n<title>HOPSin ohjaus - Peppi-ohjeet henkil\u00f6kunnalle<\/title>\n<meta name=\"robots\" content=\"index, follow, max-snippet:-1, max-image-preview:large, max-video-preview:-1\" \/>\n<link rel=\"canonical\" href=\"https:\/\/help.jamk.fi\/peppi-ohjeet-henkilokunnalle\/fi\/opiskelijahallinto\/hops-ohjaus\/\" \/>\n<meta property=\"og:locale\" content=\"fi_FI\" \/>\n<meta property=\"og:type\" content=\"article\" \/>\n<meta property=\"og:title\" content=\"HOPSin ohjaus - Peppi-ohjeet henkil\u00f6kunnalle\" \/>\n<meta property=\"og:description\" content=\"HOPS-ohjaus -toiminto l\u00f6ytyy korkeakoulupalveluiden ty\u00f6p\u00f6yd\u00e4lt\u00e4 sek\u00e4 opettajan ty\u00f6p\u00f6yd\u00e4lt\u00e4. HOPS-ohjauksen avulla voidaan tarkastella ja muokata opiskelijoiden henkil\u00f6kohtaisia opintosuunnitelmia. HOPSiin liittyv\u00e4\u00e4 viestint\u00e4\u00e4 voidaan k\u00e4yd\u00e4 t\u00e4m\u00e4n toiminnon avulla. K\u00e4ytt\u00e4j\u00e4 n\u00e4kee ryhm\u00e4t, joihin h\u00e4net on kiinnitetty ohjaajaksi. H\u00e4n voi my\u00f6s luoda ja hallinnoida omia ryhmi\u00e4. HOPS-ohjauksen ryhm\u00e4 -toiminnolla voidaan antaa koko ryhm\u00e4lle teht\u00e4vi\u00e4, tarkastella ryhm\u00e4n opintojen etenemist\u00e4, hyv\u00e4ksy\u00e4 tai [&hellip;]\" \/>\n<meta property=\"og:url\" content=\"https:\/\/help.jamk.fi\/peppi-ohjeet-henkilokunnalle\/fi\/opiskelijahallinto\/hops-ohjaus\/\" \/>\n<meta property=\"og:site_name\" content=\"Peppi-ohjeet henkil\u00f6kunnalle\" \/>\n<meta property=\"article:modified_time\" content=\"2023-11-10T07:30:21+00:00\" \/>\n<meta property=\"og:image\" content=\"https:\/\/help.jamk.fi\/peppi-ohjeet-henkilokunnalle\/wp-content\/uploads\/sites\/131\/2020\/03\/HOPS_Ohjaus_ryhman_lisays.png\" \/>\n<meta name=\"twitter:card\" content=\"summary_large_image\" \/>\n<meta name=\"twitter:label1\" content=\"Arvioitu lukuaika\" \/>\n\t<meta name=\"twitter:data1\" content=\"3 minuuttia\" \/>\n<script type=\"application\/ld+json\" class=\"yoast-schema-graph\">{\"@context\":\"https:\\\/\\\/schema.org\",\"@graph\":[{\"@type\":\"WebPage\",\"@id\":\"https:\\\/\\\/help.jamk.fi\\\/peppi-ohjeet-henkilokunnalle\\\/fi\\\/opiskelijahallinto\\\/hops-ohjaus\\\/\",\"url\":\"https:\\\/\\\/help.jamk.fi\\\/peppi-ohjeet-henkilokunnalle\\\/fi\\\/opiskelijahallinto\\\/hops-ohjaus\\\/\",\"name\":\"HOPSin ohjaus - Peppi-ohjeet henkil\u00f6kunnalle\",\"isPartOf\":{\"@id\":\"https:\\\/\\\/help.jamk.fi\\\/peppi-ohjeet-henkilokunnalle\\\/#website\"},\"primaryImageOfPage\":{\"@id\":\"https:\\\/\\\/help.jamk.fi\\\/peppi-ohjeet-henkilokunnalle\\\/fi\\\/opiskelijahallinto\\\/hops-ohjaus\\\/#primaryimage\"},\"image\":{\"@id\":\"https:\\\/\\\/help.jamk.fi\\\/peppi-ohjeet-henkilokunnalle\\\/fi\\\/opiskelijahallinto\\\/hops-ohjaus\\\/#primaryimage\"},\"thumbnailUrl\":\"https:\\\/\\\/help.jamk.fi\\\/peppi-ohjeet-henkilokunnalle\\\/wp-content\\\/uploads\\\/sites\\\/131\\\/2020\\\/03\\\/HOPS_Ohjaus_ryhman_lisays.png\",\"datePublished\":\"2020-03-04T08:38:54+00:00\",\"dateModified\":\"2023-11-10T07:30:21+00:00\",\"breadcrumb\":{\"@id\":\"https:\\\/\\\/help.jamk.fi\\\/peppi-ohjeet-henkilokunnalle\\\/fi\\\/opiskelijahallinto\\\/hops-ohjaus\\\/#breadcrumb\"},\"inLanguage\":\"fi\",\"potentialAction\":[{\"@type\":\"ReadAction\",\"target\":[\"https:\\\/\\\/help.jamk.fi\\\/peppi-ohjeet-henkilokunnalle\\\/fi\\\/opiskelijahallinto\\\/hops-ohjaus\\\/\"]}]},{\"@type\":\"ImageObject\",\"inLanguage\":\"fi\",\"@id\":\"https:\\\/\\\/help.jamk.fi\\\/peppi-ohjeet-henkilokunnalle\\\/fi\\\/opiskelijahallinto\\\/hops-ohjaus\\\/#primaryimage\",\"url\":\"https:\\\/\\\/help.jamk.fi\\\/peppi-ohjeet-henkilokunnalle\\\/wp-content\\\/uploads\\\/sites\\\/131\\\/2020\\\/03\\\/HOPS_Ohjaus_ryhman_lisays.png\",\"contentUrl\":\"https:\\\/\\\/help.jamk.fi\\\/peppi-ohjeet-henkilokunnalle\\\/wp-content\\\/uploads\\\/sites\\\/131\\\/2020\\\/03\\\/HOPS_Ohjaus_ryhman_lisays.png\",\"width\":259,\"height\":324,\"caption\":\"Kuva HOPS-ohjaus -valikon ryhmien luomisesta ja hallinnoinnista\"},{\"@type\":\"BreadcrumbList\",\"@id\":\"https:\\\/\\\/help.jamk.fi\\\/peppi-ohjeet-henkilokunnalle\\\/fi\\\/opiskelijahallinto\\\/hops-ohjaus\\\/#breadcrumb\",\"itemListElement\":[{\"@type\":\"ListItem\",\"position\":1,\"name\":\"Home\",\"item\":\"https:\\\/\\\/help.jamk.fi\\\/peppi-ohjeet-henkilokunnalle\\\/en\\\/\"},{\"@type\":\"ListItem\",\"position\":2,\"name\":\"Opiskelijahallinto\",\"item\":\"https:\\\/\\\/help.jamk.fi\\\/peppi-ohjeet-henkilokunnalle\\\/fi\\\/opiskelijahallinto\\\/\"},{\"@type\":\"ListItem\",\"position\":3,\"name\":\"HOPSin ohjaus\"}]},{\"@type\":\"WebSite\",\"@id\":\"https:\\\/\\\/help.jamk.fi\\\/peppi-ohjeet-henkilokunnalle\\\/#website\",\"url\":\"https:\\\/\\\/help.jamk.fi\\\/peppi-ohjeet-henkilokunnalle\\\/\",\"name\":\"Peppi-ohjeet henkil\u00f6kunnalle\",\"description\":\"\",\"potentialAction\":[{\"@type\":\"SearchAction\",\"target\":{\"@type\":\"EntryPoint\",\"urlTemplate\":\"https:\\\/\\\/help.jamk.fi\\\/peppi-ohjeet-henkilokunnalle\\\/?s={search_term_string}\"},\"query-input\":{\"@type\":\"PropertyValueSpecification\",\"valueRequired\":true,\"valueName\":\"search_term_string\"}}],\"inLanguage\":\"fi\"}]}<\/script>\n<!-- \/ Yoast SEO plugin. -->","yoast_head_json":{"title":"HOPSin ohjaus - Peppi-ohjeet henkil\u00f6kunnalle","robots":{"index":"index","follow":"follow","max-snippet":"max-snippet:-1","max-image-preview":"max-image-preview:large","max-video-preview":"max-video-preview:-1"},"canonical":"https:\/\/help.jamk.fi\/peppi-ohjeet-henkilokunnalle\/fi\/opiskelijahallinto\/hops-ohjaus\/","og_locale":"fi_FI","og_type":"article","og_title":"HOPSin ohjaus - Peppi-ohjeet henkil\u00f6kunnalle","og_description":"HOPS-ohjaus -toiminto l\u00f6ytyy korkeakoulupalveluiden ty\u00f6p\u00f6yd\u00e4lt\u00e4 sek\u00e4 opettajan ty\u00f6p\u00f6yd\u00e4lt\u00e4. HOPS-ohjauksen avulla voidaan tarkastella ja muokata opiskelijoiden henkil\u00f6kohtaisia opintosuunnitelmia. HOPSiin liittyv\u00e4\u00e4 viestint\u00e4\u00e4 voidaan k\u00e4yd\u00e4 t\u00e4m\u00e4n toiminnon avulla. K\u00e4ytt\u00e4j\u00e4 n\u00e4kee ryhm\u00e4t, joihin h\u00e4net on kiinnitetty ohjaajaksi. H\u00e4n voi my\u00f6s luoda ja hallinnoida omia ryhmi\u00e4. HOPS-ohjauksen ryhm\u00e4 -toiminnolla voidaan antaa koko ryhm\u00e4lle teht\u00e4vi\u00e4, tarkastella ryhm\u00e4n opintojen etenemist\u00e4, hyv\u00e4ksy\u00e4 tai [&hellip;]","og_url":"https:\/\/help.jamk.fi\/peppi-ohjeet-henkilokunnalle\/fi\/opiskelijahallinto\/hops-ohjaus\/","og_site_name":"Peppi-ohjeet henkil\u00f6kunnalle","article_modified_time":"2023-11-10T07:30:21+00:00","og_image":[{"url":"https:\/\/help.jamk.fi\/peppi-ohjeet-henkilokunnalle\/wp-content\/uploads\/sites\/131\/2020\/03\/HOPS_Ohjaus_ryhman_lisays.png","type":"","width":"","height":""}],"twitter_card":"summary_large_image","twitter_misc":{"Arvioitu lukuaika":"3 minuuttia"},"schema":{"@context":"https:\/\/schema.org","@graph":[{"@type":"WebPage","@id":"https:\/\/help.jamk.fi\/peppi-ohjeet-henkilokunnalle\/fi\/opiskelijahallinto\/hops-ohjaus\/","url":"https:\/\/help.jamk.fi\/peppi-ohjeet-henkilokunnalle\/fi\/opiskelijahallinto\/hops-ohjaus\/","name":"HOPSin ohjaus - Peppi-ohjeet henkil\u00f6kunnalle","isPartOf":{"@id":"https:\/\/help.jamk.fi\/peppi-ohjeet-henkilokunnalle\/#website"},"primaryImageOfPage":{"@id":"https:\/\/help.jamk.fi\/peppi-ohjeet-henkilokunnalle\/fi\/opiskelijahallinto\/hops-ohjaus\/#primaryimage"},"image":{"@id":"https:\/\/help.jamk.fi\/peppi-ohjeet-henkilokunnalle\/fi\/opiskelijahallinto\/hops-ohjaus\/#primaryimage"},"thumbnailUrl":"https:\/\/help.jamk.fi\/peppi-ohjeet-henkilokunnalle\/wp-content\/uploads\/sites\/131\/2020\/03\/HOPS_Ohjaus_ryhman_lisays.png","datePublished":"2020-03-04T08:38:54+00:00","dateModified":"2023-11-10T07:30:21+00:00","breadcrumb":{"@id":"https:\/\/help.jamk.fi\/peppi-ohjeet-henkilokunnalle\/fi\/opiskelijahallinto\/hops-ohjaus\/#breadcrumb"},"inLanguage":"fi","potentialAction":[{"@type":"ReadAction","target":["https:\/\/help.jamk.fi\/peppi-ohjeet-henkilokunnalle\/fi\/opiskelijahallinto\/hops-ohjaus\/"]}]},{"@type":"ImageObject","inLanguage":"fi","@id":"https:\/\/help.jamk.fi\/peppi-ohjeet-henkilokunnalle\/fi\/opiskelijahallinto\/hops-ohjaus\/#primaryimage","url":"https:\/\/help.jamk.fi\/peppi-ohjeet-henkilokunnalle\/wp-content\/uploads\/sites\/131\/2020\/03\/HOPS_Ohjaus_ryhman_lisays.png","contentUrl":"https:\/\/help.jamk.fi\/peppi-ohjeet-henkilokunnalle\/wp-content\/uploads\/sites\/131\/2020\/03\/HOPS_Ohjaus_ryhman_lisays.png","width":259,"height":324,"caption":"Kuva HOPS-ohjaus -valikon ryhmien luomisesta ja hallinnoinnista"},{"@type":"BreadcrumbList","@id":"https:\/\/help.jamk.fi\/peppi-ohjeet-henkilokunnalle\/fi\/opiskelijahallinto\/hops-ohjaus\/#breadcrumb","itemListElement":[{"@type":"ListItem","position":1,"name":"Home","item":"https:\/\/help.jamk.fi\/peppi-ohjeet-henkilokunnalle\/en\/"},{"@type":"ListItem","position":2,"name":"Opiskelijahallinto","item":"https:\/\/help.jamk.fi\/peppi-ohjeet-henkilokunnalle\/fi\/opiskelijahallinto\/"},{"@type":"ListItem","position":3,"name":"HOPSin ohjaus"}]},{"@type":"WebSite","@id":"https:\/\/help.jamk.fi\/peppi-ohjeet-henkilokunnalle\/#website","url":"https:\/\/help.jamk.fi\/peppi-ohjeet-henkilokunnalle\/","name":"Peppi-ohjeet henkil\u00f6kunnalle","description":"","potentialAction":[{"@type":"SearchAction","target":{"@type":"EntryPoint","urlTemplate":"https:\/\/help.jamk.fi\/peppi-ohjeet-henkilokunnalle\/?s={search_term_string}"},"query-input":{"@type":"PropertyValueSpecification","valueRequired":true,"valueName":"search_term_string"}}],"inLanguage":"fi"}]}},"_links":{"self":[{"href":"https:\/\/help.jamk.fi\/peppi-ohjeet-henkilokunnalle\/wp-json\/wp\/v2\/pages\/4562","targetHints":{"allow":["GET"]}}],"collection":[{"href":"https:\/\/help.jamk.fi\/peppi-ohjeet-henkilokunnalle\/wp-json\/wp\/v2\/pages"}],"about":[{"href":"https:\/\/help.jamk.fi\/peppi-ohjeet-henkilokunnalle\/wp-json\/wp\/v2\/types\/page"}],"author":[{"embeddable":true,"href":"https:\/\/help.jamk.fi\/peppi-ohjeet-henkilokunnalle\/wp-json\/wp\/v2\/users\/77"}],"replies":[{"embeddable":true,"href":"https:\/\/help.jamk.fi\/peppi-ohjeet-henkilokunnalle\/wp-json\/wp\/v2\/comments?post=4562"}],"version-history":[{"count":7,"href":"https:\/\/help.jamk.fi\/peppi-ohjeet-henkilokunnalle\/wp-json\/wp\/v2\/pages\/4562\/revisions"}],"predecessor-version":[{"id":5356,"href":"https:\/\/help.jamk.fi\/peppi-ohjeet-henkilokunnalle\/wp-json\/wp\/v2\/pages\/4562\/revisions\/5356"}],"up":[{"embeddable":true,"href":"https:\/\/help.jamk.fi\/peppi-ohjeet-henkilokunnalle\/wp-json\/wp\/v2\/pages\/4554"}],"wp:attachment":[{"href":"https:\/\/help.jamk.fi\/peppi-ohjeet-henkilokunnalle\/wp-json\/wp\/v2\/media?parent=4562"}],"wp:term":[{"taxonomy":"category","embeddable":true,"href":"https:\/\/help.jamk.fi\/peppi-ohjeet-henkilokunnalle\/wp-json\/wp\/v2\/categories?post=4562"},{"taxonomy":"post_tag","embeddable":true,"href":"https:\/\/help.jamk.fi\/peppi-ohjeet-henkilokunnalle\/wp-json\/wp\/v2\/tags?post=4562"}],"curies":[{"name":"wp","href":"https:\/\/api.w.org\/{rel}","templated":true}]}}