{"id":4592,"date":"2020-04-01T08:44:37","date_gmt":"2020-04-01T05:44:37","guid":{"rendered":"https:\/\/help.jamk.fi\/peppi-ohjeet-henkilokunnalle\/opettajan-ohjeet\/hops-ohjaus\/ryhman-kuvaus-valilehti\/"},"modified":"2024-01-22T10:52:47","modified_gmt":"2024-01-22T08:52:47","slug":"ryhman-kuvaus-valilehti","status":"publish","type":"page","link":"https:\/\/help.jamk.fi\/peppi-ohjeet-henkilokunnalle\/fi\/opettajan-ohjeet\/hops-ohjaus\/ryhman-kuvaus-valilehti\/","title":{"rendered":"Ryhm\u00e4n kuvaus -v\u00e4lilehti"},"content":{"rendered":"\n<p>Ryhm\u00e4n kuvaus -v\u00e4lilehdell\u00e4 voit halutessasi kirjoittaa ryhm\u00e4lle kuvauksen. HOPS-ryhm\u00e4t sivulla oleva Ryhm\u00e4n kuvaus -v\u00e4lilehti on kattavampi ja se n\u00e4ytet\u00e4\u00e4n opiskelijoille hopsin Ryhm\u00e4-v\u00e4lilehdell\u00e4. Omat ryhm\u00e4t -sivulla Ryhm\u00e4n kuvaus -v\u00e4lilehdell\u00e4 voi t\u00e4ytt\u00e4\u00e4 ainoastaan kuvauksen.<\/p>\n\n\n\n<ul class=\"wp-block-list\">\n<li>Valitse Ryhm\u00e4n kuvaus -v\u00e4lilehdelt\u00e4 <strong>Muokkaa<\/strong><\/li>\n\n\n\n<li>T\u00e4yt\u00e4 haluamasi kent\u00e4t<\/li>\n\n\n\n<li>Valitse <strong>Tallenna<\/strong><\/li>\n<\/ul>\n\n\n\n<figure class=\"wp-block-image\"><img loading=\"lazy\" decoding=\"async\" width=\"374\" height=\"480\" src=\"https:\/\/help.jamk.fi\/peppi-ohjeet-henkilokunnalle\/wp-content\/uploads\/sites\/131\/2020\/03\/HOPS_Ohjaus_valilehdet_ryhman_kuvaus.png\" alt=\"Kuva HOPS -ohjauksen ryhm\u00e4n kuvaus -v\u00e4lilehdest\u00e4\" class=\"wp-image-781\"\/><\/figure>\n","protected":false},"excerpt":{"rendered":"<p>Ryhm\u00e4n kuvaus -v\u00e4lilehdell\u00e4 voit halutessasi kirjoittaa ryhm\u00e4lle kuvauksen. HOPS-ryhm\u00e4t sivulla oleva Ryhm\u00e4n kuvaus -v\u00e4lilehti on kattavampi ja se n\u00e4ytet\u00e4\u00e4n opiskelijoille hopsin Ryhm\u00e4-v\u00e4lilehdell\u00e4. Omat ryhm\u00e4t -sivulla Ryhm\u00e4n kuvaus -v\u00e4lilehdell\u00e4 voi t\u00e4ytt\u00e4\u00e4 ainoastaan kuvauksen.<\/p>\n","protected":false},"author":77,"featured_media":0,"parent":4588,"menu_order":5,"comment_status":"closed","ping_status":"open","template":"","meta":{"_acf_changed":false,"_relevanssi_hide_post":"","_relevanssi_hide_content":"","_relevanssi_pin_for_all":"","_relevanssi_pin_keywords":"","_relevanssi_unpin_keywords":"","_relevanssi_related_keywords":"","_relevanssi_related_include_ids":"","_relevanssi_related_exclude_ids":"","_relevanssi_related_no_append":"","_relevanssi_related_not_related":"","_relevanssi_related_posts":"","_relevanssi_noindex_reason":"","footnotes":""},"categories":[10],"tags":[],"class_list":["post-4592","page","type-page","status-publish","hentry","category-opettajan-tyopoyta"],"acf":[],"yoast_head":"<!-- This site is optimized with the Yoast SEO plugin v27.4 - https:\/\/yoast.com\/product\/yoast-seo-wordpress\/ -->\n<title>Ryhm\u00e4n kuvaus -v\u00e4lilehti - Peppi-ohjeet henkil\u00f6kunnalle<\/title>\n<meta name=\"robots\" content=\"index, follow, max-snippet:-1, max-image-preview:large, max-video-preview:-1\" \/>\n<link rel=\"canonical\" href=\"https:\/\/help.jamk.fi\/peppi-ohjeet-henkilokunnalle\/fi\/opettajan-ohjeet\/hops-ohjaus\/ryhman-kuvaus-valilehti\/\" \/>\n<meta property=\"og:locale\" content=\"fi_FI\" \/>\n<meta property=\"og:type\" content=\"article\" \/>\n<meta property=\"og:title\" content=\"Ryhm\u00e4n kuvaus -v\u00e4lilehti - Peppi-ohjeet henkil\u00f6kunnalle\" \/>\n<meta property=\"og:description\" content=\"Ryhm\u00e4n kuvaus -v\u00e4lilehdell\u00e4 voit halutessasi kirjoittaa ryhm\u00e4lle kuvauksen. HOPS-ryhm\u00e4t sivulla oleva Ryhm\u00e4n kuvaus -v\u00e4lilehti on kattavampi ja se n\u00e4ytet\u00e4\u00e4n opiskelijoille hopsin Ryhm\u00e4-v\u00e4lilehdell\u00e4. Omat ryhm\u00e4t -sivulla Ryhm\u00e4n kuvaus -v\u00e4lilehdell\u00e4 voi t\u00e4ytt\u00e4\u00e4 ainoastaan kuvauksen.\" \/>\n<meta property=\"og:url\" content=\"https:\/\/help.jamk.fi\/peppi-ohjeet-henkilokunnalle\/fi\/opettajan-ohjeet\/hops-ohjaus\/ryhman-kuvaus-valilehti\/\" \/>\n<meta property=\"og:site_name\" content=\"Peppi-ohjeet henkil\u00f6kunnalle\" \/>\n<meta property=\"article:modified_time\" content=\"2024-01-22T08:52:47+00:00\" \/>\n<meta property=\"og:image\" content=\"https:\/\/help.jamk.fi\/peppi-ohjeet-henkilokunnalle\/wp-content\/uploads\/sites\/131\/2020\/03\/HOPS_Ohjaus_valilehdet_ryhman_kuvaus.png\" \/>\n<meta name=\"twitter:card\" content=\"summary_large_image\" \/>\n<meta name=\"twitter:label1\" content=\"Arvioitu lukuaika\" \/>\n\t<meta name=\"twitter:data1\" content=\"1 minuutti\" \/>\n<script type=\"application\/ld+json\" class=\"yoast-schema-graph\">{\"@context\":\"https:\\\/\\\/schema.org\",\"@graph\":[{\"@type\":\"WebPage\",\"@id\":\"https:\\\/\\\/help.jamk.fi\\\/peppi-ohjeet-henkilokunnalle\\\/fi\\\/opettajan-ohjeet\\\/hops-ohjaus\\\/ryhman-kuvaus-valilehti\\\/\",\"url\":\"https:\\\/\\\/help.jamk.fi\\\/peppi-ohjeet-henkilokunnalle\\\/fi\\\/opettajan-ohjeet\\\/hops-ohjaus\\\/ryhman-kuvaus-valilehti\\\/\",\"name\":\"Ryhm\u00e4n kuvaus -v\u00e4lilehti - Peppi-ohjeet henkil\u00f6kunnalle\",\"isPartOf\":{\"@id\":\"https:\\\/\\\/help.jamk.fi\\\/peppi-ohjeet-henkilokunnalle\\\/#website\"},\"primaryImageOfPage\":{\"@id\":\"https:\\\/\\\/help.jamk.fi\\\/peppi-ohjeet-henkilokunnalle\\\/fi\\\/opettajan-ohjeet\\\/hops-ohjaus\\\/ryhman-kuvaus-valilehti\\\/#primaryimage\"},\"image\":{\"@id\":\"https:\\\/\\\/help.jamk.fi\\\/peppi-ohjeet-henkilokunnalle\\\/fi\\\/opettajan-ohjeet\\\/hops-ohjaus\\\/ryhman-kuvaus-valilehti\\\/#primaryimage\"},\"thumbnailUrl\":\"https:\\\/\\\/help.jamk.fi\\\/peppi-ohjeet-henkilokunnalle\\\/wp-content\\\/uploads\\\/sites\\\/131\\\/2020\\\/03\\\/HOPS_Ohjaus_valilehdet_ryhman_kuvaus.png\",\"datePublished\":\"2020-04-01T05:44:37+00:00\",\"dateModified\":\"2024-01-22T08:52:47+00:00\",\"breadcrumb\":{\"@id\":\"https:\\\/\\\/help.jamk.fi\\\/peppi-ohjeet-henkilokunnalle\\\/fi\\\/opettajan-ohjeet\\\/hops-ohjaus\\\/ryhman-kuvaus-valilehti\\\/#breadcrumb\"},\"inLanguage\":\"fi\",\"potentialAction\":[{\"@type\":\"ReadAction\",\"target\":[\"https:\\\/\\\/help.jamk.fi\\\/peppi-ohjeet-henkilokunnalle\\\/fi\\\/opettajan-ohjeet\\\/hops-ohjaus\\\/ryhman-kuvaus-valilehti\\\/\"]}]},{\"@type\":\"ImageObject\",\"inLanguage\":\"fi\",\"@id\":\"https:\\\/\\\/help.jamk.fi\\\/peppi-ohjeet-henkilokunnalle\\\/fi\\\/opettajan-ohjeet\\\/hops-ohjaus\\\/ryhman-kuvaus-valilehti\\\/#primaryimage\",\"url\":\"https:\\\/\\\/help.jamk.fi\\\/peppi-ohjeet-henkilokunnalle\\\/wp-content\\\/uploads\\\/sites\\\/131\\\/2020\\\/03\\\/HOPS_Ohjaus_valilehdet_ryhman_kuvaus.png\",\"contentUrl\":\"https:\\\/\\\/help.jamk.fi\\\/peppi-ohjeet-henkilokunnalle\\\/wp-content\\\/uploads\\\/sites\\\/131\\\/2020\\\/03\\\/HOPS_Ohjaus_valilehdet_ryhman_kuvaus.png\",\"width\":374,\"height\":480,\"caption\":\"Kuva HOPS -ohjauksen ryhm\u00e4n kuvaus -v\u00e4lilehdest\u00e4\"},{\"@type\":\"BreadcrumbList\",\"@id\":\"https:\\\/\\\/help.jamk.fi\\\/peppi-ohjeet-henkilokunnalle\\\/fi\\\/opettajan-ohjeet\\\/hops-ohjaus\\\/ryhman-kuvaus-valilehti\\\/#breadcrumb\",\"itemListElement\":[{\"@type\":\"ListItem\",\"position\":1,\"name\":\"Home\",\"item\":\"https:\\\/\\\/help.jamk.fi\\\/peppi-ohjeet-henkilokunnalle\\\/en\\\/\"},{\"@type\":\"ListItem\",\"position\":2,\"name\":\"Opettajan ohjeet\",\"item\":\"https:\\\/\\\/help.jamk.fi\\\/peppi-ohjeet-henkilokunnalle\\\/fi\\\/opettajan-ohjeet\\\/\"},{\"@type\":\"ListItem\",\"position\":3,\"name\":\"HOPS-ohjaus\",\"item\":\"https:\\\/\\\/help.jamk.fi\\\/peppi-ohjeet-henkilokunnalle\\\/fi\\\/opettajan-ohjeet\\\/hops-ohjaus\\\/\"},{\"@type\":\"ListItem\",\"position\":4,\"name\":\"Ryhm\u00e4n kuvaus -v\u00e4lilehti\"}]},{\"@type\":\"WebSite\",\"@id\":\"https:\\\/\\\/help.jamk.fi\\\/peppi-ohjeet-henkilokunnalle\\\/#website\",\"url\":\"https:\\\/\\\/help.jamk.fi\\\/peppi-ohjeet-henkilokunnalle\\\/\",\"name\":\"Peppi-ohjeet henkil\u00f6kunnalle\",\"description\":\"\",\"potentialAction\":[{\"@type\":\"SearchAction\",\"target\":{\"@type\":\"EntryPoint\",\"urlTemplate\":\"https:\\\/\\\/help.jamk.fi\\\/peppi-ohjeet-henkilokunnalle\\\/?s={search_term_string}\"},\"query-input\":{\"@type\":\"PropertyValueSpecification\",\"valueRequired\":true,\"valueName\":\"search_term_string\"}}],\"inLanguage\":\"fi\"}]}<\/script>\n<!-- \/ Yoast SEO plugin. -->","yoast_head_json":{"title":"Ryhm\u00e4n kuvaus -v\u00e4lilehti - Peppi-ohjeet henkil\u00f6kunnalle","robots":{"index":"index","follow":"follow","max-snippet":"max-snippet:-1","max-image-preview":"max-image-preview:large","max-video-preview":"max-video-preview:-1"},"canonical":"https:\/\/help.jamk.fi\/peppi-ohjeet-henkilokunnalle\/fi\/opettajan-ohjeet\/hops-ohjaus\/ryhman-kuvaus-valilehti\/","og_locale":"fi_FI","og_type":"article","og_title":"Ryhm\u00e4n kuvaus -v\u00e4lilehti - Peppi-ohjeet henkil\u00f6kunnalle","og_description":"Ryhm\u00e4n kuvaus -v\u00e4lilehdell\u00e4 voit halutessasi kirjoittaa ryhm\u00e4lle kuvauksen. HOPS-ryhm\u00e4t sivulla oleva Ryhm\u00e4n kuvaus -v\u00e4lilehti on kattavampi ja se n\u00e4ytet\u00e4\u00e4n opiskelijoille hopsin Ryhm\u00e4-v\u00e4lilehdell\u00e4. Omat ryhm\u00e4t -sivulla Ryhm\u00e4n kuvaus -v\u00e4lilehdell\u00e4 voi t\u00e4ytt\u00e4\u00e4 ainoastaan kuvauksen.","og_url":"https:\/\/help.jamk.fi\/peppi-ohjeet-henkilokunnalle\/fi\/opettajan-ohjeet\/hops-ohjaus\/ryhman-kuvaus-valilehti\/","og_site_name":"Peppi-ohjeet henkil\u00f6kunnalle","article_modified_time":"2024-01-22T08:52:47+00:00","og_image":[{"url":"https:\/\/help.jamk.fi\/peppi-ohjeet-henkilokunnalle\/wp-content\/uploads\/sites\/131\/2020\/03\/HOPS_Ohjaus_valilehdet_ryhman_kuvaus.png","type":"","width":"","height":""}],"twitter_card":"summary_large_image","twitter_misc":{"Arvioitu lukuaika":"1 minuutti"},"schema":{"@context":"https:\/\/schema.org","@graph":[{"@type":"WebPage","@id":"https:\/\/help.jamk.fi\/peppi-ohjeet-henkilokunnalle\/fi\/opettajan-ohjeet\/hops-ohjaus\/ryhman-kuvaus-valilehti\/","url":"https:\/\/help.jamk.fi\/peppi-ohjeet-henkilokunnalle\/fi\/opettajan-ohjeet\/hops-ohjaus\/ryhman-kuvaus-valilehti\/","name":"Ryhm\u00e4n kuvaus -v\u00e4lilehti - Peppi-ohjeet henkil\u00f6kunnalle","isPartOf":{"@id":"https:\/\/help.jamk.fi\/peppi-ohjeet-henkilokunnalle\/#website"},"primaryImageOfPage":{"@id":"https:\/\/help.jamk.fi\/peppi-ohjeet-henkilokunnalle\/fi\/opettajan-ohjeet\/hops-ohjaus\/ryhman-kuvaus-valilehti\/#primaryimage"},"image":{"@id":"https:\/\/help.jamk.fi\/peppi-ohjeet-henkilokunnalle\/fi\/opettajan-ohjeet\/hops-ohjaus\/ryhman-kuvaus-valilehti\/#primaryimage"},"thumbnailUrl":"https:\/\/help.jamk.fi\/peppi-ohjeet-henkilokunnalle\/wp-content\/uploads\/sites\/131\/2020\/03\/HOPS_Ohjaus_valilehdet_ryhman_kuvaus.png","datePublished":"2020-04-01T05:44:37+00:00","dateModified":"2024-01-22T08:52:47+00:00","breadcrumb":{"@id":"https:\/\/help.jamk.fi\/peppi-ohjeet-henkilokunnalle\/fi\/opettajan-ohjeet\/hops-ohjaus\/ryhman-kuvaus-valilehti\/#breadcrumb"},"inLanguage":"fi","potentialAction":[{"@type":"ReadAction","target":["https:\/\/help.jamk.fi\/peppi-ohjeet-henkilokunnalle\/fi\/opettajan-ohjeet\/hops-ohjaus\/ryhman-kuvaus-valilehti\/"]}]},{"@type":"ImageObject","inLanguage":"fi","@id":"https:\/\/help.jamk.fi\/peppi-ohjeet-henkilokunnalle\/fi\/opettajan-ohjeet\/hops-ohjaus\/ryhman-kuvaus-valilehti\/#primaryimage","url":"https:\/\/help.jamk.fi\/peppi-ohjeet-henkilokunnalle\/wp-content\/uploads\/sites\/131\/2020\/03\/HOPS_Ohjaus_valilehdet_ryhman_kuvaus.png","contentUrl":"https:\/\/help.jamk.fi\/peppi-ohjeet-henkilokunnalle\/wp-content\/uploads\/sites\/131\/2020\/03\/HOPS_Ohjaus_valilehdet_ryhman_kuvaus.png","width":374,"height":480,"caption":"Kuva HOPS -ohjauksen ryhm\u00e4n kuvaus -v\u00e4lilehdest\u00e4"},{"@type":"BreadcrumbList","@id":"https:\/\/help.jamk.fi\/peppi-ohjeet-henkilokunnalle\/fi\/opettajan-ohjeet\/hops-ohjaus\/ryhman-kuvaus-valilehti\/#breadcrumb","itemListElement":[{"@type":"ListItem","position":1,"name":"Home","item":"https:\/\/help.jamk.fi\/peppi-ohjeet-henkilokunnalle\/en\/"},{"@type":"ListItem","position":2,"name":"Opettajan ohjeet","item":"https:\/\/help.jamk.fi\/peppi-ohjeet-henkilokunnalle\/fi\/opettajan-ohjeet\/"},{"@type":"ListItem","position":3,"name":"HOPS-ohjaus","item":"https:\/\/help.jamk.fi\/peppi-ohjeet-henkilokunnalle\/fi\/opettajan-ohjeet\/hops-ohjaus\/"},{"@type":"ListItem","position":4,"name":"Ryhm\u00e4n kuvaus -v\u00e4lilehti"}]},{"@type":"WebSite","@id":"https:\/\/help.jamk.fi\/peppi-ohjeet-henkilokunnalle\/#website","url":"https:\/\/help.jamk.fi\/peppi-ohjeet-henkilokunnalle\/","name":"Peppi-ohjeet henkil\u00f6kunnalle","description":"","potentialAction":[{"@type":"SearchAction","target":{"@type":"EntryPoint","urlTemplate":"https:\/\/help.jamk.fi\/peppi-ohjeet-henkilokunnalle\/?s={search_term_string}"},"query-input":{"@type":"PropertyValueSpecification","valueRequired":true,"valueName":"search_term_string"}}],"inLanguage":"fi"}]}},"_links":{"self":[{"href":"https:\/\/help.jamk.fi\/peppi-ohjeet-henkilokunnalle\/wp-json\/wp\/v2\/pages\/4592","targetHints":{"allow":["GET"]}}],"collection":[{"href":"https:\/\/help.jamk.fi\/peppi-ohjeet-henkilokunnalle\/wp-json\/wp\/v2\/pages"}],"about":[{"href":"https:\/\/help.jamk.fi\/peppi-ohjeet-henkilokunnalle\/wp-json\/wp\/v2\/types\/page"}],"author":[{"embeddable":true,"href":"https:\/\/help.jamk.fi\/peppi-ohjeet-henkilokunnalle\/wp-json\/wp\/v2\/users\/77"}],"replies":[{"embeddable":true,"href":"https:\/\/help.jamk.fi\/peppi-ohjeet-henkilokunnalle\/wp-json\/wp\/v2\/comments?post=4592"}],"version-history":[{"count":4,"href":"https:\/\/help.jamk.fi\/peppi-ohjeet-henkilokunnalle\/wp-json\/wp\/v2\/pages\/4592\/revisions"}],"predecessor-version":[{"id":6368,"href":"https:\/\/help.jamk.fi\/peppi-ohjeet-henkilokunnalle\/wp-json\/wp\/v2\/pages\/4592\/revisions\/6368"}],"up":[{"embeddable":true,"href":"https:\/\/help.jamk.fi\/peppi-ohjeet-henkilokunnalle\/wp-json\/wp\/v2\/pages\/4588"}],"wp:attachment":[{"href":"https:\/\/help.jamk.fi\/peppi-ohjeet-henkilokunnalle\/wp-json\/wp\/v2\/media?parent=4592"}],"wp:term":[{"taxonomy":"category","embeddable":true,"href":"https:\/\/help.jamk.fi\/peppi-ohjeet-henkilokunnalle\/wp-json\/wp\/v2\/categories?post=4592"},{"taxonomy":"post_tag","embeddable":true,"href":"https:\/\/help.jamk.fi\/peppi-ohjeet-henkilokunnalle\/wp-json\/wp\/v2\/tags?post=4592"}],"curies":[{"name":"wp","href":"https:\/\/api.w.org\/{rel}","templated":true}]}}