{"id":4602,"date":"2020-04-01T09:50:32","date_gmt":"2020-04-01T06:50:32","guid":{"rendered":"https:\/\/help.jamk.fi\/peppi-ohjeet-henkilokunnalle\/opettajan-ohjeet\/hopsin-kasittely\/ajoitus-valilehti\/"},"modified":"2023-11-08T12:54:11","modified_gmt":"2023-11-08T10:54:11","slug":"ajoitus-valilehti","status":"publish","type":"page","link":"https:\/\/help.jamk.fi\/peppi-ohjeet-henkilokunnalle\/fi\/opettajan-ohjeet\/hopsin-kasittely\/ajoitus-valilehti\/","title":{"rendered":"Ajoitus -v\u00e4lilehti"},"content":{"rendered":"\n<figure class=\"wp-block-image\"><img loading=\"lazy\" decoding=\"async\" width=\"640\" height=\"208\" src=\"https:\/\/help.jamk.fi\/peppi-ohjeet-henkilokunnalle\/wp-content\/uploads\/sites\/131\/2020\/03\/HOPS_ajoitus.png\" alt=\"Kuva HOPSin ajoitus -v\u00e4lilehdest\u00e4\" class=\"wp-image-993\"\/><\/figure>\n\n\n\n<p>Tarkista opintojakson ajoitus Opinto-oppaan alta l\u00f6ytyv\u00e4st\u00e4 opetussuunnitelmasta (OPS)<\/p>\n\n\n\n<p><strong>Opinnon ajoittaminen<\/strong><\/p>\n\n\n\n<ul class=\"wp-block-list\">\n<li>Raahaa opintojakso aikajanalle haluamaasi kohtaan nuolipainikkeen avulla.<\/li>\n\n\n\n<li>Jos nuolipainiketta ei n\u00e4y, se on j\u00e4\u00e4nyt piiloon, pienenn\u00e4 siin\u00e4 tapauksessa selaimen tekstin kokoa.<\/li>\n<\/ul>\n\n\n\n<p><strong>Opinnon ajoituksen muuttaminen<\/strong><\/p>\n\n\n\n<ul class=\"wp-block-list\">\n<li>Raahaa aikajanalla oleva opintojakso haluamaasi uuteen kohtaan.<\/li>\n<\/ul>\n\n\n\n<p><strong>Ajoituksen poistaminen<\/strong><\/p>\n\n\n\n<ul class=\"wp-block-list\">\n<li>Raahaa aikajanalla oleva opintojakso takaisin rakenteeseen.<\/li>\n<\/ul>\n\n\n\n<p><strong>Tarkastele pakollisia opintojaksoja, joita ei ole ajoitettu<\/strong><\/p>\n\n\n\n<ul class=\"wp-block-list\">\n<li>Valitse rakenteen yl\u00e4puolelta <strong>kellosymboli<\/strong><\/li>\n\n\n\n<li>Poista suodatus valitsemalla <strong>N\u00e4yt\u00e4 kaikki<\/strong><\/li>\n<\/ul>\n\n\n\n<p><strong>Aikajanalla liikkuminen<\/strong><\/p>\n\n\n\n<p>Py\u00f6rit\u00e4 hiiren vieritysrullaa haluamaasi suuntaan tai tartu vaakasuunnassa olevaan vierityspalkkiin ja siirr\u00e4 se haluamaasi kohtaan.<\/p>\n\n\n\n<figure class=\"wp-block-image\"><img loading=\"lazy\" decoding=\"async\" width=\"640\" height=\"71\" src=\"https:\/\/help.jamk.fi\/peppi-ohjeet-henkilokunnalle\/wp-content\/uploads\/sites\/131\/2020\/03\/HOPS_ajoitus_painikkeet.png\" alt=\"Kuva HOPSin ajoitus -v\u00e4lilehden painikkeista\" class=\"wp-image-994\"\/><\/figure>\n\n\n\n<p><strong>Lis\u00e4\u00e4 poissaolomerkint\u00e4:<\/strong><\/p>\n\n\n\n<ul class=\"wp-block-list\">\n<li>Raahaa <strong>Lis\u00e4\u00e4 poissaolomerkint\u00e4<\/strong> aikajanalle<\/li>\n\n\n\n<li>Kirjoita poissaolomerkinn\u00e4lle syy\n<ul class=\"wp-block-list\">\n<li><strong>HUOM!<\/strong> t\u00e4m\u00e4 ei riit\u00e4 poissaoloilmoittautumiseen vaan opiskelijan tulee ilmoittautua poissaolevaksi opiskelijaksi<\/li>\n<\/ul>\n<\/li>\n\n\n\n<li>Voit siirt\u00e4\u00e4 poissaolomerkinn\u00e4n toiseen kohtaan aikajanalla raahaamalla<\/li>\n<\/ul>\n\n\n\n<p><strong>Tarkastele ajoituksia eri tarkkuustasoilla<\/strong>:<\/p>\n\n\n\n<ul class=\"wp-block-list\">\n<li>Valitse Lukuvuodet \/ Lukukaudet \/ Periodit<\/li>\n\n\n\n<li>Kes\u00e4periodit mukaan aikajanalle:\n<ul class=\"wp-block-list\">\n<li>Valitse <strong>N\u00e4yt\u00e4 kes\u00e4periodit<\/strong>.<\/li>\n<\/ul>\n<\/li>\n<\/ul>\n\n\n\n<p><strong>&nbsp;Luo ajoitukset tai Tyhjenn\u00e4 ajoitukset:<\/strong><\/p>\n\n\n\n<ul class=\"wp-block-list\">\n<li>Valitsemalla<strong> Luo ajoitukset<\/strong> opinnot ajoitetaan aikajanalla opetussuunnitelmaan tehdyn ajoitussuunnitelman mukaisesti.<\/li>\n\n\n\n<li>Valitsemalla <strong>Tyhjenn\u00e4 ajoitukset<\/strong> ajoitetut opinnot poistetaan aikajanalta.<\/li>\n<\/ul>\n","protected":false},"excerpt":{"rendered":"<p>Tarkista opintojakson ajoitus Opinto-oppaan alta l\u00f6ytyv\u00e4st\u00e4 opetussuunnitelmasta (OPS) Opinnon ajoittaminen Opinnon ajoituksen muuttaminen Ajoituksen poistaminen Tarkastele pakollisia opintojaksoja, joita ei ole ajoitettu Aikajanalla liikkuminen Py\u00f6rit\u00e4 hiiren vieritysrullaa haluamaasi suuntaan tai tartu vaakasuunnassa olevaan vierityspalkkiin ja siirr\u00e4 se haluamaasi kohtaan. Lis\u00e4\u00e4 poissaolomerkint\u00e4: Tarkastele ajoituksia eri tarkkuustasoilla: &nbsp;Luo ajoitukset tai Tyhjenn\u00e4 ajoitukset:<\/p>\n","protected":false},"author":77,"featured_media":0,"parent":4596,"menu_order":6,"comment_status":"closed","ping_status":"open","template":"","meta":{"_acf_changed":false,"_relevanssi_hide_post":"","_relevanssi_hide_content":"","_relevanssi_pin_for_all":"","_relevanssi_pin_keywords":"","_relevanssi_unpin_keywords":"","_relevanssi_related_keywords":"","_relevanssi_related_include_ids":"","_relevanssi_related_exclude_ids":"","_relevanssi_related_no_append":"","_relevanssi_related_not_related":"","_relevanssi_related_posts":"","_relevanssi_noindex_reason":"","footnotes":""},"categories":[10],"tags":[],"class_list":["post-4602","page","type-page","status-publish","hentry","category-opettajan-tyopoyta"],"acf":[],"yoast_head":"<!-- This site is optimized with the Yoast SEO plugin v27.3 - https:\/\/yoast.com\/product\/yoast-seo-wordpress\/ -->\n<title>Ajoitus -v\u00e4lilehti - Peppi-ohjeet henkil\u00f6kunnalle<\/title>\n<meta name=\"robots\" content=\"index, follow, max-snippet:-1, max-image-preview:large, max-video-preview:-1\" \/>\n<link rel=\"canonical\" href=\"https:\/\/help.jamk.fi\/peppi-ohjeet-henkilokunnalle\/fi\/opettajan-ohjeet\/hopsin-kasittely\/ajoitus-valilehti\/\" \/>\n<meta property=\"og:locale\" content=\"fi_FI\" \/>\n<meta property=\"og:type\" content=\"article\" \/>\n<meta property=\"og:title\" content=\"Ajoitus -v\u00e4lilehti - Peppi-ohjeet henkil\u00f6kunnalle\" \/>\n<meta property=\"og:description\" content=\"Tarkista opintojakson ajoitus Opinto-oppaan alta l\u00f6ytyv\u00e4st\u00e4 opetussuunnitelmasta (OPS) Opinnon ajoittaminen Opinnon ajoituksen muuttaminen Ajoituksen poistaminen Tarkastele pakollisia opintojaksoja, joita ei ole ajoitettu Aikajanalla liikkuminen Py\u00f6rit\u00e4 hiiren vieritysrullaa haluamaasi suuntaan tai tartu vaakasuunnassa olevaan vierityspalkkiin ja siirr\u00e4 se haluamaasi kohtaan. Lis\u00e4\u00e4 poissaolomerkint\u00e4: Tarkastele ajoituksia eri tarkkuustasoilla: &nbsp;Luo ajoitukset tai Tyhjenn\u00e4 ajoitukset:\" \/>\n<meta property=\"og:url\" content=\"https:\/\/help.jamk.fi\/peppi-ohjeet-henkilokunnalle\/fi\/opettajan-ohjeet\/hopsin-kasittely\/ajoitus-valilehti\/\" \/>\n<meta property=\"og:site_name\" content=\"Peppi-ohjeet henkil\u00f6kunnalle\" \/>\n<meta property=\"article:modified_time\" content=\"2023-11-08T10:54:11+00:00\" \/>\n<meta property=\"og:image\" content=\"https:\/\/help.jamk.fi\/peppi-ohjeet-henkilokunnalle\/wp-content\/uploads\/sites\/131\/2020\/03\/HOPS_ajoitus.png\" \/>\n<meta name=\"twitter:card\" content=\"summary_large_image\" \/>\n<meta name=\"twitter:label1\" content=\"Arvioitu lukuaika\" \/>\n\t<meta name=\"twitter:data1\" content=\"2 minuuttia\" \/>\n<script type=\"application\/ld+json\" class=\"yoast-schema-graph\">{\"@context\":\"https:\\\/\\\/schema.org\",\"@graph\":[{\"@type\":\"WebPage\",\"@id\":\"https:\\\/\\\/help.jamk.fi\\\/peppi-ohjeet-henkilokunnalle\\\/fi\\\/opettajan-ohjeet\\\/hopsin-kasittely\\\/ajoitus-valilehti\\\/\",\"url\":\"https:\\\/\\\/help.jamk.fi\\\/peppi-ohjeet-henkilokunnalle\\\/fi\\\/opettajan-ohjeet\\\/hopsin-kasittely\\\/ajoitus-valilehti\\\/\",\"name\":\"Ajoitus -v\u00e4lilehti - Peppi-ohjeet henkil\u00f6kunnalle\",\"isPartOf\":{\"@id\":\"https:\\\/\\\/help.jamk.fi\\\/peppi-ohjeet-henkilokunnalle\\\/#website\"},\"primaryImageOfPage\":{\"@id\":\"https:\\\/\\\/help.jamk.fi\\\/peppi-ohjeet-henkilokunnalle\\\/fi\\\/opettajan-ohjeet\\\/hopsin-kasittely\\\/ajoitus-valilehti\\\/#primaryimage\"},\"image\":{\"@id\":\"https:\\\/\\\/help.jamk.fi\\\/peppi-ohjeet-henkilokunnalle\\\/fi\\\/opettajan-ohjeet\\\/hopsin-kasittely\\\/ajoitus-valilehti\\\/#primaryimage\"},\"thumbnailUrl\":\"https:\\\/\\\/help.jamk.fi\\\/peppi-ohjeet-henkilokunnalle\\\/wp-content\\\/uploads\\\/sites\\\/131\\\/2020\\\/03\\\/HOPS_ajoitus.png\",\"datePublished\":\"2020-04-01T06:50:32+00:00\",\"dateModified\":\"2023-11-08T10:54:11+00:00\",\"breadcrumb\":{\"@id\":\"https:\\\/\\\/help.jamk.fi\\\/peppi-ohjeet-henkilokunnalle\\\/fi\\\/opettajan-ohjeet\\\/hopsin-kasittely\\\/ajoitus-valilehti\\\/#breadcrumb\"},\"inLanguage\":\"fi\",\"potentialAction\":[{\"@type\":\"ReadAction\",\"target\":[\"https:\\\/\\\/help.jamk.fi\\\/peppi-ohjeet-henkilokunnalle\\\/fi\\\/opettajan-ohjeet\\\/hopsin-kasittely\\\/ajoitus-valilehti\\\/\"]}]},{\"@type\":\"ImageObject\",\"inLanguage\":\"fi\",\"@id\":\"https:\\\/\\\/help.jamk.fi\\\/peppi-ohjeet-henkilokunnalle\\\/fi\\\/opettajan-ohjeet\\\/hopsin-kasittely\\\/ajoitus-valilehti\\\/#primaryimage\",\"url\":\"https:\\\/\\\/help.jamk.fi\\\/peppi-ohjeet-henkilokunnalle\\\/wp-content\\\/uploads\\\/sites\\\/131\\\/2020\\\/03\\\/HOPS_ajoitus.png\",\"contentUrl\":\"https:\\\/\\\/help.jamk.fi\\\/peppi-ohjeet-henkilokunnalle\\\/wp-content\\\/uploads\\\/sites\\\/131\\\/2020\\\/03\\\/HOPS_ajoitus.png\",\"width\":640,\"height\":208,\"caption\":\"Kuva HOPSin ajoitus -v\u00e4lilehdest\u00e4\"},{\"@type\":\"BreadcrumbList\",\"@id\":\"https:\\\/\\\/help.jamk.fi\\\/peppi-ohjeet-henkilokunnalle\\\/fi\\\/opettajan-ohjeet\\\/hopsin-kasittely\\\/ajoitus-valilehti\\\/#breadcrumb\",\"itemListElement\":[{\"@type\":\"ListItem\",\"position\":1,\"name\":\"Home\",\"item\":\"https:\\\/\\\/help.jamk.fi\\\/peppi-ohjeet-henkilokunnalle\\\/en\\\/\"},{\"@type\":\"ListItem\",\"position\":2,\"name\":\"Opettajan ohjeet\",\"item\":\"https:\\\/\\\/help.jamk.fi\\\/peppi-ohjeet-henkilokunnalle\\\/fi\\\/opettajan-ohjeet\\\/\"},{\"@type\":\"ListItem\",\"position\":3,\"name\":\"HOPS-k\u00e4sittely\",\"item\":\"https:\\\/\\\/help.jamk.fi\\\/peppi-ohjeet-henkilokunnalle\\\/fi\\\/opettajan-ohjeet\\\/hopsin-kasittely\\\/\"},{\"@type\":\"ListItem\",\"position\":4,\"name\":\"Ajoitus -v\u00e4lilehti\"}]},{\"@type\":\"WebSite\",\"@id\":\"https:\\\/\\\/help.jamk.fi\\\/peppi-ohjeet-henkilokunnalle\\\/#website\",\"url\":\"https:\\\/\\\/help.jamk.fi\\\/peppi-ohjeet-henkilokunnalle\\\/\",\"name\":\"Peppi-ohjeet henkil\u00f6kunnalle\",\"description\":\"\",\"potentialAction\":[{\"@type\":\"SearchAction\",\"target\":{\"@type\":\"EntryPoint\",\"urlTemplate\":\"https:\\\/\\\/help.jamk.fi\\\/peppi-ohjeet-henkilokunnalle\\\/?s={search_term_string}\"},\"query-input\":{\"@type\":\"PropertyValueSpecification\",\"valueRequired\":true,\"valueName\":\"search_term_string\"}}],\"inLanguage\":\"fi\"}]}<\/script>\n<!-- \/ Yoast SEO plugin. -->","yoast_head_json":{"title":"Ajoitus -v\u00e4lilehti - Peppi-ohjeet henkil\u00f6kunnalle","robots":{"index":"index","follow":"follow","max-snippet":"max-snippet:-1","max-image-preview":"max-image-preview:large","max-video-preview":"max-video-preview:-1"},"canonical":"https:\/\/help.jamk.fi\/peppi-ohjeet-henkilokunnalle\/fi\/opettajan-ohjeet\/hopsin-kasittely\/ajoitus-valilehti\/","og_locale":"fi_FI","og_type":"article","og_title":"Ajoitus -v\u00e4lilehti - Peppi-ohjeet henkil\u00f6kunnalle","og_description":"Tarkista opintojakson ajoitus Opinto-oppaan alta l\u00f6ytyv\u00e4st\u00e4 opetussuunnitelmasta (OPS) Opinnon ajoittaminen Opinnon ajoituksen muuttaminen Ajoituksen poistaminen Tarkastele pakollisia opintojaksoja, joita ei ole ajoitettu Aikajanalla liikkuminen Py\u00f6rit\u00e4 hiiren vieritysrullaa haluamaasi suuntaan tai tartu vaakasuunnassa olevaan vierityspalkkiin ja siirr\u00e4 se haluamaasi kohtaan. Lis\u00e4\u00e4 poissaolomerkint\u00e4: Tarkastele ajoituksia eri tarkkuustasoilla: &nbsp;Luo ajoitukset tai Tyhjenn\u00e4 ajoitukset:","og_url":"https:\/\/help.jamk.fi\/peppi-ohjeet-henkilokunnalle\/fi\/opettajan-ohjeet\/hopsin-kasittely\/ajoitus-valilehti\/","og_site_name":"Peppi-ohjeet henkil\u00f6kunnalle","article_modified_time":"2023-11-08T10:54:11+00:00","og_image":[{"url":"https:\/\/help.jamk.fi\/peppi-ohjeet-henkilokunnalle\/wp-content\/uploads\/sites\/131\/2020\/03\/HOPS_ajoitus.png","type":"","width":"","height":""}],"twitter_card":"summary_large_image","twitter_misc":{"Arvioitu lukuaika":"2 minuuttia"},"schema":{"@context":"https:\/\/schema.org","@graph":[{"@type":"WebPage","@id":"https:\/\/help.jamk.fi\/peppi-ohjeet-henkilokunnalle\/fi\/opettajan-ohjeet\/hopsin-kasittely\/ajoitus-valilehti\/","url":"https:\/\/help.jamk.fi\/peppi-ohjeet-henkilokunnalle\/fi\/opettajan-ohjeet\/hopsin-kasittely\/ajoitus-valilehti\/","name":"Ajoitus -v\u00e4lilehti - Peppi-ohjeet henkil\u00f6kunnalle","isPartOf":{"@id":"https:\/\/help.jamk.fi\/peppi-ohjeet-henkilokunnalle\/#website"},"primaryImageOfPage":{"@id":"https:\/\/help.jamk.fi\/peppi-ohjeet-henkilokunnalle\/fi\/opettajan-ohjeet\/hopsin-kasittely\/ajoitus-valilehti\/#primaryimage"},"image":{"@id":"https:\/\/help.jamk.fi\/peppi-ohjeet-henkilokunnalle\/fi\/opettajan-ohjeet\/hopsin-kasittely\/ajoitus-valilehti\/#primaryimage"},"thumbnailUrl":"https:\/\/help.jamk.fi\/peppi-ohjeet-henkilokunnalle\/wp-content\/uploads\/sites\/131\/2020\/03\/HOPS_ajoitus.png","datePublished":"2020-04-01T06:50:32+00:00","dateModified":"2023-11-08T10:54:11+00:00","breadcrumb":{"@id":"https:\/\/help.jamk.fi\/peppi-ohjeet-henkilokunnalle\/fi\/opettajan-ohjeet\/hopsin-kasittely\/ajoitus-valilehti\/#breadcrumb"},"inLanguage":"fi","potentialAction":[{"@type":"ReadAction","target":["https:\/\/help.jamk.fi\/peppi-ohjeet-henkilokunnalle\/fi\/opettajan-ohjeet\/hopsin-kasittely\/ajoitus-valilehti\/"]}]},{"@type":"ImageObject","inLanguage":"fi","@id":"https:\/\/help.jamk.fi\/peppi-ohjeet-henkilokunnalle\/fi\/opettajan-ohjeet\/hopsin-kasittely\/ajoitus-valilehti\/#primaryimage","url":"https:\/\/help.jamk.fi\/peppi-ohjeet-henkilokunnalle\/wp-content\/uploads\/sites\/131\/2020\/03\/HOPS_ajoitus.png","contentUrl":"https:\/\/help.jamk.fi\/peppi-ohjeet-henkilokunnalle\/wp-content\/uploads\/sites\/131\/2020\/03\/HOPS_ajoitus.png","width":640,"height":208,"caption":"Kuva HOPSin ajoitus -v\u00e4lilehdest\u00e4"},{"@type":"BreadcrumbList","@id":"https:\/\/help.jamk.fi\/peppi-ohjeet-henkilokunnalle\/fi\/opettajan-ohjeet\/hopsin-kasittely\/ajoitus-valilehti\/#breadcrumb","itemListElement":[{"@type":"ListItem","position":1,"name":"Home","item":"https:\/\/help.jamk.fi\/peppi-ohjeet-henkilokunnalle\/en\/"},{"@type":"ListItem","position":2,"name":"Opettajan ohjeet","item":"https:\/\/help.jamk.fi\/peppi-ohjeet-henkilokunnalle\/fi\/opettajan-ohjeet\/"},{"@type":"ListItem","position":3,"name":"HOPS-k\u00e4sittely","item":"https:\/\/help.jamk.fi\/peppi-ohjeet-henkilokunnalle\/fi\/opettajan-ohjeet\/hopsin-kasittely\/"},{"@type":"ListItem","position":4,"name":"Ajoitus -v\u00e4lilehti"}]},{"@type":"WebSite","@id":"https:\/\/help.jamk.fi\/peppi-ohjeet-henkilokunnalle\/#website","url":"https:\/\/help.jamk.fi\/peppi-ohjeet-henkilokunnalle\/","name":"Peppi-ohjeet henkil\u00f6kunnalle","description":"","potentialAction":[{"@type":"SearchAction","target":{"@type":"EntryPoint","urlTemplate":"https:\/\/help.jamk.fi\/peppi-ohjeet-henkilokunnalle\/?s={search_term_string}"},"query-input":{"@type":"PropertyValueSpecification","valueRequired":true,"valueName":"search_term_string"}}],"inLanguage":"fi"}]}},"_links":{"self":[{"href":"https:\/\/help.jamk.fi\/peppi-ohjeet-henkilokunnalle\/wp-json\/wp\/v2\/pages\/4602","targetHints":{"allow":["GET"]}}],"collection":[{"href":"https:\/\/help.jamk.fi\/peppi-ohjeet-henkilokunnalle\/wp-json\/wp\/v2\/pages"}],"about":[{"href":"https:\/\/help.jamk.fi\/peppi-ohjeet-henkilokunnalle\/wp-json\/wp\/v2\/types\/page"}],"author":[{"embeddable":true,"href":"https:\/\/help.jamk.fi\/peppi-ohjeet-henkilokunnalle\/wp-json\/wp\/v2\/users\/77"}],"replies":[{"embeddable":true,"href":"https:\/\/help.jamk.fi\/peppi-ohjeet-henkilokunnalle\/wp-json\/wp\/v2\/comments?post=4602"}],"version-history":[{"count":2,"href":"https:\/\/help.jamk.fi\/peppi-ohjeet-henkilokunnalle\/wp-json\/wp\/v2\/pages\/4602\/revisions"}],"predecessor-version":[{"id":5313,"href":"https:\/\/help.jamk.fi\/peppi-ohjeet-henkilokunnalle\/wp-json\/wp\/v2\/pages\/4602\/revisions\/5313"}],"up":[{"embeddable":true,"href":"https:\/\/help.jamk.fi\/peppi-ohjeet-henkilokunnalle\/wp-json\/wp\/v2\/pages\/4596"}],"wp:attachment":[{"href":"https:\/\/help.jamk.fi\/peppi-ohjeet-henkilokunnalle\/wp-json\/wp\/v2\/media?parent=4602"}],"wp:term":[{"taxonomy":"category","embeddable":true,"href":"https:\/\/help.jamk.fi\/peppi-ohjeet-henkilokunnalle\/wp-json\/wp\/v2\/categories?post=4602"},{"taxonomy":"post_tag","embeddable":true,"href":"https:\/\/help.jamk.fi\/peppi-ohjeet-henkilokunnalle\/wp-json\/wp\/v2\/tags?post=4602"}],"curies":[{"name":"wp","href":"https:\/\/api.w.org\/{rel}","templated":true}]}}