{"id":4610,"date":"2020-04-09T04:48:11","date_gmt":"2020-04-09T01:48:11","guid":{"rendered":"https:\/\/help.jamk.fi\/peppi-ohjeet-henkilokunnalle\/resurssien-suunnittelu-ja-varaus\/lukujarjestysten-teko\/esimerkkeja-varausten-teosta\/"},"modified":"2024-01-02T13:25:10","modified_gmt":"2024-01-02T11:25:10","slug":"esimerkkeja-varausten-teosta","status":"publish","type":"page","link":"https:\/\/help.jamk.fi\/peppi-ohjeet-henkilokunnalle\/fi\/resurssien-suunnittelu-ja-varaus\/lukujarjestysten-teko\/esimerkkeja-varausten-teosta\/","title":{"rendered":"Esimerkkej\u00e4 varausten teosta"},"content":{"rendered":"\n<p>T\u00e4lle sivulle on koottu esimerkkej\u00e4 varausten teosta ja erilaista varausn\u00e4kymist\u00e4.<\/p>\n\n\n\n<h2 class=\"wp-block-heading\">Esimerkki 1: Toistuvan varauksen tekeminen &#8211; lounasporrastusten teko<\/h2>\n\n\n\n<p>Toistuvan varauksen voi tehd\u00e4 kaikissa eri kalenterin\u00e4kymiss\u00e4. Videossa esimerkkin\u00e4 on <em>Suunnittele ja tee opetuksen varauksia<\/em> -kalenteri<\/p>\n\n\n\n<p><iframe loading=\"lazy\" style=\"padding: 0px; border: 1px solid #464646;\" src=\"https:\/\/panopto.jamk.fi\/Panopto\/Pages\/Embed.aspx?id=32a01d9b-8f8f-4cf3-b1d2-ab970136478f&amp;v=1\" width=\"720\" height=\"405\" frameborder=\"0\" allowfullscreen=\"allowfullscreen\"><\/iframe><\/p>\n\n\n\n<h2 class=\"wp-block-heading\">Esimerkki 2: Hallinnollisten ryhmien k\u00e4ytt\u00f6 rytmitys- ja tilatoiveissa sek\u00e4 lukkarin teossa<\/h2>\n\n\n\n<p>Saapumisryhm\u00e4 jaetaan lukkareiden tekoa varten kahteen hallinnolliseen ryhm\u00e4\u00e4n, esimerkiksi TLS19S1 jaetaan TLS19A- ja TLS19B-ryhmiin. Jos toteutus koskee kaikkia opiskelijoita, rytmitys- ja tilatoiveissa valitaan kummatkin hallinnolliset ryhm\u00e4t. Pelkk\u00e4 saapumisryhm\u00e4 ei riit\u00e4. Saapumisryhm\u00e4n voi my\u00f6s lis\u00e4t\u00e4 ryhm\u00e4\u00e4n mukaan, jos haluaa, ett\u00e4 opiskelija n\u00e4kee saapumisryhm\u00e4n lukuj\u00e4rjestyksen.<\/p>\n\n\n\n<h2 class=\"wp-block-heading\">Esimerkki 3: P\u00e4\u00e4llekk\u00e4isten varausten tekeminen tilaan<\/h2>\n\n\n\n<p>Lokakuussa on yhdell\u00e4 viikolla iso tapahtuma ja kaikki kampuksen tilat on varattu jo kev\u00e4\u00e4ll\u00e4. Lukuj\u00e4rjestyksi\u00e4 tehdess\u00e4 toistuvalla varauksella herjaa p\u00e4\u00e4llekk\u00e4isyydest\u00e4 kyseisell\u00e4 viikolla, eik\u00e4 anna varata tilaa. T\u00e4ss\u00e4 on 2 tapaa toimia:<\/p>\n\n\n\n<p>Tapa 1<\/p>\n\n\n\n<ul class=\"wp-block-list\">\n<li>Pid\u00e4 yhdess\u00e4 selainikkunassa avattuna <em>Suunnittele ja tee opetuksen varauksi<\/em>a -n\u00e4kym\u00e4.<\/li>\n\n\n\n<li>Toisessa ikkunassa on auki <em>Varausten listaus ja massahallinta<\/em><\/li>\n\n\n\n<li>Tee lukkarivaraus normaalisti <em>Suunnittele ja tee opetuksen varauksia<\/em> -n\u00e4kym\u00e4ss\u00e4, ja laita varaukset toistumaan haluamaasi tilaan.<\/li>\n\n\n\n<li>Varaus ilmoittaa p\u00e4iv\u00e4m\u00e4\u00e4r\u00e4n, jolloin on p\u00e4\u00e4llekk\u00e4isyys eik\u00e4 varaus onnistu. Laita p\u00e4iv\u00e4m\u00e4\u00e4r\u00e4 itsellesi muistiin<\/li>\n\n\n\n<li>Ota varauksesta tila pois ja tee se tilattomana. Tallenna<\/li>\n\n\n\n<li>Heti tallennuksen j\u00e4lkeen hae kyseinen varaus <em>Varausten listaus ja massahallinta<\/em> -toiminnolla.<\/li>\n\n\n\n<li>Lis\u00e4\u00e4 aiottu tila massana niihin p\u00e4iviin, joka on vapaa<\/li>\n\n\n\n<li>J\u00e4t\u00e4 jo varattu ja muistiin laittamasi varaus muokkaamatta, jolloin se pysyy edelleen tilattomana tai voit vaihtaa kyseisen kerran virtuaalitilaksi<\/li>\n<\/ul>\n\n\n\n<p>Tapa 2<\/p>\n\n\n\n<ul class=\"wp-block-list\">\n<li>Tee lukkarivaraus normaalisti <em>Suunnittele ja tee opetuksen varauksia<\/em> -n\u00e4kym\u00e4ss\u00e4, ja laita varaukset toistumaan haluamaasi tilaan.<\/li>\n\n\n\n<li>Varaus ilmoittaa p\u00e4iv\u00e4m\u00e4\u00e4r\u00e4n, jolloin on p\u00e4\u00e4llekk\u00e4isyys eik\u00e4 varaus onnistu.<\/li>\n\n\n\n<li>Ota valinta pois kyseiselt\u00e4 p\u00e4iv\u00e4m\u00e4\u00e4r\u00e4lt\u00e4, jolloin varausta ei tehd\u00e4.<\/li>\n\n\n\n<li>Tee k\u00e4sin kyseiselle p\u00e4iv\u00e4m\u00e4\u00e4r\u00e4lle ja ajalle tilaton tai virtuaalitila- varaus<\/li>\n<\/ul>\n\n\n\n<h2 class=\"wp-block-heading\">Esimerkki 4: P\u00e4ivien lis\u00e4\u00e4minen olemassa olevaan varaukseen<\/h2>\n\n\n\n<p>P\u00e4ivi\u00e4 ei saa suoraan lis\u00e4tty\u00e4 olemassa olevaan varaukseen. On teht\u00e4v\u00e4 uusi varaus ja nimett\u00e4v\u00e4 se samalla tavalla, jos kyseess\u00e4 ei ole lukuj\u00e4rjestysvaraus. Varaukset l\u00f6yt\u00e4\u00e4 helpoiten varausten listaus ja massahallinta -toiminnon kautta, kun tekee haun joko toteutuksella tai varauksen nimell\u00e4. Jos t\u00e4m\u00e4n tyyppisi\u00e4 varauksia on paljon, ne kannattaa tallentaa omiksi hauikseen.<\/p>\n\n\n\n<h2 class=\"wp-block-heading\">Esimerkki 5: Varauksessa on samana p\u00e4iv\u00e4n\u00e4 useita eri tiloja, jotka on varattu eri aikaan<\/h2>\n\n\n\n<p>Kukin tila kannattaa tehd\u00e4 omana varauksenaan, jotta kellonajat saa oikein. Nime\u00e4 varaukset samalla tavalla, jolloin voit tallentaa haun suoraan <em>Varausten listaus ja massahallinta<\/em> -toiminnossa.<\/p>\n","protected":false},"excerpt":{"rendered":"<p>T\u00e4lle sivulle on koottu esimerkkej\u00e4 varausten teosta ja erilaista varausn\u00e4kymist\u00e4. Esimerkki 1: Toistuvan varauksen tekeminen &#8211; lounasporrastusten teko Toistuvan varauksen voi tehd\u00e4 kaikissa eri kalenterin\u00e4kymiss\u00e4. Videossa esimerkkin\u00e4 on Suunnittele ja tee opetuksen varauksia -kalenteri Esimerkki 2: Hallinnollisten ryhmien k\u00e4ytt\u00f6 rytmitys- ja tilatoiveissa sek\u00e4 lukkarin teossa Saapumisryhm\u00e4 jaetaan lukkareiden tekoa varten kahteen hallinnolliseen ryhm\u00e4\u00e4n, esimerkiksi TLS19S1 [&hellip;]<\/p>\n","protected":false},"author":76,"featured_media":0,"parent":4514,"menu_order":2,"comment_status":"closed","ping_status":"open","template":"","meta":{"_acf_changed":false,"_relevanssi_hide_post":"","_relevanssi_hide_content":"","_relevanssi_pin_for_all":"","_relevanssi_pin_keywords":"","_relevanssi_unpin_keywords":"","_relevanssi_related_keywords":"","_relevanssi_related_include_ids":"","_relevanssi_related_exclude_ids":"","_relevanssi_related_no_append":"","_relevanssi_related_not_related":"","_relevanssi_related_posts":"","_relevanssi_noindex_reason":"","footnotes":""},"categories":[1],"tags":[],"class_list":["post-4610","page","type-page","status-publish","hentry","category-uncategorised"],"acf":[],"yoast_head":"<!-- This site is optimized with the Yoast SEO plugin v27.4 - https:\/\/yoast.com\/product\/yoast-seo-wordpress\/ -->\n<title>Esimerkkej\u00e4 varausten teosta - Peppi-ohjeet henkil\u00f6kunnalle<\/title>\n<meta name=\"robots\" content=\"index, follow, max-snippet:-1, max-image-preview:large, max-video-preview:-1\" \/>\n<link rel=\"canonical\" href=\"https:\/\/help.jamk.fi\/peppi-ohjeet-henkilokunnalle\/fi\/resurssien-suunnittelu-ja-varaus\/lukujarjestysten-teko\/esimerkkeja-varausten-teosta\/\" \/>\n<meta property=\"og:locale\" content=\"fi_FI\" \/>\n<meta property=\"og:type\" content=\"article\" \/>\n<meta property=\"og:title\" content=\"Esimerkkej\u00e4 varausten teosta - Peppi-ohjeet henkil\u00f6kunnalle\" \/>\n<meta property=\"og:description\" content=\"T\u00e4lle sivulle on koottu esimerkkej\u00e4 varausten teosta ja erilaista varausn\u00e4kymist\u00e4. Esimerkki 1: Toistuvan varauksen tekeminen &#8211; lounasporrastusten teko Toistuvan varauksen voi tehd\u00e4 kaikissa eri kalenterin\u00e4kymiss\u00e4. Videossa esimerkkin\u00e4 on Suunnittele ja tee opetuksen varauksia -kalenteri Esimerkki 2: Hallinnollisten ryhmien k\u00e4ytt\u00f6 rytmitys- ja tilatoiveissa sek\u00e4 lukkarin teossa Saapumisryhm\u00e4 jaetaan lukkareiden tekoa varten kahteen hallinnolliseen ryhm\u00e4\u00e4n, esimerkiksi TLS19S1 [&hellip;]\" \/>\n<meta property=\"og:url\" content=\"https:\/\/help.jamk.fi\/peppi-ohjeet-henkilokunnalle\/fi\/resurssien-suunnittelu-ja-varaus\/lukujarjestysten-teko\/esimerkkeja-varausten-teosta\/\" \/>\n<meta property=\"og:site_name\" content=\"Peppi-ohjeet henkil\u00f6kunnalle\" \/>\n<meta property=\"article:modified_time\" content=\"2024-01-02T11:25:10+00:00\" \/>\n<meta name=\"twitter:card\" content=\"summary_large_image\" \/>\n<meta name=\"twitter:label1\" content=\"Arvioitu lukuaika\" \/>\n\t<meta name=\"twitter:data1\" content=\"3 minuuttia\" \/>\n<script type=\"application\/ld+json\" class=\"yoast-schema-graph\">{\"@context\":\"https:\\\/\\\/schema.org\",\"@graph\":[{\"@type\":\"WebPage\",\"@id\":\"https:\\\/\\\/help.jamk.fi\\\/peppi-ohjeet-henkilokunnalle\\\/fi\\\/resurssien-suunnittelu-ja-varaus\\\/lukujarjestysten-teko\\\/esimerkkeja-varausten-teosta\\\/\",\"url\":\"https:\\\/\\\/help.jamk.fi\\\/peppi-ohjeet-henkilokunnalle\\\/fi\\\/resurssien-suunnittelu-ja-varaus\\\/lukujarjestysten-teko\\\/esimerkkeja-varausten-teosta\\\/\",\"name\":\"Esimerkkej\u00e4 varausten teosta - Peppi-ohjeet henkil\u00f6kunnalle\",\"isPartOf\":{\"@id\":\"https:\\\/\\\/help.jamk.fi\\\/peppi-ohjeet-henkilokunnalle\\\/#website\"},\"datePublished\":\"2020-04-09T01:48:11+00:00\",\"dateModified\":\"2024-01-02T11:25:10+00:00\",\"breadcrumb\":{\"@id\":\"https:\\\/\\\/help.jamk.fi\\\/peppi-ohjeet-henkilokunnalle\\\/fi\\\/resurssien-suunnittelu-ja-varaus\\\/lukujarjestysten-teko\\\/esimerkkeja-varausten-teosta\\\/#breadcrumb\"},\"inLanguage\":\"fi\",\"potentialAction\":[{\"@type\":\"ReadAction\",\"target\":[\"https:\\\/\\\/help.jamk.fi\\\/peppi-ohjeet-henkilokunnalle\\\/fi\\\/resurssien-suunnittelu-ja-varaus\\\/lukujarjestysten-teko\\\/esimerkkeja-varausten-teosta\\\/\"]}]},{\"@type\":\"BreadcrumbList\",\"@id\":\"https:\\\/\\\/help.jamk.fi\\\/peppi-ohjeet-henkilokunnalle\\\/fi\\\/resurssien-suunnittelu-ja-varaus\\\/lukujarjestysten-teko\\\/esimerkkeja-varausten-teosta\\\/#breadcrumb\",\"itemListElement\":[{\"@type\":\"ListItem\",\"position\":1,\"name\":\"Home\",\"item\":\"https:\\\/\\\/help.jamk.fi\\\/peppi-ohjeet-henkilokunnalle\\\/en\\\/\"},{\"@type\":\"ListItem\",\"position\":2,\"name\":\"Resurssien suunnittelu ja varaus\",\"item\":\"https:\\\/\\\/help.jamk.fi\\\/peppi-ohjeet-henkilokunnalle\\\/fi\\\/resurssien-suunnittelu-ja-varaus\\\/\"},{\"@type\":\"ListItem\",\"position\":3,\"name\":\"Lukuj\u00e4rjestysten teko\",\"item\":\"https:\\\/\\\/help.jamk.fi\\\/peppi-ohjeet-henkilokunnalle\\\/fi\\\/resurssien-suunnittelu-ja-varaus\\\/lukujarjestysten-teko\\\/\"},{\"@type\":\"ListItem\",\"position\":4,\"name\":\"Esimerkkej\u00e4 varausten teosta\"}]},{\"@type\":\"WebSite\",\"@id\":\"https:\\\/\\\/help.jamk.fi\\\/peppi-ohjeet-henkilokunnalle\\\/#website\",\"url\":\"https:\\\/\\\/help.jamk.fi\\\/peppi-ohjeet-henkilokunnalle\\\/\",\"name\":\"Peppi-ohjeet henkil\u00f6kunnalle\",\"description\":\"\",\"potentialAction\":[{\"@type\":\"SearchAction\",\"target\":{\"@type\":\"EntryPoint\",\"urlTemplate\":\"https:\\\/\\\/help.jamk.fi\\\/peppi-ohjeet-henkilokunnalle\\\/?s={search_term_string}\"},\"query-input\":{\"@type\":\"PropertyValueSpecification\",\"valueRequired\":true,\"valueName\":\"search_term_string\"}}],\"inLanguage\":\"fi\"}]}<\/script>\n<!-- \/ Yoast SEO plugin. -->","yoast_head_json":{"title":"Esimerkkej\u00e4 varausten teosta - Peppi-ohjeet henkil\u00f6kunnalle","robots":{"index":"index","follow":"follow","max-snippet":"max-snippet:-1","max-image-preview":"max-image-preview:large","max-video-preview":"max-video-preview:-1"},"canonical":"https:\/\/help.jamk.fi\/peppi-ohjeet-henkilokunnalle\/fi\/resurssien-suunnittelu-ja-varaus\/lukujarjestysten-teko\/esimerkkeja-varausten-teosta\/","og_locale":"fi_FI","og_type":"article","og_title":"Esimerkkej\u00e4 varausten teosta - Peppi-ohjeet henkil\u00f6kunnalle","og_description":"T\u00e4lle sivulle on koottu esimerkkej\u00e4 varausten teosta ja erilaista varausn\u00e4kymist\u00e4. Esimerkki 1: Toistuvan varauksen tekeminen &#8211; lounasporrastusten teko Toistuvan varauksen voi tehd\u00e4 kaikissa eri kalenterin\u00e4kymiss\u00e4. Videossa esimerkkin\u00e4 on Suunnittele ja tee opetuksen varauksia -kalenteri Esimerkki 2: Hallinnollisten ryhmien k\u00e4ytt\u00f6 rytmitys- ja tilatoiveissa sek\u00e4 lukkarin teossa Saapumisryhm\u00e4 jaetaan lukkareiden tekoa varten kahteen hallinnolliseen ryhm\u00e4\u00e4n, esimerkiksi TLS19S1 [&hellip;]","og_url":"https:\/\/help.jamk.fi\/peppi-ohjeet-henkilokunnalle\/fi\/resurssien-suunnittelu-ja-varaus\/lukujarjestysten-teko\/esimerkkeja-varausten-teosta\/","og_site_name":"Peppi-ohjeet henkil\u00f6kunnalle","article_modified_time":"2024-01-02T11:25:10+00:00","twitter_card":"summary_large_image","twitter_misc":{"Arvioitu lukuaika":"3 minuuttia"},"schema":{"@context":"https:\/\/schema.org","@graph":[{"@type":"WebPage","@id":"https:\/\/help.jamk.fi\/peppi-ohjeet-henkilokunnalle\/fi\/resurssien-suunnittelu-ja-varaus\/lukujarjestysten-teko\/esimerkkeja-varausten-teosta\/","url":"https:\/\/help.jamk.fi\/peppi-ohjeet-henkilokunnalle\/fi\/resurssien-suunnittelu-ja-varaus\/lukujarjestysten-teko\/esimerkkeja-varausten-teosta\/","name":"Esimerkkej\u00e4 varausten teosta - Peppi-ohjeet henkil\u00f6kunnalle","isPartOf":{"@id":"https:\/\/help.jamk.fi\/peppi-ohjeet-henkilokunnalle\/#website"},"datePublished":"2020-04-09T01:48:11+00:00","dateModified":"2024-01-02T11:25:10+00:00","breadcrumb":{"@id":"https:\/\/help.jamk.fi\/peppi-ohjeet-henkilokunnalle\/fi\/resurssien-suunnittelu-ja-varaus\/lukujarjestysten-teko\/esimerkkeja-varausten-teosta\/#breadcrumb"},"inLanguage":"fi","potentialAction":[{"@type":"ReadAction","target":["https:\/\/help.jamk.fi\/peppi-ohjeet-henkilokunnalle\/fi\/resurssien-suunnittelu-ja-varaus\/lukujarjestysten-teko\/esimerkkeja-varausten-teosta\/"]}]},{"@type":"BreadcrumbList","@id":"https:\/\/help.jamk.fi\/peppi-ohjeet-henkilokunnalle\/fi\/resurssien-suunnittelu-ja-varaus\/lukujarjestysten-teko\/esimerkkeja-varausten-teosta\/#breadcrumb","itemListElement":[{"@type":"ListItem","position":1,"name":"Home","item":"https:\/\/help.jamk.fi\/peppi-ohjeet-henkilokunnalle\/en\/"},{"@type":"ListItem","position":2,"name":"Resurssien suunnittelu ja varaus","item":"https:\/\/help.jamk.fi\/peppi-ohjeet-henkilokunnalle\/fi\/resurssien-suunnittelu-ja-varaus\/"},{"@type":"ListItem","position":3,"name":"Lukuj\u00e4rjestysten teko","item":"https:\/\/help.jamk.fi\/peppi-ohjeet-henkilokunnalle\/fi\/resurssien-suunnittelu-ja-varaus\/lukujarjestysten-teko\/"},{"@type":"ListItem","position":4,"name":"Esimerkkej\u00e4 varausten teosta"}]},{"@type":"WebSite","@id":"https:\/\/help.jamk.fi\/peppi-ohjeet-henkilokunnalle\/#website","url":"https:\/\/help.jamk.fi\/peppi-ohjeet-henkilokunnalle\/","name":"Peppi-ohjeet henkil\u00f6kunnalle","description":"","potentialAction":[{"@type":"SearchAction","target":{"@type":"EntryPoint","urlTemplate":"https:\/\/help.jamk.fi\/peppi-ohjeet-henkilokunnalle\/?s={search_term_string}"},"query-input":{"@type":"PropertyValueSpecification","valueRequired":true,"valueName":"search_term_string"}}],"inLanguage":"fi"}]}},"_links":{"self":[{"href":"https:\/\/help.jamk.fi\/peppi-ohjeet-henkilokunnalle\/wp-json\/wp\/v2\/pages\/4610","targetHints":{"allow":["GET"]}}],"collection":[{"href":"https:\/\/help.jamk.fi\/peppi-ohjeet-henkilokunnalle\/wp-json\/wp\/v2\/pages"}],"about":[{"href":"https:\/\/help.jamk.fi\/peppi-ohjeet-henkilokunnalle\/wp-json\/wp\/v2\/types\/page"}],"author":[{"embeddable":true,"href":"https:\/\/help.jamk.fi\/peppi-ohjeet-henkilokunnalle\/wp-json\/wp\/v2\/users\/76"}],"replies":[{"embeddable":true,"href":"https:\/\/help.jamk.fi\/peppi-ohjeet-henkilokunnalle\/wp-json\/wp\/v2\/comments?post=4610"}],"version-history":[{"count":5,"href":"https:\/\/help.jamk.fi\/peppi-ohjeet-henkilokunnalle\/wp-json\/wp\/v2\/pages\/4610\/revisions"}],"predecessor-version":[{"id":6086,"href":"https:\/\/help.jamk.fi\/peppi-ohjeet-henkilokunnalle\/wp-json\/wp\/v2\/pages\/4610\/revisions\/6086"}],"up":[{"embeddable":true,"href":"https:\/\/help.jamk.fi\/peppi-ohjeet-henkilokunnalle\/wp-json\/wp\/v2\/pages\/4514"}],"wp:attachment":[{"href":"https:\/\/help.jamk.fi\/peppi-ohjeet-henkilokunnalle\/wp-json\/wp\/v2\/media?parent=4610"}],"wp:term":[{"taxonomy":"category","embeddable":true,"href":"https:\/\/help.jamk.fi\/peppi-ohjeet-henkilokunnalle\/wp-json\/wp\/v2\/categories?post=4610"},{"taxonomy":"post_tag","embeddable":true,"href":"https:\/\/help.jamk.fi\/peppi-ohjeet-henkilokunnalle\/wp-json\/wp\/v2\/tags?post=4610"}],"curies":[{"name":"wp","href":"https:\/\/api.w.org\/{rel}","templated":true}]}}