{"id":4701,"date":"2020-09-16T08:05:01","date_gmt":"2020-09-16T05:05:01","guid":{"rendered":"https:\/\/help.jamk.fi\/peppi-ohjeet-henkilokunnalle\/opettajan-ohjeet\/opettajan-lukujarjestysvaraukset\/lukujarjestysten-katsominen\/"},"modified":"2024-01-22T15:14:17","modified_gmt":"2024-01-22T13:14:17","slug":"lukujarjestysten-katsominen","status":"publish","type":"page","link":"https:\/\/help.jamk.fi\/peppi-ohjeet-henkilokunnalle\/fi\/opettajan-ohjeet\/opettajan-lukujarjestysvaraukset\/lukujarjestysten-katsominen\/","title":{"rendered":"Lukuj\u00e4rjestysten katsominen"},"content":{"rendered":"\n<p>Kaikki toteutusten varaukset tehd\u00e4\u00e4n Peppiin, on kyseess\u00e4 sitten virtuaali- tai kontaktiopetus. Aikatauluja ja kontakteja ei kerrota pelk\u00e4st\u00e4\u00e4n Moodlessa tai muualla, vaan niille tehd\u00e4\u00e4n varaukset, jotta lukuj\u00e4rjestykset n\u00e4kyv\u00e4t my\u00f6s opiskelijoille kootusti.<\/p>\n\n\n\n<p>N\u00e4et toteutuksen kaikki varaukset kootusti, kun etsit haluamasi toteutuksen, valitset <em>Rytmitys- ja tilatoiveet ja ajoitus<\/em> -v\u00e4lilehden. Toteutukselle tehdyt varaukset n\u00e4kyv\u00e4t listana <em>Varaukset<\/em>-kohdassa.<\/p>\n\n\n\n<p>Lukuj\u00e4rjestykset tehd\u00e4\u00e4n ja muokataan Pepiss\u00e4 <em>Suunnittele ja tee opetuksen varauksia<\/em> -toiminnolla. Ota yhteys oman alasi koulutuskoordinaattoriin, jos lukuj\u00e4rjestys tiedot muuttuvat, etk\u00e4 pysty itse tekem\u00e4\u00e4n muutoksia. <a href=\"https:\/\/help.jamk.fi\/peppi-ohjeet-henkilokunnalle\/fi\/opettajan-ohjeet\/opettajan-lukujarjestysvaraukset\/opettajan-lukujarjestyksien-muokkaus\/\">Lue lis\u00e4\u00e4 opettajan oikeuksista muokata lukuj\u00e4rjestyksi\u00e4<\/a>.<\/p>\n\n\n\n<p>P\u00e4\u00e4set katsomaan lukuj\u00e4rjestyksi\u00e4si sek\u00e4 sinulle tehtyj\u00e4 varauksia Pepiss\u00e4 n\u00e4in:<\/p>\n\n\n\n<ul class=\"wp-block-list\">\n<li>Klikkaa opettajan ty\u00f6p\u00f6yd\u00e4ll\u00e4 yl\u00e4valikosta <em>Resurssien suunnittelu ja varaus<\/em> tai Kalenteri-otsikon alta <em>Avaa oma kalenteri<\/em><\/li>\n<\/ul>\n\n\n\n<figure class=\"wp-block-image\"><img loading=\"lazy\" decoding=\"async\" width=\"640\" height=\"124\" src=\"https:\/\/help.jamk.fi\/peppi-ohjeet-henkilokunnalle\/wp-content\/uploads\/sites\/131\/2020\/06\/Ope_etusivu.jpg\" alt=\"Opettajan ty\u00f6p\u00f6yd\u00e4n etusivulta p\u00e4\u00e4set kalenteritoimintoon\" class=\"wp-image-1854\"\/><\/figure>\n\n\n\n<ul class=\"wp-block-list\">\n<li>Valitse <em>Resurssien suunnittelu ja varaus<\/em> -toiminnon etusivulta <em>Avaa oma kalenteri<\/em><\/li>\n\n\n\n<li>Kalenteri avautuu oletuksena kuluvaan viikkoon ja se n\u00e4ytt\u00e4\u00e4 omat tekem\u00e4si tai sinulle tehdyt varaukset<\/li>\n\n\n\n<li>Kalenterissa n\u00e4kyv\u00e4t julkaistut (vihre\u00e4 pallura varauksen vasemmassa yl\u00e4kulmassa) sek\u00e4 Ehdotus-tilassa (keltainen pallura) olevat varaukset\n<ul class=\"wp-block-list\">\n<li>Ainoastaan julkaistut varaukset n\u00e4kyv\u00e4t opiskelijoille<\/li>\n\n\n\n<li><em>Ehdotus<\/em>-tilassa olevat n\u00e4kyv\u00e4t ainoastaan opettajille ja lukkarintekij\u00f6ille<\/li>\n<\/ul>\n<\/li>\n\n\n\n<li>Ainoastaan julkaistut varaukset siirtyv\u00e4t omaan kalenteriisi <a href=\"https:\/\/help.jamk.fi\/peppi-ohjeet-henkilokunnalle\/fi\/resurssien-suunnittelu-ja-varaus\/\">Outlook-synkronoinnissa<\/a>\n<ul class=\"wp-block-list\">\n<li>Varauksia muokataan ja poistetaan ainoastaan Pepiss\u00e4. Jos poistat varauksen Outlookista, se ei poistu Pepist\u00e4.<\/li>\n\n\n\n<li>Outlookista poistettua varausta ei saa takaisin n\u00e4kym\u00e4\u00e4n Outlookissa ellei kyseisen varauksen tekij\u00e4 poista varausta Pepist\u00e4 ja tee sit\u00e4 sen j\u00e4lkeen&nbsp; kokonaan uudestaan<\/li>\n<\/ul>\n<\/li>\n<\/ul>\n\n\n\n<figure class=\"wp-block-image\"><img loading=\"lazy\" decoding=\"async\" width=\"1000\" height=\"127\" src=\"https:\/\/help.jamk.fi\/peppi-ohjeet-henkilokunnalle\/wp-content\/uploads\/sites\/131\/2020\/06\/Avaa-oma-kalenteri.jpg\" alt=\"Avaa oma kalenteri -n\u00e4kym\u00e4\" class=\"wp-image-1855\"\/><\/figure>\n\n\n\n<h2 class=\"wp-block-heading\">Eri kalenteritietojen etsiminen<\/h2>\n\n\n\n<ul class=\"wp-block-list\">\n<li>Kalenterin\u00e4kym\u00e4ss\u00e4 voi tarkastella tilojen, v\u00e4lineiden, henkil\u00f6iden, toteutuksien ja ryhmien kalentereita. Oletuksena <em>Henkil\u00f6t<\/em>-kent\u00e4ss\u00e4 on k\u00e4ytt\u00e4j\u00e4n nimi.<\/li>\n\n\n\n<li>Yksik\u00f6n v\u00e4lineet ja autot l\u00f6ytyv\u00e4t <em>Tilat<\/em>-valinnalla. V\u00e4lineiden nimien edess\u00e4 on yksik\u00f6n lyhenne. \u00c4l\u00e4 k\u00e4yt\u00e4 suurennuslasin alta l\u00f6ytyv\u00e4\u00e4 <em>V\u00e4lineet ja autot<\/em> -toimintoa<\/li>\n\n\n\n<li>Kaikkiin hakukenttiin voit hakea useamman tiedon. Kun hiiri liikkuu varausten p\u00e4\u00e4ll\u00e4, hakuvalinta ja sit\u00e4 koskevat muut varaukset muuttuvat oranssiksi.<\/li>\n<\/ul>\n\n\n\n<h2 class=\"wp-block-heading\">Kalenterin asetukset<\/h2>\n\n\n\n<ul class=\"wp-block-list\">\n<li>Voit siirty\u00e4 haluamaasi p\u00e4iv\u00e4\u00e4n kalenterin vasemmassa yl\u00e4kulmassa olevista nuolipainikkeista tai <em>Siirry p\u00e4iv\u00e4\u00e4n<\/em> -painikkeella<\/li>\n\n\n\n<li>Kalenterin oikeasta yl\u00e4kulmasta voit s\u00e4\u00e4t\u00e4, haluatko katsoa viikko-, kuukausi- vai p\u00e4iv\u00e4n\u00e4kym\u00e4ss\u00e4 tietoja<\/li>\n\n\n\n<li><em>Asetukset<\/em>-painikkeesta voit m\u00e4\u00e4ritell\u00e4, mit\u00e4 tietoja kalenteri n\u00e4ytt\u00e4\u00e4 ja kuinka tarkasti (ryhm\u00e4t, kellonajat, toteutukset, pienryhm\u00e4t yms.) Jos painike ei toimi, klikkaa tarvittaessa ratas-kuvaketta.\n<ul class=\"wp-block-list\">\n<li>Jos kalenterissasi ei n\u00e4y kaikki haluamasi tieto varauksesta, voit s\u00e4\u00e4t\u00e4\u00e4 esimerkiksi kalenterin tarkkuutta pienemm\u00e4ksi ja tarkistaa, ett\u00e4 olet valinnut kaikki haluamasi tiedot n\u00e4kyviin.<\/li>\n<\/ul>\n<\/li>\n<\/ul>\n","protected":false},"excerpt":{"rendered":"<p>Kaikki toteutusten varaukset tehd\u00e4\u00e4n Peppiin, on kyseess\u00e4 sitten virtuaali- tai kontaktiopetus. Aikatauluja ja kontakteja ei kerrota pelk\u00e4st\u00e4\u00e4n Moodlessa tai muualla, vaan niille tehd\u00e4\u00e4n varaukset, jotta lukuj\u00e4rjestykset n\u00e4kyv\u00e4t my\u00f6s opiskelijoille kootusti. N\u00e4et toteutuksen kaikki varaukset kootusti, kun etsit haluamasi toteutuksen, valitset Rytmitys- ja tilatoiveet ja ajoitus -v\u00e4lilehden. Toteutukselle tehdyt varaukset n\u00e4kyv\u00e4t listana Varaukset-kohdassa. Lukuj\u00e4rjestykset tehd\u00e4\u00e4n ja [&hellip;]<\/p>\n","protected":false},"author":76,"featured_media":0,"parent":4696,"menu_order":1,"comment_status":"closed","ping_status":"open","template":"","meta":{"_acf_changed":false,"_relevanssi_hide_post":"","_relevanssi_hide_content":"","_relevanssi_pin_for_all":"","_relevanssi_pin_keywords":"","_relevanssi_unpin_keywords":"","_relevanssi_related_keywords":"","_relevanssi_related_include_ids":"","_relevanssi_related_exclude_ids":"","_relevanssi_related_no_append":"","_relevanssi_related_not_related":"","_relevanssi_related_posts":"","_relevanssi_noindex_reason":"","footnotes":""},"categories":[1],"tags":[],"class_list":["post-4701","page","type-page","status-publish","hentry","category-uncategorised"],"acf":[],"yoast_head":"<!-- This site is optimized with the Yoast SEO plugin v27.4 - https:\/\/yoast.com\/product\/yoast-seo-wordpress\/ -->\n<title>Lukuj\u00e4rjestysten katsominen - Peppi-ohjeet henkil\u00f6kunnalle<\/title>\n<meta name=\"robots\" content=\"index, follow, max-snippet:-1, max-image-preview:large, max-video-preview:-1\" \/>\n<link rel=\"canonical\" href=\"https:\/\/help.jamk.fi\/peppi-ohjeet-henkilokunnalle\/fi\/opettajan-ohjeet\/opettajan-lukujarjestysvaraukset\/lukujarjestysten-katsominen\/\" \/>\n<meta property=\"og:locale\" content=\"fi_FI\" \/>\n<meta property=\"og:type\" content=\"article\" \/>\n<meta property=\"og:title\" content=\"Lukuj\u00e4rjestysten katsominen - Peppi-ohjeet henkil\u00f6kunnalle\" \/>\n<meta property=\"og:description\" content=\"Kaikki toteutusten varaukset tehd\u00e4\u00e4n Peppiin, on kyseess\u00e4 sitten virtuaali- tai kontaktiopetus. Aikatauluja ja kontakteja ei kerrota pelk\u00e4st\u00e4\u00e4n Moodlessa tai muualla, vaan niille tehd\u00e4\u00e4n varaukset, jotta lukuj\u00e4rjestykset n\u00e4kyv\u00e4t my\u00f6s opiskelijoille kootusti. N\u00e4et toteutuksen kaikki varaukset kootusti, kun etsit haluamasi toteutuksen, valitset Rytmitys- ja tilatoiveet ja ajoitus -v\u00e4lilehden. Toteutukselle tehdyt varaukset n\u00e4kyv\u00e4t listana Varaukset-kohdassa. Lukuj\u00e4rjestykset tehd\u00e4\u00e4n ja [&hellip;]\" \/>\n<meta property=\"og:url\" content=\"https:\/\/help.jamk.fi\/peppi-ohjeet-henkilokunnalle\/fi\/opettajan-ohjeet\/opettajan-lukujarjestysvaraukset\/lukujarjestysten-katsominen\/\" \/>\n<meta property=\"og:site_name\" content=\"Peppi-ohjeet henkil\u00f6kunnalle\" \/>\n<meta property=\"article:modified_time\" content=\"2024-01-22T13:14:17+00:00\" \/>\n<meta property=\"og:image\" content=\"https:\/\/help.jamk.fi\/peppi-ohjeet-henkilokunnalle\/wp-content\/uploads\/sites\/131\/2020\/06\/Ope_etusivu.jpg\" \/>\n<meta name=\"twitter:card\" content=\"summary_large_image\" \/>\n<meta name=\"twitter:label1\" content=\"Arvioitu lukuaika\" \/>\n\t<meta name=\"twitter:data1\" content=\"3 minuuttia\" \/>\n<script type=\"application\/ld+json\" class=\"yoast-schema-graph\">{\"@context\":\"https:\\\/\\\/schema.org\",\"@graph\":[{\"@type\":\"WebPage\",\"@id\":\"https:\\\/\\\/help.jamk.fi\\\/peppi-ohjeet-henkilokunnalle\\\/fi\\\/opettajan-ohjeet\\\/opettajan-lukujarjestysvaraukset\\\/lukujarjestysten-katsominen\\\/\",\"url\":\"https:\\\/\\\/help.jamk.fi\\\/peppi-ohjeet-henkilokunnalle\\\/fi\\\/opettajan-ohjeet\\\/opettajan-lukujarjestysvaraukset\\\/lukujarjestysten-katsominen\\\/\",\"name\":\"Lukuj\u00e4rjestysten katsominen - Peppi-ohjeet henkil\u00f6kunnalle\",\"isPartOf\":{\"@id\":\"https:\\\/\\\/help.jamk.fi\\\/peppi-ohjeet-henkilokunnalle\\\/#website\"},\"primaryImageOfPage\":{\"@id\":\"https:\\\/\\\/help.jamk.fi\\\/peppi-ohjeet-henkilokunnalle\\\/fi\\\/opettajan-ohjeet\\\/opettajan-lukujarjestysvaraukset\\\/lukujarjestysten-katsominen\\\/#primaryimage\"},\"image\":{\"@id\":\"https:\\\/\\\/help.jamk.fi\\\/peppi-ohjeet-henkilokunnalle\\\/fi\\\/opettajan-ohjeet\\\/opettajan-lukujarjestysvaraukset\\\/lukujarjestysten-katsominen\\\/#primaryimage\"},\"thumbnailUrl\":\"https:\\\/\\\/help.jamk.fi\\\/peppi-ohjeet-henkilokunnalle\\\/wp-content\\\/uploads\\\/sites\\\/131\\\/2020\\\/06\\\/Ope_etusivu.jpg\",\"datePublished\":\"2020-09-16T05:05:01+00:00\",\"dateModified\":\"2024-01-22T13:14:17+00:00\",\"breadcrumb\":{\"@id\":\"https:\\\/\\\/help.jamk.fi\\\/peppi-ohjeet-henkilokunnalle\\\/fi\\\/opettajan-ohjeet\\\/opettajan-lukujarjestysvaraukset\\\/lukujarjestysten-katsominen\\\/#breadcrumb\"},\"inLanguage\":\"fi\",\"potentialAction\":[{\"@type\":\"ReadAction\",\"target\":[\"https:\\\/\\\/help.jamk.fi\\\/peppi-ohjeet-henkilokunnalle\\\/fi\\\/opettajan-ohjeet\\\/opettajan-lukujarjestysvaraukset\\\/lukujarjestysten-katsominen\\\/\"]}]},{\"@type\":\"ImageObject\",\"inLanguage\":\"fi\",\"@id\":\"https:\\\/\\\/help.jamk.fi\\\/peppi-ohjeet-henkilokunnalle\\\/fi\\\/opettajan-ohjeet\\\/opettajan-lukujarjestysvaraukset\\\/lukujarjestysten-katsominen\\\/#primaryimage\",\"url\":\"https:\\\/\\\/help.jamk.fi\\\/peppi-ohjeet-henkilokunnalle\\\/wp-content\\\/uploads\\\/sites\\\/131\\\/2020\\\/06\\\/Ope_etusivu.jpg\",\"contentUrl\":\"https:\\\/\\\/help.jamk.fi\\\/peppi-ohjeet-henkilokunnalle\\\/wp-content\\\/uploads\\\/sites\\\/131\\\/2020\\\/06\\\/Ope_etusivu.jpg\",\"width\":640,\"height\":124,\"caption\":\"Opettajan ty\u00f6p\u00f6yd\u00e4n etusivulta p\u00e4\u00e4set kalenteritoimintoon\"},{\"@type\":\"BreadcrumbList\",\"@id\":\"https:\\\/\\\/help.jamk.fi\\\/peppi-ohjeet-henkilokunnalle\\\/fi\\\/opettajan-ohjeet\\\/opettajan-lukujarjestysvaraukset\\\/lukujarjestysten-katsominen\\\/#breadcrumb\",\"itemListElement\":[{\"@type\":\"ListItem\",\"position\":1,\"name\":\"Home\",\"item\":\"https:\\\/\\\/help.jamk.fi\\\/peppi-ohjeet-henkilokunnalle\\\/en\\\/\"},{\"@type\":\"ListItem\",\"position\":2,\"name\":\"Opettajan ohjeet\",\"item\":\"https:\\\/\\\/help.jamk.fi\\\/peppi-ohjeet-henkilokunnalle\\\/fi\\\/opettajan-ohjeet\\\/\"},{\"@type\":\"ListItem\",\"position\":3,\"name\":\"Opettajan tilavaraukset\",\"item\":\"https:\\\/\\\/help.jamk.fi\\\/peppi-ohjeet-henkilokunnalle\\\/fi\\\/opettajan-ohjeet\\\/opettajan-lukujarjestysvaraukset\\\/\"},{\"@type\":\"ListItem\",\"position\":4,\"name\":\"Lukuj\u00e4rjestysten katsominen\"}]},{\"@type\":\"WebSite\",\"@id\":\"https:\\\/\\\/help.jamk.fi\\\/peppi-ohjeet-henkilokunnalle\\\/#website\",\"url\":\"https:\\\/\\\/help.jamk.fi\\\/peppi-ohjeet-henkilokunnalle\\\/\",\"name\":\"Peppi-ohjeet henkil\u00f6kunnalle\",\"description\":\"\",\"potentialAction\":[{\"@type\":\"SearchAction\",\"target\":{\"@type\":\"EntryPoint\",\"urlTemplate\":\"https:\\\/\\\/help.jamk.fi\\\/peppi-ohjeet-henkilokunnalle\\\/?s={search_term_string}\"},\"query-input\":{\"@type\":\"PropertyValueSpecification\",\"valueRequired\":true,\"valueName\":\"search_term_string\"}}],\"inLanguage\":\"fi\"}]}<\/script>\n<!-- \/ Yoast SEO plugin. -->","yoast_head_json":{"title":"Lukuj\u00e4rjestysten katsominen - Peppi-ohjeet henkil\u00f6kunnalle","robots":{"index":"index","follow":"follow","max-snippet":"max-snippet:-1","max-image-preview":"max-image-preview:large","max-video-preview":"max-video-preview:-1"},"canonical":"https:\/\/help.jamk.fi\/peppi-ohjeet-henkilokunnalle\/fi\/opettajan-ohjeet\/opettajan-lukujarjestysvaraukset\/lukujarjestysten-katsominen\/","og_locale":"fi_FI","og_type":"article","og_title":"Lukuj\u00e4rjestysten katsominen - Peppi-ohjeet henkil\u00f6kunnalle","og_description":"Kaikki toteutusten varaukset tehd\u00e4\u00e4n Peppiin, on kyseess\u00e4 sitten virtuaali- tai kontaktiopetus. Aikatauluja ja kontakteja ei kerrota pelk\u00e4st\u00e4\u00e4n Moodlessa tai muualla, vaan niille tehd\u00e4\u00e4n varaukset, jotta lukuj\u00e4rjestykset n\u00e4kyv\u00e4t my\u00f6s opiskelijoille kootusti. N\u00e4et toteutuksen kaikki varaukset kootusti, kun etsit haluamasi toteutuksen, valitset Rytmitys- ja tilatoiveet ja ajoitus -v\u00e4lilehden. Toteutukselle tehdyt varaukset n\u00e4kyv\u00e4t listana Varaukset-kohdassa. Lukuj\u00e4rjestykset tehd\u00e4\u00e4n ja [&hellip;]","og_url":"https:\/\/help.jamk.fi\/peppi-ohjeet-henkilokunnalle\/fi\/opettajan-ohjeet\/opettajan-lukujarjestysvaraukset\/lukujarjestysten-katsominen\/","og_site_name":"Peppi-ohjeet henkil\u00f6kunnalle","article_modified_time":"2024-01-22T13:14:17+00:00","og_image":[{"url":"https:\/\/help.jamk.fi\/peppi-ohjeet-henkilokunnalle\/wp-content\/uploads\/sites\/131\/2020\/06\/Ope_etusivu.jpg","type":"","width":"","height":""}],"twitter_card":"summary_large_image","twitter_misc":{"Arvioitu lukuaika":"3 minuuttia"},"schema":{"@context":"https:\/\/schema.org","@graph":[{"@type":"WebPage","@id":"https:\/\/help.jamk.fi\/peppi-ohjeet-henkilokunnalle\/fi\/opettajan-ohjeet\/opettajan-lukujarjestysvaraukset\/lukujarjestysten-katsominen\/","url":"https:\/\/help.jamk.fi\/peppi-ohjeet-henkilokunnalle\/fi\/opettajan-ohjeet\/opettajan-lukujarjestysvaraukset\/lukujarjestysten-katsominen\/","name":"Lukuj\u00e4rjestysten katsominen - Peppi-ohjeet henkil\u00f6kunnalle","isPartOf":{"@id":"https:\/\/help.jamk.fi\/peppi-ohjeet-henkilokunnalle\/#website"},"primaryImageOfPage":{"@id":"https:\/\/help.jamk.fi\/peppi-ohjeet-henkilokunnalle\/fi\/opettajan-ohjeet\/opettajan-lukujarjestysvaraukset\/lukujarjestysten-katsominen\/#primaryimage"},"image":{"@id":"https:\/\/help.jamk.fi\/peppi-ohjeet-henkilokunnalle\/fi\/opettajan-ohjeet\/opettajan-lukujarjestysvaraukset\/lukujarjestysten-katsominen\/#primaryimage"},"thumbnailUrl":"https:\/\/help.jamk.fi\/peppi-ohjeet-henkilokunnalle\/wp-content\/uploads\/sites\/131\/2020\/06\/Ope_etusivu.jpg","datePublished":"2020-09-16T05:05:01+00:00","dateModified":"2024-01-22T13:14:17+00:00","breadcrumb":{"@id":"https:\/\/help.jamk.fi\/peppi-ohjeet-henkilokunnalle\/fi\/opettajan-ohjeet\/opettajan-lukujarjestysvaraukset\/lukujarjestysten-katsominen\/#breadcrumb"},"inLanguage":"fi","potentialAction":[{"@type":"ReadAction","target":["https:\/\/help.jamk.fi\/peppi-ohjeet-henkilokunnalle\/fi\/opettajan-ohjeet\/opettajan-lukujarjestysvaraukset\/lukujarjestysten-katsominen\/"]}]},{"@type":"ImageObject","inLanguage":"fi","@id":"https:\/\/help.jamk.fi\/peppi-ohjeet-henkilokunnalle\/fi\/opettajan-ohjeet\/opettajan-lukujarjestysvaraukset\/lukujarjestysten-katsominen\/#primaryimage","url":"https:\/\/help.jamk.fi\/peppi-ohjeet-henkilokunnalle\/wp-content\/uploads\/sites\/131\/2020\/06\/Ope_etusivu.jpg","contentUrl":"https:\/\/help.jamk.fi\/peppi-ohjeet-henkilokunnalle\/wp-content\/uploads\/sites\/131\/2020\/06\/Ope_etusivu.jpg","width":640,"height":124,"caption":"Opettajan ty\u00f6p\u00f6yd\u00e4n etusivulta p\u00e4\u00e4set kalenteritoimintoon"},{"@type":"BreadcrumbList","@id":"https:\/\/help.jamk.fi\/peppi-ohjeet-henkilokunnalle\/fi\/opettajan-ohjeet\/opettajan-lukujarjestysvaraukset\/lukujarjestysten-katsominen\/#breadcrumb","itemListElement":[{"@type":"ListItem","position":1,"name":"Home","item":"https:\/\/help.jamk.fi\/peppi-ohjeet-henkilokunnalle\/en\/"},{"@type":"ListItem","position":2,"name":"Opettajan ohjeet","item":"https:\/\/help.jamk.fi\/peppi-ohjeet-henkilokunnalle\/fi\/opettajan-ohjeet\/"},{"@type":"ListItem","position":3,"name":"Opettajan tilavaraukset","item":"https:\/\/help.jamk.fi\/peppi-ohjeet-henkilokunnalle\/fi\/opettajan-ohjeet\/opettajan-lukujarjestysvaraukset\/"},{"@type":"ListItem","position":4,"name":"Lukuj\u00e4rjestysten katsominen"}]},{"@type":"WebSite","@id":"https:\/\/help.jamk.fi\/peppi-ohjeet-henkilokunnalle\/#website","url":"https:\/\/help.jamk.fi\/peppi-ohjeet-henkilokunnalle\/","name":"Peppi-ohjeet henkil\u00f6kunnalle","description":"","potentialAction":[{"@type":"SearchAction","target":{"@type":"EntryPoint","urlTemplate":"https:\/\/help.jamk.fi\/peppi-ohjeet-henkilokunnalle\/?s={search_term_string}"},"query-input":{"@type":"PropertyValueSpecification","valueRequired":true,"valueName":"search_term_string"}}],"inLanguage":"fi"}]}},"_links":{"self":[{"href":"https:\/\/help.jamk.fi\/peppi-ohjeet-henkilokunnalle\/wp-json\/wp\/v2\/pages\/4701","targetHints":{"allow":["GET"]}}],"collection":[{"href":"https:\/\/help.jamk.fi\/peppi-ohjeet-henkilokunnalle\/wp-json\/wp\/v2\/pages"}],"about":[{"href":"https:\/\/help.jamk.fi\/peppi-ohjeet-henkilokunnalle\/wp-json\/wp\/v2\/types\/page"}],"author":[{"embeddable":true,"href":"https:\/\/help.jamk.fi\/peppi-ohjeet-henkilokunnalle\/wp-json\/wp\/v2\/users\/76"}],"replies":[{"embeddable":true,"href":"https:\/\/help.jamk.fi\/peppi-ohjeet-henkilokunnalle\/wp-json\/wp\/v2\/comments?post=4701"}],"version-history":[{"count":5,"href":"https:\/\/help.jamk.fi\/peppi-ohjeet-henkilokunnalle\/wp-json\/wp\/v2\/pages\/4701\/revisions"}],"predecessor-version":[{"id":6373,"href":"https:\/\/help.jamk.fi\/peppi-ohjeet-henkilokunnalle\/wp-json\/wp\/v2\/pages\/4701\/revisions\/6373"}],"up":[{"embeddable":true,"href":"https:\/\/help.jamk.fi\/peppi-ohjeet-henkilokunnalle\/wp-json\/wp\/v2\/pages\/4696"}],"wp:attachment":[{"href":"https:\/\/help.jamk.fi\/peppi-ohjeet-henkilokunnalle\/wp-json\/wp\/v2\/media?parent=4701"}],"wp:term":[{"taxonomy":"category","embeddable":true,"href":"https:\/\/help.jamk.fi\/peppi-ohjeet-henkilokunnalle\/wp-json\/wp\/v2\/categories?post=4701"},{"taxonomy":"post_tag","embeddable":true,"href":"https:\/\/help.jamk.fi\/peppi-ohjeet-henkilokunnalle\/wp-json\/wp\/v2\/tags?post=4701"}],"curies":[{"name":"wp","href":"https:\/\/api.w.org\/{rel}","templated":true}]}}