{"id":4724,"date":"2020-12-07T08:53:15","date_gmt":"2020-12-07T06:53:15","guid":{"rendered":"https:\/\/help.jamk.fi\/peppi-ohjeet-henkilokunnalle\/vuosisuunnittelu\/opettajan-lisaaminen-toteutukseen\/"},"modified":"2024-10-09T08:15:53","modified_gmt":"2024-10-09T05:15:53","slug":"opettajan-lisaaminen-toteutukseen","status":"publish","type":"page","link":"https:\/\/help.jamk.fi\/peppi-ohjeet-henkilokunnalle\/fi\/vuosisuunnittelu\/opettajan-lisaaminen-toteutukseen\/","title":{"rendered":"Opettajan lis\u00e4\u00e4minen toteutukseen"},"content":{"rendered":"<p>Opettajat toteutukseen voidaan lis\u00e4t\u00e4 toteutuksen tekemisen yhteydess\u00e4 suoraan Peppiin tai lis\u00e4t\u00e4 toteutukseen my\u00f6hemmin<strong> ainoastaan TEPlanin kautta<\/strong>.<\/p>\n<p>Mik\u00e4li lis\u00e4\u00e4t opettajan (ja opetustunteja)\u00a0 j\u00e4lkeenp\u00e4in pelk\u00e4st\u00e4\u00e4n Peppiin niin ne poistuu sielt\u00e4 seuraavan TEPlanin y\u00f6ajon j\u00e4lkeen. Samalla opettaja poistuu my\u00f6s moodlety\u00f6tilasta jos toteutukseen on sellainen liitetty.<\/p>\n<p>Opetustunteja ei vied\u00e4 Peppiin vaan ne tulevat TEPlanista.<\/p>\n<h5>Uuden toteutuksen tekemisen yhteydess\u00e4 opettajan lis\u00e4\u00e4minen toteutukseen<\/h5>\n<p>Opettaja(t) lis\u00e4t\u00e4\u00e4n toteutukseen valitsemalla vasemmasta reunasta Resurssointi ja Lis\u00e4\u00e4 teht\u00e4v\u00e4:<\/p>\n<p><img loading=\"lazy\" decoding=\"async\" class=\"alignnone size-medium wp-image-2334\" src=\"https:\/\/help.jamk.fi\/peppi-ohjeet-henkilokunnalle\/wp-content\/uploads\/sites\/131\/2020\/12\/toteutuksen-resurssointi.jpg\" alt=\"\" width=\"300\" height=\"175\" \/><\/p>\n<p><img loading=\"lazy\" decoding=\"async\" class=\"alignnone wp-image-2333\" src=\"https:\/\/help.jamk.fi\/peppi-ohjeet-henkilokunnalle\/wp-content\/uploads\/sites\/131\/2020\/12\/opintojakson_opettaja.jpg\" alt=\"\" width=\"716\" height=\"308\" \/><\/p>\n<p>Opettaja pit\u00e4\u00e4 olla kiinnitetty koko opintojaksolle, jotta voi antaa arvioinnin. Pelk\u00e4st\u00e4\u00e4n osatoteutukselle kiinnitt\u00e4minen ei riit\u00e4!<\/p>\n","protected":false},"excerpt":{"rendered":"<p>Opettajat toteutukseen voidaan lis\u00e4t\u00e4 toteutuksen tekemisen yhteydess\u00e4 suoraan Peppiin tai lis\u00e4t\u00e4 toteutukseen my\u00f6hemmin ainoastaan TEPlanin kautta. Mik\u00e4li lis\u00e4\u00e4t opettajan (ja opetustunteja)\u00a0 j\u00e4lkeenp\u00e4in pelk\u00e4st\u00e4\u00e4n Peppiin niin ne poistuu sielt\u00e4 seuraavan TEPlanin y\u00f6ajon j\u00e4lkeen. Samalla opettaja poistuu my\u00f6s moodlety\u00f6tilasta jos toteutukseen on sellainen liitetty. Opetustunteja ei vied\u00e4 Peppiin vaan ne tulevat TEPlanista. Uuden toteutuksen tekemisen yhteydess\u00e4 opettajan [&hellip;]<\/p>\n","protected":false},"author":78,"featured_media":0,"parent":4522,"menu_order":10,"comment_status":"closed","ping_status":"open","template":"","meta":{"_acf_changed":false,"_relevanssi_hide_post":"","_relevanssi_hide_content":"","_relevanssi_pin_for_all":"","_relevanssi_pin_keywords":"","_relevanssi_unpin_keywords":"","_relevanssi_related_keywords":"","_relevanssi_related_include_ids":"","_relevanssi_related_exclude_ids":"","_relevanssi_related_no_append":"","_relevanssi_related_not_related":"","_relevanssi_related_posts":"","_relevanssi_noindex_reason":"","footnotes":""},"categories":[1],"tags":[],"class_list":["post-4724","page","type-page","status-publish","hentry","category-uncategorised"],"acf":[],"yoast_head":"<!-- This site is optimized with the Yoast SEO plugin v27.4 - https:\/\/yoast.com\/product\/yoast-seo-wordpress\/ -->\n<title>Opettajan lis\u00e4\u00e4minen toteutukseen - Peppi-ohjeet henkil\u00f6kunnalle<\/title>\n<meta name=\"robots\" content=\"index, follow, max-snippet:-1, max-image-preview:large, max-video-preview:-1\" \/>\n<link rel=\"canonical\" href=\"https:\/\/help.jamk.fi\/peppi-ohjeet-henkilokunnalle\/fi\/vuosisuunnittelu\/opettajan-lisaaminen-toteutukseen\/\" \/>\n<meta property=\"og:locale\" content=\"fi_FI\" \/>\n<meta property=\"og:type\" content=\"article\" \/>\n<meta property=\"og:title\" content=\"Opettajan lis\u00e4\u00e4minen toteutukseen - Peppi-ohjeet henkil\u00f6kunnalle\" \/>\n<meta property=\"og:description\" content=\"Opettajat toteutukseen voidaan lis\u00e4t\u00e4 toteutuksen tekemisen yhteydess\u00e4 suoraan Peppiin tai lis\u00e4t\u00e4 toteutukseen my\u00f6hemmin ainoastaan TEPlanin kautta. Mik\u00e4li lis\u00e4\u00e4t opettajan (ja opetustunteja)\u00a0 j\u00e4lkeenp\u00e4in pelk\u00e4st\u00e4\u00e4n Peppiin niin ne poistuu sielt\u00e4 seuraavan TEPlanin y\u00f6ajon j\u00e4lkeen. Samalla opettaja poistuu my\u00f6s moodlety\u00f6tilasta jos toteutukseen on sellainen liitetty. Opetustunteja ei vied\u00e4 Peppiin vaan ne tulevat TEPlanista. Uuden toteutuksen tekemisen yhteydess\u00e4 opettajan [&hellip;]\" \/>\n<meta property=\"og:url\" content=\"https:\/\/help.jamk.fi\/peppi-ohjeet-henkilokunnalle\/fi\/vuosisuunnittelu\/opettajan-lisaaminen-toteutukseen\/\" \/>\n<meta property=\"og:site_name\" content=\"Peppi-ohjeet henkil\u00f6kunnalle\" \/>\n<meta property=\"article:modified_time\" content=\"2024-10-09T05:15:53+00:00\" \/>\n<meta property=\"og:image\" content=\"https:\/\/help.jamk.fi\/peppi-ohjeet-henkilokunnalle\/wp-content\/uploads\/sites\/131\/2020\/12\/toteutuksen-resurssointi.jpg\" \/>\n<meta name=\"twitter:card\" content=\"summary_large_image\" \/>\n<meta name=\"twitter:label1\" content=\"Arvioitu lukuaika\" \/>\n\t<meta name=\"twitter:data1\" content=\"1 minuutti\" \/>\n<script type=\"application\/ld+json\" class=\"yoast-schema-graph\">{\"@context\":\"https:\\\/\\\/schema.org\",\"@graph\":[{\"@type\":\"WebPage\",\"@id\":\"https:\\\/\\\/help.jamk.fi\\\/peppi-ohjeet-henkilokunnalle\\\/fi\\\/vuosisuunnittelu\\\/opettajan-lisaaminen-toteutukseen\\\/\",\"url\":\"https:\\\/\\\/help.jamk.fi\\\/peppi-ohjeet-henkilokunnalle\\\/fi\\\/vuosisuunnittelu\\\/opettajan-lisaaminen-toteutukseen\\\/\",\"name\":\"Opettajan lis\u00e4\u00e4minen toteutukseen - Peppi-ohjeet henkil\u00f6kunnalle\",\"isPartOf\":{\"@id\":\"https:\\\/\\\/help.jamk.fi\\\/peppi-ohjeet-henkilokunnalle\\\/#website\"},\"primaryImageOfPage\":{\"@id\":\"https:\\\/\\\/help.jamk.fi\\\/peppi-ohjeet-henkilokunnalle\\\/fi\\\/vuosisuunnittelu\\\/opettajan-lisaaminen-toteutukseen\\\/#primaryimage\"},\"image\":{\"@id\":\"https:\\\/\\\/help.jamk.fi\\\/peppi-ohjeet-henkilokunnalle\\\/fi\\\/vuosisuunnittelu\\\/opettajan-lisaaminen-toteutukseen\\\/#primaryimage\"},\"thumbnailUrl\":\"https:\\\/\\\/help.jamk.fi\\\/peppi-ohjeet-henkilokunnalle\\\/wp-content\\\/uploads\\\/sites\\\/131\\\/2020\\\/12\\\/toteutuksen-resurssointi.jpg\",\"datePublished\":\"2020-12-07T06:53:15+00:00\",\"dateModified\":\"2024-10-09T05:15:53+00:00\",\"breadcrumb\":{\"@id\":\"https:\\\/\\\/help.jamk.fi\\\/peppi-ohjeet-henkilokunnalle\\\/fi\\\/vuosisuunnittelu\\\/opettajan-lisaaminen-toteutukseen\\\/#breadcrumb\"},\"inLanguage\":\"fi\",\"potentialAction\":[{\"@type\":\"ReadAction\",\"target\":[\"https:\\\/\\\/help.jamk.fi\\\/peppi-ohjeet-henkilokunnalle\\\/fi\\\/vuosisuunnittelu\\\/opettajan-lisaaminen-toteutukseen\\\/\"]}]},{\"@type\":\"ImageObject\",\"inLanguage\":\"fi\",\"@id\":\"https:\\\/\\\/help.jamk.fi\\\/peppi-ohjeet-henkilokunnalle\\\/fi\\\/vuosisuunnittelu\\\/opettajan-lisaaminen-toteutukseen\\\/#primaryimage\",\"url\":\"https:\\\/\\\/help.jamk.fi\\\/peppi-ohjeet-henkilokunnalle\\\/wp-content\\\/uploads\\\/sites\\\/131\\\/2020\\\/12\\\/toteutuksen-resurssointi.jpg\",\"contentUrl\":\"https:\\\/\\\/help.jamk.fi\\\/peppi-ohjeet-henkilokunnalle\\\/wp-content\\\/uploads\\\/sites\\\/131\\\/2020\\\/12\\\/toteutuksen-resurssointi.jpg\",\"width\":933,\"height\":544},{\"@type\":\"BreadcrumbList\",\"@id\":\"https:\\\/\\\/help.jamk.fi\\\/peppi-ohjeet-henkilokunnalle\\\/fi\\\/vuosisuunnittelu\\\/opettajan-lisaaminen-toteutukseen\\\/#breadcrumb\",\"itemListElement\":[{\"@type\":\"ListItem\",\"position\":1,\"name\":\"Home\",\"item\":\"https:\\\/\\\/help.jamk.fi\\\/peppi-ohjeet-henkilokunnalle\\\/en\\\/\"},{\"@type\":\"ListItem\",\"position\":2,\"name\":\"Vuosisuunnittelu\",\"item\":\"https:\\\/\\\/help.jamk.fi\\\/peppi-ohjeet-henkilokunnalle\\\/fi\\\/vuosisuunnittelu\\\/\"},{\"@type\":\"ListItem\",\"position\":3,\"name\":\"Opettajan lis\u00e4\u00e4minen toteutukseen\"}]},{\"@type\":\"WebSite\",\"@id\":\"https:\\\/\\\/help.jamk.fi\\\/peppi-ohjeet-henkilokunnalle\\\/#website\",\"url\":\"https:\\\/\\\/help.jamk.fi\\\/peppi-ohjeet-henkilokunnalle\\\/\",\"name\":\"Peppi-ohjeet henkil\u00f6kunnalle\",\"description\":\"\",\"potentialAction\":[{\"@type\":\"SearchAction\",\"target\":{\"@type\":\"EntryPoint\",\"urlTemplate\":\"https:\\\/\\\/help.jamk.fi\\\/peppi-ohjeet-henkilokunnalle\\\/?s={search_term_string}\"},\"query-input\":{\"@type\":\"PropertyValueSpecification\",\"valueRequired\":true,\"valueName\":\"search_term_string\"}}],\"inLanguage\":\"fi\"}]}<\/script>\n<!-- \/ Yoast SEO plugin. -->","yoast_head_json":{"title":"Opettajan lis\u00e4\u00e4minen toteutukseen - Peppi-ohjeet henkil\u00f6kunnalle","robots":{"index":"index","follow":"follow","max-snippet":"max-snippet:-1","max-image-preview":"max-image-preview:large","max-video-preview":"max-video-preview:-1"},"canonical":"https:\/\/help.jamk.fi\/peppi-ohjeet-henkilokunnalle\/fi\/vuosisuunnittelu\/opettajan-lisaaminen-toteutukseen\/","og_locale":"fi_FI","og_type":"article","og_title":"Opettajan lis\u00e4\u00e4minen toteutukseen - Peppi-ohjeet henkil\u00f6kunnalle","og_description":"Opettajat toteutukseen voidaan lis\u00e4t\u00e4 toteutuksen tekemisen yhteydess\u00e4 suoraan Peppiin tai lis\u00e4t\u00e4 toteutukseen my\u00f6hemmin ainoastaan TEPlanin kautta. Mik\u00e4li lis\u00e4\u00e4t opettajan (ja opetustunteja)\u00a0 j\u00e4lkeenp\u00e4in pelk\u00e4st\u00e4\u00e4n Peppiin niin ne poistuu sielt\u00e4 seuraavan TEPlanin y\u00f6ajon j\u00e4lkeen. Samalla opettaja poistuu my\u00f6s moodlety\u00f6tilasta jos toteutukseen on sellainen liitetty. Opetustunteja ei vied\u00e4 Peppiin vaan ne tulevat TEPlanista. Uuden toteutuksen tekemisen yhteydess\u00e4 opettajan [&hellip;]","og_url":"https:\/\/help.jamk.fi\/peppi-ohjeet-henkilokunnalle\/fi\/vuosisuunnittelu\/opettajan-lisaaminen-toteutukseen\/","og_site_name":"Peppi-ohjeet henkil\u00f6kunnalle","article_modified_time":"2024-10-09T05:15:53+00:00","og_image":[{"url":"https:\/\/help.jamk.fi\/peppi-ohjeet-henkilokunnalle\/wp-content\/uploads\/sites\/131\/2020\/12\/toteutuksen-resurssointi.jpg","type":"","width":"","height":""}],"twitter_card":"summary_large_image","twitter_misc":{"Arvioitu lukuaika":"1 minuutti"},"schema":{"@context":"https:\/\/schema.org","@graph":[{"@type":"WebPage","@id":"https:\/\/help.jamk.fi\/peppi-ohjeet-henkilokunnalle\/fi\/vuosisuunnittelu\/opettajan-lisaaminen-toteutukseen\/","url":"https:\/\/help.jamk.fi\/peppi-ohjeet-henkilokunnalle\/fi\/vuosisuunnittelu\/opettajan-lisaaminen-toteutukseen\/","name":"Opettajan lis\u00e4\u00e4minen toteutukseen - Peppi-ohjeet henkil\u00f6kunnalle","isPartOf":{"@id":"https:\/\/help.jamk.fi\/peppi-ohjeet-henkilokunnalle\/#website"},"primaryImageOfPage":{"@id":"https:\/\/help.jamk.fi\/peppi-ohjeet-henkilokunnalle\/fi\/vuosisuunnittelu\/opettajan-lisaaminen-toteutukseen\/#primaryimage"},"image":{"@id":"https:\/\/help.jamk.fi\/peppi-ohjeet-henkilokunnalle\/fi\/vuosisuunnittelu\/opettajan-lisaaminen-toteutukseen\/#primaryimage"},"thumbnailUrl":"https:\/\/help.jamk.fi\/peppi-ohjeet-henkilokunnalle\/wp-content\/uploads\/sites\/131\/2020\/12\/toteutuksen-resurssointi.jpg","datePublished":"2020-12-07T06:53:15+00:00","dateModified":"2024-10-09T05:15:53+00:00","breadcrumb":{"@id":"https:\/\/help.jamk.fi\/peppi-ohjeet-henkilokunnalle\/fi\/vuosisuunnittelu\/opettajan-lisaaminen-toteutukseen\/#breadcrumb"},"inLanguage":"fi","potentialAction":[{"@type":"ReadAction","target":["https:\/\/help.jamk.fi\/peppi-ohjeet-henkilokunnalle\/fi\/vuosisuunnittelu\/opettajan-lisaaminen-toteutukseen\/"]}]},{"@type":"ImageObject","inLanguage":"fi","@id":"https:\/\/help.jamk.fi\/peppi-ohjeet-henkilokunnalle\/fi\/vuosisuunnittelu\/opettajan-lisaaminen-toteutukseen\/#primaryimage","url":"https:\/\/help.jamk.fi\/peppi-ohjeet-henkilokunnalle\/wp-content\/uploads\/sites\/131\/2020\/12\/toteutuksen-resurssointi.jpg","contentUrl":"https:\/\/help.jamk.fi\/peppi-ohjeet-henkilokunnalle\/wp-content\/uploads\/sites\/131\/2020\/12\/toteutuksen-resurssointi.jpg","width":933,"height":544},{"@type":"BreadcrumbList","@id":"https:\/\/help.jamk.fi\/peppi-ohjeet-henkilokunnalle\/fi\/vuosisuunnittelu\/opettajan-lisaaminen-toteutukseen\/#breadcrumb","itemListElement":[{"@type":"ListItem","position":1,"name":"Home","item":"https:\/\/help.jamk.fi\/peppi-ohjeet-henkilokunnalle\/en\/"},{"@type":"ListItem","position":2,"name":"Vuosisuunnittelu","item":"https:\/\/help.jamk.fi\/peppi-ohjeet-henkilokunnalle\/fi\/vuosisuunnittelu\/"},{"@type":"ListItem","position":3,"name":"Opettajan lis\u00e4\u00e4minen toteutukseen"}]},{"@type":"WebSite","@id":"https:\/\/help.jamk.fi\/peppi-ohjeet-henkilokunnalle\/#website","url":"https:\/\/help.jamk.fi\/peppi-ohjeet-henkilokunnalle\/","name":"Peppi-ohjeet henkil\u00f6kunnalle","description":"","potentialAction":[{"@type":"SearchAction","target":{"@type":"EntryPoint","urlTemplate":"https:\/\/help.jamk.fi\/peppi-ohjeet-henkilokunnalle\/?s={search_term_string}"},"query-input":{"@type":"PropertyValueSpecification","valueRequired":true,"valueName":"search_term_string"}}],"inLanguage":"fi"}]}},"_links":{"self":[{"href":"https:\/\/help.jamk.fi\/peppi-ohjeet-henkilokunnalle\/wp-json\/wp\/v2\/pages\/4724","targetHints":{"allow":["GET"]}}],"collection":[{"href":"https:\/\/help.jamk.fi\/peppi-ohjeet-henkilokunnalle\/wp-json\/wp\/v2\/pages"}],"about":[{"href":"https:\/\/help.jamk.fi\/peppi-ohjeet-henkilokunnalle\/wp-json\/wp\/v2\/types\/page"}],"author":[{"embeddable":true,"href":"https:\/\/help.jamk.fi\/peppi-ohjeet-henkilokunnalle\/wp-json\/wp\/v2\/users\/78"}],"replies":[{"embeddable":true,"href":"https:\/\/help.jamk.fi\/peppi-ohjeet-henkilokunnalle\/wp-json\/wp\/v2\/comments?post=4724"}],"version-history":[{"count":7,"href":"https:\/\/help.jamk.fi\/peppi-ohjeet-henkilokunnalle\/wp-json\/wp\/v2\/pages\/4724\/revisions"}],"predecessor-version":[{"id":7173,"href":"https:\/\/help.jamk.fi\/peppi-ohjeet-henkilokunnalle\/wp-json\/wp\/v2\/pages\/4724\/revisions\/7173"}],"up":[{"embeddable":true,"href":"https:\/\/help.jamk.fi\/peppi-ohjeet-henkilokunnalle\/wp-json\/wp\/v2\/pages\/4522"}],"wp:attachment":[{"href":"https:\/\/help.jamk.fi\/peppi-ohjeet-henkilokunnalle\/wp-json\/wp\/v2\/media?parent=4724"}],"wp:term":[{"taxonomy":"category","embeddable":true,"href":"https:\/\/help.jamk.fi\/peppi-ohjeet-henkilokunnalle\/wp-json\/wp\/v2\/categories?post=4724"},{"taxonomy":"post_tag","embeddable":true,"href":"https:\/\/help.jamk.fi\/peppi-ohjeet-henkilokunnalle\/wp-json\/wp\/v2\/tags?post=4724"}],"curies":[{"name":"wp","href":"https:\/\/api.w.org\/{rel}","templated":true}]}}