{"id":4740,"date":"2021-05-26T12:42:33","date_gmt":"2021-05-26T09:42:33","guid":{"rendered":"https:\/\/help.jamk.fi\/peppi-ohjeet-henkilokunnalle\/saavutettavuusseloste\/"},"modified":"2026-02-20T15:23:46","modified_gmt":"2026-02-20T13:23:46","slug":"saavutettavuusseloste","status":"publish","type":"page","link":"https:\/\/help.jamk.fi\/peppi-ohjeet-henkilokunnalle\/fi\/tietosuoja-ja-saavutettavuus\/saavutettavuusseloste\/","title":{"rendered":"Pepin saavutettavuusseloste"},"content":{"rendered":"\n<p>Jyv\u00e4skyl\u00e4n ammattikorkeakoulu pyrkii takaamaan Peppi \u2013 Opettajan ty\u00f6p\u00f6yd\u00e4n saavutettavuuden <a href=\"https:\/\/www.finlex.fi\/fi\/laki\/alkup\/2019\/20190306\">Lain digitaalisten palvelujen tarjoamisesta 306\/2019<\/a> mukaisesti.<\/p>\n\n\n\n<p>T\u00e4m\u00e4 saavutettavuusseloste koskee PEPPI \u2013 Opettajan ty\u00f6p\u00f6yt\u00e4\u00e4 (opettaja.peppi.jamk.fi) ja on p\u00e4ivitetty 25.5.2021.<\/p>\n\n\n\n<h2 class=\"wp-block-heading\">Saavutettavuuden tila<\/h2>\n\n\n\n<p>T\u00e4m\u00e4 verkkosivusto t\u00e4ytt\u00e4\u00e4 Verkkosis\u00e4ll\u00f6n saavutettavuusohjeiden (WCAG) 2.1 tason AA vaatimukset osittain. Vaatimusten noudattamatta j\u00e4tt\u00e4miset mainitaan my\u00f6hemmin t\u00e4ll\u00e4 sivulla.<\/p>\n\n\n\n<h2 class=\"wp-block-heading\">Ei-saavutettava sis\u00e4lt\u00f6<\/h2>\n\n\n\n<p>Seuraava sis\u00e4lt\u00f6 ei ole saavutettavaa <a href=\"https:\/\/www.finlex.fi\/fi\/laki\/alkup\/2019\/20190306\">digitaalisten palveluiden tarjoamista koskevan lain 306\/2019<\/a> mukaan.<\/p>\n\n\n\n<p>Verkkosivustossa havaittiin seuraavia puutteita (sulkeissa vaatimus, jota ei noudateta):<\/p>\n\n\n\n<ul class=\"wp-block-list\">\n<li>Palvelussa on tekstej\u00e4, joiden v\u00e4ri taustaa vasten ei vastaa kontrastivaatimuksia, mm. vaaleanharmaa valkoista vasten, vihre\u00e4 valkoista vasten, punainen valkoista vasten. (1.4.3)<\/li>\n\n\n\n<li>Palvelussa on kuvakkeita, joiden v\u00e4ri taustaa vasten ei vastaa kontrastivaatimuksia, mm. valkoista ja vihre\u00e4\u00e4 yhdist\u00e4v\u00e4t merkinn\u00e4t, Vaihtoehtoinen opintojakso -merkinn\u00e4n sininen valkoisella, valkoinen oranssilla, sek\u00e4 lis\u00e4\u00e4 merkint\u00e4 -painikkeen grafiikka. (1.4.11)<\/li>\n\n\n\n<li>V\u00e4rej\u00e4 on k\u00e4ytetty ainoana keinona informaation v\u00e4litt\u00e4miseen (1.4.1) mm. HOPSissa opiskelijoiden edistymisen seuraamiseen graafina sek\u00e4 yksitt\u00e4isen opintojakson pakollisuuden ilmaisemisessa.<\/li>\n\n\n\n<li>Kun hiiren kohdistin vied\u00e4\u00e4n elementin p\u00e4\u00e4lle, ilmestyv\u00e4\u00e4 sis\u00e4lt\u00f6\u00e4 (esim. valikko, vihjeteksti, kalenterisy\u00f6tekent\u00e4t) ei voi piilottaa ilman kohdistimen siirt\u00e4mist\u00e4. (1.4.13)<\/li>\n\n\n\n<li>Palvelussa on aikaraja, jonka s\u00e4\u00e4t\u00e4minen, poistaminen tai ajan jatkaminen ei ole mahdollista. (2.2.1)<\/li>\n\n\n\n<li>Palvelussa on k\u00e4ytetty animaatioita (esim. HOPS-sivulla), joita ei voi pys\u00e4ytt\u00e4\u00e4 tai piilottaa. (2.2.2)<\/li>\n\n\n\n<li>Osa toiminnoista ei ole lainkaan k\u00e4ytett\u00e4viss\u00e4 n\u00e4pp\u00e4imist\u00f6ll\u00e4 (2.1.1), esimerkiksi\n<ul class=\"wp-block-list\">\n<li>yl\u00e4navigaation hiiren kohdistuksella aukeavat alavalikot (my\u00f6s 320 px koossa)<\/li>\n\n\n\n<li>erilaiset linkit ja painikkeet kuten\n<ul class=\"wp-block-list\">\n<li>etusivun viestit, viimeksi tapahtunutta ja kalenteri<\/li>\n\n\n\n<li>Raportit-painikkeen alla olevat latauslinkit<\/li>\n\n\n\n<li>useat painikkeet HOPS-sivun Ajoitus-v\u00e4lilehden painikkeista<\/li>\n\n\n\n<li>jakoavain-ikonilinkit<\/li>\n\n\n\n<li>Luo teht\u00e4v\u00e4 -ikkunan linkityspainike ja vastaanottajien lis\u00e4\u00e4minen<\/li>\n\n\n\n<li>Oman kalenterin kalenteripainikkeet<\/li>\n\n\n\n<li>hampurilaisvalikkopainike mobiilikoossa<\/li>\n<\/ul>\n<\/li>\n\n\n\n<li>suurin osa Lis\u00e4\u00e4 opintoja hopsiin -v\u00e4lilehden modaalin elementeist\u00e4<\/li>\n\n\n\n<li>haitarielementit<\/li>\n\n\n\n<li>ohjetekstit (tooltips)<\/li>\n\n\n\n<li>hiiren kohdistuksella esiin tulevat painikkeet, esim. etusivun Suosikeissa ja linkeiss\u00e4<\/li>\n\n\n\n<li>ilmoitukset\/virheviestit ja niiden sulkeminen<\/li>\n\n\n\n<li>drag &amp; drop -elementit.<\/li>\n<\/ul>\n<\/li>\n\n\n\n<li>Osa informaatiosta ei ole saatavilla n\u00e4pp\u00e4imist\u00f6k\u00e4ytt\u00e4j\u00e4lle (2.1.1), kuten\n<ul class=\"wp-block-list\">\n<li>yl\u00e4palkin toimintojen kuvaukset sek\u00e4 muut vihjetekstit<\/li>\n\n\n\n<li>taulukoiden lyhennetyt tekstit.<\/li>\n<\/ul>\n<\/li>\n\n\n\n<li>N\u00e4pp\u00e4imist\u00f6kohdistin ei ole n\u00e4kyviss\u00e4 useissa kohteissa (2.4.7), muun muassa p\u00e4\u00e4valikon kielivalinta, k\u00e4ytt\u00e4j\u00e4valikko ja HOPS-sivun pudotusvalikot.<\/li>\n\n\n\n<li>Usealla sy\u00f6tekent\u00e4ll\u00e4 ei ole visuaalista tai ohjelmallista nimilappua, nimilappua ei ole liitetty kentt\u00e4\u00e4n tai nimilappu ei kuvaa kent\u00e4n tarkoitusta. (3.3.2, 4.1.2)<\/li>\n\n\n\n<li>Osa lomake-elementeist\u00e4 on merkitty niin, ett\u00e4 niiden toiminnasta ei saa riitt\u00e4v\u00e4sti tietoa ja toiminto on vaikea ymm\u00e4rt\u00e4\u00e4 (1.1.1, 1.3.1, 4.1.2), muun muassa\n<ul class=\"wp-block-list\">\n<li>automaattisesti hakevat tekstikent\u00e4t<\/li>\n\n\n\n<li>pudotusvalikot<\/li>\n\n\n\n<li>sis\u00e4lt\u00f6\u00e4 n\u00e4ytt\u00e4v\u00e4t ja piilottavat painikkeet (esim. HOPS-taulukossa)<\/li>\n\n\n\n<li>kuvakkein merkityt painikkeet<\/li>\n\n\n\n<li>varauskalenterin sis\u00e4lt\u00f6 ja sen toiminnot<\/li>\n\n\n\n<li>haitarielementit<\/li>\n\n\n\n<li>v\u00e4lilehdet<\/li>\n\n\n\n<li>etenemisindikaattori (progress indicator).<\/li>\n<\/ul>\n<\/li>\n\n\n\n<li>Lomakkeiden ohjetekstej\u00e4 ei ole aina yhdistetty ohjelmallisesti kentt\u00e4\u00e4n, vaan ne l\u00f6ytyv\u00e4t erillisten painikkeiden alta. (1.3.1, 3.3.2)<\/li>\n\n\n\n<li>Osaa painikkeista ei ole merkitty painikkeiksi. (1.3.1, 4.1.2)<\/li>\n\n\n\n<li>Painikkeiden tilaa ei aina kerrota ohjelmallisesti. (1.3.1)<\/li>\n\n\n\n<li>Joidenkin komponenttien k\u00e4ytt\u00e4minen muuttaa sivun sis\u00e4lt\u00f6\u00e4, mik\u00e4 ei k\u00e4y ilmi komponentin merkkauksesta, toiminnasta tai tekstiyhteydest\u00e4 (1.3.1), muun muassa\n<ul class=\"wp-block-list\">\n<li>valitsemiseen k\u00e4ytett\u00e4v\u00e4t radiopainikkeet<\/li>\n\n\n\n<li>pudotusvalikkototeutukset.<\/li>\n<\/ul>\n<\/li>\n\n\n\n<li>Samaan kategoriaan kuuluvia valintapainikkeita ja valintaruutuja ei ole ryhmitelty yhteenkuuluviksi, mik\u00e4 vaikeuttaa valintojen hahmottamista. (1.3.1, 3.3.2)<\/li>\n\n\n\n<li>Joitain taulukkoja ei ole merkitty asianmukaisesti taulukoiksi. (1.3.1, 4.1.2)<\/li>\n\n\n\n<li>Taulukoissa on muita puutteita (1.3.1), esimerkiksi\n<ul class=\"wp-block-list\">\n<li>niiss\u00e4 on tyhji\u00e4 sarakkeita<\/li>\n\n\n\n<li>ohjelmalliset otsikkom\u00e4\u00e4reet tai otsikkorivit puuttuvat kokonaan.<\/li>\n\n\n\n<li>Sivun ohjelmallinen rakenne ei vastaa ohjelmallista merkkausta, jolloin sivun rakenne voi olla vaikea hahmottaa (1.3.1, 2.4.1), muun muassa<\/li>\n\n\n\n<li>monella sivulla on kaksi sis\u00e4kk\u00e4ist\u00e4 p\u00e4\u00e4sis\u00e4lt\u00f6elementti\u00e4<\/li>\n\n\n\n<li>sivunavigaatiota ei ole merkitty sivunavigaatioksi<\/li>\n\n\n\n<li>lomakekenttien asetteluun on k\u00e4ytetty listoja<\/li>\n\n\n\n<li>v\u00e4lilehti\u00e4 ei ole merkitty v\u00e4lilehdiksi<\/li>\n\n\n\n<li>valittua sivua tai v\u00e4lilehte\u00e4 ei ole merkitty<\/li>\n\n\n\n<li>uutta (lukematonta) viesti\u00e4 ei ole merkitty ohjelmallisesti.<\/li>\n<\/ul>\n<\/li>\n\n\n\n<li>Virhe- ja palauteviestej\u00e4 ei ole merkitty niin, ett\u00e4 ne luettaisiin automaattisesti ruudunlukijalla. (4.1.3)<\/li>\n\n\n\n<li>Pakollisia ja virheellisi\u00e4 kentti\u00e4 ei ole merkitty asianmukaisesti. (3.3.1, 3.3.2)<\/li>\n\n\n\n<li>Palvelun lukemisj\u00e4rjestyksess\u00e4 on merkitykseen vaikuttavia puutteita (1.3.2, 2.4.3), esimerkiksi\n<ul class=\"wp-block-list\">\n<li>&nbsp;jotkin painikkeet luetaan eri j\u00e4rjestyksess\u00e4 kuin miten ne on esitetty visuaalisesti, esimerkiksi ennen niihin kuuluvia otsikoita<\/li>\n\n\n\n<li>graafin lukemisj\u00e4rjestys<\/li>\n\n\n\n<li>&nbsp;modaaleissa kohdistus ei aina toimi niin kuin kuuluisi ja modaalin sulkeminen siirt\u00e4\u00e4 kohdistuksen takaisin koko alla olevan sivun alkuun.<\/li>\n<\/ul>\n<\/li>\n\n\n\n<li>Palvelun kuvilla tai ikoneilla ei ole tekstivastinetta. (1.1.1)<\/li>\n\n\n\n<li>Palvelussa on my\u00f6s kuvina esitettyj\u00e4, teksti\u00e4 sis\u00e4lt\u00e4vi\u00e4 graafeja, joilta puuttuu tekstivastineet. (1.1.1, 1.4.5)<\/li>\n\n\n\n<li>Otsikoita ei ole merkitty otsikoiksi kaikissa yhteyksiss\u00e4, ja eritasoisia otsikoita on merkitty ohjelmallisesti samantasoisiksi. (1.3.1)<br>\u25cf Palvelu ei kaikilta osin toimi suurennettaessa teksti\u00e4 200 %:iin (1.4.4), ja sen skaalautuvuudessa on my\u00f6s haasteita (1.4.10).<br>\u25cf Sivun kielim\u00e4\u00e4rityksi\u00e4 ei ole kaikilta osin tehty oikein. (3.1.2)<br>\u25cf Palvelussa on yll\u00e4tt\u00e4vi\u00e4 siirtymi\u00e4, kun kohdistus siirret\u00e4\u00e4n painikkeen painamisen j\u00e4lkeen automaattisesti muualle, esim. opetussuunnitelmien hakusivulla. (3.2.1)<br>\u25cf Joidenkin k\u00e4ytt\u00f6liittym\u00e4komponenttien arvon vaihtaminen muuttaa v\u00e4litt\u00f6m\u00e4sti sis\u00e4lt\u00f6\u00e4, mit\u00e4 ei ole kerrottu etuk\u00e4teen k\u00e4ytt\u00e4j\u00e4lle. (3.2.2)<br>\u25cf Palvelusta pystyy generoimaan PDF:i\u00e4, jotka eiv\u00e4t ole saavutettavia.<\/li>\n<\/ul>\n\n\n\n<p>Osa edell\u00e4 esitetyist\u00e4 puutteista pyrit\u00e4\u00e4n korjaamaan vuoden 2021 aikana.<\/p>\n\n\n\n<p>Saavutettavuusselostetta t\u00e4ydennet\u00e4\u00e4n sit\u00e4 mukaa kun havaittuja virheit\u00e4 on korjattu.<\/p>\n\n\n\n<p>Henkil\u00f6kunnan j\u00e4sen voi pyyt\u00e4\u00e4 sis\u00e4lt\u00f6\u00e4 itselle saavutettavassa muodossa. Henkil\u00f6kunnan j\u00e4senell\u00e4 on oikeus saada <a href=\"https:\/\/help.jamk.fi\/saavutettavuuspalaute\/\">tukea ja neuvoja opettajan ty\u00f6p\u00f6yd\u00e4n k\u00e4ytt\u00f6\u00f6n j\u00e4tt\u00e4m\u00e4ll\u00e4 pyynn\u00f6n lomakkeella<\/a>.<\/p>\n\n\n\n<h2 class=\"wp-block-heading\">T\u00e4m\u00e4n saavutettavuusselosteen laatiminen<\/h2>\n\n\n\n<p>T\u00e4m\u00e4 seloste on laadittu 23.10.2020.<br>Seloste perustuu Eficode Oy:n toteuttamaan arviointiin siit\u00e4, t\u00e4ytt\u00e4\u00e4k\u00f6 verkkosivusto <a href=\"https:\/\/www.finlex.fi\/fi\/laki\/alkup\/2019\/20190306\">Lain digitaalisten palvelujen tarjoamisesta 306\/2019<\/a> vaatimukset.<\/p>\n\n\n\n<h3 class=\"wp-block-heading\">Palaute ja yhteystiedot<\/h3>\n\n\n\n<p>Huomasitko saavutettavuuspuutteen? Voit ilmoittaa siit\u00e4 meille ja antaa saavutettavuuteen liittyv\u00e4\u00e4 <a href=\"https:\/\/help.jamk.fi\/saavutettavuuspalaute\/\">palautetta lomakkeella<\/a>.<\/p>\n\n\n\n<p>Jos huomaat sivustolla saavutettavuusongelmia, anna ensin palautetta palvelun yll\u00e4pit\u00e4j\u00e4lle. Lain ja siirtym\u00e4ajan puitteissa Jyv\u00e4skyl\u00e4n ammattikorkeakoulu pyrkii siihen, ett\u00e4 palautteisiin vastataan kahden viikon sis\u00e4ll\u00e4 palautteen antamisesta.<\/p>\n\n\n\n<h2 class=\"wp-block-heading\">Valvontaviranomainen<\/h2>\n\n\n\n<p>Jos et ole tyytyv\u00e4inen saamaasi vastaukseen, voit antaa palautteen Liikenne- ja viestint\u00e4virasto Traficomille. <a href=\"https:\/\/www.saavutettavuusvaatimukset.fi\/\">Saavutettavuusvaatimukset.fi<\/a>-sivustolla kerrotaan, miten valituksen voi tehd\u00e4 ja miten asia k\u00e4sitell\u00e4\u00e4n.<\/p>\n\n\n\n<h3 class=\"wp-block-heading\">T\u00e4yt\u00e4nt\u00f6\u00f6npanomenettely<\/h3>\n\n\n\n<p>Jos huomaat sivustolla saavutettavuusongelmia, anna ensin palautetta sivuston yll\u00e4pit\u00e4j\u00e4lle. Vastauksessa voi menn\u00e4 14 p\u00e4iv\u00e4\u00e4. Jos et ole tyytyv\u00e4inen saamaasi vastaukseen tai et saa vastausta lainkaan kahden viikon aikana, voit antaa palautteen Etel\u00e4-Suomen aluehallintovirastoon.<\/p>\n\n\n\n<h3 class=\"wp-block-heading\">Valvontaviranomaisen yhteystiedot<\/h3>\n\n\n\n<p>Liikenne- ja viestint\u00e4virasto Traficom<br>Digitaalisen esteett\u00f6myyden ja saavutettavuuden valvontayksikk\u00f6<br><a href=\"https:\/\/www.saavutettavuusvaatimukset.fi\/fi\">www.saavutettavuusvaatimukset.fi<\/a><br>saavutettavuus@traficom.fi<br>puhelinnumero vaihde 029 534 5000 (vaihde)<\/p>\n","protected":false},"excerpt":{"rendered":"<p>Jyv\u00e4skyl\u00e4n ammattikorkeakoulu pyrkii takaamaan Peppi \u2013 Opettajan ty\u00f6p\u00f6yd\u00e4n saavutettavuuden Lain digitaalisten palvelujen tarjoamisesta 306\/2019 mukaisesti. T\u00e4m\u00e4 saavutettavuusseloste koskee PEPPI \u2013 Opettajan ty\u00f6p\u00f6yt\u00e4\u00e4 (opettaja.peppi.jamk.fi) ja on p\u00e4ivitetty 25.5.2021. Saavutettavuuden tila T\u00e4m\u00e4 verkkosivusto t\u00e4ytt\u00e4\u00e4 Verkkosis\u00e4ll\u00f6n saavutettavuusohjeiden (WCAG) 2.1 tason AA vaatimukset osittain. Vaatimusten noudattamatta j\u00e4tt\u00e4miset mainitaan my\u00f6hemmin t\u00e4ll\u00e4 sivulla. Ei-saavutettava sis\u00e4lt\u00f6 Seuraava sis\u00e4lt\u00f6 ei ole saavutettavaa digitaalisten [&hellip;]<\/p>\n","protected":false},"author":79,"featured_media":0,"parent":5385,"menu_order":2,"comment_status":"closed","ping_status":"open","template":"","meta":{"_acf_changed":false,"_relevanssi_hide_post":"","_relevanssi_hide_content":"","_relevanssi_pin_for_all":"","_relevanssi_pin_keywords":"","_relevanssi_unpin_keywords":"","_relevanssi_related_keywords":"","_relevanssi_related_include_ids":"","_relevanssi_related_exclude_ids":"","_relevanssi_related_no_append":"","_relevanssi_related_not_related":"","_relevanssi_related_posts":"","_relevanssi_noindex_reason":"","footnotes":""},"categories":[1],"tags":[],"class_list":["post-4740","page","type-page","status-publish","hentry","category-uncategorised"],"acf":[],"yoast_head":"<!-- This site is optimized with the Yoast SEO plugin v27.5 - https:\/\/yoast.com\/product\/yoast-seo-wordpress\/ -->\n<title>Pepin saavutettavuusseloste - Peppi-ohjeet henkil\u00f6kunnalle<\/title>\n<meta name=\"robots\" content=\"index, follow, max-snippet:-1, max-image-preview:large, max-video-preview:-1\" \/>\n<link rel=\"canonical\" href=\"https:\/\/help.jamk.fi\/peppi-ohjeet-henkilokunnalle\/fi\/tietosuoja-ja-saavutettavuus\/saavutettavuusseloste\/\" \/>\n<meta property=\"og:locale\" content=\"fi_FI\" \/>\n<meta property=\"og:type\" content=\"article\" \/>\n<meta property=\"og:title\" content=\"Pepin saavutettavuusseloste - Peppi-ohjeet henkil\u00f6kunnalle\" \/>\n<meta property=\"og:description\" content=\"Jyv\u00e4skyl\u00e4n ammattikorkeakoulu pyrkii takaamaan Peppi \u2013 Opettajan ty\u00f6p\u00f6yd\u00e4n saavutettavuuden Lain digitaalisten palvelujen tarjoamisesta 306\/2019 mukaisesti. T\u00e4m\u00e4 saavutettavuusseloste koskee PEPPI \u2013 Opettajan ty\u00f6p\u00f6yt\u00e4\u00e4 (opettaja.peppi.jamk.fi) ja on p\u00e4ivitetty 25.5.2021. Saavutettavuuden tila T\u00e4m\u00e4 verkkosivusto t\u00e4ytt\u00e4\u00e4 Verkkosis\u00e4ll\u00f6n saavutettavuusohjeiden (WCAG) 2.1 tason AA vaatimukset osittain. Vaatimusten noudattamatta j\u00e4tt\u00e4miset mainitaan my\u00f6hemmin t\u00e4ll\u00e4 sivulla. Ei-saavutettava sis\u00e4lt\u00f6 Seuraava sis\u00e4lt\u00f6 ei ole saavutettavaa digitaalisten [&hellip;]\" \/>\n<meta property=\"og:url\" content=\"https:\/\/help.jamk.fi\/peppi-ohjeet-henkilokunnalle\/fi\/tietosuoja-ja-saavutettavuus\/saavutettavuusseloste\/\" \/>\n<meta property=\"og:site_name\" content=\"Peppi-ohjeet henkil\u00f6kunnalle\" \/>\n<meta property=\"article:modified_time\" content=\"2026-02-20T13:23:46+00:00\" \/>\n<meta name=\"twitter:card\" content=\"summary_large_image\" \/>\n<meta name=\"twitter:label1\" content=\"Arvioitu lukuaika\" \/>\n\t<meta name=\"twitter:data1\" content=\"6 minuuttia\" \/>\n<script type=\"application\/ld+json\" class=\"yoast-schema-graph\">{\"@context\":\"https:\\\/\\\/schema.org\",\"@graph\":[{\"@type\":\"WebPage\",\"@id\":\"https:\\\/\\\/help.jamk.fi\\\/peppi-ohjeet-henkilokunnalle\\\/fi\\\/tietosuoja-ja-saavutettavuus\\\/saavutettavuusseloste\\\/\",\"url\":\"https:\\\/\\\/help.jamk.fi\\\/peppi-ohjeet-henkilokunnalle\\\/fi\\\/tietosuoja-ja-saavutettavuus\\\/saavutettavuusseloste\\\/\",\"name\":\"Pepin saavutettavuusseloste - Peppi-ohjeet henkil\u00f6kunnalle\",\"isPartOf\":{\"@id\":\"https:\\\/\\\/help.jamk.fi\\\/peppi-ohjeet-henkilokunnalle\\\/#website\"},\"datePublished\":\"2021-05-26T09:42:33+00:00\",\"dateModified\":\"2026-02-20T13:23:46+00:00\",\"breadcrumb\":{\"@id\":\"https:\\\/\\\/help.jamk.fi\\\/peppi-ohjeet-henkilokunnalle\\\/fi\\\/tietosuoja-ja-saavutettavuus\\\/saavutettavuusseloste\\\/#breadcrumb\"},\"inLanguage\":\"fi\",\"potentialAction\":[{\"@type\":\"ReadAction\",\"target\":[\"https:\\\/\\\/help.jamk.fi\\\/peppi-ohjeet-henkilokunnalle\\\/fi\\\/tietosuoja-ja-saavutettavuus\\\/saavutettavuusseloste\\\/\"]}]},{\"@type\":\"BreadcrumbList\",\"@id\":\"https:\\\/\\\/help.jamk.fi\\\/peppi-ohjeet-henkilokunnalle\\\/fi\\\/tietosuoja-ja-saavutettavuus\\\/saavutettavuusseloste\\\/#breadcrumb\",\"itemListElement\":[{\"@type\":\"ListItem\",\"position\":1,\"name\":\"Home\",\"item\":\"https:\\\/\\\/help.jamk.fi\\\/peppi-ohjeet-henkilokunnalle\\\/en\\\/\"},{\"@type\":\"ListItem\",\"position\":2,\"name\":\"Tietosuoja ja saavutettavuus\",\"item\":\"https:\\\/\\\/help.jamk.fi\\\/peppi-ohjeet-henkilokunnalle\\\/fi\\\/tietosuoja-ja-saavutettavuus\\\/\"},{\"@type\":\"ListItem\",\"position\":3,\"name\":\"Pepin saavutettavuusseloste\"}]},{\"@type\":\"WebSite\",\"@id\":\"https:\\\/\\\/help.jamk.fi\\\/peppi-ohjeet-henkilokunnalle\\\/#website\",\"url\":\"https:\\\/\\\/help.jamk.fi\\\/peppi-ohjeet-henkilokunnalle\\\/\",\"name\":\"Peppi-ohjeet henkil\u00f6kunnalle\",\"description\":\"\",\"potentialAction\":[{\"@type\":\"SearchAction\",\"target\":{\"@type\":\"EntryPoint\",\"urlTemplate\":\"https:\\\/\\\/help.jamk.fi\\\/peppi-ohjeet-henkilokunnalle\\\/?s={search_term_string}\"},\"query-input\":{\"@type\":\"PropertyValueSpecification\",\"valueRequired\":true,\"valueName\":\"search_term_string\"}}],\"inLanguage\":\"fi\"}]}<\/script>\n<!-- \/ Yoast SEO plugin. -->","yoast_head_json":{"title":"Pepin saavutettavuusseloste - Peppi-ohjeet henkil\u00f6kunnalle","robots":{"index":"index","follow":"follow","max-snippet":"max-snippet:-1","max-image-preview":"max-image-preview:large","max-video-preview":"max-video-preview:-1"},"canonical":"https:\/\/help.jamk.fi\/peppi-ohjeet-henkilokunnalle\/fi\/tietosuoja-ja-saavutettavuus\/saavutettavuusseloste\/","og_locale":"fi_FI","og_type":"article","og_title":"Pepin saavutettavuusseloste - Peppi-ohjeet henkil\u00f6kunnalle","og_description":"Jyv\u00e4skyl\u00e4n ammattikorkeakoulu pyrkii takaamaan Peppi \u2013 Opettajan ty\u00f6p\u00f6yd\u00e4n saavutettavuuden Lain digitaalisten palvelujen tarjoamisesta 306\/2019 mukaisesti. T\u00e4m\u00e4 saavutettavuusseloste koskee PEPPI \u2013 Opettajan ty\u00f6p\u00f6yt\u00e4\u00e4 (opettaja.peppi.jamk.fi) ja on p\u00e4ivitetty 25.5.2021. Saavutettavuuden tila T\u00e4m\u00e4 verkkosivusto t\u00e4ytt\u00e4\u00e4 Verkkosis\u00e4ll\u00f6n saavutettavuusohjeiden (WCAG) 2.1 tason AA vaatimukset osittain. Vaatimusten noudattamatta j\u00e4tt\u00e4miset mainitaan my\u00f6hemmin t\u00e4ll\u00e4 sivulla. Ei-saavutettava sis\u00e4lt\u00f6 Seuraava sis\u00e4lt\u00f6 ei ole saavutettavaa digitaalisten [&hellip;]","og_url":"https:\/\/help.jamk.fi\/peppi-ohjeet-henkilokunnalle\/fi\/tietosuoja-ja-saavutettavuus\/saavutettavuusseloste\/","og_site_name":"Peppi-ohjeet henkil\u00f6kunnalle","article_modified_time":"2026-02-20T13:23:46+00:00","twitter_card":"summary_large_image","twitter_misc":{"Arvioitu lukuaika":"6 minuuttia"},"schema":{"@context":"https:\/\/schema.org","@graph":[{"@type":"WebPage","@id":"https:\/\/help.jamk.fi\/peppi-ohjeet-henkilokunnalle\/fi\/tietosuoja-ja-saavutettavuus\/saavutettavuusseloste\/","url":"https:\/\/help.jamk.fi\/peppi-ohjeet-henkilokunnalle\/fi\/tietosuoja-ja-saavutettavuus\/saavutettavuusseloste\/","name":"Pepin saavutettavuusseloste - Peppi-ohjeet henkil\u00f6kunnalle","isPartOf":{"@id":"https:\/\/help.jamk.fi\/peppi-ohjeet-henkilokunnalle\/#website"},"datePublished":"2021-05-26T09:42:33+00:00","dateModified":"2026-02-20T13:23:46+00:00","breadcrumb":{"@id":"https:\/\/help.jamk.fi\/peppi-ohjeet-henkilokunnalle\/fi\/tietosuoja-ja-saavutettavuus\/saavutettavuusseloste\/#breadcrumb"},"inLanguage":"fi","potentialAction":[{"@type":"ReadAction","target":["https:\/\/help.jamk.fi\/peppi-ohjeet-henkilokunnalle\/fi\/tietosuoja-ja-saavutettavuus\/saavutettavuusseloste\/"]}]},{"@type":"BreadcrumbList","@id":"https:\/\/help.jamk.fi\/peppi-ohjeet-henkilokunnalle\/fi\/tietosuoja-ja-saavutettavuus\/saavutettavuusseloste\/#breadcrumb","itemListElement":[{"@type":"ListItem","position":1,"name":"Home","item":"https:\/\/help.jamk.fi\/peppi-ohjeet-henkilokunnalle\/en\/"},{"@type":"ListItem","position":2,"name":"Tietosuoja ja saavutettavuus","item":"https:\/\/help.jamk.fi\/peppi-ohjeet-henkilokunnalle\/fi\/tietosuoja-ja-saavutettavuus\/"},{"@type":"ListItem","position":3,"name":"Pepin saavutettavuusseloste"}]},{"@type":"WebSite","@id":"https:\/\/help.jamk.fi\/peppi-ohjeet-henkilokunnalle\/#website","url":"https:\/\/help.jamk.fi\/peppi-ohjeet-henkilokunnalle\/","name":"Peppi-ohjeet henkil\u00f6kunnalle","description":"","potentialAction":[{"@type":"SearchAction","target":{"@type":"EntryPoint","urlTemplate":"https:\/\/help.jamk.fi\/peppi-ohjeet-henkilokunnalle\/?s={search_term_string}"},"query-input":{"@type":"PropertyValueSpecification","valueRequired":true,"valueName":"search_term_string"}}],"inLanguage":"fi"}]}},"_links":{"self":[{"href":"https:\/\/help.jamk.fi\/peppi-ohjeet-henkilokunnalle\/wp-json\/wp\/v2\/pages\/4740","targetHints":{"allow":["GET"]}}],"collection":[{"href":"https:\/\/help.jamk.fi\/peppi-ohjeet-henkilokunnalle\/wp-json\/wp\/v2\/pages"}],"about":[{"href":"https:\/\/help.jamk.fi\/peppi-ohjeet-henkilokunnalle\/wp-json\/wp\/v2\/types\/page"}],"author":[{"embeddable":true,"href":"https:\/\/help.jamk.fi\/peppi-ohjeet-henkilokunnalle\/wp-json\/wp\/v2\/users\/79"}],"replies":[{"embeddable":true,"href":"https:\/\/help.jamk.fi\/peppi-ohjeet-henkilokunnalle\/wp-json\/wp\/v2\/comments?post=4740"}],"version-history":[{"count":5,"href":"https:\/\/help.jamk.fi\/peppi-ohjeet-henkilokunnalle\/wp-json\/wp\/v2\/pages\/4740\/revisions"}],"predecessor-version":[{"id":7952,"href":"https:\/\/help.jamk.fi\/peppi-ohjeet-henkilokunnalle\/wp-json\/wp\/v2\/pages\/4740\/revisions\/7952"}],"up":[{"embeddable":true,"href":"https:\/\/help.jamk.fi\/peppi-ohjeet-henkilokunnalle\/wp-json\/wp\/v2\/pages\/5385"}],"wp:attachment":[{"href":"https:\/\/help.jamk.fi\/peppi-ohjeet-henkilokunnalle\/wp-json\/wp\/v2\/media?parent=4740"}],"wp:term":[{"taxonomy":"category","embeddable":true,"href":"https:\/\/help.jamk.fi\/peppi-ohjeet-henkilokunnalle\/wp-json\/wp\/v2\/categories?post=4740"},{"taxonomy":"post_tag","embeddable":true,"href":"https:\/\/help.jamk.fi\/peppi-ohjeet-henkilokunnalle\/wp-json\/wp\/v2\/tags?post=4740"}],"curies":[{"name":"wp","href":"https:\/\/api.w.org\/{rel}","templated":true}]}}