{"id":4745,"date":"2023-04-04T07:58:20","date_gmt":"2023-04-04T04:58:20","guid":{"rendered":"https:\/\/help.jamk.fi\/peppi-ohjeet-henkilokunnalle\/etusivu\/hyvaksilukeminen\/"},"modified":"2025-08-22T08:10:39","modified_gmt":"2025-08-22T05:10:39","slug":"hyvaksilukeminen","status":"publish","type":"page","link":"https:\/\/help.jamk.fi\/peppi-ohjeet-henkilokunnalle\/fi\/hyvaksilukeminen\/","title":{"rendered":"eAHOT &#8211; hyv\u00e4ksilukeminen"},"content":{"rendered":"\n<h2 class=\"wp-block-heading\">Hyv\u00e4ksilukemisen periaatteet ja k\u00e4sitteet<\/h2>\n\n\n\n<p><a href=\"https:\/\/www.jamk.fi\/fi\/opiskelijalle\/tutkinto-opiskelija\/hyvaksilukeminen\/hyvaksilukemisen-periaatteet-jamkissa#\">Tutustu hyv\u00e4ksilukemisen periaatteisiin Jamkin Opiskelijalle-sivuilta<\/a>.<\/p>\n\n\n\n<ul class=\"wp-block-list\">\n<li>korvaaminen = opetussuunnitelmaan kuuluvien opintojen korvaamista muualla suoritetuilla, osaamistavoitteiltaan vastaavilla v\u00e4hint\u00e4\u00e4n saman tasoisilla (EQF\/NQF 6 tai EQF\/NQF7) korkeakouluopinnoilla<\/li>\n\n\n\n<li>sis\u00e4llytt\u00e4minen = muualla suoritettujen v\u00e4hint\u00e4\u00e4n saman tasoisten (EQF\/NQF 6 tai EQF\/NQF7) korkeakouluopintojen liitt\u00e4mist\u00e4 osaksi tutkintoa<\/li>\n\n\n\n<li>eAHOT = Pepin hyv\u00e4ksilukemisen ty\u00f6kalu<\/li>\n\n\n\n<li>AHOT = aiemmin hankitun muun osaamisen tunnistaminen ja tunnustaminen\n<ul class=\"wp-block-list\">\n<li>muulla tavoin hankitun osaamisen tunnistaminen = opiskelija pyrkii ymm\u00e4rt\u00e4m\u00e4\u00e4n hankkimaansa osaamista ja j\u00e4sent\u00e4\u00e4 sen suhteessa opintokokonaisuuden tai opintojakson osaamistavoitteisiin siten, ett\u00e4 h\u00e4n pystyy kuvaamaan ja n\u00e4ytt\u00e4m\u00e4\u00e4n toteen osaamisensa<\/li>\n\n\n\n<li>muulla tavoin hankitun osaamisen tunnustaminen = hyv\u00e4ksynn\u00e4n antamista opiskelijan hankkimalle osaamiselle arviointip\u00e4\u00e4t\u00f6ksen\u00e4.<\/li>\n<\/ul>\n<\/li>\n<\/ul>\n\n\n\n<h2 class=\"wp-block-heading\">Perustietoa hyv\u00e4ksilukemisesta<\/h2>\n\n\n\n<p>Opiskelija voi tehd\u00e4 Pepiss\u00e4 useamman tyyppisi\u00e4 hyv\u00e4ksilukuja:<\/p>\n\n\n\n<ul class=\"wp-block-list\">\n<li>Korvaaminen, jota voidaan tehd\u00e4 seuraavilla tavoilla:\n<ul class=\"wp-block-list\">\n<li>Yhden suhde yhteen: Aiemmin suoritettu yksitt\u00e4inen opintojakso, opintokokonaisuus tai osaaminen korvaa yksitt\u00e4isen opintojakson tai opintokokonaisuuden<\/li>\n\n\n\n<li>Yhden suhde moneen: Aiempi suoritus tai osaaminen korvaa useita opintojaksoja<\/li>\n\n\n\n<li>Monen suhde yhteen: Aiemmat suoritukset tai useat osaamiset korvaavat yhden opintojakson<\/li>\n\n\n\n<li>Monen suhde moneen: Aiemmat suoritukset tai osaamiset korvaavat useita opintojaksoja tai opintokokonaisuuksia<\/li>\n\n\n\n<li>Osittainen: Aiempi suoritus tai osaaminen korvaa osan opintojaksosta.<\/li>\n<\/ul>\n<\/li>\n\n\n\n<li>Sis\u00e4llytt\u00e4minen: Aiemmat suoritukset tai osaaminen sis\u00e4llytet\u00e4\u00e4n tutkintoon sellaisenaan.<\/li>\n\n\n\n<li>Vapauttaminen: Opintojaksoa ei tarvitse suorittaa. Esim. opiskelija voi hakea vapautusta kieliopinnoista, kun edellytykset sille t\u00e4yttyv\u00e4t.<\/li>\n<\/ul>\n\n\n\n<p>On t\u00e4rke\u00e4\u00e4, ett\u00e4 tutustut my\u00f6s sek\u00e4 Opiskelijalle-sivuilla ett\u00e4 TOKAssa oleviin Hyv\u00e4ksilukemisen prosessiin ja periaatteisiin. <\/p>\n\n\n<div id=\"info-lift-block_a40d19afc8100aff03055c7ae19d7ccc\" class=\"block-info-lift block-info-lift\">\n  <div class=\"row\">\n    <div class=\"col-12\">\n              <div class=\"block-info-lift__content\">\n          <div class=\"block-info-lift__content__icon\">\n            <span>!<\/span>\n          <\/div>\n          <p class=\"block-info-lift__content__text\">Opettaja on vastuussa siit\u00e4, ett\u00e4 hyv\u00e4ksilukukirjaukset tulevat oikein opiskelijan HOPSille ja opintosuoritusotteelle.<\/p>\n        <\/div>\n          <\/div>\n  <\/div>\n<\/div>\n\n\n<p><\/p>\n\n\n\n<p><strong>Huom.<\/strong> Opiskelija voi hyv\u00e4ksilukea opintojaksolla hankkimansa osaamisen vain yhden kerran. Esim. jos h\u00e4n on suorittanut 5 op opintojakson ja saanut sill\u00e4 hyv\u00e4ksiluettua Jamkin 5 op opintojakson, h\u00e4n ei voi hakea samalla opintojaksolla hyv\u00e4ksilukua toisaalle. Jos sen sijaan ko. 5 op opintojakso hyv\u00e4ksiluetaan vain osittain esim. 2 op, h\u00e4n voi hakea loppuosalla eli 3 op hyv\u00e4ksilukua toisaalle.<\/p>\n\n\n\n<p>Mik\u00e4li opiskelija toimii ohjeiden vastaisesti, se katsotaan vilpiksi ja hakemukset voidaan hyl\u00e4t\u00e4 j\u00e4lkik\u00e4teenkin.<\/p>\n\n\n\n<h2 class=\"wp-block-heading\">Opiskelijan l\u00e4sn\u00e4olotiedot<\/h2>\n\n\n\n<p>Jotta voisit k\u00e4sitell\u00e4 hakemuksen, opiskelijan tulee olla l\u00e4sn\u00e4oleva tai opiskelijan on t\u00e4ytynyt l\u00e4hett\u00e4\u00e4 hakemus l\u00e4sn\u00e4olokaudellaan. Suoritusmerkint\u00e4 t\u00e4ytyy aina kirjata sille kaudelle, jolloin opiskelija on l\u00e4sn\u00e4oleva. Jos siis opiskelija on l\u00e4hett\u00e4nyt hakemuksensa l\u00e4sn\u00e4olevana, mutta k\u00e4sittelet sen vasta, kun h\u00e4n on poissaoleva opiskelija, sinun tulee kirjata hyv\u00e4ksiluku edellisen l\u00e4sn\u00e4olokauden viimeiselle p\u00e4iv\u00e4lle.<\/p>\n\n\n\n<p>Jos opiskelija on eronnut tai valmistunut, voit hyl\u00e4t\u00e4 hakemuksen hakemuksen etusivulla olevalla <strong>Hylk\u00e4\u00e4 hakemus<\/strong> -painikkeella.<\/p>\n\n\n\n<p>Opiskelijan l\u00e4sn\u00e4olotiedot voit tarkistaa avaamalla hakemuksen p\u00e4\u00e4ikkunassa opiskelijan nimilinkist\u00e4 opiskelijan tiedot. Jos opiskelijan nimen edess\u00e4 on vihre\u00e4, kuvassa 1 n\u00e4kyv\u00e4 symboli, opiskelija on l\u00e4sn\u00e4oleva. <a href=\"https:\/\/help.jamk.fi\/peppi-ohjeet-henkilokunnalle\/fi\/opettajan-ohjeet\/opiskelijahaku\/opiskeluoikeustietojen-tarkastelu\/\">Lue lis\u00e4\u00e4 l\u00e4sn\u00e4olotiedoista Peppi-ohjeista<\/a>.<\/p>\n\n\n\n<figure class=\"wp-block-image size-full\"><img loading=\"lazy\" decoding=\"async\" width=\"707\" height=\"483\" src=\"https:\/\/help.jamk.fi\/peppi-ohjeet-henkilokunnalle\/wp-content\/uploads\/sites\/131\/2023\/05\/Opiskelijan-lansaolotiedot.png\" alt=\"\" class=\"wp-image-4146\"\/><figcaption class=\"wp-element-caption\">Kuvio 1. Opiskelijan l\u00e4sn\u00e4olotiedot<\/figcaption><\/figure>\n\n\n\n<p>Ammatillisella opettajakorkeakoululla ja kielikeskuksella on omat ohjeensa hyv\u00e4ksilukemisesta. Tutustu niihin!<\/p>\n\n\n\n<p><\/p>\n\n\n<div id=\"link-lifts-block_1a1fb002b6e3188eaa0dd42ac2fd7353\" class=\"link-lifts block-link-lifts\">\n  <div class=\"row\">\n            <div class=\"col-12 col-lg-4 block-link-lifts__column\">\n          <div class=\"block-link-lifts__item pink\">\n            <h3 class=\"block-link-lifts__item--heading\">Linkit<\/h3>\n                          <ul class=\"block-link-lifts__item--link-list\">\n                                                                        <li>\n                                              <a class=\"link-list\" href=\"https:\/\/www.jamk.fi\/fi\/opiskelijalle\/tutkinto-opiskelija\/hyvaksilukeminen\" target=\"_self\">Hyv\u00e4ksilukemisen ohjeet (Opiskelijalle-sivut)<\/a>\n                                          <\/li>\n                                                                                          <li>\n                                              <a class=\"link-list lock\" href=\"https:\/\/jamkstudent.sharepoint.com\/sites\/TOKA-Elmo\/SitePages\/1-1-3-Osaamisen%20tunnistaminen%20ja%20tunnustaminen.aspx\" target=\"_self\" >Hyv\u00e4ksilukemisen prosessi TOKAssa<i  ><svg aria-hidden=\"true\" viewBox=\"0 0 24 24\" fill=\"none\" xmlns=\"http:\/\/www.w3.org\/2000\/svg\"><g clip-path=\"url(#clip0_1574_4368)\"><circle cx=\"12\" cy=\"12\" r=\"12\" fill=\"#0D004C\"\/><g clip-path=\"url(#clip1_1574_4368)\" fill=\"#fff\"><path d=\"M15.637 11.107v-2.68c0-1.967-1.632-3.57-3.637-3.57S8.363 6.46 8.363 8.43v2.68c-.752 0-1.363.6-1.363 1.338v5.357c0 .739.613 1.339 1.363 1.339h7.272c.752 0 1.363-.6 1.363-1.34v-5.356c0-.738-.61-1.339-1.363-1.339l.002-.001zM9.272 8.429c0-1.477 1.224-2.68 2.728-2.68 1.504 0 2.728 1.201 2.728 2.68v2.68H9.272v-2.68zm6.818 9.375a.451.451 0 01-.455.446H8.363a.45.45 0 01-.454-.446v-5.357a.45.45 0 01.454-.446h7.272c.251 0 .455.2.455.446v5.357z\"\/><path d=\"M12 13.34c-.503 0-.91.4-.91.892 0 .33.185.615.455.77v1.017a.45.45 0 00.455.446.45.45 0 00.454-.446v-1.017a.887.887 0 00.454-.77.902.902 0 00-.908-.892z\"\/><\/g><\/g><defs><clipPath id=\"clip0_1574_4368\"><path fill=\"#fff\" d=\"M0 0h24v24H0z\"\/><\/clipPath><clipPath id=\"clip1_1574_4368\"><path fill=\"#fff\" transform=\"translate(7 4.857)\" d=\"M0 0h10v14.286H0z\"\/><\/clipPath><\/defs><\/svg><\/i><\/a>\n                                          <\/li>\n                                                                                          <li>\n                                              <a class=\"link-list lock\" href=\"https:\/\/jamkstudent.sharepoint.com\/sites\/Kieli-ja-viestintaopinnot-Elmo\/SitePages\/Osaamisen-tunnistaminen.aspx\" target=\"_self\" >Kielikeskuksen hyv\u00e4ksilukemisen ohjeet (Elmo-intra)<i  ><svg aria-hidden=\"true\" viewBox=\"0 0 24 24\" fill=\"none\" xmlns=\"http:\/\/www.w3.org\/2000\/svg\"><g clip-path=\"url(#clip0_1574_4368)\"><circle cx=\"12\" cy=\"12\" r=\"12\" fill=\"#0D004C\"\/><g clip-path=\"url(#clip1_1574_4368)\" fill=\"#fff\"><path d=\"M15.637 11.107v-2.68c0-1.967-1.632-3.57-3.637-3.57S8.363 6.46 8.363 8.43v2.68c-.752 0-1.363.6-1.363 1.338v5.357c0 .739.613 1.339 1.363 1.339h7.272c.752 0 1.363-.6 1.363-1.34v-5.356c0-.738-.61-1.339-1.363-1.339l.002-.001zM9.272 8.429c0-1.477 1.224-2.68 2.728-2.68 1.504 0 2.728 1.201 2.728 2.68v2.68H9.272v-2.68zm6.818 9.375a.451.451 0 01-.455.446H8.363a.45.45 0 01-.454-.446v-5.357a.45.45 0 01.454-.446h7.272c.251 0 .455.2.455.446v5.357z\"\/><path d=\"M12 13.34c-.503 0-.91.4-.91.892 0 .33.185.615.455.77v1.017a.45.45 0 00.455.446.45.45 0 00.454-.446v-1.017a.887.887 0 00.454-.77.902.902 0 00-.908-.892z\"\/><\/g><\/g><defs><clipPath id=\"clip0_1574_4368\"><path fill=\"#fff\" d=\"M0 0h24v24H0z\"\/><\/clipPath><clipPath id=\"clip1_1574_4368\"><path fill=\"#fff\" transform=\"translate(7 4.857)\" d=\"M0 0h10v14.286H0z\"\/><\/clipPath><\/defs><\/svg><\/i><\/a>\n                                          <\/li>\n                                                                                          <li>\n                                              <a class=\"link-list\" href=\"https:\/\/www.jamk.fi\/fi\/opiskelijalle\/ammatillisen-opettajakorkeakoulun-opiskelija\/ammatillisen-opettajankoulutuksen-opiskelijalle\/osaamisen-tunnistaminen-ja-tunnustaminen-hyvaksilukeminen\" target=\"_self\">Ammatillisen opettajakorkeakoulun hyv\u00e4ksilukemisen ohjeet (jamk.fi)<\/a>\n                                          <\/li>\n                                                <\/ul>\n            \n          <\/div>\n        <\/div>\n      <\/div>\n<\/div>","protected":false},"excerpt":{"rendered":"<p>Hyv\u00e4ksilukemisen periaatteet ja k\u00e4sitteet Tutustu hyv\u00e4ksilukemisen periaatteisiin Jamkin Opiskelijalle-sivuilta. Perustietoa hyv\u00e4ksilukemisesta Opiskelija voi tehd\u00e4 Pepiss\u00e4 useamman tyyppisi\u00e4 hyv\u00e4ksilukuja: On t\u00e4rke\u00e4\u00e4, ett\u00e4 tutustut my\u00f6s sek\u00e4 Opiskelijalle-sivuilla ett\u00e4 TOKAssa oleviin Hyv\u00e4ksilukemisen prosessiin ja periaatteisiin. Huom. Opiskelija voi hyv\u00e4ksilukea opintojaksolla hankkimansa osaamisen vain yhden kerran. Esim. jos h\u00e4n on suorittanut 5 op opintojakson ja saanut sill\u00e4 hyv\u00e4ksiluettua Jamkin [&hellip;]<\/p>\n","protected":false},"author":79,"featured_media":0,"parent":0,"menu_order":2,"comment_status":"closed","ping_status":"open","template":"","meta":{"_acf_changed":false,"_relevanssi_hide_post":"","_relevanssi_hide_content":"","_relevanssi_pin_for_all":"","_relevanssi_pin_keywords":"","_relevanssi_unpin_keywords":"","_relevanssi_related_keywords":"","_relevanssi_related_include_ids":"","_relevanssi_related_exclude_ids":"","_relevanssi_related_no_append":"","_relevanssi_related_not_related":"","_relevanssi_related_posts":"","_relevanssi_noindex_reason":"","footnotes":""},"categories":[10],"tags":[14,16,18],"class_list":["post-4745","page","type-page","status-publish","hentry","category-opettajan-tyopoyta","tag-ahot","tag-eahot","tag-hyvaksilukeminen"],"acf":[],"yoast_head":"<!-- This site is optimized with the Yoast SEO plugin v27.4 - https:\/\/yoast.com\/product\/yoast-seo-wordpress\/ -->\n<title>eAHOT - hyv\u00e4ksilukeminen - Peppi-ohjeet henkil\u00f6kunnalle<\/title>\n<meta name=\"robots\" content=\"index, follow, max-snippet:-1, max-image-preview:large, max-video-preview:-1\" \/>\n<link rel=\"canonical\" href=\"https:\/\/help.jamk.fi\/peppi-ohjeet-henkilokunnalle\/fi\/hyvaksilukeminen\/\" \/>\n<meta property=\"og:locale\" content=\"fi_FI\" \/>\n<meta property=\"og:type\" content=\"article\" \/>\n<meta property=\"og:title\" content=\"eAHOT - hyv\u00e4ksilukeminen - Peppi-ohjeet henkil\u00f6kunnalle\" \/>\n<meta property=\"og:description\" content=\"Hyv\u00e4ksilukemisen periaatteet ja k\u00e4sitteet Tutustu hyv\u00e4ksilukemisen periaatteisiin Jamkin Opiskelijalle-sivuilta. Perustietoa hyv\u00e4ksilukemisesta Opiskelija voi tehd\u00e4 Pepiss\u00e4 useamman tyyppisi\u00e4 hyv\u00e4ksilukuja: On t\u00e4rke\u00e4\u00e4, ett\u00e4 tutustut my\u00f6s sek\u00e4 Opiskelijalle-sivuilla ett\u00e4 TOKAssa oleviin Hyv\u00e4ksilukemisen prosessiin ja periaatteisiin. Huom. Opiskelija voi hyv\u00e4ksilukea opintojaksolla hankkimansa osaamisen vain yhden kerran. Esim. jos h\u00e4n on suorittanut 5 op opintojakson ja saanut sill\u00e4 hyv\u00e4ksiluettua Jamkin [&hellip;]\" \/>\n<meta property=\"og:url\" content=\"https:\/\/help.jamk.fi\/peppi-ohjeet-henkilokunnalle\/fi\/hyvaksilukeminen\/\" \/>\n<meta property=\"og:site_name\" content=\"Peppi-ohjeet henkil\u00f6kunnalle\" \/>\n<meta property=\"article:modified_time\" content=\"2025-08-22T05:10:39+00:00\" \/>\n<meta property=\"og:image\" content=\"https:\/\/help.jamk.fi\/peppi-ohjeet-henkilokunnalle\/wp-content\/uploads\/sites\/131\/2023\/05\/Opiskelijan-lansaolotiedot.png\" \/>\n\t<meta property=\"og:image:width\" content=\"707\" \/>\n\t<meta property=\"og:image:height\" content=\"483\" \/>\n\t<meta property=\"og:image:type\" content=\"image\/png\" \/>\n<meta name=\"twitter:card\" content=\"summary_large_image\" \/>\n<meta name=\"twitter:label1\" content=\"Arvioitu lukuaika\" \/>\n\t<meta name=\"twitter:data1\" content=\"3 minuuttia\" \/>\n<script type=\"application\/ld+json\" class=\"yoast-schema-graph\">{\"@context\":\"https:\\\/\\\/schema.org\",\"@graph\":[{\"@type\":\"WebPage\",\"@id\":\"https:\\\/\\\/help.jamk.fi\\\/peppi-ohjeet-henkilokunnalle\\\/fi\\\/hyvaksilukeminen\\\/\",\"url\":\"https:\\\/\\\/help.jamk.fi\\\/peppi-ohjeet-henkilokunnalle\\\/fi\\\/hyvaksilukeminen\\\/\",\"name\":\"eAHOT - hyv\u00e4ksilukeminen - Peppi-ohjeet henkil\u00f6kunnalle\",\"isPartOf\":{\"@id\":\"https:\\\/\\\/help.jamk.fi\\\/peppi-ohjeet-henkilokunnalle\\\/#website\"},\"primaryImageOfPage\":{\"@id\":\"https:\\\/\\\/help.jamk.fi\\\/peppi-ohjeet-henkilokunnalle\\\/fi\\\/hyvaksilukeminen\\\/#primaryimage\"},\"image\":{\"@id\":\"https:\\\/\\\/help.jamk.fi\\\/peppi-ohjeet-henkilokunnalle\\\/fi\\\/hyvaksilukeminen\\\/#primaryimage\"},\"thumbnailUrl\":\"https:\\\/\\\/help.jamk.fi\\\/peppi-ohjeet-henkilokunnalle\\\/wp-content\\\/uploads\\\/sites\\\/131\\\/2023\\\/05\\\/Opiskelijan-lansaolotiedot.png\",\"datePublished\":\"2023-04-04T04:58:20+00:00\",\"dateModified\":\"2025-08-22T05:10:39+00:00\",\"breadcrumb\":{\"@id\":\"https:\\\/\\\/help.jamk.fi\\\/peppi-ohjeet-henkilokunnalle\\\/fi\\\/hyvaksilukeminen\\\/#breadcrumb\"},\"inLanguage\":\"fi\",\"potentialAction\":[{\"@type\":\"ReadAction\",\"target\":[\"https:\\\/\\\/help.jamk.fi\\\/peppi-ohjeet-henkilokunnalle\\\/fi\\\/hyvaksilukeminen\\\/\"]}]},{\"@type\":\"ImageObject\",\"inLanguage\":\"fi\",\"@id\":\"https:\\\/\\\/help.jamk.fi\\\/peppi-ohjeet-henkilokunnalle\\\/fi\\\/hyvaksilukeminen\\\/#primaryimage\",\"url\":\"https:\\\/\\\/help.jamk.fi\\\/peppi-ohjeet-henkilokunnalle\\\/wp-content\\\/uploads\\\/sites\\\/131\\\/2023\\\/05\\\/Opiskelijan-lansaolotiedot.png\",\"contentUrl\":\"https:\\\/\\\/help.jamk.fi\\\/peppi-ohjeet-henkilokunnalle\\\/wp-content\\\/uploads\\\/sites\\\/131\\\/2023\\\/05\\\/Opiskelijan-lansaolotiedot.png\",\"width\":707,\"height\":483,\"caption\":\"Kuvio 1. Opiskelijan l\u00e4sn\u00e4olotiedot\"},{\"@type\":\"BreadcrumbList\",\"@id\":\"https:\\\/\\\/help.jamk.fi\\\/peppi-ohjeet-henkilokunnalle\\\/fi\\\/hyvaksilukeminen\\\/#breadcrumb\",\"itemListElement\":[{\"@type\":\"ListItem\",\"position\":1,\"name\":\"Home\",\"item\":\"https:\\\/\\\/help.jamk.fi\\\/peppi-ohjeet-henkilokunnalle\\\/en\\\/\"},{\"@type\":\"ListItem\",\"position\":2,\"name\":\"eAHOT &#8211; hyv\u00e4ksilukeminen\"}]},{\"@type\":\"WebSite\",\"@id\":\"https:\\\/\\\/help.jamk.fi\\\/peppi-ohjeet-henkilokunnalle\\\/#website\",\"url\":\"https:\\\/\\\/help.jamk.fi\\\/peppi-ohjeet-henkilokunnalle\\\/\",\"name\":\"Peppi-ohjeet henkil\u00f6kunnalle\",\"description\":\"\",\"potentialAction\":[{\"@type\":\"SearchAction\",\"target\":{\"@type\":\"EntryPoint\",\"urlTemplate\":\"https:\\\/\\\/help.jamk.fi\\\/peppi-ohjeet-henkilokunnalle\\\/?s={search_term_string}\"},\"query-input\":{\"@type\":\"PropertyValueSpecification\",\"valueRequired\":true,\"valueName\":\"search_term_string\"}}],\"inLanguage\":\"fi\"}]}<\/script>\n<!-- \/ Yoast SEO plugin. -->","yoast_head_json":{"title":"eAHOT - hyv\u00e4ksilukeminen - Peppi-ohjeet henkil\u00f6kunnalle","robots":{"index":"index","follow":"follow","max-snippet":"max-snippet:-1","max-image-preview":"max-image-preview:large","max-video-preview":"max-video-preview:-1"},"canonical":"https:\/\/help.jamk.fi\/peppi-ohjeet-henkilokunnalle\/fi\/hyvaksilukeminen\/","og_locale":"fi_FI","og_type":"article","og_title":"eAHOT - hyv\u00e4ksilukeminen - Peppi-ohjeet henkil\u00f6kunnalle","og_description":"Hyv\u00e4ksilukemisen periaatteet ja k\u00e4sitteet Tutustu hyv\u00e4ksilukemisen periaatteisiin Jamkin Opiskelijalle-sivuilta. Perustietoa hyv\u00e4ksilukemisesta Opiskelija voi tehd\u00e4 Pepiss\u00e4 useamman tyyppisi\u00e4 hyv\u00e4ksilukuja: On t\u00e4rke\u00e4\u00e4, ett\u00e4 tutustut my\u00f6s sek\u00e4 Opiskelijalle-sivuilla ett\u00e4 TOKAssa oleviin Hyv\u00e4ksilukemisen prosessiin ja periaatteisiin. Huom. Opiskelija voi hyv\u00e4ksilukea opintojaksolla hankkimansa osaamisen vain yhden kerran. Esim. jos h\u00e4n on suorittanut 5 op opintojakson ja saanut sill\u00e4 hyv\u00e4ksiluettua Jamkin [&hellip;]","og_url":"https:\/\/help.jamk.fi\/peppi-ohjeet-henkilokunnalle\/fi\/hyvaksilukeminen\/","og_site_name":"Peppi-ohjeet henkil\u00f6kunnalle","article_modified_time":"2025-08-22T05:10:39+00:00","og_image":[{"width":707,"height":483,"url":"https:\/\/help.jamk.fi\/peppi-ohjeet-henkilokunnalle\/wp-content\/uploads\/sites\/131\/2023\/05\/Opiskelijan-lansaolotiedot.png","type":"image\/png"}],"twitter_card":"summary_large_image","twitter_misc":{"Arvioitu lukuaika":"3 minuuttia"},"schema":{"@context":"https:\/\/schema.org","@graph":[{"@type":"WebPage","@id":"https:\/\/help.jamk.fi\/peppi-ohjeet-henkilokunnalle\/fi\/hyvaksilukeminen\/","url":"https:\/\/help.jamk.fi\/peppi-ohjeet-henkilokunnalle\/fi\/hyvaksilukeminen\/","name":"eAHOT - hyv\u00e4ksilukeminen - Peppi-ohjeet henkil\u00f6kunnalle","isPartOf":{"@id":"https:\/\/help.jamk.fi\/peppi-ohjeet-henkilokunnalle\/#website"},"primaryImageOfPage":{"@id":"https:\/\/help.jamk.fi\/peppi-ohjeet-henkilokunnalle\/fi\/hyvaksilukeminen\/#primaryimage"},"image":{"@id":"https:\/\/help.jamk.fi\/peppi-ohjeet-henkilokunnalle\/fi\/hyvaksilukeminen\/#primaryimage"},"thumbnailUrl":"https:\/\/help.jamk.fi\/peppi-ohjeet-henkilokunnalle\/wp-content\/uploads\/sites\/131\/2023\/05\/Opiskelijan-lansaolotiedot.png","datePublished":"2023-04-04T04:58:20+00:00","dateModified":"2025-08-22T05:10:39+00:00","breadcrumb":{"@id":"https:\/\/help.jamk.fi\/peppi-ohjeet-henkilokunnalle\/fi\/hyvaksilukeminen\/#breadcrumb"},"inLanguage":"fi","potentialAction":[{"@type":"ReadAction","target":["https:\/\/help.jamk.fi\/peppi-ohjeet-henkilokunnalle\/fi\/hyvaksilukeminen\/"]}]},{"@type":"ImageObject","inLanguage":"fi","@id":"https:\/\/help.jamk.fi\/peppi-ohjeet-henkilokunnalle\/fi\/hyvaksilukeminen\/#primaryimage","url":"https:\/\/help.jamk.fi\/peppi-ohjeet-henkilokunnalle\/wp-content\/uploads\/sites\/131\/2023\/05\/Opiskelijan-lansaolotiedot.png","contentUrl":"https:\/\/help.jamk.fi\/peppi-ohjeet-henkilokunnalle\/wp-content\/uploads\/sites\/131\/2023\/05\/Opiskelijan-lansaolotiedot.png","width":707,"height":483,"caption":"Kuvio 1. Opiskelijan l\u00e4sn\u00e4olotiedot"},{"@type":"BreadcrumbList","@id":"https:\/\/help.jamk.fi\/peppi-ohjeet-henkilokunnalle\/fi\/hyvaksilukeminen\/#breadcrumb","itemListElement":[{"@type":"ListItem","position":1,"name":"Home","item":"https:\/\/help.jamk.fi\/peppi-ohjeet-henkilokunnalle\/en\/"},{"@type":"ListItem","position":2,"name":"eAHOT &#8211; hyv\u00e4ksilukeminen"}]},{"@type":"WebSite","@id":"https:\/\/help.jamk.fi\/peppi-ohjeet-henkilokunnalle\/#website","url":"https:\/\/help.jamk.fi\/peppi-ohjeet-henkilokunnalle\/","name":"Peppi-ohjeet henkil\u00f6kunnalle","description":"","potentialAction":[{"@type":"SearchAction","target":{"@type":"EntryPoint","urlTemplate":"https:\/\/help.jamk.fi\/peppi-ohjeet-henkilokunnalle\/?s={search_term_string}"},"query-input":{"@type":"PropertyValueSpecification","valueRequired":true,"valueName":"search_term_string"}}],"inLanguage":"fi"}]}},"_links":{"self":[{"href":"https:\/\/help.jamk.fi\/peppi-ohjeet-henkilokunnalle\/wp-json\/wp\/v2\/pages\/4745","targetHints":{"allow":["GET"]}}],"collection":[{"href":"https:\/\/help.jamk.fi\/peppi-ohjeet-henkilokunnalle\/wp-json\/wp\/v2\/pages"}],"about":[{"href":"https:\/\/help.jamk.fi\/peppi-ohjeet-henkilokunnalle\/wp-json\/wp\/v2\/types\/page"}],"author":[{"embeddable":true,"href":"https:\/\/help.jamk.fi\/peppi-ohjeet-henkilokunnalle\/wp-json\/wp\/v2\/users\/79"}],"replies":[{"embeddable":true,"href":"https:\/\/help.jamk.fi\/peppi-ohjeet-henkilokunnalle\/wp-json\/wp\/v2\/comments?post=4745"}],"version-history":[{"count":30,"href":"https:\/\/help.jamk.fi\/peppi-ohjeet-henkilokunnalle\/wp-json\/wp\/v2\/pages\/4745\/revisions"}],"predecessor-version":[{"id":7709,"href":"https:\/\/help.jamk.fi\/peppi-ohjeet-henkilokunnalle\/wp-json\/wp\/v2\/pages\/4745\/revisions\/7709"}],"wp:attachment":[{"href":"https:\/\/help.jamk.fi\/peppi-ohjeet-henkilokunnalle\/wp-json\/wp\/v2\/media?parent=4745"}],"wp:term":[{"taxonomy":"category","embeddable":true,"href":"https:\/\/help.jamk.fi\/peppi-ohjeet-henkilokunnalle\/wp-json\/wp\/v2\/categories?post=4745"},{"taxonomy":"post_tag","embeddable":true,"href":"https:\/\/help.jamk.fi\/peppi-ohjeet-henkilokunnalle\/wp-json\/wp\/v2\/tags?post=4745"}],"curies":[{"name":"wp","href":"https:\/\/api.w.org\/{rel}","templated":true}]}}