{"id":4758,"date":"2023-04-26T06:22:36","date_gmt":"2023-04-26T03:22:36","guid":{"rendered":"https:\/\/help.jamk.fi\/peppi-ohjeet-henkilokunnalle\/ukk\/"},"modified":"2026-03-02T08:18:43","modified_gmt":"2026-03-02T06:18:43","slug":"ukk","status":"publish","type":"page","link":"https:\/\/help.jamk.fi\/peppi-ohjeet-henkilokunnalle\/fi\/ukk\/","title":{"rendered":"UKK"},"content":{"rendered":"\n<p>Huomioita Pepin p\u00e4ivityksess\u00e4 tulleista virheist\u00e4, jotka korjaantuvat seuraavissa versioissa.<\/p>\n\n\n\n<p>Lis\u00e4ksi t\u00e4h\u00e4n on listattu p\u00e4ivityksen my\u00f6t\u00e4 tulleita uusia ominaisuuksia. Seuraava Pepin p\u00e4ivitys on 23.2.2026.<\/p>\n\n\n\n<h2 class=\"wp-block-heading\">P\u00e4ivityksess\u00e4 tulleita uusia ominaisuuksia<\/h2>\n\n\n\n<h3 class=\"wp-block-heading\">Ristiinopiskelu<\/h3>\n\n\n\n<p>Ristiinopiskelijan ilmoittautumista ei voida poistaa toteutukselta.<\/p>\n\n\n\n<p>Jokaisesta hyv\u00e4ksytyst\u00e4 ilmoittautumisesta l\u00e4htee opiskelijalle viesti.<\/p>\n\n\n\n<h3 class=\"wp-block-heading\">Ilmoittautumiset<\/h3>\n\n\n\n<p>Opiskelijan opetusryhm\u00e4toive ja opettajan opetusryhm\u00e4\u00e4n sijoittelu n\u00e4ytet\u00e4\u00e4n omissa sarakkeissaan HOPS:n ilmoittautumisv\u00e4lilehdell\u00e4. Lis\u00e4ksi opiskelijan toiveet osataan erotella oikein my\u00f6s opettajan sijoittelun j\u00e4lkeen. Opiskelija n\u00e4kee ilmoittautumisissaan sen pienryhm\u00e4n, johon h\u00e4net on sijoitettu, vaikka se poikkeaisi h\u00e4nen toiveestaan.<\/p>\n\n\n\n<h3 class=\"wp-block-heading\">HOPS<\/h3>\n\n\n\n<p>HOPSin Ilmoittautumiset-v\u00e4lilehden listaus on jaettu kolmeen osaan n\u00e4kym\u00e4n selkeytt\u00e4miseksi. Lis\u00e4ksi toteutuksen voimassaoloajalle on lis\u00e4tty oma sarake ja kaikkien sarakkeiden otsikoihin on lis\u00e4tty j\u00e4rjestelytoiminto. <\/p>\n\n\n\n<p>Henkil\u00f6kunnan ty\u00f6p\u00f6ytien n\u00e4kym\u00e4\u00e4n on lis\u00e4tty mahdollisuus valita mitk\u00e4 sarakkeet ovat n\u00e4kyviss\u00e4 HOPSin Ilmoittautumiset-v\u00e4lilehdell\u00e4.<\/p>\n\n\n\n<p>Opinnon status n\u00e4kyy Ilmoittautumiset-osioissa samalla tavalla kuin HOPSin Tarkastelu-v\u00e4lilehdell\u00e4. My\u00f6s ristiinopiskeluun liittyv\u00e4t statukset on huomioitu.<\/p>\n\n\n\n<h3 class=\"wp-block-heading\">Arviointi<\/h3>\n\n\n\n<p>Toteutusten arviointi -n\u00e4kym\u00e4\u00e4n on suurilla toteutuksilla lis\u00e4tty sivutus -toiminnallisuus. K\u00e4ytt\u00e4j\u00e4n on mahdollista s\u00e4\u00e4t\u00e4\u00e4 sivutuksen kokoa (50. 100, 200 tai 500 opiskelijaa per sivu) ja siirty\u00e4 eri sivuille. <\/p>\n\n\n\n<h3 class=\"wp-block-heading\">Toteutuksen automaattiviestit<\/h3>\n\n\n\n<p>Opettajan on jatkossa mahdollista lis\u00e4t\u00e4 toteutuskohtaisesti automaattisia l\u00e4htevi\u00e4 viestej\u00e4. Opettaja voi valita l\u00e4htev\u00e4tk\u00f6 s\u00e4hk\u00f6postiviestit heti opiskelijan ilmoittautuessa toteutukselle ja\/tai vasta ilmoittautumisen hyv\u00e4ksymisen j\u00e4lkeen. Viestit l\u00e4hetet\u00e4\u00e4n ensisijaisesti Jamkin s\u00e4hk\u00f6postiosoitteeseen ja t\u00e4m\u00e4n puuttuessa opiskelijan henkil\u00f6kohtaiseen s\u00e4hk\u00f6postiin. <\/p>\n\n\n\n<p>Viestit tulee lis\u00e4t\u00e4 ennen toteutuksen ilmoittautumisajan alkua. Viesti\u00e4 ei voi en\u00e4\u00e4 muokata toteutuksen ilmoittautumisajan alkamisen j\u00e4lkeen. Viestiin ei pysty lis\u00e4\u00e4m\u00e4\u00e4n liitteit\u00e4, mutta linkkien lis\u00e4\u00e4minen on mahdollista. Tarkemmat ohjeet <a href=\"https:\/\/help.jamk.fi\/peppi-ohjeet-henkilokunnalle\/fi\/opettajan-ohjeet\/toteutussuunnitelman-tayttoohje-opettajien-ohje\/\">automaattiviestien luomiseen<\/a>.<\/p>\n\n\n\n<h3 class=\"wp-block-heading\">eAHOT<\/h3>\n\n\n\n<p>eAHOT l\u00e4hett\u00e4\u00e4 viestin k\u00e4sittelij\u00e4lle, kun edellinen k\u00e4sittelij\u00e4 l\u00e4hett\u00e4\u00e4 hakemuksen h\u00e4nelle.<\/p>\n\n\n\n<p>Vapautushakemuksen voi siirt\u00e4\u00e4 toiselle k\u00e4sittelij\u00e4lle.<\/p>\n\n\n\n<p>eAHOTin l\u00e4hett\u00e4mien s\u00e4hk\u00f6posti-ilmoitusten sis\u00e4lt\u00f6j\u00e4 on muokattu. Hyv\u00e4ksiluvusta k\u00e4ytet\u00e4\u00e4n termi\u00e4 Hyv\u00e4Hot.<\/p>\n\n\n\n<h3 class=\"wp-block-heading\">Resurssien suunnittelu ja varaus<\/h3>\n\n\n\n<p>Suunnittele ja tee opetuksen varauksia n\u00e4kym\u00e4ss\u00e4 vihre\u00e4n Resurssit, joille teen varauksia -palkin tiedot voi halutessaan lukita. T\u00e4ll\u00f6in mik\u00e4\u00e4n n\u00e4kym\u00e4ss\u00e4 tehty toiminto ei muuta kiinnitettyj\u00e4 resursseja.<\/p>\n\n\n\n<h3 class=\"wp-block-heading\">Maksullinen moduuli<\/h3>\n\n\n\n<p>Maksullisen ilmoittautumisissa voidaan k\u00e4ytt\u00e4\u00e4 muuta kuin ilmoittautujan laskutusosoitetta.<\/p>\n\n\n\n<h2 class=\"wp-block-heading\">Tiedossa olevia virheit\u00e4<\/h2>\n\n\n\n<h3 class=\"wp-block-heading\">Resurssien suunnittelu ja varaus<\/h3>\n\n\n\n<p>Vapaan ajan haussa Toiminto-painike aukeaa, kun klikkaa painiketta ratas-kuvakkeen kohdalta. <a href=\"https:\/\/help.jamk.fi\/peppi-ohjeet-henkilokunnalle\/resurssien-suunnittelu-ja-varaus\/#asetukset\">Lis\u00e4tietoa kalentereiden asetuksista t\u00e4\u00e4ll\u00e4<\/a>.<\/p>\n","protected":false},"excerpt":{"rendered":"<p>Huomioita Pepin p\u00e4ivityksess\u00e4 tulleista virheist\u00e4, jotka korjaantuvat seuraavissa versioissa. Lis\u00e4ksi t\u00e4h\u00e4n on listattu p\u00e4ivityksen my\u00f6t\u00e4 tulleita uusia ominaisuuksia. Seuraava Pepin p\u00e4ivitys on 23.2.2026. P\u00e4ivityksess\u00e4 tulleita uusia ominaisuuksia Ristiinopiskelu Ristiinopiskelijan ilmoittautumista ei voida poistaa toteutukselta. Jokaisesta hyv\u00e4ksytyst\u00e4 ilmoittautumisesta l\u00e4htee opiskelijalle viesti. Ilmoittautumiset Opiskelijan opetusryhm\u00e4toive ja opettajan opetusryhm\u00e4\u00e4n sijoittelu n\u00e4ytet\u00e4\u00e4n omissa sarakkeissaan HOPS:n ilmoittautumisv\u00e4lilehdell\u00e4. Lis\u00e4ksi opiskelijan toiveet [&hellip;]<\/p>\n","protected":false},"author":76,"featured_media":0,"parent":0,"menu_order":11,"comment_status":"closed","ping_status":"closed","template":"","meta":{"_acf_changed":false,"_relevanssi_hide_post":"","_relevanssi_hide_content":"","_relevanssi_pin_for_all":"","_relevanssi_pin_keywords":"","_relevanssi_unpin_keywords":"","_relevanssi_related_keywords":"","_relevanssi_related_include_ids":"","_relevanssi_related_exclude_ids":"","_relevanssi_related_no_append":"","_relevanssi_related_not_related":"","_relevanssi_related_posts":"","_relevanssi_noindex_reason":"","footnotes":""},"categories":[30],"tags":[],"class_list":["post-4758","page","type-page","status-publish","hentry","category-yleinen"],"acf":[],"yoast_head":"<!-- This site is optimized with the Yoast SEO plugin v27.3 - https:\/\/yoast.com\/product\/yoast-seo-wordpress\/ -->\n<title>UKK - Peppi-ohjeet henkil\u00f6kunnalle<\/title>\n<meta name=\"robots\" content=\"index, follow, max-snippet:-1, max-image-preview:large, max-video-preview:-1\" \/>\n<link rel=\"canonical\" href=\"https:\/\/help.jamk.fi\/peppi-ohjeet-henkilokunnalle\/fi\/ukk\/\" \/>\n<meta property=\"og:locale\" content=\"fi_FI\" \/>\n<meta property=\"og:type\" content=\"article\" \/>\n<meta property=\"og:title\" content=\"UKK - Peppi-ohjeet henkil\u00f6kunnalle\" \/>\n<meta property=\"og:description\" content=\"Huomioita Pepin p\u00e4ivityksess\u00e4 tulleista virheist\u00e4, jotka korjaantuvat seuraavissa versioissa. Lis\u00e4ksi t\u00e4h\u00e4n on listattu p\u00e4ivityksen my\u00f6t\u00e4 tulleita uusia ominaisuuksia. Seuraava Pepin p\u00e4ivitys on 23.2.2026. P\u00e4ivityksess\u00e4 tulleita uusia ominaisuuksia Ristiinopiskelu Ristiinopiskelijan ilmoittautumista ei voida poistaa toteutukselta. Jokaisesta hyv\u00e4ksytyst\u00e4 ilmoittautumisesta l\u00e4htee opiskelijalle viesti. Ilmoittautumiset Opiskelijan opetusryhm\u00e4toive ja opettajan opetusryhm\u00e4\u00e4n sijoittelu n\u00e4ytet\u00e4\u00e4n omissa sarakkeissaan HOPS:n ilmoittautumisv\u00e4lilehdell\u00e4. Lis\u00e4ksi opiskelijan toiveet [&hellip;]\" \/>\n<meta property=\"og:url\" content=\"https:\/\/help.jamk.fi\/peppi-ohjeet-henkilokunnalle\/fi\/ukk\/\" \/>\n<meta property=\"og:site_name\" content=\"Peppi-ohjeet henkil\u00f6kunnalle\" \/>\n<meta property=\"article:modified_time\" content=\"2026-03-02T06:18:43+00:00\" \/>\n<meta name=\"twitter:card\" content=\"summary_large_image\" \/>\n<meta name=\"twitter:label1\" content=\"Arvioitu lukuaika\" \/>\n\t<meta name=\"twitter:data1\" content=\"2 minuuttia\" \/>\n<script type=\"application\/ld+json\" class=\"yoast-schema-graph\">{\"@context\":\"https:\\\/\\\/schema.org\",\"@graph\":[{\"@type\":\"WebPage\",\"@id\":\"https:\\\/\\\/help.jamk.fi\\\/peppi-ohjeet-henkilokunnalle\\\/fi\\\/ukk\\\/\",\"url\":\"https:\\\/\\\/help.jamk.fi\\\/peppi-ohjeet-henkilokunnalle\\\/fi\\\/ukk\\\/\",\"name\":\"UKK - Peppi-ohjeet henkil\u00f6kunnalle\",\"isPartOf\":{\"@id\":\"https:\\\/\\\/help.jamk.fi\\\/peppi-ohjeet-henkilokunnalle\\\/#website\"},\"datePublished\":\"2023-04-26T03:22:36+00:00\",\"dateModified\":\"2026-03-02T06:18:43+00:00\",\"breadcrumb\":{\"@id\":\"https:\\\/\\\/help.jamk.fi\\\/peppi-ohjeet-henkilokunnalle\\\/fi\\\/ukk\\\/#breadcrumb\"},\"inLanguage\":\"fi\",\"potentialAction\":[{\"@type\":\"ReadAction\",\"target\":[\"https:\\\/\\\/help.jamk.fi\\\/peppi-ohjeet-henkilokunnalle\\\/fi\\\/ukk\\\/\"]}]},{\"@type\":\"BreadcrumbList\",\"@id\":\"https:\\\/\\\/help.jamk.fi\\\/peppi-ohjeet-henkilokunnalle\\\/fi\\\/ukk\\\/#breadcrumb\",\"itemListElement\":[{\"@type\":\"ListItem\",\"position\":1,\"name\":\"Home\",\"item\":\"https:\\\/\\\/help.jamk.fi\\\/peppi-ohjeet-henkilokunnalle\\\/en\\\/\"},{\"@type\":\"ListItem\",\"position\":2,\"name\":\"UKK\"}]},{\"@type\":\"WebSite\",\"@id\":\"https:\\\/\\\/help.jamk.fi\\\/peppi-ohjeet-henkilokunnalle\\\/#website\",\"url\":\"https:\\\/\\\/help.jamk.fi\\\/peppi-ohjeet-henkilokunnalle\\\/\",\"name\":\"Peppi-ohjeet henkil\u00f6kunnalle\",\"description\":\"\",\"potentialAction\":[{\"@type\":\"SearchAction\",\"target\":{\"@type\":\"EntryPoint\",\"urlTemplate\":\"https:\\\/\\\/help.jamk.fi\\\/peppi-ohjeet-henkilokunnalle\\\/?s={search_term_string}\"},\"query-input\":{\"@type\":\"PropertyValueSpecification\",\"valueRequired\":true,\"valueName\":\"search_term_string\"}}],\"inLanguage\":\"fi\"}]}<\/script>\n<!-- \/ Yoast SEO plugin. -->","yoast_head_json":{"title":"UKK - Peppi-ohjeet henkil\u00f6kunnalle","robots":{"index":"index","follow":"follow","max-snippet":"max-snippet:-1","max-image-preview":"max-image-preview:large","max-video-preview":"max-video-preview:-1"},"canonical":"https:\/\/help.jamk.fi\/peppi-ohjeet-henkilokunnalle\/fi\/ukk\/","og_locale":"fi_FI","og_type":"article","og_title":"UKK - Peppi-ohjeet henkil\u00f6kunnalle","og_description":"Huomioita Pepin p\u00e4ivityksess\u00e4 tulleista virheist\u00e4, jotka korjaantuvat seuraavissa versioissa. Lis\u00e4ksi t\u00e4h\u00e4n on listattu p\u00e4ivityksen my\u00f6t\u00e4 tulleita uusia ominaisuuksia. Seuraava Pepin p\u00e4ivitys on 23.2.2026. P\u00e4ivityksess\u00e4 tulleita uusia ominaisuuksia Ristiinopiskelu Ristiinopiskelijan ilmoittautumista ei voida poistaa toteutukselta. Jokaisesta hyv\u00e4ksytyst\u00e4 ilmoittautumisesta l\u00e4htee opiskelijalle viesti. Ilmoittautumiset Opiskelijan opetusryhm\u00e4toive ja opettajan opetusryhm\u00e4\u00e4n sijoittelu n\u00e4ytet\u00e4\u00e4n omissa sarakkeissaan HOPS:n ilmoittautumisv\u00e4lilehdell\u00e4. Lis\u00e4ksi opiskelijan toiveet [&hellip;]","og_url":"https:\/\/help.jamk.fi\/peppi-ohjeet-henkilokunnalle\/fi\/ukk\/","og_site_name":"Peppi-ohjeet henkil\u00f6kunnalle","article_modified_time":"2026-03-02T06:18:43+00:00","twitter_card":"summary_large_image","twitter_misc":{"Arvioitu lukuaika":"2 minuuttia"},"schema":{"@context":"https:\/\/schema.org","@graph":[{"@type":"WebPage","@id":"https:\/\/help.jamk.fi\/peppi-ohjeet-henkilokunnalle\/fi\/ukk\/","url":"https:\/\/help.jamk.fi\/peppi-ohjeet-henkilokunnalle\/fi\/ukk\/","name":"UKK - Peppi-ohjeet henkil\u00f6kunnalle","isPartOf":{"@id":"https:\/\/help.jamk.fi\/peppi-ohjeet-henkilokunnalle\/#website"},"datePublished":"2023-04-26T03:22:36+00:00","dateModified":"2026-03-02T06:18:43+00:00","breadcrumb":{"@id":"https:\/\/help.jamk.fi\/peppi-ohjeet-henkilokunnalle\/fi\/ukk\/#breadcrumb"},"inLanguage":"fi","potentialAction":[{"@type":"ReadAction","target":["https:\/\/help.jamk.fi\/peppi-ohjeet-henkilokunnalle\/fi\/ukk\/"]}]},{"@type":"BreadcrumbList","@id":"https:\/\/help.jamk.fi\/peppi-ohjeet-henkilokunnalle\/fi\/ukk\/#breadcrumb","itemListElement":[{"@type":"ListItem","position":1,"name":"Home","item":"https:\/\/help.jamk.fi\/peppi-ohjeet-henkilokunnalle\/en\/"},{"@type":"ListItem","position":2,"name":"UKK"}]},{"@type":"WebSite","@id":"https:\/\/help.jamk.fi\/peppi-ohjeet-henkilokunnalle\/#website","url":"https:\/\/help.jamk.fi\/peppi-ohjeet-henkilokunnalle\/","name":"Peppi-ohjeet henkil\u00f6kunnalle","description":"","potentialAction":[{"@type":"SearchAction","target":{"@type":"EntryPoint","urlTemplate":"https:\/\/help.jamk.fi\/peppi-ohjeet-henkilokunnalle\/?s={search_term_string}"},"query-input":{"@type":"PropertyValueSpecification","valueRequired":true,"valueName":"search_term_string"}}],"inLanguage":"fi"}]}},"_links":{"self":[{"href":"https:\/\/help.jamk.fi\/peppi-ohjeet-henkilokunnalle\/wp-json\/wp\/v2\/pages\/4758","targetHints":{"allow":["GET"]}}],"collection":[{"href":"https:\/\/help.jamk.fi\/peppi-ohjeet-henkilokunnalle\/wp-json\/wp\/v2\/pages"}],"about":[{"href":"https:\/\/help.jamk.fi\/peppi-ohjeet-henkilokunnalle\/wp-json\/wp\/v2\/types\/page"}],"author":[{"embeddable":true,"href":"https:\/\/help.jamk.fi\/peppi-ohjeet-henkilokunnalle\/wp-json\/wp\/v2\/users\/76"}],"replies":[{"embeddable":true,"href":"https:\/\/help.jamk.fi\/peppi-ohjeet-henkilokunnalle\/wp-json\/wp\/v2\/comments?post=4758"}],"version-history":[{"count":31,"href":"https:\/\/help.jamk.fi\/peppi-ohjeet-henkilokunnalle\/wp-json\/wp\/v2\/pages\/4758\/revisions"}],"predecessor-version":[{"id":7964,"href":"https:\/\/help.jamk.fi\/peppi-ohjeet-henkilokunnalle\/wp-json\/wp\/v2\/pages\/4758\/revisions\/7964"}],"wp:attachment":[{"href":"https:\/\/help.jamk.fi\/peppi-ohjeet-henkilokunnalle\/wp-json\/wp\/v2\/media?parent=4758"}],"wp:term":[{"taxonomy":"category","embeddable":true,"href":"https:\/\/help.jamk.fi\/peppi-ohjeet-henkilokunnalle\/wp-json\/wp\/v2\/categories?post=4758"},{"taxonomy":"post_tag","embeddable":true,"href":"https:\/\/help.jamk.fi\/peppi-ohjeet-henkilokunnalle\/wp-json\/wp\/v2\/tags?post=4758"}],"curies":[{"name":"wp","href":"https:\/\/api.w.org\/{rel}","templated":true}]}}