{"id":4765,"date":"2023-09-08T09:06:43","date_gmt":"2023-09-08T06:06:43","guid":{"rendered":"https:\/\/help.jamk.fi\/peppi-ohjeet-henkilokunnalle\/etusivu\/hyvaksilukeminen\/opettajan-tarkistuslista\/"},"modified":"2025-06-24T08:18:55","modified_gmt":"2025-06-24T05:18:55","slug":"opettajan-tarkistuslista","status":"publish","type":"page","link":"https:\/\/help.jamk.fi\/peppi-ohjeet-henkilokunnalle\/fi\/hyvaksilukeminen\/opettajan-tarkistuslista\/","title":{"rendered":"Opettajan tarkistuslista"},"content":{"rendered":"\n<p>Opettaja, tarkista ja korjaa tarvittaessa ainakin n\u00e4m\u00e4 asiat, kun hyv\u00e4ksyt opiskelijan hyv\u00e4ksilukuhakemusta eAHOTissa.<\/p>\n\n\n\n<h2 class=\"wp-block-heading\">Opiskelijan sy\u00f6tt\u00e4m\u00e4t tiedot<\/h2>\n\n\n\n<ul class=\"wp-block-list\">\n<li>opiskelija on tehnyt oikeantyyppisen hakemuksen (opinto, osaaminen, vapautus)<\/li>\n\n\n\n<li><strong>hyv\u00e4ksilukutyyppi<\/strong> on valittu oikein (korvaaminen, sis\u00e4llytt\u00e4minen)<\/li>\n<\/ul>\n\n\n\n<h3 class=\"wp-block-heading\">Jos kyseess\u00e4 on opinnon hyv\u00e4ksilukeminen<\/h3>\n\n\n\n<ul class=\"wp-block-list\">\n<li><strong>opinnon alkuper\u00e4inen nimi<\/strong> suomeksi ja englanniksi vastaa opiskelijan opintosuoritusotteella olevaa suorituksen nime\u00e4<\/li>\n\n\n\n<li>opinnon suomenkielinen ja englanninkielinen nimi ovat oikeissa kentiss\u00e4<\/li>\n\n\n\n<li>a<strong>lkuper\u00e4isen suorituksen laajuus<\/strong> vastaa opiskelijan opintosuoritusotteella olevaa laajuutta<\/li>\n\n\n\n<li><strong>alkuper\u00e4isen suorituksen suoritusp\u00e4iv\u00e4<\/strong> vastaa opiskelijan opintosuoritusotteella olevaa p\u00e4iv\u00e4m\u00e4\u00e4r\u00e4\u00e4<\/li>\n\n\n\n<li><strong>alkuper\u00e4inen arviointi<\/strong> vastaa opiskelijan opintosuoritusotteella olevaa arvosanaa.<\/li>\n\n\n\n<li>opiskelija on liitt\u00e4nyt hakemukselle <strong>opintosuoritusotteen<\/strong>. Pelkk\u00e4 linkki opintopolku-palveluun ei riit\u00e4!<\/li>\n<\/ul>\n\n\n\n<h3 class=\"wp-block-heading\">Jos kyseess\u00e4 on ahotointi (muulla tavoin hankittu osaaminen)<\/h3>\n\n\n\n<ul class=\"wp-block-list\">\n<li><strong>osaamisen nimi<\/strong> suomeksi ja englanniksi on kuvaava, mutta lyhyt. Se tulee n\u00e4kym\u00e4\u00e4n opiskelijan opintosuoritusotteella.<\/li>\n\n\n\n<li>osaamisen osalta opiskelija ei ole v\u00e4ltt\u00e4m\u00e4tt\u00e4 voinut t\u00e4ytt\u00e4\u00e4 suorituksen laajuutta ja arviointia<\/li>\n\n\n\n<li>osaamisen kuvaus ja liite <strong>esim. ty\u00f6todistus<\/strong> l\u00f6ytyv\u00e4t hakemukselta.<\/li>\n<\/ul>\n\n\n\n<h2 class=\"wp-block-heading\">Itse sy\u00f6tt\u00e4m\u00e4si tiedot<\/h2>\n\n\n\n<ul class=\"wp-block-list\">\n<li>opintopisteet-kent\u00e4ss\u00e4 on hyv\u00e4ksytty opintopistem\u00e4\u00e4r\u00e4<\/li>\n\n\n\n<li>arviointi vastaa opintosuoritusotteella olevaa arviointia, osaamisen osalta merkit\u00e4\u00e4n &#8221;H&#8221;<\/li>\n\n\n\n<li><strong>hyv\u00e4ksilukup\u00e4iv\u00e4<\/strong> on hakemuksen k\u00e4sittelyp\u00e4iv\u00e4<\/li>\n<\/ul>\n\n\n\n<p><\/p>\n","protected":false},"excerpt":{"rendered":"<p>Opettaja, tarkista ja korjaa tarvittaessa ainakin n\u00e4m\u00e4 asiat, kun hyv\u00e4ksyt opiskelijan hyv\u00e4ksilukuhakemusta eAHOTissa. Opiskelijan sy\u00f6tt\u00e4m\u00e4t tiedot Jos kyseess\u00e4 on opinnon hyv\u00e4ksilukeminen Jos kyseess\u00e4 on ahotointi (muulla tavoin hankittu osaaminen) Itse sy\u00f6tt\u00e4m\u00e4si tiedot<\/p>\n","protected":false},"author":79,"featured_media":0,"parent":4745,"menu_order":9,"comment_status":"closed","ping_status":"open","template":"","meta":{"_acf_changed":false,"_relevanssi_hide_post":"","_relevanssi_hide_content":"","_relevanssi_pin_for_all":"","_relevanssi_pin_keywords":"","_relevanssi_unpin_keywords":"","_relevanssi_related_keywords":"","_relevanssi_related_include_ids":"","_relevanssi_related_exclude_ids":"","_relevanssi_related_no_append":"","_relevanssi_related_not_related":"","_relevanssi_related_posts":"","_relevanssi_noindex_reason":"","footnotes":""},"categories":[10],"tags":[14,16,22,18],"class_list":["post-4765","page","type-page","status-publish","hentry","category-opettajan-tyopoyta","tag-ahot","tag-eahot","tag-hakemuksen-kasittely","tag-hyvaksilukeminen"],"acf":[],"yoast_head":"<!-- This site is optimized with the Yoast SEO plugin v27.3 - https:\/\/yoast.com\/product\/yoast-seo-wordpress\/ -->\n<title>Opettajan tarkistuslista - Peppi-ohjeet henkil\u00f6kunnalle<\/title>\n<meta name=\"robots\" content=\"index, follow, max-snippet:-1, max-image-preview:large, max-video-preview:-1\" \/>\n<link rel=\"canonical\" href=\"https:\/\/help.jamk.fi\/peppi-ohjeet-henkilokunnalle\/fi\/hyvaksilukeminen\/opettajan-tarkistuslista\/\" \/>\n<meta property=\"og:locale\" content=\"fi_FI\" \/>\n<meta property=\"og:type\" content=\"article\" \/>\n<meta property=\"og:title\" content=\"Opettajan tarkistuslista - Peppi-ohjeet henkil\u00f6kunnalle\" \/>\n<meta property=\"og:description\" content=\"Opettaja, tarkista ja korjaa tarvittaessa ainakin n\u00e4m\u00e4 asiat, kun hyv\u00e4ksyt opiskelijan hyv\u00e4ksilukuhakemusta eAHOTissa. Opiskelijan sy\u00f6tt\u00e4m\u00e4t tiedot Jos kyseess\u00e4 on opinnon hyv\u00e4ksilukeminen Jos kyseess\u00e4 on ahotointi (muulla tavoin hankittu osaaminen) Itse sy\u00f6tt\u00e4m\u00e4si tiedot\" \/>\n<meta property=\"og:url\" content=\"https:\/\/help.jamk.fi\/peppi-ohjeet-henkilokunnalle\/fi\/hyvaksilukeminen\/opettajan-tarkistuslista\/\" \/>\n<meta property=\"og:site_name\" content=\"Peppi-ohjeet henkil\u00f6kunnalle\" \/>\n<meta property=\"article:modified_time\" content=\"2025-06-24T05:18:55+00:00\" \/>\n<meta name=\"twitter:card\" content=\"summary_large_image\" \/>\n<meta name=\"twitter:label1\" content=\"Arvioitu lukuaika\" \/>\n\t<meta name=\"twitter:data1\" content=\"1 minuutti\" \/>\n<script type=\"application\/ld+json\" class=\"yoast-schema-graph\">{\"@context\":\"https:\\\/\\\/schema.org\",\"@graph\":[{\"@type\":\"WebPage\",\"@id\":\"https:\\\/\\\/help.jamk.fi\\\/peppi-ohjeet-henkilokunnalle\\\/fi\\\/hyvaksilukeminen\\\/opettajan-tarkistuslista\\\/\",\"url\":\"https:\\\/\\\/help.jamk.fi\\\/peppi-ohjeet-henkilokunnalle\\\/fi\\\/hyvaksilukeminen\\\/opettajan-tarkistuslista\\\/\",\"name\":\"Opettajan tarkistuslista - Peppi-ohjeet henkil\u00f6kunnalle\",\"isPartOf\":{\"@id\":\"https:\\\/\\\/help.jamk.fi\\\/peppi-ohjeet-henkilokunnalle\\\/#website\"},\"datePublished\":\"2023-09-08T06:06:43+00:00\",\"dateModified\":\"2025-06-24T05:18:55+00:00\",\"breadcrumb\":{\"@id\":\"https:\\\/\\\/help.jamk.fi\\\/peppi-ohjeet-henkilokunnalle\\\/fi\\\/hyvaksilukeminen\\\/opettajan-tarkistuslista\\\/#breadcrumb\"},\"inLanguage\":\"fi\",\"potentialAction\":[{\"@type\":\"ReadAction\",\"target\":[\"https:\\\/\\\/help.jamk.fi\\\/peppi-ohjeet-henkilokunnalle\\\/fi\\\/hyvaksilukeminen\\\/opettajan-tarkistuslista\\\/\"]}]},{\"@type\":\"BreadcrumbList\",\"@id\":\"https:\\\/\\\/help.jamk.fi\\\/peppi-ohjeet-henkilokunnalle\\\/fi\\\/hyvaksilukeminen\\\/opettajan-tarkistuslista\\\/#breadcrumb\",\"itemListElement\":[{\"@type\":\"ListItem\",\"position\":1,\"name\":\"Home\",\"item\":\"https:\\\/\\\/help.jamk.fi\\\/peppi-ohjeet-henkilokunnalle\\\/en\\\/\"},{\"@type\":\"ListItem\",\"position\":2,\"name\":\"eAHOT &#8211; hyv\u00e4ksilukeminen\",\"item\":\"https:\\\/\\\/help.jamk.fi\\\/peppi-ohjeet-henkilokunnalle\\\/fi\\\/hyvaksilukeminen\\\/\"},{\"@type\":\"ListItem\",\"position\":3,\"name\":\"Opettajan tarkistuslista\"}]},{\"@type\":\"WebSite\",\"@id\":\"https:\\\/\\\/help.jamk.fi\\\/peppi-ohjeet-henkilokunnalle\\\/#website\",\"url\":\"https:\\\/\\\/help.jamk.fi\\\/peppi-ohjeet-henkilokunnalle\\\/\",\"name\":\"Peppi-ohjeet henkil\u00f6kunnalle\",\"description\":\"\",\"potentialAction\":[{\"@type\":\"SearchAction\",\"target\":{\"@type\":\"EntryPoint\",\"urlTemplate\":\"https:\\\/\\\/help.jamk.fi\\\/peppi-ohjeet-henkilokunnalle\\\/?s={search_term_string}\"},\"query-input\":{\"@type\":\"PropertyValueSpecification\",\"valueRequired\":true,\"valueName\":\"search_term_string\"}}],\"inLanguage\":\"fi\"}]}<\/script>\n<!-- \/ Yoast SEO plugin. -->","yoast_head_json":{"title":"Opettajan tarkistuslista - Peppi-ohjeet henkil\u00f6kunnalle","robots":{"index":"index","follow":"follow","max-snippet":"max-snippet:-1","max-image-preview":"max-image-preview:large","max-video-preview":"max-video-preview:-1"},"canonical":"https:\/\/help.jamk.fi\/peppi-ohjeet-henkilokunnalle\/fi\/hyvaksilukeminen\/opettajan-tarkistuslista\/","og_locale":"fi_FI","og_type":"article","og_title":"Opettajan tarkistuslista - Peppi-ohjeet henkil\u00f6kunnalle","og_description":"Opettaja, tarkista ja korjaa tarvittaessa ainakin n\u00e4m\u00e4 asiat, kun hyv\u00e4ksyt opiskelijan hyv\u00e4ksilukuhakemusta eAHOTissa. Opiskelijan sy\u00f6tt\u00e4m\u00e4t tiedot Jos kyseess\u00e4 on opinnon hyv\u00e4ksilukeminen Jos kyseess\u00e4 on ahotointi (muulla tavoin hankittu osaaminen) Itse sy\u00f6tt\u00e4m\u00e4si tiedot","og_url":"https:\/\/help.jamk.fi\/peppi-ohjeet-henkilokunnalle\/fi\/hyvaksilukeminen\/opettajan-tarkistuslista\/","og_site_name":"Peppi-ohjeet henkil\u00f6kunnalle","article_modified_time":"2025-06-24T05:18:55+00:00","twitter_card":"summary_large_image","twitter_misc":{"Arvioitu lukuaika":"1 minuutti"},"schema":{"@context":"https:\/\/schema.org","@graph":[{"@type":"WebPage","@id":"https:\/\/help.jamk.fi\/peppi-ohjeet-henkilokunnalle\/fi\/hyvaksilukeminen\/opettajan-tarkistuslista\/","url":"https:\/\/help.jamk.fi\/peppi-ohjeet-henkilokunnalle\/fi\/hyvaksilukeminen\/opettajan-tarkistuslista\/","name":"Opettajan tarkistuslista - Peppi-ohjeet henkil\u00f6kunnalle","isPartOf":{"@id":"https:\/\/help.jamk.fi\/peppi-ohjeet-henkilokunnalle\/#website"},"datePublished":"2023-09-08T06:06:43+00:00","dateModified":"2025-06-24T05:18:55+00:00","breadcrumb":{"@id":"https:\/\/help.jamk.fi\/peppi-ohjeet-henkilokunnalle\/fi\/hyvaksilukeminen\/opettajan-tarkistuslista\/#breadcrumb"},"inLanguage":"fi","potentialAction":[{"@type":"ReadAction","target":["https:\/\/help.jamk.fi\/peppi-ohjeet-henkilokunnalle\/fi\/hyvaksilukeminen\/opettajan-tarkistuslista\/"]}]},{"@type":"BreadcrumbList","@id":"https:\/\/help.jamk.fi\/peppi-ohjeet-henkilokunnalle\/fi\/hyvaksilukeminen\/opettajan-tarkistuslista\/#breadcrumb","itemListElement":[{"@type":"ListItem","position":1,"name":"Home","item":"https:\/\/help.jamk.fi\/peppi-ohjeet-henkilokunnalle\/en\/"},{"@type":"ListItem","position":2,"name":"eAHOT &#8211; hyv\u00e4ksilukeminen","item":"https:\/\/help.jamk.fi\/peppi-ohjeet-henkilokunnalle\/fi\/hyvaksilukeminen\/"},{"@type":"ListItem","position":3,"name":"Opettajan tarkistuslista"}]},{"@type":"WebSite","@id":"https:\/\/help.jamk.fi\/peppi-ohjeet-henkilokunnalle\/#website","url":"https:\/\/help.jamk.fi\/peppi-ohjeet-henkilokunnalle\/","name":"Peppi-ohjeet henkil\u00f6kunnalle","description":"","potentialAction":[{"@type":"SearchAction","target":{"@type":"EntryPoint","urlTemplate":"https:\/\/help.jamk.fi\/peppi-ohjeet-henkilokunnalle\/?s={search_term_string}"},"query-input":{"@type":"PropertyValueSpecification","valueRequired":true,"valueName":"search_term_string"}}],"inLanguage":"fi"}]}},"_links":{"self":[{"href":"https:\/\/help.jamk.fi\/peppi-ohjeet-henkilokunnalle\/wp-json\/wp\/v2\/pages\/4765","targetHints":{"allow":["GET"]}}],"collection":[{"href":"https:\/\/help.jamk.fi\/peppi-ohjeet-henkilokunnalle\/wp-json\/wp\/v2\/pages"}],"about":[{"href":"https:\/\/help.jamk.fi\/peppi-ohjeet-henkilokunnalle\/wp-json\/wp\/v2\/types\/page"}],"author":[{"embeddable":true,"href":"https:\/\/help.jamk.fi\/peppi-ohjeet-henkilokunnalle\/wp-json\/wp\/v2\/users\/79"}],"replies":[{"embeddable":true,"href":"https:\/\/help.jamk.fi\/peppi-ohjeet-henkilokunnalle\/wp-json\/wp\/v2\/comments?post=4765"}],"version-history":[{"count":5,"href":"https:\/\/help.jamk.fi\/peppi-ohjeet-henkilokunnalle\/wp-json\/wp\/v2\/pages\/4765\/revisions"}],"predecessor-version":[{"id":7615,"href":"https:\/\/help.jamk.fi\/peppi-ohjeet-henkilokunnalle\/wp-json\/wp\/v2\/pages\/4765\/revisions\/7615"}],"up":[{"embeddable":true,"href":"https:\/\/help.jamk.fi\/peppi-ohjeet-henkilokunnalle\/wp-json\/wp\/v2\/pages\/4745"}],"wp:attachment":[{"href":"https:\/\/help.jamk.fi\/peppi-ohjeet-henkilokunnalle\/wp-json\/wp\/v2\/media?parent=4765"}],"wp:term":[{"taxonomy":"category","embeddable":true,"href":"https:\/\/help.jamk.fi\/peppi-ohjeet-henkilokunnalle\/wp-json\/wp\/v2\/categories?post=4765"},{"taxonomy":"post_tag","embeddable":true,"href":"https:\/\/help.jamk.fi\/peppi-ohjeet-henkilokunnalle\/wp-json\/wp\/v2\/tags?post=4765"}],"curies":[{"name":"wp","href":"https:\/\/api.w.org\/{rel}","templated":true}]}}