{"id":4767,"date":"2023-10-18T06:26:48","date_gmt":"2023-10-18T03:26:48","guid":{"rendered":"https:\/\/help.jamk.fi\/peppi-ohjeet-henkilokunnalle\/ohjeet-henkilotietojen-kasittelijalle-pepissa\/"},"modified":"2023-11-10T13:48:26","modified_gmt":"2023-11-10T11:48:26","slug":"ohjeet-henkilotietojen-kasittelijalle-pepissa","status":"publish","type":"page","link":"https:\/\/help.jamk.fi\/peppi-ohjeet-henkilokunnalle\/fi\/tietosuoja-ja-saavutettavuus\/ohjeet-henkilotietojen-kasittelijalle-pepissa\/","title":{"rendered":"Ohjeet henkil\u00f6tietojen k\u00e4sittelij\u00e4lle Pepiss\u00e4"},"content":{"rendered":"\n<p>K\u00e4sittele henkil\u00f6tietoja t\u00e4m\u00e4n ohjeen mukaisesti. Noudata ohjeita my\u00f6s, kun siirr\u00e4t, s\u00e4ilyt\u00e4t ja arkistoit henkil\u00f6tietoja. N\u00e4iden k\u00e4sittelyohjeiden lis\u00e4ksi noudata voimassa olevaa lains\u00e4\u00e4d\u00e4nt\u00f6\u00e4 koskien henkil\u00f6tietoja. Silt\u00e4 osin kuin n\u00e4m\u00e4 ohjeet ovat ristiriidassa lains\u00e4\u00e4d\u00e4nn\u00f6n kanssa, noudatetaan lains\u00e4\u00e4d\u00e4nn\u00f6n vaatimuksia.<br>Henkil\u00f6tietojen k\u00e4sittelij\u00e4n on noudatettava seuraavia ohjeita:<\/p>\n\n\n\n<ol class=\"wp-block-list\">\n<li>Noudata salassapitovelvollisuutta.<\/li>\n\n\n\n<li>Noudata tietoturvallisuutta.<\/li>\n\n\n\n<li>Poista tai palauta henkil\u00f6tiedot rekisterin pit\u00e4j\u00e4lle k\u00e4sittelyn p\u00e4\u00e4ttyess\u00e4. Sinun tulee poistaa my\u00f6s niist\u00e4 hallussasi olevat kopiot.<\/li>\n\n\n\n<li>Ilmoita mahdollisesta tietoturvaloukkauksen havainnosta v\u00e4litt\u00f6m\u00e4sti.<\/li>\n\n\n\n<li>\u00c4l\u00e4 ulkoista henkil\u00f6tietojen k\u00e4sittelyn teht\u00e4vi\u00e4 ilman rekisterinpit\u00e4j\u00e4n kirjallista ennakkosuostumusta.<\/li>\n<\/ol>\n\n\n\n<p>Tietosuoja-asetuksessa on m\u00e4\u00e4ritelty erityiset henkil\u00f6tietoryhm\u00e4t, joiden k\u00e4sittelylle on asetetut tiukemmat perusteet. Tietosuoja-asetuksen my\u00f6t\u00e4 erityisiin henkil\u00f6tietoihin luetaan esimerkiksi alaik\u00e4isi\u00e4 koskevat tiedot. Mik\u00e4li erityisiin henkil\u00f6tietoryhmiin kuuluvia tietoja aiotaan k\u00e4sitell\u00e4, on huolellisesti selvitett\u00e4v\u00e4, ett\u00e4 tietojen k\u00e4sittely on tietosuoja-asetuksen yhdeks\u00e4nnen artiklan nojalla sallittua.<\/p>\n\n\n\n<p>Rikosrekisteriotteiden k\u00e4sittelyst\u00e4 on s\u00e4\u00e4detty erityislains\u00e4\u00e4d\u00e4nn\u00f6ss\u00e4, esimerkiksi laki lasten kanssa ty\u00f6skentelevien rikostaustan selvitt\u00e4misest\u00e4, laki julkisista hankinnoista ja k\u00e4ytt\u00f6oikeussopimuksista. Lis\u00e4ksi rikostuomioihin ja rikkomuksiin liittyvien henkil\u00f6tietojen k\u00e4sittelyst\u00e4 on tietosuoja- asetuksessa oma artiklansa.<\/p>\n\n\n\n<p><strong>Huomioitavaa henkil\u00f6tietojen k\u00e4sittelij\u00e4lle<\/strong><br>Sinun on aina huolehdittava, etteiv\u00e4t henkil\u00f6tiedot joudu asiattomien saataville riippumatta siit\u00e4, k\u00e4sitell\u00e4\u00e4nk\u00f6 tietoja tietoj\u00e4rjestelmiss\u00e4, paperilla, kuvina, keskustelemalla puhelimessa tai kasvokkain. Varmista my\u00f6s, ett\u00e4 paikka soveltuu henkil\u00f6tietojen k\u00e4sittelyyn. Ulkopuoliset eiv\u00e4t saa kuulla, mit\u00e4 puhutaan tai katsella mit\u00e4 tietoja k\u00e4ytet\u00e4\u00e4n.<\/p>\n\n\n\n<p>Henkil\u00f6tietojen k\u00e4sittely tehd\u00e4\u00e4n aina ty\u00f6teht\u00e4v\u00e4\u00e4n perustuen ja omalla henkil\u00f6kohtaisella k\u00e4ytt\u00e4j\u00e4tunnuksella. Toisten henkil\u00f6iden tunnuksia ei saa k\u00e4ytt\u00e4\u00e4. Jokainen vastaa omilla k\u00e4ytt\u00f6oikeuksillaan tehdyist\u00e4 henkil\u00f6tietojen k\u00e4sittelyist\u00e4 eik\u00e4 k\u00e4ytt\u00f6tunnuksia saa antaa muiden k\u00e4ytt\u00f6\u00f6n.<\/p>\n\n\n\n<p>Lokitietoja ker\u00e4t\u00e4\u00e4n, jotta voidaan tarvittaessa tarkastaa tai seurata henkil\u00f6tietojen k\u00e4sittely\u00e4, kuten sit\u00e4, kuka on lis\u00e4nnyt, poistanut, muuttanut tai k\u00e4ynyt katsomassa henkil\u00f6tietoja. Lokitiedoilla voidaan osoittaa, ett\u00e4 henkil\u00f6tietoja ovat k\u00e4sitelleet vain ne henkil\u00f6t, joilla on ollut heid\u00e4n ty\u00f6teht\u00e4viins\u00e4 liittyv\u00e4 peruste.<\/p>\n\n\n\n<p>Henkil\u00f6tietoja ei saa kopioida tietoj\u00e4rjestelm\u00e4st\u00e4 sen ulkopuolelle. Henkil\u00f6tietoja saa siirt\u00e4\u00e4 vain sellaisiin tallennuspaikkoihin, joissa ne s\u00e4ilyv\u00e4t rekisteriselosteen mukaisesti.<\/p>\n\n\n\n<p>Turvas\u00e4hk\u00f6postia voidaan k\u00e4ytt\u00e4\u00e4 henkil\u00f6tietojen l\u00e4hett\u00e4miseen osapuolten v\u00e4lill\u00e4. Henkil\u00f6tietoja sis\u00e4lt\u00e4v\u00e4t viestit tulee h\u00e4vitt\u00e4\u00e4.<\/p>\n\n\n\n<p>Paperitulosteiden k\u00e4ytt\u00f6\u00e4 kannattaa mahdollisuuksien mukaan v\u00e4ltt\u00e4\u00e4. Jos tulosteita tarvitaan, henkil\u00f6tietoja sis\u00e4lt\u00e4v\u00e4t aineisto on s\u00e4ilytett\u00e4v\u00e4 siten, ett\u00e4 se ei voi joutua asiattomien ulottuville. Erityist\u00e4 huomiota tulee kiinnitt\u00e4\u00e4 postittaessa asiakirjoja. My\u00f6s tietojen siirt\u00e4misess\u00e4 tilasta toiseen tulee kiinnitt\u00e4\u00e4 erityist\u00e4 huolellisuutta. Henkil\u00f6tietoja sis\u00e4lt\u00e4v\u00e4t paperit tuhotaan tietosuojamateriaalina.<\/p>\n\n\n\n<p>Sinun tulee ilmoittaa henkil\u00f6tietoja koskevasta loukkauksesta v\u00e4litt\u00f6m\u00e4sti, kun sen havaitset. Loukkaus voi olla esimerkiksi tietojen muuttuminen, tietojen tuhoutuminen tai tietojen vuotaminen sivullisille. Tiedot voivat olla esimerkiksi s\u00e4hk\u00f6isess\u00e4 tai paperisessa muodossa.<\/p>\n","protected":false},"excerpt":{"rendered":"<p>K\u00e4sittele henkil\u00f6tietoja t\u00e4m\u00e4n ohjeen mukaisesti. Noudata ohjeita my\u00f6s, kun siirr\u00e4t, s\u00e4ilyt\u00e4t ja arkistoit henkil\u00f6tietoja. N\u00e4iden k\u00e4sittelyohjeiden lis\u00e4ksi noudata voimassa olevaa lains\u00e4\u00e4d\u00e4nt\u00f6\u00e4 koskien henkil\u00f6tietoja. Silt\u00e4 osin kuin n\u00e4m\u00e4 ohjeet ovat ristiriidassa lains\u00e4\u00e4d\u00e4nn\u00f6n kanssa, noudatetaan lains\u00e4\u00e4d\u00e4nn\u00f6n vaatimuksia.Henkil\u00f6tietojen k\u00e4sittelij\u00e4n on noudatettava seuraavia ohjeita: Tietosuoja-asetuksessa on m\u00e4\u00e4ritelty erityiset henkil\u00f6tietoryhm\u00e4t, joiden k\u00e4sittelylle on asetetut tiukemmat perusteet. Tietosuoja-asetuksen my\u00f6t\u00e4 erityisiin henkil\u00f6tietoihin [&hellip;]<\/p>\n","protected":false},"author":77,"featured_media":0,"parent":5385,"menu_order":1,"comment_status":"closed","ping_status":"open","template":"","meta":{"_acf_changed":false,"_relevanssi_hide_post":"","_relevanssi_hide_content":"","_relevanssi_pin_for_all":"","_relevanssi_pin_keywords":"","_relevanssi_unpin_keywords":"","_relevanssi_related_keywords":"","_relevanssi_related_include_ids":"","_relevanssi_related_exclude_ids":"","_relevanssi_related_no_append":"","_relevanssi_related_not_related":"","_relevanssi_related_posts":"","_relevanssi_noindex_reason":"","footnotes":""},"categories":[1],"tags":[],"class_list":["post-4767","page","type-page","status-publish","hentry","category-uncategorised"],"acf":[],"yoast_head":"<!-- This site is optimized with the Yoast SEO plugin v27.3 - https:\/\/yoast.com\/product\/yoast-seo-wordpress\/ -->\n<title>Ohjeet henkil\u00f6tietojen k\u00e4sittelij\u00e4lle Pepiss\u00e4 - Peppi-ohjeet henkil\u00f6kunnalle<\/title>\n<meta name=\"robots\" content=\"index, follow, max-snippet:-1, max-image-preview:large, max-video-preview:-1\" \/>\n<link rel=\"canonical\" href=\"https:\/\/help.jamk.fi\/peppi-ohjeet-henkilokunnalle\/fi\/tietosuoja-ja-saavutettavuus\/ohjeet-henkilotietojen-kasittelijalle-pepissa\/\" \/>\n<meta property=\"og:locale\" content=\"fi_FI\" \/>\n<meta property=\"og:type\" content=\"article\" \/>\n<meta property=\"og:title\" content=\"Ohjeet henkil\u00f6tietojen k\u00e4sittelij\u00e4lle Pepiss\u00e4 - Peppi-ohjeet henkil\u00f6kunnalle\" \/>\n<meta property=\"og:description\" content=\"K\u00e4sittele henkil\u00f6tietoja t\u00e4m\u00e4n ohjeen mukaisesti. Noudata ohjeita my\u00f6s, kun siirr\u00e4t, s\u00e4ilyt\u00e4t ja arkistoit henkil\u00f6tietoja. N\u00e4iden k\u00e4sittelyohjeiden lis\u00e4ksi noudata voimassa olevaa lains\u00e4\u00e4d\u00e4nt\u00f6\u00e4 koskien henkil\u00f6tietoja. Silt\u00e4 osin kuin n\u00e4m\u00e4 ohjeet ovat ristiriidassa lains\u00e4\u00e4d\u00e4nn\u00f6n kanssa, noudatetaan lains\u00e4\u00e4d\u00e4nn\u00f6n vaatimuksia.Henkil\u00f6tietojen k\u00e4sittelij\u00e4n on noudatettava seuraavia ohjeita: Tietosuoja-asetuksessa on m\u00e4\u00e4ritelty erityiset henkil\u00f6tietoryhm\u00e4t, joiden k\u00e4sittelylle on asetetut tiukemmat perusteet. Tietosuoja-asetuksen my\u00f6t\u00e4 erityisiin henkil\u00f6tietoihin [&hellip;]\" \/>\n<meta property=\"og:url\" content=\"https:\/\/help.jamk.fi\/peppi-ohjeet-henkilokunnalle\/fi\/tietosuoja-ja-saavutettavuus\/ohjeet-henkilotietojen-kasittelijalle-pepissa\/\" \/>\n<meta property=\"og:site_name\" content=\"Peppi-ohjeet henkil\u00f6kunnalle\" \/>\n<meta property=\"article:modified_time\" content=\"2023-11-10T11:48:26+00:00\" \/>\n<meta name=\"twitter:card\" content=\"summary_large_image\" \/>\n<meta name=\"twitter:label1\" content=\"Arvioitu lukuaika\" \/>\n\t<meta name=\"twitter:data1\" content=\"3 minuuttia\" \/>\n<script type=\"application\/ld+json\" class=\"yoast-schema-graph\">{\"@context\":\"https:\\\/\\\/schema.org\",\"@graph\":[{\"@type\":\"WebPage\",\"@id\":\"https:\\\/\\\/help.jamk.fi\\\/peppi-ohjeet-henkilokunnalle\\\/fi\\\/tietosuoja-ja-saavutettavuus\\\/ohjeet-henkilotietojen-kasittelijalle-pepissa\\\/\",\"url\":\"https:\\\/\\\/help.jamk.fi\\\/peppi-ohjeet-henkilokunnalle\\\/fi\\\/tietosuoja-ja-saavutettavuus\\\/ohjeet-henkilotietojen-kasittelijalle-pepissa\\\/\",\"name\":\"Ohjeet henkil\u00f6tietojen k\u00e4sittelij\u00e4lle Pepiss\u00e4 - Peppi-ohjeet henkil\u00f6kunnalle\",\"isPartOf\":{\"@id\":\"https:\\\/\\\/help.jamk.fi\\\/peppi-ohjeet-henkilokunnalle\\\/#website\"},\"datePublished\":\"2023-10-18T03:26:48+00:00\",\"dateModified\":\"2023-11-10T11:48:26+00:00\",\"breadcrumb\":{\"@id\":\"https:\\\/\\\/help.jamk.fi\\\/peppi-ohjeet-henkilokunnalle\\\/fi\\\/tietosuoja-ja-saavutettavuus\\\/ohjeet-henkilotietojen-kasittelijalle-pepissa\\\/#breadcrumb\"},\"inLanguage\":\"fi\",\"potentialAction\":[{\"@type\":\"ReadAction\",\"target\":[\"https:\\\/\\\/help.jamk.fi\\\/peppi-ohjeet-henkilokunnalle\\\/fi\\\/tietosuoja-ja-saavutettavuus\\\/ohjeet-henkilotietojen-kasittelijalle-pepissa\\\/\"]}]},{\"@type\":\"BreadcrumbList\",\"@id\":\"https:\\\/\\\/help.jamk.fi\\\/peppi-ohjeet-henkilokunnalle\\\/fi\\\/tietosuoja-ja-saavutettavuus\\\/ohjeet-henkilotietojen-kasittelijalle-pepissa\\\/#breadcrumb\",\"itemListElement\":[{\"@type\":\"ListItem\",\"position\":1,\"name\":\"Home\",\"item\":\"https:\\\/\\\/help.jamk.fi\\\/peppi-ohjeet-henkilokunnalle\\\/en\\\/\"},{\"@type\":\"ListItem\",\"position\":2,\"name\":\"Tietosuoja ja saavutettavuus\",\"item\":\"https:\\\/\\\/help.jamk.fi\\\/peppi-ohjeet-henkilokunnalle\\\/fi\\\/tietosuoja-ja-saavutettavuus\\\/\"},{\"@type\":\"ListItem\",\"position\":3,\"name\":\"Ohjeet henkil\u00f6tietojen k\u00e4sittelij\u00e4lle Pepiss\u00e4\"}]},{\"@type\":\"WebSite\",\"@id\":\"https:\\\/\\\/help.jamk.fi\\\/peppi-ohjeet-henkilokunnalle\\\/#website\",\"url\":\"https:\\\/\\\/help.jamk.fi\\\/peppi-ohjeet-henkilokunnalle\\\/\",\"name\":\"Peppi-ohjeet henkil\u00f6kunnalle\",\"description\":\"\",\"potentialAction\":[{\"@type\":\"SearchAction\",\"target\":{\"@type\":\"EntryPoint\",\"urlTemplate\":\"https:\\\/\\\/help.jamk.fi\\\/peppi-ohjeet-henkilokunnalle\\\/?s={search_term_string}\"},\"query-input\":{\"@type\":\"PropertyValueSpecification\",\"valueRequired\":true,\"valueName\":\"search_term_string\"}}],\"inLanguage\":\"fi\"}]}<\/script>\n<!-- \/ Yoast SEO plugin. -->","yoast_head_json":{"title":"Ohjeet henkil\u00f6tietojen k\u00e4sittelij\u00e4lle Pepiss\u00e4 - Peppi-ohjeet henkil\u00f6kunnalle","robots":{"index":"index","follow":"follow","max-snippet":"max-snippet:-1","max-image-preview":"max-image-preview:large","max-video-preview":"max-video-preview:-1"},"canonical":"https:\/\/help.jamk.fi\/peppi-ohjeet-henkilokunnalle\/fi\/tietosuoja-ja-saavutettavuus\/ohjeet-henkilotietojen-kasittelijalle-pepissa\/","og_locale":"fi_FI","og_type":"article","og_title":"Ohjeet henkil\u00f6tietojen k\u00e4sittelij\u00e4lle Pepiss\u00e4 - Peppi-ohjeet henkil\u00f6kunnalle","og_description":"K\u00e4sittele henkil\u00f6tietoja t\u00e4m\u00e4n ohjeen mukaisesti. Noudata ohjeita my\u00f6s, kun siirr\u00e4t, s\u00e4ilyt\u00e4t ja arkistoit henkil\u00f6tietoja. N\u00e4iden k\u00e4sittelyohjeiden lis\u00e4ksi noudata voimassa olevaa lains\u00e4\u00e4d\u00e4nt\u00f6\u00e4 koskien henkil\u00f6tietoja. Silt\u00e4 osin kuin n\u00e4m\u00e4 ohjeet ovat ristiriidassa lains\u00e4\u00e4d\u00e4nn\u00f6n kanssa, noudatetaan lains\u00e4\u00e4d\u00e4nn\u00f6n vaatimuksia.Henkil\u00f6tietojen k\u00e4sittelij\u00e4n on noudatettava seuraavia ohjeita: Tietosuoja-asetuksessa on m\u00e4\u00e4ritelty erityiset henkil\u00f6tietoryhm\u00e4t, joiden k\u00e4sittelylle on asetetut tiukemmat perusteet. Tietosuoja-asetuksen my\u00f6t\u00e4 erityisiin henkil\u00f6tietoihin [&hellip;]","og_url":"https:\/\/help.jamk.fi\/peppi-ohjeet-henkilokunnalle\/fi\/tietosuoja-ja-saavutettavuus\/ohjeet-henkilotietojen-kasittelijalle-pepissa\/","og_site_name":"Peppi-ohjeet henkil\u00f6kunnalle","article_modified_time":"2023-11-10T11:48:26+00:00","twitter_card":"summary_large_image","twitter_misc":{"Arvioitu lukuaika":"3 minuuttia"},"schema":{"@context":"https:\/\/schema.org","@graph":[{"@type":"WebPage","@id":"https:\/\/help.jamk.fi\/peppi-ohjeet-henkilokunnalle\/fi\/tietosuoja-ja-saavutettavuus\/ohjeet-henkilotietojen-kasittelijalle-pepissa\/","url":"https:\/\/help.jamk.fi\/peppi-ohjeet-henkilokunnalle\/fi\/tietosuoja-ja-saavutettavuus\/ohjeet-henkilotietojen-kasittelijalle-pepissa\/","name":"Ohjeet henkil\u00f6tietojen k\u00e4sittelij\u00e4lle Pepiss\u00e4 - Peppi-ohjeet henkil\u00f6kunnalle","isPartOf":{"@id":"https:\/\/help.jamk.fi\/peppi-ohjeet-henkilokunnalle\/#website"},"datePublished":"2023-10-18T03:26:48+00:00","dateModified":"2023-11-10T11:48:26+00:00","breadcrumb":{"@id":"https:\/\/help.jamk.fi\/peppi-ohjeet-henkilokunnalle\/fi\/tietosuoja-ja-saavutettavuus\/ohjeet-henkilotietojen-kasittelijalle-pepissa\/#breadcrumb"},"inLanguage":"fi","potentialAction":[{"@type":"ReadAction","target":["https:\/\/help.jamk.fi\/peppi-ohjeet-henkilokunnalle\/fi\/tietosuoja-ja-saavutettavuus\/ohjeet-henkilotietojen-kasittelijalle-pepissa\/"]}]},{"@type":"BreadcrumbList","@id":"https:\/\/help.jamk.fi\/peppi-ohjeet-henkilokunnalle\/fi\/tietosuoja-ja-saavutettavuus\/ohjeet-henkilotietojen-kasittelijalle-pepissa\/#breadcrumb","itemListElement":[{"@type":"ListItem","position":1,"name":"Home","item":"https:\/\/help.jamk.fi\/peppi-ohjeet-henkilokunnalle\/en\/"},{"@type":"ListItem","position":2,"name":"Tietosuoja ja saavutettavuus","item":"https:\/\/help.jamk.fi\/peppi-ohjeet-henkilokunnalle\/fi\/tietosuoja-ja-saavutettavuus\/"},{"@type":"ListItem","position":3,"name":"Ohjeet henkil\u00f6tietojen k\u00e4sittelij\u00e4lle Pepiss\u00e4"}]},{"@type":"WebSite","@id":"https:\/\/help.jamk.fi\/peppi-ohjeet-henkilokunnalle\/#website","url":"https:\/\/help.jamk.fi\/peppi-ohjeet-henkilokunnalle\/","name":"Peppi-ohjeet henkil\u00f6kunnalle","description":"","potentialAction":[{"@type":"SearchAction","target":{"@type":"EntryPoint","urlTemplate":"https:\/\/help.jamk.fi\/peppi-ohjeet-henkilokunnalle\/?s={search_term_string}"},"query-input":{"@type":"PropertyValueSpecification","valueRequired":true,"valueName":"search_term_string"}}],"inLanguage":"fi"}]}},"_links":{"self":[{"href":"https:\/\/help.jamk.fi\/peppi-ohjeet-henkilokunnalle\/wp-json\/wp\/v2\/pages\/4767","targetHints":{"allow":["GET"]}}],"collection":[{"href":"https:\/\/help.jamk.fi\/peppi-ohjeet-henkilokunnalle\/wp-json\/wp\/v2\/pages"}],"about":[{"href":"https:\/\/help.jamk.fi\/peppi-ohjeet-henkilokunnalle\/wp-json\/wp\/v2\/types\/page"}],"author":[{"embeddable":true,"href":"https:\/\/help.jamk.fi\/peppi-ohjeet-henkilokunnalle\/wp-json\/wp\/v2\/users\/77"}],"replies":[{"embeddable":true,"href":"https:\/\/help.jamk.fi\/peppi-ohjeet-henkilokunnalle\/wp-json\/wp\/v2\/comments?post=4767"}],"version-history":[{"count":1,"href":"https:\/\/help.jamk.fi\/peppi-ohjeet-henkilokunnalle\/wp-json\/wp\/v2\/pages\/4767\/revisions"}],"predecessor-version":[{"id":4854,"href":"https:\/\/help.jamk.fi\/peppi-ohjeet-henkilokunnalle\/wp-json\/wp\/v2\/pages\/4767\/revisions\/4854"}],"up":[{"embeddable":true,"href":"https:\/\/help.jamk.fi\/peppi-ohjeet-henkilokunnalle\/wp-json\/wp\/v2\/pages\/5385"}],"wp:attachment":[{"href":"https:\/\/help.jamk.fi\/peppi-ohjeet-henkilokunnalle\/wp-json\/wp\/v2\/media?parent=4767"}],"wp:term":[{"taxonomy":"category","embeddable":true,"href":"https:\/\/help.jamk.fi\/peppi-ohjeet-henkilokunnalle\/wp-json\/wp\/v2\/categories?post=4767"},{"taxonomy":"post_tag","embeddable":true,"href":"https:\/\/help.jamk.fi\/peppi-ohjeet-henkilokunnalle\/wp-json\/wp\/v2\/tags?post=4767"}],"curies":[{"name":"wp","href":"https:\/\/api.w.org\/{rel}","templated":true}]}}