{"id":6602,"date":"2024-04-24T10:56:01","date_gmt":"2024-04-24T07:56:01","guid":{"rendered":"https:\/\/help.jamk.fi\/peppi-ohjeet-henkilokunnalle\/?page_id=6602"},"modified":"2025-12-19T10:41:30","modified_gmt":"2025-12-19T08:41:30","slug":"ristiinopiskeluun-liittyvat-ohjeistukset","status":"publish","type":"page","link":"https:\/\/help.jamk.fi\/peppi-ohjeet-henkilokunnalle\/fi\/ristiinopiskeluun-liittyvat-ohjeistukset\/","title":{"rendered":"Ristiinopiskelu"},"content":{"rendered":"\n<p>Ristiinopiskelu tarkoittaa sit\u00e4, ett\u00e4 opiskelija voi suorittaa opintoja my\u00f6s toisessa kotimaisessa korkeakoulussa &#8211; useimmiten maksutta. T\u00e4m\u00e4 mahdollistaa laajemman kurssitarjonnan hy\u00f6dynt\u00e4misen ja joustavamman opintopolun rakentamisen. <\/p>\n\n\n\n<p>Ristiinopiskelu perustuu oppilaitosten v\u00e4lisiin opetusyhteisty\u00f6verkostoihin, joista tehd\u00e4\u00e4n aina verkostosopimus. Esimerkiksi EduJyv\u00e4skyl\u00e4 sek\u00e4 valtakunnallinen CampusOnline ovat t\u00e4llaista yhteisty\u00f6t\u00e4. T\u00e4lt\u00e4 sivulta l\u00f6yd\u00e4t tietoa ristiinopiskelupalvelusta (RIPA), verkostosopimuksista sek\u00e4 opetusyhteisty\u00f6verkostoista, joissa Jamk on mukana.<\/p>\n\n\n\n<p>Ristiinopiskelun ohjeet <strong>Jamkin opiskelijalle<\/strong> l\u00f6ytyv\u00e4t <a href=\"https:\/\/help.jamk.fi\/peppi\/fi\/ristiinopiskelu\/\">Jamkin opiskelijan ohjeista<\/a>. Jamkin j\u00e4rjest\u00e4miin ristiinopiskelun opintoihin osallistuvan <strong>vierailevan opiskelijan ohjeet<\/strong> l\u00f6ytyv\u00e4t <a href=\"https:\/\/www.jamk.fi\/fi\/opiskelijalle\/vieraileva-opiskelija\">Vierailevan opiskelijan sivulta<\/a>.<\/p>\n\n\n\n<h2 class=\"wp-block-heading\">Opetusyhteisty\u00f6verkostot<\/h2>\n\n\n\n<h3 class=\"wp-block-heading\">CampusOnline<\/h3>\n\n\n\n<p>CampusOnline on Suomen ammattikorkeakoulujen yhteinen opintoyhteisty\u00f6verkosto, josta l\u00f6ytyy opintoja l\u00e4hes kaikista Suomen 24 ammattikorkeakoulusta. <\/p>\n\n\n\n<p>CampusOnline -opintoja voivat tehd\u00e4 l\u00e4sn\u00e4olevaksi ilmoittautuneet:<\/p>\n\n\n\n<ul class=\"wp-block-list\">\n<li>Jamkin tutkinto-opiskelijat<\/li>\n\n\n\n<li>ammatillisen opettajakorkeakoulun opiskelijat ja<\/li>\n\n\n\n<li>avoimen ammattikorkeakoulun v\u00e4yl\u00e4opiskelijat (Huom! Toisen asteen v\u00e4yl\u00e4opiskelijat eiv\u00e4t voi tehd\u00e4 CampusOnline-opintoja.)<\/li>\n<\/ul>\n\n\n\n<h3 class=\"wp-block-heading\">EduJyv\u00e4skyl\u00e4<\/h3>\n\n\n\n<p>EduJyv\u00e4skyl\u00e4n muodostavat Jyv\u00e4skyl\u00e4n ammattikorkeakoulu, Jyv\u00e4skyl\u00e4n yliopisto sek\u00e4 Jyv\u00e4skyl\u00e4n koulutuskuntayhtym\u00e4 Gradia.<\/p>\n\n\n\n<p>EduJyv\u00e4skyl\u00e4-opintoja voivat tehd\u00e4 l\u00e4sn\u00e4olevaksi ilmoittautuneet:<\/p>\n\n\n\n<ul class=\"wp-block-list\">\n<li>Jamkin tutkinto-opiskelijat<\/li>\n\n\n\n<li>kv-vaihto-opiskelijat ja<\/li>\n\n\n\n<li>ammatillisen opettajakorkeakoulun opiskelijat<\/li>\n<\/ul>\n\n\n\n<h3 class=\"wp-block-heading\">Muut opetusyhteisty\u00f6verkostot<\/h3>\n\n\n\n<p>Jamk on yksikk\u00f6tasolla mukana my\u00f6s muissa opetusyhteisty\u00f6verkostoissa, esim. Kuntoutusalan ristiinopiskelu-verkosto (Hyvi), sek\u00e4 Talous ja johtaminen julkishallinnossa ja Juridiikan verkosto (Like). Kysy lis\u00e4\u00e4 RIPAan liitetyist\u00e4 verkostoista Jamkin verkostoyhteyshenkil\u00f6lt\u00e4 (Katja R\u00e4s\u00e4nen, varalla Anitta Huovinen).<\/p>\n\n\n\n<h2 class=\"wp-block-heading\">Ristiinopiskelupalvelu (RIPA)<\/h2>\n\n\n\n<p>Ristiinopiskelupalvelu eli RIPA siirt\u00e4\u00e4 opintotarjonnan, ilmoittautumiset ja suoritustiedot automaattisesti eri korkeakoulujen v\u00e4lill\u00e4. RIPA ei ole erillinen opintotarjotin, vaan opinnot kohdennetaan Pepiss\u00e4 verkostosopimusten mukaisesti. Opiskelijoille RIPA tarkoittaa sit\u00e4, ett\u00e4 opiskelijat voivat ilmoittautua eri verkostojen ristiinopiskelun tarjonnasta l\u00f6ytyville opinnoille Pepiss\u00e4 opiskelijan ty\u00f6p\u00f6yd\u00e4ll\u00e4. Arvioinnit siirtyv\u00e4t suoraan opintorekisteriin.<\/p>\n\n\n\n<p>RIPAa voidaan k\u00e4ytt\u00e4\u00e4 sellaisissa opetusyhteisty\u00f6verkostoissa, joissa opiskelijalle syntyy <strong>opiskeluoikeus<\/strong> toiseen korkeakouluun \u2013 olennaista on ilmoittautumisten ja suoritusten siirtyminen. <\/p>\n\n\n\n<h2 class=\"wp-block-heading\">Verkostosopimus<\/h2>\n\n\n\n<p>Opetusyhteisty\u00f6st\u00e4 tehd\u00e4\u00e4n aina verkostosopimus. Sopimus laaditaan ja allekirjoitetaan Jamkin sopimustenhallinnassa (Cloudia Sopimus). Perehdy ennen sopimuksen laatimista <a href=\"https:\/\/jamkstudent.sharepoint.com\/sites\/Talouspalvelut-Elmo\/SitePages\/Cloudia-Sopimus.aspx\">Cloudian ohjeisiin<\/a>. Varmista etuk\u00e4teen kumppanikorkeakoulun ja allekirjoittajien tiedot.<\/p>\n\n\n\n<p>\u201cKotikorkeakoululla\u201d tarkoitetaan korkeakoulua, jossa opiskelijalla on oikeus suorittaa tutkinto. \u201cKohdekorkeakoululla\u201d tarkoitetaan opetuksen j\u00e4rjest\u00e4v\u00e4\u00e4 korkeakoulua, jossa opiskelijalla on oikeus suorittaa tutkintoonsa kuuluvia opintoja sopimuksen nojalla.<\/p>\n\n\n\n<ul class=\"wp-block-list\">\n<li><strong>Sopimustyyppi:<\/strong> Yhteisty\u00f6sopimukset -&gt; Korkeakoulut<\/li>\n\n\n\n<li><strong>Sopimuspohja:<\/strong> Opetusyhteisty\u00f6verkostosopimus (RIPA). T\u00e4t\u00e4 sopimuspohjaa k\u00e4ytet\u00e4\u00e4n, kun Jamk on verkostossa koordinoiva korkeakoulu.<\/li>\n\n\n\n<li><strong>Muodosta verkoston nimest\u00e4 lyhenne<\/strong> (max. 20 merkki\u00e4).\n<ul class=\"wp-block-list\">\n<li>Verkoston lyhenne ei n\u00e4y opiskelijoille, mutta n\u00e4kyy hallinnollisille k\u00e4ytt\u00e4jille Pepiss\u00e4. \u00c4l\u00e4 k\u00e4yt\u00e4 erikoisempia merkkej\u00e4 taikka kirjaimia \u00e4, \u00f6 ja \u00e5. K\u00e4yt\u00e4 v\u00e4liviiva &#8211; v\u00e4lily\u00f6nnin sijaan. Lyhenne lis\u00e4t\u00e4\u00e4n yhteisty\u00f6sopimuksen nimeen.<\/li>\n\n\n\n<li>Ristiinopiskelupalvelun yll\u00e4pit\u00e4j\u00e4 saattaa hieman muokata toivottua lyhennett\u00e4 verkoston luonnin yhteydess\u00e4, jos lyhenne on jo k\u00e4yt\u00f6ss\u00e4.<\/li>\n<\/ul>\n<\/li>\n\n\n\n<li><strong>Verkostosopimuksen nime\u00e4minen:<\/strong> Sopimus opetusyhteisty\u00f6verkostosta, lyhenne (Jamk\/yksikk\u00f6). Yksikk\u00f6lyhenne on muodossa: Jamk\/AOKK, Jamk\/Hyvi, Jamk\/LIKE, Jamk\/Teknologia tai Jamk\/KOPA. Esimerkiksi:<em> Sopimus Kuntoutusalan yhteisty\u00f6verkostosta, Oskuri (Jamk\/Hyvi)<\/em><\/li>\n\n\n\n<li><strong>Sopimuksen vastuuhenkil\u00f6t:<\/strong> Yksik\u00f6n verkostoyhteyshenkil\u00f6 toimii sopimuksen vastuuhenkil\u00f6n\u00e4 ja varavastuuhenkil\u00f6n\u00e4 p\u00e4\u00e4llikk\u00f6.<\/li>\n\n\n\n<li><strong>Sopimuksen liitteet:<\/strong> Verkoston tarjonta ja yhteyshenkil\u00f6t. Jos verkostossa on sovittu tietyt opinnot\/kiinti\u00f6t, ne kerrotaan liitteess\u00e4. Sopijapuolet neuvottelevat ja vahvistavat tulevan lukuvuoden opetusyhteisty\u00f6n opintojaksot viimeist\u00e4\u00e4n edellisen lukuvuoden toukokuun loppuun menness\u00e4. Liitett\u00e4 voidaan p\u00e4ivitt\u00e4\u00e4 ilman Sopimuksen allekirjoittamista uudelleen. Yhteyshenkil\u00f6iden nimet ja yhteystiedot. Alla esimerkki liitteest\u00e4.<\/li>\n<\/ul>\n\n\n<div class=\"wp-block-image\">\n<figure class=\"aligncenter size-full is-resized\"><img loading=\"lazy\" decoding=\"async\" width=\"605\" height=\"423\" src=\"https:\/\/help.jamk.fi\/peppi-ohjeet-henkilokunnalle\/wp-content\/uploads\/sites\/131\/2025\/11\/Esimerkki-opetusyhteistyoverkoston-sopimuksen-liitteesta-1.png\" alt=\"\" class=\"wp-image-7890\" style=\"width:395px;height:auto\" srcset=\"https:\/\/help.jamk.fi\/peppi-ohjeet-henkilokunnalle\/wp-content\/uploads\/sites\/131\/2025\/11\/Esimerkki-opetusyhteistyoverkoston-sopimuksen-liitteesta-1.png 605w, https:\/\/help.jamk.fi\/peppi-ohjeet-henkilokunnalle\/wp-content\/uploads\/sites\/131\/2025\/11\/Esimerkki-opetusyhteistyoverkoston-sopimuksen-liitteesta-1-300x210.png 300w\" sizes=\"auto, (max-width: 605px) 100vw, 605px\" \/><\/figure>\n<\/div>\n\n\n<p>Jos opetusyhteisty\u00f6verkostosopimus on tehty toisessa korkeakoulussa, Jamkin kappale sopimuksesta vied\u00e4\u00e4n aina my\u00f6s Jamkin sopimustenhallintaan (Cloudia Sopimus).<\/p>\n\n\n\n<p>Mik\u00e4li Jamk ei ole verkostoa koordinoiva korkeakoulu niin kyseisen verkoston Jamkin nime\u00e4m\u00e4 yhteyshenkil\u00f6 huolehtii muuttuneiden sopimustietojen p\u00e4ivitt\u00e4misest\u00e4 sopimustenhallintaan (esim. alkuper\u00e4isen sopimuksen kohtaan &#8221;Muut liitteet&#8221;).<br><br>Perehdy sopimustenhallinnan ohjeisiin (Cloudia Sopimus):<\/p>\n\n\n\n<ul class=\"wp-block-list\">\n<li><a href=\"https:\/\/jamkstudent.sharepoint.com\/sites\/Talouspalvelut-Elmo\/SitePages\/Uuden-sopimuksen-laatiminen-Cloudia-Sopimus.aspx\"><strong>Uuden sopimuksen laatiminen<\/strong> (Cloudia Sopimus)<\/a><\/li>\n\n\n\n<li><a href=\"https:\/\/jamkstudent.sharepoint.com\/sites\/Talouspalvelut-Elmo\/SitePages\/Sopimuksen-tuominen-Cloudia-Sopimukseen.aspx\"><strong>Sopimuksen tuominen<\/strong> (Cloudia Sopimus)<\/a><\/li>\n<\/ul>\n\n\n\n<h2 class=\"wp-block-heading\">Verkoston tietojen ilmoittaminen E-lomakkeella<\/h2>\n\n\n\n<p>Kun RIPA halutaan ottaa opetusyhteisty\u00f6verkostossa k\u00e4ytt\u00f6\u00f6n, kyseisen verkoston yhteyshenkil\u00f6 <strong>yksik\u00f6ss\u00e4<\/strong> ilmoittaa verkoston tiedot <a href=\"https:\/\/jamk.e-lomake.fi\/lomakkeet\/104\/lomake.html\">E-lomakkeella<\/a>. Verkostoyhteyshenkil\u00f6 v\u00e4litt\u00e4\u00e4 <a href=\"https:\/\/jamk.e-lomake.fi\/lomakkeet\/104\/lomake.html\">E-lomakkeella<\/a> ker\u00e4tyt tiedot RIPAn yll\u00e4pit\u00e4j\u00e4lle (CSC). Ilmoittaja saa kuittauksen, kun verkosto on liitetty RIPAan. My\u00f6s sopimukseen tulevat muutokset ilmoitetaan samalla E-lomakkeella.<\/p>\n\n\n\n<h2 class=\"wp-block-heading\">Miten Jamkin opinnot p\u00e4\u00e4tyv\u00e4t ristiinopiskelun tarjontaan?<\/h2>\n\n\n\n<p>Ristiinopiskelu on osa OKM:n rahoitusmallia ja Jamkin ristiinopiskelutarjonta p\u00e4\u00e4tet\u00e4\u00e4n yksik\u00f6iss\u00e4. Yksik\u00f6t tarjoavat opinnot omalla kustannuksellaan, ja my\u00f6s ristiinopiskelupisteet tulevat heille. <\/p>\n\n\n\n<p>Tarjonnan suunnittelussa avainasemassa ovat yksik\u00f6iden koulutussuunnittelijat, jotka yhteisty\u00f6ss\u00e4 p\u00e4\u00e4llik\u00f6iden, opettajien ja muiden asiantuntijoiden kanssa p\u00e4\u00e4tt\u00e4v\u00e4t, mit\u00e4 opintoja laitetaan tarjolle. Opintojen tulee kuitenkin olla osia olemassa olevista tutkinnoista ja noudattaa tutkinto-opiskelijoiden opetussuunnitelmaa. EduJyv\u00e4skyl\u00e4n tavoitteena on keskitty\u00e4 tarjonnassa erityisesti laajempiin kokonaisuuksiin, jolloin opiskelija voi valita joko yhden tai useamman opintojakson jonkin tietyn teeman ymp\u00e4rilt\u00e4. T\u00e4ll\u00f6in yksitt\u00e4iset opintojaksot voivat olla eri oppilaitosten toteuttamia.<\/p>\n\n\n\n<p><\/p>\n\n\n\n<h2 class=\"wp-block-heading\">Peppiin liittyv\u00e4t ohjeet<\/h2>\n\n\n\n<p><\/p>\n\n\n\n<h3 class=\"wp-block-heading\"><strong>Suunnittelijan ohjeet<\/strong><\/h3>\n\n\n\n<p><a href=\"https:\/\/help.jamk.fi\/peppi-ohjeet-henkilokunnalle\/fi\/ristiinopiskeluun-liittyvat-ohjeistukset\/ristiinopiskelun-suunnittelijan-ohjeet\/opintoelementtien-lisaaminen-ristiinopiskeluverkostoon\/\">Opintoelementtien lis\u00e4\u00e4minen ristiinopiskeluverkostoon<\/a><\/p>\n\n\n\n<p><a href=\"https:\/\/help.jamk.fi\/peppi-ohjeet-henkilokunnalle\/fi\/ristiinopiskeluun-liittyvat-ohjeistukset\/ristiinopiskelun-suunnittelijan-ohjeet\/verkoston-ja-sen-keston-lisaaminen-manuaalisesti-opintoelementtiin\/\">Verkoston ja sen keston lis\u00e4\u00e4minen manuaalisesti opintoelementtiin<\/a><\/p>\n\n\n\n<p><a href=\"https:\/\/help.jamk.fi\/peppi-ohjeet-henkilokunnalle\/fi\/ristiinopiskeluun-liittyvat-ohjeistukset\/ristiinopiskelun-suunnittelijan-ohjeet\/ristiinopiskeluverkostojen-periytyminen\/\">Ristiinopiskeluverkostojen periytyminen<\/a><\/p>\n\n\n\n<p><a href=\"https:\/\/help.jamk.fi\/peppi-ohjeet-henkilokunnalle\/fi\/ristiinopiskeluun-liittyvat-ohjeistukset\/ristiinopiskelun-suunnittelijan-ohjeet\/opintojakson-lisaaminen-verkostoon\/\">Opintojakson lis\u00e4\u00e4minen ja poistaminen verkostosta<\/a><\/p>\n\n\n\n<p><a href=\"https:\/\/help.jamk.fi\/peppi-ohjeet-henkilokunnalle\/fi\/ristiinopiskeluun-liittyvat-ohjeistukset\/ristiinopiskelun-suunnittelijan-ohjeet\/opintojakson-poistaminen-verkostosta\/\">EOK:n lis\u00e4\u00e4minen ja poistaminen verkostosta<\/a><\/p>\n\n\n\n<p><a href=\"https:\/\/help.jamk.fi\/peppi-ohjeet-henkilokunnalle\/fi\/ristiinopiskeluun-liittyvat-ohjeistukset\/ristiinopiskelun-suunnittelijan-ohjeet\/opintokokonaisuuden-lisaaminen-ja-poistaminen-verkostosta\/\">Opintokokonaisuuden lis\u00e4\u00e4minen ja poistaminen verkostosta<\/a><\/p>\n\n\n\n<p><a href=\"https:\/\/help.jamk.fi\/peppi-ohjeet-henkilokunnalle\/fi\/ristiinopiskeluun-liittyvat-ohjeistukset\/ristiinopiskelun-suunnittelijan-ohjeet\/toteutuksen-verkostotieto\/\">Toteutuksen verkostotieto ja kiinti\u00f6ryhm\u00e4t<\/a><\/p>\n\n\n\n<p><a href=\"https:\/\/help.jamk.fi\/peppi-ohjeet-henkilokunnalle\/fi\/ristiinopiskeluun-liittyvat-ohjeistukset\/ristiinopiskelun-suunnittelijan-ohjeet\/toteutuksen-lisaaminen-ja-poistaminen-verkostosta\/\">Uuden toteutuksen luominen sek\u00e4 toteutuksen lis\u00e4\u00e4minen ja poistaminen verkostosta<\/a><\/p>\n\n\n\n<p><a href=\"https:\/\/help.jamk.fi\/peppi-ohjeet-henkilokunnalle\/fi\/ristiinopiskeluun-liittyvat-ohjeistukset\/ristiinopiskelun-suunnittelijan-ohjeet\/ristiinopiskeluverkoston-perusteella-hakeminen\/\">Ristiinopiskeluverkoston perusteella hakeminen<\/a><\/p>\n\n\n\n<h3 class=\"wp-block-heading\">Opettajan ohjeet<\/h3>\n\n\n\n<p><a href=\"https:\/\/help.jamk.fi\/peppi-ohjeet-henkilokunnalle\/fi\/ristiinopiskeluun-liittyvat-ohjeistukset\/ristiinopiskelun-opettajan-ohjeet\/toteutuksen-verkostotieto\/\">Toteutuksen verkostotieto<\/a><\/p>\n\n\n\n<p><a href=\"https:\/\/help.jamk.fi\/peppi-ohjeet-henkilokunnalle\/fi\/ristiinopiskeluun-liittyvat-ohjeistukset\/ristiinopiskelun-opettajan-ohjeet\/ilmoittautumisten-kasittely\/\">Ilmoittautumisten k\u00e4sittely<\/a><\/p>\n\n\n\n<p><a href=\"https:\/\/help.jamk.fi\/peppi-ohjeet-henkilokunnalle\/fi\/ristiinopiskeluun-liittyvat-ohjeistukset\/ristiinopiskelun-opettajan-ohjeet\/ristiinopiskelusuoritukset\/\">Ristiinopiskelusuoritukset<\/a><\/p>\n\n\n\n<p><a href=\"https:\/\/help.jamk.fi\/peppi-ohjeet-henkilokunnalle\/fi\/ristiinopiskeluun-liittyvat-ohjeistukset\/ristiinopiskelun-opettajan-ohjeet\/ristiinopiskelusuoritusten-arviointi\/\">Ristiinopiskelusuoritusten arviointi<\/a><\/p>\n","protected":false},"excerpt":{"rendered":"<p>Ristiinopiskelu tarkoittaa sit\u00e4, ett\u00e4 opiskelija voi suorittaa opintoja my\u00f6s toisessa kotimaisessa korkeakoulussa &#8211; useimmiten maksutta. T\u00e4m\u00e4 mahdollistaa laajemman kurssitarjonnan hy\u00f6dynt\u00e4misen ja joustavamman opintopolun rakentamisen. Ristiinopiskelu perustuu oppilaitosten v\u00e4lisiin opetusyhteisty\u00f6verkostoihin, joista tehd\u00e4\u00e4n aina verkostosopimus. Esimerkiksi EduJyv\u00e4skyl\u00e4 sek\u00e4 valtakunnallinen CampusOnline ovat t\u00e4llaista yhteisty\u00f6t\u00e4. T\u00e4lt\u00e4 sivulta l\u00f6yd\u00e4t tietoa ristiinopiskelupalvelusta (RIPA), verkostosopimuksista sek\u00e4 opetusyhteisty\u00f6verkostoista, joissa Jamk on mukana. Ristiinopiskelun [&hellip;]<\/p>\n","protected":false},"author":78,"featured_media":0,"parent":0,"menu_order":0,"comment_status":"closed","ping_status":"closed","template":"","meta":{"_acf_changed":false,"_relevanssi_hide_post":"","_relevanssi_hide_content":"","_relevanssi_pin_for_all":"","_relevanssi_pin_keywords":"","_relevanssi_unpin_keywords":"","_relevanssi_related_keywords":"","_relevanssi_related_include_ids":"","_relevanssi_related_exclude_ids":"","_relevanssi_related_no_append":"","_relevanssi_related_not_related":"","_relevanssi_related_posts":"","_relevanssi_noindex_reason":"","footnotes":""},"categories":[],"tags":[],"class_list":["post-6602","page","type-page","status-publish","hentry"],"acf":[],"yoast_head":"<!-- This site is optimized with the Yoast SEO plugin v27.3 - https:\/\/yoast.com\/product\/yoast-seo-wordpress\/ -->\n<title>Ristiinopiskelu - Peppi-ohjeet henkil\u00f6kunnalle<\/title>\n<meta name=\"robots\" content=\"index, follow, max-snippet:-1, max-image-preview:large, max-video-preview:-1\" \/>\n<link rel=\"canonical\" href=\"https:\/\/help.jamk.fi\/peppi-ohjeet-henkilokunnalle\/fi\/ristiinopiskeluun-liittyvat-ohjeistukset\/\" \/>\n<meta property=\"og:locale\" content=\"fi_FI\" \/>\n<meta property=\"og:type\" content=\"article\" \/>\n<meta property=\"og:title\" content=\"Ristiinopiskelu - Peppi-ohjeet henkil\u00f6kunnalle\" \/>\n<meta property=\"og:description\" content=\"Ristiinopiskelu tarkoittaa sit\u00e4, ett\u00e4 opiskelija voi suorittaa opintoja my\u00f6s toisessa kotimaisessa korkeakoulussa &#8211; useimmiten maksutta. T\u00e4m\u00e4 mahdollistaa laajemman kurssitarjonnan hy\u00f6dynt\u00e4misen ja joustavamman opintopolun rakentamisen. Ristiinopiskelu perustuu oppilaitosten v\u00e4lisiin opetusyhteisty\u00f6verkostoihin, joista tehd\u00e4\u00e4n aina verkostosopimus. Esimerkiksi EduJyv\u00e4skyl\u00e4 sek\u00e4 valtakunnallinen CampusOnline ovat t\u00e4llaista yhteisty\u00f6t\u00e4. T\u00e4lt\u00e4 sivulta l\u00f6yd\u00e4t tietoa ristiinopiskelupalvelusta (RIPA), verkostosopimuksista sek\u00e4 opetusyhteisty\u00f6verkostoista, joissa Jamk on mukana. Ristiinopiskelun [&hellip;]\" \/>\n<meta property=\"og:url\" content=\"https:\/\/help.jamk.fi\/peppi-ohjeet-henkilokunnalle\/fi\/ristiinopiskeluun-liittyvat-ohjeistukset\/\" \/>\n<meta property=\"og:site_name\" content=\"Peppi-ohjeet henkil\u00f6kunnalle\" \/>\n<meta property=\"article:modified_time\" content=\"2025-12-19T08:41:30+00:00\" \/>\n<meta property=\"og:image\" content=\"https:\/\/help.jamk.fi\/peppi-ohjeet-henkilokunnalle\/wp-content\/uploads\/sites\/131\/2025\/11\/Esimerkki-opetusyhteistyoverkoston-sopimuksen-liitteesta-1.png\" \/>\n\t<meta property=\"og:image:width\" content=\"605\" \/>\n\t<meta property=\"og:image:height\" content=\"423\" \/>\n\t<meta property=\"og:image:type\" content=\"image\/png\" \/>\n<meta name=\"twitter:card\" content=\"summary_large_image\" \/>\n<meta name=\"twitter:label1\" content=\"Arvioitu lukuaika\" \/>\n\t<meta name=\"twitter:data1\" content=\"5 minuuttia\" \/>\n<script type=\"application\/ld+json\" class=\"yoast-schema-graph\">{\"@context\":\"https:\\\/\\\/schema.org\",\"@graph\":[{\"@type\":\"WebPage\",\"@id\":\"https:\\\/\\\/help.jamk.fi\\\/peppi-ohjeet-henkilokunnalle\\\/fi\\\/ristiinopiskeluun-liittyvat-ohjeistukset\\\/\",\"url\":\"https:\\\/\\\/help.jamk.fi\\\/peppi-ohjeet-henkilokunnalle\\\/fi\\\/ristiinopiskeluun-liittyvat-ohjeistukset\\\/\",\"name\":\"Ristiinopiskelu - Peppi-ohjeet henkil\u00f6kunnalle\",\"isPartOf\":{\"@id\":\"https:\\\/\\\/help.jamk.fi\\\/peppi-ohjeet-henkilokunnalle\\\/#website\"},\"primaryImageOfPage\":{\"@id\":\"https:\\\/\\\/help.jamk.fi\\\/peppi-ohjeet-henkilokunnalle\\\/fi\\\/ristiinopiskeluun-liittyvat-ohjeistukset\\\/#primaryimage\"},\"image\":{\"@id\":\"https:\\\/\\\/help.jamk.fi\\\/peppi-ohjeet-henkilokunnalle\\\/fi\\\/ristiinopiskeluun-liittyvat-ohjeistukset\\\/#primaryimage\"},\"thumbnailUrl\":\"https:\\\/\\\/help.jamk.fi\\\/peppi-ohjeet-henkilokunnalle\\\/wp-content\\\/uploads\\\/sites\\\/131\\\/2025\\\/11\\\/Esimerkki-opetusyhteistyoverkoston-sopimuksen-liitteesta-1.png\",\"datePublished\":\"2024-04-24T07:56:01+00:00\",\"dateModified\":\"2025-12-19T08:41:30+00:00\",\"breadcrumb\":{\"@id\":\"https:\\\/\\\/help.jamk.fi\\\/peppi-ohjeet-henkilokunnalle\\\/fi\\\/ristiinopiskeluun-liittyvat-ohjeistukset\\\/#breadcrumb\"},\"inLanguage\":\"fi\",\"potentialAction\":[{\"@type\":\"ReadAction\",\"target\":[\"https:\\\/\\\/help.jamk.fi\\\/peppi-ohjeet-henkilokunnalle\\\/fi\\\/ristiinopiskeluun-liittyvat-ohjeistukset\\\/\"]}]},{\"@type\":\"ImageObject\",\"inLanguage\":\"fi\",\"@id\":\"https:\\\/\\\/help.jamk.fi\\\/peppi-ohjeet-henkilokunnalle\\\/fi\\\/ristiinopiskeluun-liittyvat-ohjeistukset\\\/#primaryimage\",\"url\":\"https:\\\/\\\/help.jamk.fi\\\/peppi-ohjeet-henkilokunnalle\\\/wp-content\\\/uploads\\\/sites\\\/131\\\/2025\\\/11\\\/Esimerkki-opetusyhteistyoverkoston-sopimuksen-liitteesta-1.png\",\"contentUrl\":\"https:\\\/\\\/help.jamk.fi\\\/peppi-ohjeet-henkilokunnalle\\\/wp-content\\\/uploads\\\/sites\\\/131\\\/2025\\\/11\\\/Esimerkki-opetusyhteistyoverkoston-sopimuksen-liitteesta-1.png\",\"width\":605,\"height\":423},{\"@type\":\"BreadcrumbList\",\"@id\":\"https:\\\/\\\/help.jamk.fi\\\/peppi-ohjeet-henkilokunnalle\\\/fi\\\/ristiinopiskeluun-liittyvat-ohjeistukset\\\/#breadcrumb\",\"itemListElement\":[{\"@type\":\"ListItem\",\"position\":1,\"name\":\"Home\",\"item\":\"https:\\\/\\\/help.jamk.fi\\\/peppi-ohjeet-henkilokunnalle\\\/en\\\/\"},{\"@type\":\"ListItem\",\"position\":2,\"name\":\"Ristiinopiskelu\"}]},{\"@type\":\"WebSite\",\"@id\":\"https:\\\/\\\/help.jamk.fi\\\/peppi-ohjeet-henkilokunnalle\\\/#website\",\"url\":\"https:\\\/\\\/help.jamk.fi\\\/peppi-ohjeet-henkilokunnalle\\\/\",\"name\":\"Peppi-ohjeet henkil\u00f6kunnalle\",\"description\":\"\",\"potentialAction\":[{\"@type\":\"SearchAction\",\"target\":{\"@type\":\"EntryPoint\",\"urlTemplate\":\"https:\\\/\\\/help.jamk.fi\\\/peppi-ohjeet-henkilokunnalle\\\/?s={search_term_string}\"},\"query-input\":{\"@type\":\"PropertyValueSpecification\",\"valueRequired\":true,\"valueName\":\"search_term_string\"}}],\"inLanguage\":\"fi\"}]}<\/script>\n<!-- \/ Yoast SEO plugin. -->","yoast_head_json":{"title":"Ristiinopiskelu - Peppi-ohjeet henkil\u00f6kunnalle","robots":{"index":"index","follow":"follow","max-snippet":"max-snippet:-1","max-image-preview":"max-image-preview:large","max-video-preview":"max-video-preview:-1"},"canonical":"https:\/\/help.jamk.fi\/peppi-ohjeet-henkilokunnalle\/fi\/ristiinopiskeluun-liittyvat-ohjeistukset\/","og_locale":"fi_FI","og_type":"article","og_title":"Ristiinopiskelu - Peppi-ohjeet henkil\u00f6kunnalle","og_description":"Ristiinopiskelu tarkoittaa sit\u00e4, ett\u00e4 opiskelija voi suorittaa opintoja my\u00f6s toisessa kotimaisessa korkeakoulussa &#8211; useimmiten maksutta. T\u00e4m\u00e4 mahdollistaa laajemman kurssitarjonnan hy\u00f6dynt\u00e4misen ja joustavamman opintopolun rakentamisen. Ristiinopiskelu perustuu oppilaitosten v\u00e4lisiin opetusyhteisty\u00f6verkostoihin, joista tehd\u00e4\u00e4n aina verkostosopimus. Esimerkiksi EduJyv\u00e4skyl\u00e4 sek\u00e4 valtakunnallinen CampusOnline ovat t\u00e4llaista yhteisty\u00f6t\u00e4. T\u00e4lt\u00e4 sivulta l\u00f6yd\u00e4t tietoa ristiinopiskelupalvelusta (RIPA), verkostosopimuksista sek\u00e4 opetusyhteisty\u00f6verkostoista, joissa Jamk on mukana. Ristiinopiskelun [&hellip;]","og_url":"https:\/\/help.jamk.fi\/peppi-ohjeet-henkilokunnalle\/fi\/ristiinopiskeluun-liittyvat-ohjeistukset\/","og_site_name":"Peppi-ohjeet henkil\u00f6kunnalle","article_modified_time":"2025-12-19T08:41:30+00:00","og_image":[{"width":605,"height":423,"url":"https:\/\/help.jamk.fi\/peppi-ohjeet-henkilokunnalle\/wp-content\/uploads\/sites\/131\/2025\/11\/Esimerkki-opetusyhteistyoverkoston-sopimuksen-liitteesta-1.png","type":"image\/png"}],"twitter_card":"summary_large_image","twitter_misc":{"Arvioitu lukuaika":"5 minuuttia"},"schema":{"@context":"https:\/\/schema.org","@graph":[{"@type":"WebPage","@id":"https:\/\/help.jamk.fi\/peppi-ohjeet-henkilokunnalle\/fi\/ristiinopiskeluun-liittyvat-ohjeistukset\/","url":"https:\/\/help.jamk.fi\/peppi-ohjeet-henkilokunnalle\/fi\/ristiinopiskeluun-liittyvat-ohjeistukset\/","name":"Ristiinopiskelu - Peppi-ohjeet henkil\u00f6kunnalle","isPartOf":{"@id":"https:\/\/help.jamk.fi\/peppi-ohjeet-henkilokunnalle\/#website"},"primaryImageOfPage":{"@id":"https:\/\/help.jamk.fi\/peppi-ohjeet-henkilokunnalle\/fi\/ristiinopiskeluun-liittyvat-ohjeistukset\/#primaryimage"},"image":{"@id":"https:\/\/help.jamk.fi\/peppi-ohjeet-henkilokunnalle\/fi\/ristiinopiskeluun-liittyvat-ohjeistukset\/#primaryimage"},"thumbnailUrl":"https:\/\/help.jamk.fi\/peppi-ohjeet-henkilokunnalle\/wp-content\/uploads\/sites\/131\/2025\/11\/Esimerkki-opetusyhteistyoverkoston-sopimuksen-liitteesta-1.png","datePublished":"2024-04-24T07:56:01+00:00","dateModified":"2025-12-19T08:41:30+00:00","breadcrumb":{"@id":"https:\/\/help.jamk.fi\/peppi-ohjeet-henkilokunnalle\/fi\/ristiinopiskeluun-liittyvat-ohjeistukset\/#breadcrumb"},"inLanguage":"fi","potentialAction":[{"@type":"ReadAction","target":["https:\/\/help.jamk.fi\/peppi-ohjeet-henkilokunnalle\/fi\/ristiinopiskeluun-liittyvat-ohjeistukset\/"]}]},{"@type":"ImageObject","inLanguage":"fi","@id":"https:\/\/help.jamk.fi\/peppi-ohjeet-henkilokunnalle\/fi\/ristiinopiskeluun-liittyvat-ohjeistukset\/#primaryimage","url":"https:\/\/help.jamk.fi\/peppi-ohjeet-henkilokunnalle\/wp-content\/uploads\/sites\/131\/2025\/11\/Esimerkki-opetusyhteistyoverkoston-sopimuksen-liitteesta-1.png","contentUrl":"https:\/\/help.jamk.fi\/peppi-ohjeet-henkilokunnalle\/wp-content\/uploads\/sites\/131\/2025\/11\/Esimerkki-opetusyhteistyoverkoston-sopimuksen-liitteesta-1.png","width":605,"height":423},{"@type":"BreadcrumbList","@id":"https:\/\/help.jamk.fi\/peppi-ohjeet-henkilokunnalle\/fi\/ristiinopiskeluun-liittyvat-ohjeistukset\/#breadcrumb","itemListElement":[{"@type":"ListItem","position":1,"name":"Home","item":"https:\/\/help.jamk.fi\/peppi-ohjeet-henkilokunnalle\/en\/"},{"@type":"ListItem","position":2,"name":"Ristiinopiskelu"}]},{"@type":"WebSite","@id":"https:\/\/help.jamk.fi\/peppi-ohjeet-henkilokunnalle\/#website","url":"https:\/\/help.jamk.fi\/peppi-ohjeet-henkilokunnalle\/","name":"Peppi-ohjeet henkil\u00f6kunnalle","description":"","potentialAction":[{"@type":"SearchAction","target":{"@type":"EntryPoint","urlTemplate":"https:\/\/help.jamk.fi\/peppi-ohjeet-henkilokunnalle\/?s={search_term_string}"},"query-input":{"@type":"PropertyValueSpecification","valueRequired":true,"valueName":"search_term_string"}}],"inLanguage":"fi"}]}},"_links":{"self":[{"href":"https:\/\/help.jamk.fi\/peppi-ohjeet-henkilokunnalle\/wp-json\/wp\/v2\/pages\/6602","targetHints":{"allow":["GET"]}}],"collection":[{"href":"https:\/\/help.jamk.fi\/peppi-ohjeet-henkilokunnalle\/wp-json\/wp\/v2\/pages"}],"about":[{"href":"https:\/\/help.jamk.fi\/peppi-ohjeet-henkilokunnalle\/wp-json\/wp\/v2\/types\/page"}],"author":[{"embeddable":true,"href":"https:\/\/help.jamk.fi\/peppi-ohjeet-henkilokunnalle\/wp-json\/wp\/v2\/users\/78"}],"replies":[{"embeddable":true,"href":"https:\/\/help.jamk.fi\/peppi-ohjeet-henkilokunnalle\/wp-json\/wp\/v2\/comments?post=6602"}],"version-history":[{"count":40,"href":"https:\/\/help.jamk.fi\/peppi-ohjeet-henkilokunnalle\/wp-json\/wp\/v2\/pages\/6602\/revisions"}],"predecessor-version":[{"id":7919,"href":"https:\/\/help.jamk.fi\/peppi-ohjeet-henkilokunnalle\/wp-json\/wp\/v2\/pages\/6602\/revisions\/7919"}],"wp:attachment":[{"href":"https:\/\/help.jamk.fi\/peppi-ohjeet-henkilokunnalle\/wp-json\/wp\/v2\/media?parent=6602"}],"wp:term":[{"taxonomy":"category","embeddable":true,"href":"https:\/\/help.jamk.fi\/peppi-ohjeet-henkilokunnalle\/wp-json\/wp\/v2\/categories?post=6602"},{"taxonomy":"post_tag","embeddable":true,"href":"https:\/\/help.jamk.fi\/peppi-ohjeet-henkilokunnalle\/wp-json\/wp\/v2\/tags?post=6602"}],"curies":[{"name":"wp","href":"https:\/\/api.w.org\/{rel}","templated":true}]}}