{"id":6620,"date":"2024-04-24T11:23:31","date_gmt":"2024-04-24T08:23:31","guid":{"rendered":"https:\/\/help.jamk.fi\/peppi-ohjeet-henkilokunnalle\/?page_id=6620"},"modified":"2024-11-11T10:55:57","modified_gmt":"2024-11-11T08:55:57","slug":"opintokokonaisuuden-lisaaminen-ja-poistaminen-verkostosta","status":"publish","type":"page","link":"https:\/\/help.jamk.fi\/peppi-ohjeet-henkilokunnalle\/fi\/ristiinopiskeluun-liittyvat-ohjeistukset\/ristiinopiskelun-suunnittelijan-ohjeet\/opintokokonaisuuden-lisaaminen-ja-poistaminen-verkostosta\/","title":{"rendered":"Opintokokonaisuuden lis\u00e4\u00e4minen ja poistaminen verkostosta"},"content":{"rendered":"\n<h2 class=\"wp-block-heading\"><strong>Opintokokonaisuuden lis\u00e4\u00e4minen verkostoon<\/strong><\/h2>\n\n\n\n<p>Siirry OPSin Rakenne-v\u00e4lilehdelle.<\/p>\n\n\n\n<p>1.\u00a0Napsauta painiketta haluamasi opintokokonaisuuden nimen vieress\u00e4 ja valitse <strong>Liitokset ristiinopiskeluverkostoihin<\/strong> (kuvio 1 ja kuvio 2).<\/p>\n\n\n\n<figure class=\"wp-block-image size-large is-resized\"><img loading=\"lazy\" decoding=\"async\" width=\"1024\" height=\"200\" src=\"https:\/\/help.jamk.fi\/peppi-ohjeet-henkilokunnalle\/wp-content\/uploads\/sites\/131\/2024\/04\/ok_muokkaus-1024x200.png\" alt=\"OIkean reunan avautuvasta valikosta valitaan alinvaihtoetho eli &quot;Liitokset ristiinpoiskeluverkostoihin&quot;\" class=\"wp-image-6663\" style=\"width:542px;height:auto\" srcset=\"https:\/\/help.jamk.fi\/peppi-ohjeet-henkilokunnalle\/wp-content\/uploads\/sites\/131\/2024\/04\/ok_muokkaus-1024x200.png 1024w, https:\/\/help.jamk.fi\/peppi-ohjeet-henkilokunnalle\/wp-content\/uploads\/sites\/131\/2024\/04\/ok_muokkaus-300x59.png 300w, https:\/\/help.jamk.fi\/peppi-ohjeet-henkilokunnalle\/wp-content\/uploads\/sites\/131\/2024\/04\/ok_muokkaus-768x150.png 768w, https:\/\/help.jamk.fi\/peppi-ohjeet-henkilokunnalle\/wp-content\/uploads\/sites\/131\/2024\/04\/ok_muokkaus.png 1482w\" sizes=\"auto, (max-width: 1024px) 100vw, 1024px\" \/><figcaption class=\"wp-element-caption\">Kuvio 1. Opintokokonaisuudella oleva valikko<\/figcaption><\/figure>\n\n\n\n<p>&nbsp;&nbsp;&nbsp;<\/p>\n\n\n\n<figure class=\"wp-block-image size-large is-resized\"><img loading=\"lazy\" decoding=\"async\" width=\"1024\" height=\"368\" src=\"https:\/\/help.jamk.fi\/peppi-ohjeet-henkilokunnalle\/wp-content\/uploads\/sites\/131\/2024\/04\/ok1_liitokset-1024x368.png\" alt=\"\u201cOpintokokonaisuuden suorat liitokset ristiinopiskeluverkostoihin\u201d -ponnahdusikkuna aukeaa.\" class=\"wp-image-6665\" style=\"width:774px;height:auto\" srcset=\"https:\/\/help.jamk.fi\/peppi-ohjeet-henkilokunnalle\/wp-content\/uploads\/sites\/131\/2024\/04\/ok1_liitokset-1024x368.png 1024w, https:\/\/help.jamk.fi\/peppi-ohjeet-henkilokunnalle\/wp-content\/uploads\/sites\/131\/2024\/04\/ok1_liitokset-300x108.png 300w, https:\/\/help.jamk.fi\/peppi-ohjeet-henkilokunnalle\/wp-content\/uploads\/sites\/131\/2024\/04\/ok1_liitokset-768x276.png 768w, https:\/\/help.jamk.fi\/peppi-ohjeet-henkilokunnalle\/wp-content\/uploads\/sites\/131\/2024\/04\/ok1_liitokset.png 1314w\" sizes=\"auto, (max-width: 1024px) 100vw, 1024px\" \/><figcaption class=\"wp-element-caption\">Kuvio 2. Liitokset ristiinopiskeluverkostoihin -n\u00e4kym\u00e4<\/figcaption><\/figure>\n\n\n\n<p>2.\u00a0\u00a0Valitse <strong>Muokkaa suoria liitoksia<\/strong> (kuvio 3).<\/p>\n\n\n\n<p>3.  Etsi haluamasi verkosto <strong>Lis\u00e4\u00e4 verkostoja<\/strong> -pudotusvalikosta ja tallenna valintasi.<\/p>\n\n\n\n<figure class=\"wp-block-image size-full is-resized\"><img loading=\"lazy\" decoding=\"async\" width=\"767\" height=\"431\" src=\"https:\/\/help.jamk.fi\/peppi-ohjeet-henkilokunnalle\/wp-content\/uploads\/sites\/131\/2024\/04\/ok_liitos_muokkaus.png\" alt=\"Hae verkostoja -alasvetovalikosta voit etsi\u00e4 haluamasi verkoston\" class=\"wp-image-6666\" style=\"width:694px;height:auto\" srcset=\"https:\/\/help.jamk.fi\/peppi-ohjeet-henkilokunnalle\/wp-content\/uploads\/sites\/131\/2024\/04\/ok_liitos_muokkaus.png 767w, https:\/\/help.jamk.fi\/peppi-ohjeet-henkilokunnalle\/wp-content\/uploads\/sites\/131\/2024\/04\/ok_liitos_muokkaus-300x169.png 300w\" sizes=\"auto, (max-width: 767px) 100vw, 767px\" \/><figcaption class=\"wp-element-caption\">Kuvio 3. Muokkaa suoria liitoksia -n\u00e4kym\u00e4<\/figcaption><\/figure>\n\n\n\n<h2 class=\"wp-block-heading\"><strong>Opintokokonaisuuden poisto verkostosta <\/strong><\/h2>\n\n\n\n<p>Jos liitos on periytynyt kokonaisuudelle \u00e4itiopinnolta, et voi poistaa sit\u00e4.<\/p>\n\n\n\n<ol class=\"wp-block-list\">\n<li>Napsauta OPSin Rakenne-v\u00e4lilehdell\u00e4 painiketta haluamasi opintokokonaisuuden nimen vieress\u00e4 ja valitse <strong>Liitokset ristiinopiskeluverkostoihin<\/strong>.<\/li>\n\n\n\n<li>Valitse <strong>Muokkaa suoria liitoksia<\/strong>.<\/li>\n\n\n\n<li>Napsauta rastia haluamasi verkoston vieress\u00e4, vahvista valintasi ja tallenna.<\/li>\n\n\n\n<li>N\u00e4et poistamasi verkoston liitoslistassa, kun napsautat N\u00e4yt\u00e4 historiatiedot -valintaruutua.<\/li>\n<\/ol>\n","protected":false},"excerpt":{"rendered":"<p>Opintokokonaisuuden lis\u00e4\u00e4minen verkostoon Siirry OPSin Rakenne-v\u00e4lilehdelle. 1.\u00a0Napsauta painiketta haluamasi opintokokonaisuuden nimen vieress\u00e4 ja valitse Liitokset ristiinopiskeluverkostoihin (kuvio 1 ja kuvio 2). &nbsp;&nbsp;&nbsp; 2.\u00a0\u00a0Valitse Muokkaa suoria liitoksia (kuvio 3). 3. Etsi haluamasi verkosto Lis\u00e4\u00e4 verkostoja -pudotusvalikosta ja tallenna valintasi. Opintokokonaisuuden poisto verkostosta Jos liitos on periytynyt kokonaisuudelle \u00e4itiopinnolta, et voi poistaa sit\u00e4.<\/p>\n","protected":false},"author":78,"featured_media":0,"parent":6604,"menu_order":6,"comment_status":"closed","ping_status":"closed","template":"","meta":{"_acf_changed":false,"_relevanssi_hide_post":"","_relevanssi_hide_content":"","_relevanssi_pin_for_all":"","_relevanssi_pin_keywords":"","_relevanssi_unpin_keywords":"","_relevanssi_related_keywords":"","_relevanssi_related_include_ids":"","_relevanssi_related_exclude_ids":"","_relevanssi_related_no_append":"","_relevanssi_related_not_related":"","_relevanssi_related_posts":"","_relevanssi_noindex_reason":"","footnotes":""},"categories":[],"tags":[],"class_list":["post-6620","page","type-page","status-publish","hentry"],"acf":[],"yoast_head":"<!-- This site is optimized with the Yoast SEO plugin v27.3 - https:\/\/yoast.com\/product\/yoast-seo-wordpress\/ -->\n<title>Opintokokonaisuuden lis\u00e4\u00e4minen ja poistaminen verkostosta - Peppi-ohjeet henkil\u00f6kunnalle<\/title>\n<meta name=\"robots\" content=\"index, follow, max-snippet:-1, max-image-preview:large, max-video-preview:-1\" \/>\n<link rel=\"canonical\" href=\"https:\/\/help.jamk.fi\/peppi-ohjeet-henkilokunnalle\/fi\/ristiinopiskeluun-liittyvat-ohjeistukset\/ristiinopiskelun-suunnittelijan-ohjeet\/opintokokonaisuuden-lisaaminen-ja-poistaminen-verkostosta\/\" \/>\n<meta property=\"og:locale\" content=\"fi_FI\" \/>\n<meta property=\"og:type\" content=\"article\" \/>\n<meta property=\"og:title\" content=\"Opintokokonaisuuden lis\u00e4\u00e4minen ja poistaminen verkostosta - Peppi-ohjeet henkil\u00f6kunnalle\" \/>\n<meta property=\"og:description\" content=\"Opintokokonaisuuden lis\u00e4\u00e4minen verkostoon Siirry OPSin Rakenne-v\u00e4lilehdelle. 1.\u00a0Napsauta painiketta haluamasi opintokokonaisuuden nimen vieress\u00e4 ja valitse Liitokset ristiinopiskeluverkostoihin (kuvio 1 ja kuvio 2). &nbsp;&nbsp;&nbsp; 2.\u00a0\u00a0Valitse Muokkaa suoria liitoksia (kuvio 3). 3. Etsi haluamasi verkosto Lis\u00e4\u00e4 verkostoja -pudotusvalikosta ja tallenna valintasi. Opintokokonaisuuden poisto verkostosta Jos liitos on periytynyt kokonaisuudelle \u00e4itiopinnolta, et voi poistaa sit\u00e4.\" \/>\n<meta property=\"og:url\" content=\"https:\/\/help.jamk.fi\/peppi-ohjeet-henkilokunnalle\/fi\/ristiinopiskeluun-liittyvat-ohjeistukset\/ristiinopiskelun-suunnittelijan-ohjeet\/opintokokonaisuuden-lisaaminen-ja-poistaminen-verkostosta\/\" \/>\n<meta property=\"og:site_name\" content=\"Peppi-ohjeet henkil\u00f6kunnalle\" \/>\n<meta property=\"article:modified_time\" content=\"2024-11-11T08:55:57+00:00\" \/>\n<meta property=\"og:image\" content=\"https:\/\/help.jamk.fi\/peppi-ohjeet-henkilokunnalle\/wp-content\/uploads\/sites\/131\/2024\/04\/ok_muokkaus-1024x200.png\" \/>\n<meta name=\"twitter:card\" content=\"summary_large_image\" \/>\n<meta name=\"twitter:label1\" content=\"Arvioitu lukuaika\" \/>\n\t<meta name=\"twitter:data1\" content=\"2 minuuttia\" \/>\n<script type=\"application\/ld+json\" class=\"yoast-schema-graph\">{\"@context\":\"https:\\\/\\\/schema.org\",\"@graph\":[{\"@type\":\"WebPage\",\"@id\":\"https:\\\/\\\/help.jamk.fi\\\/peppi-ohjeet-henkilokunnalle\\\/fi\\\/ristiinopiskeluun-liittyvat-ohjeistukset\\\/ristiinopiskelun-suunnittelijan-ohjeet\\\/opintokokonaisuuden-lisaaminen-ja-poistaminen-verkostosta\\\/\",\"url\":\"https:\\\/\\\/help.jamk.fi\\\/peppi-ohjeet-henkilokunnalle\\\/fi\\\/ristiinopiskeluun-liittyvat-ohjeistukset\\\/ristiinopiskelun-suunnittelijan-ohjeet\\\/opintokokonaisuuden-lisaaminen-ja-poistaminen-verkostosta\\\/\",\"name\":\"Opintokokonaisuuden lis\u00e4\u00e4minen ja poistaminen verkostosta - Peppi-ohjeet henkil\u00f6kunnalle\",\"isPartOf\":{\"@id\":\"https:\\\/\\\/help.jamk.fi\\\/peppi-ohjeet-henkilokunnalle\\\/#website\"},\"primaryImageOfPage\":{\"@id\":\"https:\\\/\\\/help.jamk.fi\\\/peppi-ohjeet-henkilokunnalle\\\/fi\\\/ristiinopiskeluun-liittyvat-ohjeistukset\\\/ristiinopiskelun-suunnittelijan-ohjeet\\\/opintokokonaisuuden-lisaaminen-ja-poistaminen-verkostosta\\\/#primaryimage\"},\"image\":{\"@id\":\"https:\\\/\\\/help.jamk.fi\\\/peppi-ohjeet-henkilokunnalle\\\/fi\\\/ristiinopiskeluun-liittyvat-ohjeistukset\\\/ristiinopiskelun-suunnittelijan-ohjeet\\\/opintokokonaisuuden-lisaaminen-ja-poistaminen-verkostosta\\\/#primaryimage\"},\"thumbnailUrl\":\"https:\\\/\\\/help.jamk.fi\\\/peppi-ohjeet-henkilokunnalle\\\/wp-content\\\/uploads\\\/sites\\\/131\\\/2024\\\/04\\\/ok_muokkaus-1024x200.png\",\"datePublished\":\"2024-04-24T08:23:31+00:00\",\"dateModified\":\"2024-11-11T08:55:57+00:00\",\"breadcrumb\":{\"@id\":\"https:\\\/\\\/help.jamk.fi\\\/peppi-ohjeet-henkilokunnalle\\\/fi\\\/ristiinopiskeluun-liittyvat-ohjeistukset\\\/ristiinopiskelun-suunnittelijan-ohjeet\\\/opintokokonaisuuden-lisaaminen-ja-poistaminen-verkostosta\\\/#breadcrumb\"},\"inLanguage\":\"fi\",\"potentialAction\":[{\"@type\":\"ReadAction\",\"target\":[\"https:\\\/\\\/help.jamk.fi\\\/peppi-ohjeet-henkilokunnalle\\\/fi\\\/ristiinopiskeluun-liittyvat-ohjeistukset\\\/ristiinopiskelun-suunnittelijan-ohjeet\\\/opintokokonaisuuden-lisaaminen-ja-poistaminen-verkostosta\\\/\"]}]},{\"@type\":\"ImageObject\",\"inLanguage\":\"fi\",\"@id\":\"https:\\\/\\\/help.jamk.fi\\\/peppi-ohjeet-henkilokunnalle\\\/fi\\\/ristiinopiskeluun-liittyvat-ohjeistukset\\\/ristiinopiskelun-suunnittelijan-ohjeet\\\/opintokokonaisuuden-lisaaminen-ja-poistaminen-verkostosta\\\/#primaryimage\",\"url\":\"https:\\\/\\\/help.jamk.fi\\\/peppi-ohjeet-henkilokunnalle\\\/wp-content\\\/uploads\\\/sites\\\/131\\\/2024\\\/04\\\/ok_muokkaus.png\",\"contentUrl\":\"https:\\\/\\\/help.jamk.fi\\\/peppi-ohjeet-henkilokunnalle\\\/wp-content\\\/uploads\\\/sites\\\/131\\\/2024\\\/04\\\/ok_muokkaus.png\",\"width\":1482,\"height\":290,\"caption\":\"Kuvio 1. Opintokokonaisuudella oleva valikko\"},{\"@type\":\"BreadcrumbList\",\"@id\":\"https:\\\/\\\/help.jamk.fi\\\/peppi-ohjeet-henkilokunnalle\\\/fi\\\/ristiinopiskeluun-liittyvat-ohjeistukset\\\/ristiinopiskelun-suunnittelijan-ohjeet\\\/opintokokonaisuuden-lisaaminen-ja-poistaminen-verkostosta\\\/#breadcrumb\",\"itemListElement\":[{\"@type\":\"ListItem\",\"position\":1,\"name\":\"Home\",\"item\":\"https:\\\/\\\/help.jamk.fi\\\/peppi-ohjeet-henkilokunnalle\\\/en\\\/\"},{\"@type\":\"ListItem\",\"position\":2,\"name\":\"Ristiinopiskelu\",\"item\":\"https:\\\/\\\/help.jamk.fi\\\/peppi-ohjeet-henkilokunnalle\\\/fi\\\/ristiinopiskeluun-liittyvat-ohjeistukset\\\/\"},{\"@type\":\"ListItem\",\"position\":3,\"name\":\"Ristiinopiskelun suunnittelijan ohjeet\",\"item\":\"https:\\\/\\\/help.jamk.fi\\\/peppi-ohjeet-henkilokunnalle\\\/fi\\\/ristiinopiskeluun-liittyvat-ohjeistukset\\\/ristiinopiskelun-suunnittelijan-ohjeet\\\/\"},{\"@type\":\"ListItem\",\"position\":4,\"name\":\"Opintokokonaisuuden lis\u00e4\u00e4minen ja poistaminen verkostosta\"}]},{\"@type\":\"WebSite\",\"@id\":\"https:\\\/\\\/help.jamk.fi\\\/peppi-ohjeet-henkilokunnalle\\\/#website\",\"url\":\"https:\\\/\\\/help.jamk.fi\\\/peppi-ohjeet-henkilokunnalle\\\/\",\"name\":\"Peppi-ohjeet henkil\u00f6kunnalle\",\"description\":\"\",\"potentialAction\":[{\"@type\":\"SearchAction\",\"target\":{\"@type\":\"EntryPoint\",\"urlTemplate\":\"https:\\\/\\\/help.jamk.fi\\\/peppi-ohjeet-henkilokunnalle\\\/?s={search_term_string}\"},\"query-input\":{\"@type\":\"PropertyValueSpecification\",\"valueRequired\":true,\"valueName\":\"search_term_string\"}}],\"inLanguage\":\"fi\"}]}<\/script>\n<!-- \/ Yoast SEO plugin. -->","yoast_head_json":{"title":"Opintokokonaisuuden lis\u00e4\u00e4minen ja poistaminen verkostosta - Peppi-ohjeet henkil\u00f6kunnalle","robots":{"index":"index","follow":"follow","max-snippet":"max-snippet:-1","max-image-preview":"max-image-preview:large","max-video-preview":"max-video-preview:-1"},"canonical":"https:\/\/help.jamk.fi\/peppi-ohjeet-henkilokunnalle\/fi\/ristiinopiskeluun-liittyvat-ohjeistukset\/ristiinopiskelun-suunnittelijan-ohjeet\/opintokokonaisuuden-lisaaminen-ja-poistaminen-verkostosta\/","og_locale":"fi_FI","og_type":"article","og_title":"Opintokokonaisuuden lis\u00e4\u00e4minen ja poistaminen verkostosta - Peppi-ohjeet henkil\u00f6kunnalle","og_description":"Opintokokonaisuuden lis\u00e4\u00e4minen verkostoon Siirry OPSin Rakenne-v\u00e4lilehdelle. 1.\u00a0Napsauta painiketta haluamasi opintokokonaisuuden nimen vieress\u00e4 ja valitse Liitokset ristiinopiskeluverkostoihin (kuvio 1 ja kuvio 2). &nbsp;&nbsp;&nbsp; 2.\u00a0\u00a0Valitse Muokkaa suoria liitoksia (kuvio 3). 3. Etsi haluamasi verkosto Lis\u00e4\u00e4 verkostoja -pudotusvalikosta ja tallenna valintasi. Opintokokonaisuuden poisto verkostosta Jos liitos on periytynyt kokonaisuudelle \u00e4itiopinnolta, et voi poistaa sit\u00e4.","og_url":"https:\/\/help.jamk.fi\/peppi-ohjeet-henkilokunnalle\/fi\/ristiinopiskeluun-liittyvat-ohjeistukset\/ristiinopiskelun-suunnittelijan-ohjeet\/opintokokonaisuuden-lisaaminen-ja-poistaminen-verkostosta\/","og_site_name":"Peppi-ohjeet henkil\u00f6kunnalle","article_modified_time":"2024-11-11T08:55:57+00:00","og_image":[{"url":"https:\/\/help.jamk.fi\/peppi-ohjeet-henkilokunnalle\/wp-content\/uploads\/sites\/131\/2024\/04\/ok_muokkaus-1024x200.png","type":"","width":"","height":""}],"twitter_card":"summary_large_image","twitter_misc":{"Arvioitu lukuaika":"2 minuuttia"},"schema":{"@context":"https:\/\/schema.org","@graph":[{"@type":"WebPage","@id":"https:\/\/help.jamk.fi\/peppi-ohjeet-henkilokunnalle\/fi\/ristiinopiskeluun-liittyvat-ohjeistukset\/ristiinopiskelun-suunnittelijan-ohjeet\/opintokokonaisuuden-lisaaminen-ja-poistaminen-verkostosta\/","url":"https:\/\/help.jamk.fi\/peppi-ohjeet-henkilokunnalle\/fi\/ristiinopiskeluun-liittyvat-ohjeistukset\/ristiinopiskelun-suunnittelijan-ohjeet\/opintokokonaisuuden-lisaaminen-ja-poistaminen-verkostosta\/","name":"Opintokokonaisuuden lis\u00e4\u00e4minen ja poistaminen verkostosta - Peppi-ohjeet henkil\u00f6kunnalle","isPartOf":{"@id":"https:\/\/help.jamk.fi\/peppi-ohjeet-henkilokunnalle\/#website"},"primaryImageOfPage":{"@id":"https:\/\/help.jamk.fi\/peppi-ohjeet-henkilokunnalle\/fi\/ristiinopiskeluun-liittyvat-ohjeistukset\/ristiinopiskelun-suunnittelijan-ohjeet\/opintokokonaisuuden-lisaaminen-ja-poistaminen-verkostosta\/#primaryimage"},"image":{"@id":"https:\/\/help.jamk.fi\/peppi-ohjeet-henkilokunnalle\/fi\/ristiinopiskeluun-liittyvat-ohjeistukset\/ristiinopiskelun-suunnittelijan-ohjeet\/opintokokonaisuuden-lisaaminen-ja-poistaminen-verkostosta\/#primaryimage"},"thumbnailUrl":"https:\/\/help.jamk.fi\/peppi-ohjeet-henkilokunnalle\/wp-content\/uploads\/sites\/131\/2024\/04\/ok_muokkaus-1024x200.png","datePublished":"2024-04-24T08:23:31+00:00","dateModified":"2024-11-11T08:55:57+00:00","breadcrumb":{"@id":"https:\/\/help.jamk.fi\/peppi-ohjeet-henkilokunnalle\/fi\/ristiinopiskeluun-liittyvat-ohjeistukset\/ristiinopiskelun-suunnittelijan-ohjeet\/opintokokonaisuuden-lisaaminen-ja-poistaminen-verkostosta\/#breadcrumb"},"inLanguage":"fi","potentialAction":[{"@type":"ReadAction","target":["https:\/\/help.jamk.fi\/peppi-ohjeet-henkilokunnalle\/fi\/ristiinopiskeluun-liittyvat-ohjeistukset\/ristiinopiskelun-suunnittelijan-ohjeet\/opintokokonaisuuden-lisaaminen-ja-poistaminen-verkostosta\/"]}]},{"@type":"ImageObject","inLanguage":"fi","@id":"https:\/\/help.jamk.fi\/peppi-ohjeet-henkilokunnalle\/fi\/ristiinopiskeluun-liittyvat-ohjeistukset\/ristiinopiskelun-suunnittelijan-ohjeet\/opintokokonaisuuden-lisaaminen-ja-poistaminen-verkostosta\/#primaryimage","url":"https:\/\/help.jamk.fi\/peppi-ohjeet-henkilokunnalle\/wp-content\/uploads\/sites\/131\/2024\/04\/ok_muokkaus.png","contentUrl":"https:\/\/help.jamk.fi\/peppi-ohjeet-henkilokunnalle\/wp-content\/uploads\/sites\/131\/2024\/04\/ok_muokkaus.png","width":1482,"height":290,"caption":"Kuvio 1. Opintokokonaisuudella oleva valikko"},{"@type":"BreadcrumbList","@id":"https:\/\/help.jamk.fi\/peppi-ohjeet-henkilokunnalle\/fi\/ristiinopiskeluun-liittyvat-ohjeistukset\/ristiinopiskelun-suunnittelijan-ohjeet\/opintokokonaisuuden-lisaaminen-ja-poistaminen-verkostosta\/#breadcrumb","itemListElement":[{"@type":"ListItem","position":1,"name":"Home","item":"https:\/\/help.jamk.fi\/peppi-ohjeet-henkilokunnalle\/en\/"},{"@type":"ListItem","position":2,"name":"Ristiinopiskelu","item":"https:\/\/help.jamk.fi\/peppi-ohjeet-henkilokunnalle\/fi\/ristiinopiskeluun-liittyvat-ohjeistukset\/"},{"@type":"ListItem","position":3,"name":"Ristiinopiskelun suunnittelijan ohjeet","item":"https:\/\/help.jamk.fi\/peppi-ohjeet-henkilokunnalle\/fi\/ristiinopiskeluun-liittyvat-ohjeistukset\/ristiinopiskelun-suunnittelijan-ohjeet\/"},{"@type":"ListItem","position":4,"name":"Opintokokonaisuuden lis\u00e4\u00e4minen ja poistaminen verkostosta"}]},{"@type":"WebSite","@id":"https:\/\/help.jamk.fi\/peppi-ohjeet-henkilokunnalle\/#website","url":"https:\/\/help.jamk.fi\/peppi-ohjeet-henkilokunnalle\/","name":"Peppi-ohjeet henkil\u00f6kunnalle","description":"","potentialAction":[{"@type":"SearchAction","target":{"@type":"EntryPoint","urlTemplate":"https:\/\/help.jamk.fi\/peppi-ohjeet-henkilokunnalle\/?s={search_term_string}"},"query-input":{"@type":"PropertyValueSpecification","valueRequired":true,"valueName":"search_term_string"}}],"inLanguage":"fi"}]}},"_links":{"self":[{"href":"https:\/\/help.jamk.fi\/peppi-ohjeet-henkilokunnalle\/wp-json\/wp\/v2\/pages\/6620","targetHints":{"allow":["GET"]}}],"collection":[{"href":"https:\/\/help.jamk.fi\/peppi-ohjeet-henkilokunnalle\/wp-json\/wp\/v2\/pages"}],"about":[{"href":"https:\/\/help.jamk.fi\/peppi-ohjeet-henkilokunnalle\/wp-json\/wp\/v2\/types\/page"}],"author":[{"embeddable":true,"href":"https:\/\/help.jamk.fi\/peppi-ohjeet-henkilokunnalle\/wp-json\/wp\/v2\/users\/78"}],"replies":[{"embeddable":true,"href":"https:\/\/help.jamk.fi\/peppi-ohjeet-henkilokunnalle\/wp-json\/wp\/v2\/comments?post=6620"}],"version-history":[{"count":11,"href":"https:\/\/help.jamk.fi\/peppi-ohjeet-henkilokunnalle\/wp-json\/wp\/v2\/pages\/6620\/revisions"}],"predecessor-version":[{"id":7337,"href":"https:\/\/help.jamk.fi\/peppi-ohjeet-henkilokunnalle\/wp-json\/wp\/v2\/pages\/6620\/revisions\/7337"}],"up":[{"embeddable":true,"href":"https:\/\/help.jamk.fi\/peppi-ohjeet-henkilokunnalle\/wp-json\/wp\/v2\/pages\/6604"}],"wp:attachment":[{"href":"https:\/\/help.jamk.fi\/peppi-ohjeet-henkilokunnalle\/wp-json\/wp\/v2\/media?parent=6620"}],"wp:term":[{"taxonomy":"category","embeddable":true,"href":"https:\/\/help.jamk.fi\/peppi-ohjeet-henkilokunnalle\/wp-json\/wp\/v2\/categories?post=6620"},{"taxonomy":"post_tag","embeddable":true,"href":"https:\/\/help.jamk.fi\/peppi-ohjeet-henkilokunnalle\/wp-json\/wp\/v2\/tags?post=6620"}],"curies":[{"name":"wp","href":"https:\/\/api.w.org\/{rel}","templated":true}]}}