{"id":7945,"date":"2026-02-20T12:40:21","date_gmt":"2026-02-20T10:40:21","guid":{"rendered":"https:\/\/help.jamk.fi\/peppi-ohjeet-henkilokunnalle\/?page_id=7945"},"modified":"2026-02-20T12:50:20","modified_gmt":"2026-02-20T10:50:20","slug":"hakijan-tyopoydan-saavutettavuusseloste","status":"publish","type":"page","link":"https:\/\/help.jamk.fi\/peppi-ohjeet-henkilokunnalle\/fi\/tietosuoja-ja-saavutettavuus\/hakijan-tyopoydan-saavutettavuusseloste\/","title":{"rendered":"Hakijan ty\u00f6p\u00f6yd\u00e4n saavutettavuusseloste"},"content":{"rendered":"\n<p>T\u00e4m\u00e4 saavutettavuusseloste koskee hakija.peppi.jamk.fi -palvelua ja on p\u00e4ivitetty 23.4.2025. Lain mukaan julkisten verkkopalvelujen on oltava saavutettavia, eli kaikilla tulee olla tasavertaiset mahdollisuudet k\u00e4ytt\u00e4\u00e4 verkkopalveluja (Laki 306\/2019). T\u00e4ss\u00e4 selosteessa kerrotaan, mit\u00e4 puutteita sivuston saavutettavuudessa on. Kerromme my\u00f6s, miten voit antaa meille palautetta palvelun saavutettavuudesta.<\/p>\n\n\n\n<h2 class=\"wp-block-heading\">Palvelun saavutettavuuden tila<\/h2>\n\n\n\n<p>Palvelu t\u00e4ytt\u00e4\u00e4 saavutettavuusvaatimukset.<\/p>\n\n\n\n<p>T\u00e4m\u00e4n saavutettavuusselosteen tiedot perustuvat arviointiin, jossa on k\u00e4ytetty QAutoEQUAL-saavutettavuusty\u00f6kalua. Testausty\u00f6kalu auttaa tunnistamaan verkkosivuston mahdolliset saavutettavuuspuutteet, mutta sen tulokset voivat vaihdella k\u00e4ytt\u00f6ymp\u00e4rist\u00f6n ja testausparametrien mukaan.<\/p>\n\n\n\n<h2 class=\"wp-block-heading\">Ei-saavutettava sis\u00e4lt\u00f6<\/h2>\n\n\n\n<p>T\u00e4ll\u00e4 verkkosivustolla on havaittu seuraavat saavutettavuuspuutteet:<\/p>\n\n\n\n<p><strong>Saavutettavuusominaisuuksia on m\u00e4\u00e4ritelty elementeille, joihin ne eiv\u00e4t sovellu (WCAG 4.1.2). Esiintyy muun muassa:<\/strong><\/p>\n\n\n\n<ul class=\"wp-block-list\">\n<li>Hakukentt\u00e4<\/li>\n\n\n\n<li>Hakutulosten listauksessa opintojen tiedot<\/li>\n\n\n\n<li>Opintokorin listaus ja \u2019poista opintokorista\u2019 -painike<\/li>\n\n\n\n<li>Tunnistautumistavan valinta<\/li>\n\n\n\n<li>Tunnistautumisen ohituksen vahvistusdialogi<\/li>\n<\/ul>\n\n\n\n<p><strong>Koristeelliseksi merkitty elementti luetaan apuv\u00e4lineill\u00e4 (WCAG 1.3.1). Esiintyy muun muassa:<\/strong><\/p>\n\n\n\n<ul class=\"wp-block-list\">\n<li>J\u00e4ljell\u00e4 olevan ilmoittautumisajan laskuri<\/li>\n\n\n\n<li>Ilmoittautumisen keskeytyksen vahvistusdialogi<\/li>\n<\/ul>\n\n\n\n<p><strong>Tekstin ja taustan v\u00e4linen kontrasti ei ole riitt\u00e4v\u00e4 (WCAG 1.4.3). Esiintyy muun muassa:<\/strong><\/p>\n\n\n\n<ul class=\"wp-block-list\">\n<li>Hakupainike<\/li>\n\n\n\n<li>Siirry opintokoriin -painike<\/li>\n\n\n\n<li>Ep\u00e4aktiiviset painikkeet<\/li>\n<\/ul>\n\n\n\n<p><strong>Apuv\u00e4lineilt\u00e4 piilotetussa sis\u00e4ll\u00f6ss\u00e4 on n\u00e4pp\u00e4imist\u00f6ll\u00e4 kohdistettavia komponentteja (WCAG 4.1.2). Esiintyy muun muassa:<\/strong><\/p>\n\n\n\n<ul class=\"wp-block-list\">\n<li>Ilmoitusten sulkemispainikkeet<\/li>\n<\/ul>\n\n\n\n<p><strong>Elementin saavutettavuusominaisuudet on m\u00e4\u00e4ritelty virheellisesti (WCAG 4.1.2)<\/strong><\/p>\n\n\n\n<ul class=\"wp-block-list\">\n<li>Hakutulosten sivutuksen pudotusvalikko<\/li>\n<\/ul>\n\n\n\n<p><strong>Elementilt\u00e4 puuttuu saavutettavuusominaisuuksia (WCAG 4.1.2)<\/strong><\/p>\n\n\n\n<ul class=\"wp-block-list\">\n<li>Henkil\u00f6tietojen lomakkeen kent\u00e4t asiointi- ja \u00e4idinkieli, kansalaisuus, maa, asuinkunta ja hakijaprofiili<\/li>\n<\/ul>\n\n\n\n<h2 class=\"wp-block-heading\">Palaute ja yhteystiedot<\/h2>\n\n\n\n<p>Huomasitko saavutettavuuspuutteen? Voit ilmoittaa siit\u00e4 meille ja antaa saavutettavuuteen liittyv\u00e4\u00e4 <a href=\"https:\/\/support.jamk.fi\/Tickets\/New\">palautetta lomakkeella<\/a>. Kirjoita lomakkeelle, mit\u00e4 palvelua ilmoituksesi koskee. Valitse kategoriaksi Tietoj\u00e4rjestelm\u00e4t ja palvelut > Saavutettavuus.<\/p>\n\n\n\n<p>Jos huomaat sivustolla saavutettavuusongelmia, anna ensin palautetta palvelun yll\u00e4pit\u00e4j\u00e4lle. Lain ja siirtym\u00e4ajan puitteissa Jyv\u00e4skyl\u00e4n ammattikorkeakoulu pyrkii siihen, ett\u00e4 palautteisiin vastataan kahden viikon sis\u00e4ll\u00e4 palautteen antamisesta.<\/p>\n\n\n\n<h2 class=\"wp-block-heading\">Valvontaviranomainen<\/h2>\n\n\n\n<p>Jos et ole tyytyv\u00e4inen saamaasi vastaukseen tai et saa vastausta kahden viikon aikana, voit antaa palautteen Liikenne- ja viestint\u00e4virasto Traficomille, joka valvoo saavutettavuusvaatimusten toteutumista. Traficomin sivulla kerrotaan tarkasti, miten valituksen voi tehd\u00e4 ja miten asia k\u00e4sitell\u00e4\u00e4n.<\/p>\n\n\n\n<h2 class=\"wp-block-heading\">Valvontaviranomaisen yhteystiedot<\/h2>\n\n\n\n<p>Liikenne- ja viestint\u00e4virasto Traficom<br>Digitaalisen esteett\u00f6myyden ja saavutettavuuden valvontayksikk\u00f6<br><a href=\"https:\/\/www.saavutettavuusvaatimukset.fi\/fi\">www.saavutettavuusvaatimukset.fi<\/a><br>saavutettavuus@traficom.fi<br>puhelinnumero vaihde 029 534 5000 (vaihde)<\/p>\n","protected":false},"excerpt":{"rendered":"<p>T\u00e4m\u00e4 saavutettavuusseloste koskee hakija.peppi.jamk.fi -palvelua ja on p\u00e4ivitetty 23.4.2025. Lain mukaan julkisten verkkopalvelujen on oltava saavutettavia, eli kaikilla tulee olla tasavertaiset mahdollisuudet k\u00e4ytt\u00e4\u00e4 verkkopalveluja (Laki 306\/2019). T\u00e4ss\u00e4 selosteessa kerrotaan, mit\u00e4 puutteita sivuston saavutettavuudessa on. Kerromme my\u00f6s, miten voit antaa meille palautetta palvelun saavutettavuudesta. Palvelun saavutettavuuden tila Palvelu t\u00e4ytt\u00e4\u00e4 saavutettavuusvaatimukset. T\u00e4m\u00e4n saavutettavuusselosteen tiedot perustuvat arviointiin, jossa [&hellip;]<\/p>\n","protected":false},"author":79,"featured_media":0,"parent":5385,"menu_order":3,"comment_status":"closed","ping_status":"closed","template":"","meta":{"_acf_changed":false,"_relevanssi_hide_post":"","_relevanssi_hide_content":"","_relevanssi_pin_for_all":"","_relevanssi_pin_keywords":"","_relevanssi_unpin_keywords":"","_relevanssi_related_keywords":"","_relevanssi_related_include_ids":"","_relevanssi_related_exclude_ids":"","_relevanssi_related_no_append":"","_relevanssi_related_not_related":"","_relevanssi_related_posts":"","_relevanssi_noindex_reason":"","footnotes":""},"categories":[],"tags":[],"class_list":["post-7945","page","type-page","status-publish","hentry"],"acf":[],"yoast_head":"<!-- This site is optimized with the Yoast SEO plugin v27.3 - https:\/\/yoast.com\/product\/yoast-seo-wordpress\/ -->\n<title>Hakijan ty\u00f6p\u00f6yd\u00e4n saavutettavuusseloste - Peppi-ohjeet henkil\u00f6kunnalle<\/title>\n<meta name=\"robots\" content=\"index, follow, max-snippet:-1, max-image-preview:large, max-video-preview:-1\" \/>\n<link rel=\"canonical\" href=\"https:\/\/help.jamk.fi\/peppi-ohjeet-henkilokunnalle\/fi\/tietosuoja-ja-saavutettavuus\/hakijan-tyopoydan-saavutettavuusseloste\/\" \/>\n<meta property=\"og:locale\" content=\"fi_FI\" \/>\n<meta property=\"og:type\" content=\"article\" \/>\n<meta property=\"og:title\" content=\"Hakijan ty\u00f6p\u00f6yd\u00e4n saavutettavuusseloste - Peppi-ohjeet henkil\u00f6kunnalle\" \/>\n<meta property=\"og:description\" content=\"T\u00e4m\u00e4 saavutettavuusseloste koskee hakija.peppi.jamk.fi -palvelua ja on p\u00e4ivitetty 23.4.2025. Lain mukaan julkisten verkkopalvelujen on oltava saavutettavia, eli kaikilla tulee olla tasavertaiset mahdollisuudet k\u00e4ytt\u00e4\u00e4 verkkopalveluja (Laki 306\/2019). T\u00e4ss\u00e4 selosteessa kerrotaan, mit\u00e4 puutteita sivuston saavutettavuudessa on. Kerromme my\u00f6s, miten voit antaa meille palautetta palvelun saavutettavuudesta. Palvelun saavutettavuuden tila Palvelu t\u00e4ytt\u00e4\u00e4 saavutettavuusvaatimukset. T\u00e4m\u00e4n saavutettavuusselosteen tiedot perustuvat arviointiin, jossa [&hellip;]\" \/>\n<meta property=\"og:url\" content=\"https:\/\/help.jamk.fi\/peppi-ohjeet-henkilokunnalle\/fi\/tietosuoja-ja-saavutettavuus\/hakijan-tyopoydan-saavutettavuusseloste\/\" \/>\n<meta property=\"og:site_name\" content=\"Peppi-ohjeet henkil\u00f6kunnalle\" \/>\n<meta property=\"article:modified_time\" content=\"2026-02-20T10:50:20+00:00\" \/>\n<meta name=\"twitter:card\" content=\"summary_large_image\" \/>\n<meta name=\"twitter:label1\" content=\"Arvioitu lukuaika\" \/>\n\t<meta name=\"twitter:data1\" content=\"2 minuuttia\" \/>\n<script type=\"application\/ld+json\" class=\"yoast-schema-graph\">{\"@context\":\"https:\\\/\\\/schema.org\",\"@graph\":[{\"@type\":\"WebPage\",\"@id\":\"https:\\\/\\\/help.jamk.fi\\\/peppi-ohjeet-henkilokunnalle\\\/fi\\\/tietosuoja-ja-saavutettavuus\\\/hakijan-tyopoydan-saavutettavuusseloste\\\/\",\"url\":\"https:\\\/\\\/help.jamk.fi\\\/peppi-ohjeet-henkilokunnalle\\\/fi\\\/tietosuoja-ja-saavutettavuus\\\/hakijan-tyopoydan-saavutettavuusseloste\\\/\",\"name\":\"Hakijan ty\u00f6p\u00f6yd\u00e4n saavutettavuusseloste - Peppi-ohjeet henkil\u00f6kunnalle\",\"isPartOf\":{\"@id\":\"https:\\\/\\\/help.jamk.fi\\\/peppi-ohjeet-henkilokunnalle\\\/#website\"},\"datePublished\":\"2026-02-20T10:40:21+00:00\",\"dateModified\":\"2026-02-20T10:50:20+00:00\",\"breadcrumb\":{\"@id\":\"https:\\\/\\\/help.jamk.fi\\\/peppi-ohjeet-henkilokunnalle\\\/fi\\\/tietosuoja-ja-saavutettavuus\\\/hakijan-tyopoydan-saavutettavuusseloste\\\/#breadcrumb\"},\"inLanguage\":\"fi\",\"potentialAction\":[{\"@type\":\"ReadAction\",\"target\":[\"https:\\\/\\\/help.jamk.fi\\\/peppi-ohjeet-henkilokunnalle\\\/fi\\\/tietosuoja-ja-saavutettavuus\\\/hakijan-tyopoydan-saavutettavuusseloste\\\/\"]}]},{\"@type\":\"BreadcrumbList\",\"@id\":\"https:\\\/\\\/help.jamk.fi\\\/peppi-ohjeet-henkilokunnalle\\\/fi\\\/tietosuoja-ja-saavutettavuus\\\/hakijan-tyopoydan-saavutettavuusseloste\\\/#breadcrumb\",\"itemListElement\":[{\"@type\":\"ListItem\",\"position\":1,\"name\":\"Home\",\"item\":\"https:\\\/\\\/help.jamk.fi\\\/peppi-ohjeet-henkilokunnalle\\\/en\\\/\"},{\"@type\":\"ListItem\",\"position\":2,\"name\":\"Tietosuoja ja saavutettavuus\",\"item\":\"https:\\\/\\\/help.jamk.fi\\\/peppi-ohjeet-henkilokunnalle\\\/fi\\\/tietosuoja-ja-saavutettavuus\\\/\"},{\"@type\":\"ListItem\",\"position\":3,\"name\":\"Hakijan ty\u00f6p\u00f6yd\u00e4n saavutettavuusseloste\"}]},{\"@type\":\"WebSite\",\"@id\":\"https:\\\/\\\/help.jamk.fi\\\/peppi-ohjeet-henkilokunnalle\\\/#website\",\"url\":\"https:\\\/\\\/help.jamk.fi\\\/peppi-ohjeet-henkilokunnalle\\\/\",\"name\":\"Peppi-ohjeet henkil\u00f6kunnalle\",\"description\":\"\",\"potentialAction\":[{\"@type\":\"SearchAction\",\"target\":{\"@type\":\"EntryPoint\",\"urlTemplate\":\"https:\\\/\\\/help.jamk.fi\\\/peppi-ohjeet-henkilokunnalle\\\/?s={search_term_string}\"},\"query-input\":{\"@type\":\"PropertyValueSpecification\",\"valueRequired\":true,\"valueName\":\"search_term_string\"}}],\"inLanguage\":\"fi\"}]}<\/script>\n<!-- \/ Yoast SEO plugin. -->","yoast_head_json":{"title":"Hakijan ty\u00f6p\u00f6yd\u00e4n saavutettavuusseloste - Peppi-ohjeet henkil\u00f6kunnalle","robots":{"index":"index","follow":"follow","max-snippet":"max-snippet:-1","max-image-preview":"max-image-preview:large","max-video-preview":"max-video-preview:-1"},"canonical":"https:\/\/help.jamk.fi\/peppi-ohjeet-henkilokunnalle\/fi\/tietosuoja-ja-saavutettavuus\/hakijan-tyopoydan-saavutettavuusseloste\/","og_locale":"fi_FI","og_type":"article","og_title":"Hakijan ty\u00f6p\u00f6yd\u00e4n saavutettavuusseloste - Peppi-ohjeet henkil\u00f6kunnalle","og_description":"T\u00e4m\u00e4 saavutettavuusseloste koskee hakija.peppi.jamk.fi -palvelua ja on p\u00e4ivitetty 23.4.2025. Lain mukaan julkisten verkkopalvelujen on oltava saavutettavia, eli kaikilla tulee olla tasavertaiset mahdollisuudet k\u00e4ytt\u00e4\u00e4 verkkopalveluja (Laki 306\/2019). T\u00e4ss\u00e4 selosteessa kerrotaan, mit\u00e4 puutteita sivuston saavutettavuudessa on. Kerromme my\u00f6s, miten voit antaa meille palautetta palvelun saavutettavuudesta. Palvelun saavutettavuuden tila Palvelu t\u00e4ytt\u00e4\u00e4 saavutettavuusvaatimukset. T\u00e4m\u00e4n saavutettavuusselosteen tiedot perustuvat arviointiin, jossa [&hellip;]","og_url":"https:\/\/help.jamk.fi\/peppi-ohjeet-henkilokunnalle\/fi\/tietosuoja-ja-saavutettavuus\/hakijan-tyopoydan-saavutettavuusseloste\/","og_site_name":"Peppi-ohjeet henkil\u00f6kunnalle","article_modified_time":"2026-02-20T10:50:20+00:00","twitter_card":"summary_large_image","twitter_misc":{"Arvioitu lukuaika":"2 minuuttia"},"schema":{"@context":"https:\/\/schema.org","@graph":[{"@type":"WebPage","@id":"https:\/\/help.jamk.fi\/peppi-ohjeet-henkilokunnalle\/fi\/tietosuoja-ja-saavutettavuus\/hakijan-tyopoydan-saavutettavuusseloste\/","url":"https:\/\/help.jamk.fi\/peppi-ohjeet-henkilokunnalle\/fi\/tietosuoja-ja-saavutettavuus\/hakijan-tyopoydan-saavutettavuusseloste\/","name":"Hakijan ty\u00f6p\u00f6yd\u00e4n saavutettavuusseloste - Peppi-ohjeet henkil\u00f6kunnalle","isPartOf":{"@id":"https:\/\/help.jamk.fi\/peppi-ohjeet-henkilokunnalle\/#website"},"datePublished":"2026-02-20T10:40:21+00:00","dateModified":"2026-02-20T10:50:20+00:00","breadcrumb":{"@id":"https:\/\/help.jamk.fi\/peppi-ohjeet-henkilokunnalle\/fi\/tietosuoja-ja-saavutettavuus\/hakijan-tyopoydan-saavutettavuusseloste\/#breadcrumb"},"inLanguage":"fi","potentialAction":[{"@type":"ReadAction","target":["https:\/\/help.jamk.fi\/peppi-ohjeet-henkilokunnalle\/fi\/tietosuoja-ja-saavutettavuus\/hakijan-tyopoydan-saavutettavuusseloste\/"]}]},{"@type":"BreadcrumbList","@id":"https:\/\/help.jamk.fi\/peppi-ohjeet-henkilokunnalle\/fi\/tietosuoja-ja-saavutettavuus\/hakijan-tyopoydan-saavutettavuusseloste\/#breadcrumb","itemListElement":[{"@type":"ListItem","position":1,"name":"Home","item":"https:\/\/help.jamk.fi\/peppi-ohjeet-henkilokunnalle\/en\/"},{"@type":"ListItem","position":2,"name":"Tietosuoja ja saavutettavuus","item":"https:\/\/help.jamk.fi\/peppi-ohjeet-henkilokunnalle\/fi\/tietosuoja-ja-saavutettavuus\/"},{"@type":"ListItem","position":3,"name":"Hakijan ty\u00f6p\u00f6yd\u00e4n saavutettavuusseloste"}]},{"@type":"WebSite","@id":"https:\/\/help.jamk.fi\/peppi-ohjeet-henkilokunnalle\/#website","url":"https:\/\/help.jamk.fi\/peppi-ohjeet-henkilokunnalle\/","name":"Peppi-ohjeet henkil\u00f6kunnalle","description":"","potentialAction":[{"@type":"SearchAction","target":{"@type":"EntryPoint","urlTemplate":"https:\/\/help.jamk.fi\/peppi-ohjeet-henkilokunnalle\/?s={search_term_string}"},"query-input":{"@type":"PropertyValueSpecification","valueRequired":true,"valueName":"search_term_string"}}],"inLanguage":"fi"}]}},"_links":{"self":[{"href":"https:\/\/help.jamk.fi\/peppi-ohjeet-henkilokunnalle\/wp-json\/wp\/v2\/pages\/7945","targetHints":{"allow":["GET"]}}],"collection":[{"href":"https:\/\/help.jamk.fi\/peppi-ohjeet-henkilokunnalle\/wp-json\/wp\/v2\/pages"}],"about":[{"href":"https:\/\/help.jamk.fi\/peppi-ohjeet-henkilokunnalle\/wp-json\/wp\/v2\/types\/page"}],"author":[{"embeddable":true,"href":"https:\/\/help.jamk.fi\/peppi-ohjeet-henkilokunnalle\/wp-json\/wp\/v2\/users\/79"}],"replies":[{"embeddable":true,"href":"https:\/\/help.jamk.fi\/peppi-ohjeet-henkilokunnalle\/wp-json\/wp\/v2\/comments?post=7945"}],"version-history":[{"count":2,"href":"https:\/\/help.jamk.fi\/peppi-ohjeet-henkilokunnalle\/wp-json\/wp\/v2\/pages\/7945\/revisions"}],"predecessor-version":[{"id":7950,"href":"https:\/\/help.jamk.fi\/peppi-ohjeet-henkilokunnalle\/wp-json\/wp\/v2\/pages\/7945\/revisions\/7950"}],"up":[{"embeddable":true,"href":"https:\/\/help.jamk.fi\/peppi-ohjeet-henkilokunnalle\/wp-json\/wp\/v2\/pages\/5385"}],"wp:attachment":[{"href":"https:\/\/help.jamk.fi\/peppi-ohjeet-henkilokunnalle\/wp-json\/wp\/v2\/media?parent=7945"}],"wp:term":[{"taxonomy":"category","embeddable":true,"href":"https:\/\/help.jamk.fi\/peppi-ohjeet-henkilokunnalle\/wp-json\/wp\/v2\/categories?post=7945"},{"taxonomy":"post_tag","embeddable":true,"href":"https:\/\/help.jamk.fi\/peppi-ohjeet-henkilokunnalle\/wp-json\/wp\/v2\/tags?post=7945"}],"curies":[{"name":"wp","href":"https:\/\/api.w.org\/{rel}","templated":true}]}}