{"id":2561,"date":"2020-04-06T11:47:12","date_gmt":"2020-04-06T08:47:12","guid":{"rendered":"https:\/\/help.jamk.fi\/peppi\/kalenteri\/lukkarikone\/"},"modified":"2025-07-17T10:21:50","modified_gmt":"2025-07-17T07:21:50","slug":"lukkarikone","status":"publish","type":"page","link":"https:\/\/help.jamk.fi\/peppi\/fi\/kalenteri\/lukkarikone\/","title":{"rendered":"Lukkarikone"},"content":{"rendered":"\n<p>Lukkarikoneen avulla voit katsoa ja suunnitella lukuj\u00e4rjestyksi\u00e4si. Lukkarikoneeseen p\u00e4\u00e4set joko osoitteesta <a href=\"https:\/\/lukkarit.peppi.jamk.fi\/\">lukkarit.peppi.jamk.fi <\/a>tai Pakki-opiskelijaty\u00f6p\u00f6yd\u00e4n etusivun Lukkarikone-linkist\u00e4.<\/p>\n\n\n\n<p>Lukkarikoneessa <a href=\"https:\/\/help.jamk.fi\/peppi\/kalenteri\/lukkarikone\/oletuslukujarjestyksen-tekeminen\/\" data-type=\"page\" data-id=\"992\">voit hakea pohjaksi esimerkiksi ryhm\u00e4si oletuslukuj\u00e4rjestyksen tai ne toteutukset, joille olet ilmoittautunut<\/a>. Sen lis\u00e4ksi voit hakea muiden alojen tai ryhmien toteutuksia niiden nimill\u00e4 ja katsoa, sopivatko ne omiin aikatauluihisi. <a href=\"https:\/\/help.jamk.fi\/peppi\/kalenteri\/lukkarikone\/hyppytuntihaku-ja-paallekkaisyydet\/\" data-type=\"page\" data-id=\"1006\">Voit hakea toteutuksia my\u00f6s hyppytuntihaulla<\/a>.<\/p>\n\n\n\n<ul class=\"wp-block-list\">\n<li>Lukkarikone aukeaa Ajankohtaista-n\u00e4kym\u00e4\u00e4n. P\u00e4\u00e4set etsim\u00e4\u00e4n lukuj\u00e4rjestyksi\u00e4 klikkaamalla <em>Kalenteri<\/em>-painiketta.<\/li>\n\n\n\n<li>Kun kirjaudut Lukkarikoneeseen ensimm\u00e4isen kerran, ohjelma luo automaattisen lukuj\u00e4rjestyksen niiden toteutusten pohjalta, joille olet ilmoittautunut. Automaattinen lukuj\u00e4rjestys on aluksi oletuslukuj\u00e4rjestys.\n<ul class=\"wp-block-list\">\n<li><a href=\"https:\/\/help.jamk.fi\/peppi\/kalenteri\/lukkarikone\/oletuslukujarjestyksen-tekeminen\/\" data-type=\"page\" data-id=\"992\">Voit muuttaa oletuslukuj\u00e4rjestykseksi itse luomasi lukuj\u00e4rjestyksen<\/a><\/li>\n<\/ul>\n<\/li>\n\n\n\n<li>Lukkarikone ainoastaan hakee Pepist\u00e4 tietoja. Sen kautta ei voi ilmoittautua toteutuksille.<\/li>\n\n\n\n<li>Opiskelijana n\u00e4et Lukkarikoneessa sellaiset varaukset, joihin sinut on hyv\u00e4ksytty.<\/li>\n\n\n\n<li>Viikonloput n\u00e4kyv\u00e4t kalenterissasi vain jos lauantaina tai sunnuntaina on tapahtumia.<\/li>\n<\/ul>\n\n\n\n<p> Huom! Toteutukselle ilmoittautuessa on pakollista ilmoittautua my\u00f6s pienryhm\u00e4\u00e4n, jos sellaisia toteutuksella on. Jos toteutuksellasi on pienryhmi\u00e4, ainoastaan Tuudo n\u00e4ytt\u00e4\u00e4 pelk\u00e4st\u00e4\u00e4n oman pienryhm\u00e4si varaukset. Jos Tuudo n\u00e4ytt\u00e4\u00e4 kaikkien pienryhmien varaukset, voit piilottaa v\u00e4\u00e4r\u00e4t varaukset. Pepin kalenteri ja lukkarikone n\u00e4ytt\u00e4\u00e4 kaikkien pienryhmien varaukset, vaikka olisit ilmoittautunut vain tiettyyn pienryhm\u00e4\u00e4n. N\u00e4et pienryhm\u00e4si, kun menet HOPSin <em>Ilmoittautumiset<\/em>-v\u00e4lilehdelle ja katsot alalaidan Ilmoittautumiset-valikkoa.<\/p>\n\n\n\n<figure class=\"wp-block-image size-full\"><img loading=\"lazy\" decoding=\"async\" width=\"640\" height=\"125\" src=\"https:\/\/help.jamk.fi\/peppi\/wp-content\/uploads\/sites\/130\/2022\/01\/Pienryhma_ilmo.png\" alt=\"Ilmoittautumiset valikosta n\u00e4kee pienryhm\u00e4n\" class=\"wp-image-1527\"\/><\/figure>\n\n\n\n<p>Voit piilottaa v\u00e4\u00e4rien pienryhmien varaukset lukkarikoneen ja Tuudon kalentereista. Etsi haluamasi varaukset, klikkaa varausta ja klikkaa Piilota tapahtuma -painiketta. Pepin kalenterista et voi poistaa etk\u00e4 piilottaa v\u00e4\u00e4rien pienryhmien varauksia. Jos olet synkronoinut Pepin varaukset Outlookiin, voit poistaa v\u00e4\u00e4rien pienryhmien varaukset sielt\u00e4 k\u00e4sin.<\/p>\n\n\n\n<p>Jos toteutus on verkkototeutus, sille ei v\u00e4ltt\u00e4m\u00e4tt\u00e4 ole tehty lukuj\u00e4rjestyst\u00e4. Jos verkkototeutukseen kuuluu aikataulutettuja webinaareja, ne on yleens\u00e4 lukuj\u00e4rjestyksiss\u00e4. Jos n\u00e4in ei ole, ota yhteytt\u00e4 toteutuksen opettajaan, jotta webinaarit saadaan lis\u00e4tty\u00e4 lukuj\u00e4rjestykseen.<\/p>\n\n\n\n<p>&nbsp;<\/p>\n\n\n\n<p><iframe loading=\"lazy\" style=\"border: 1px solid #464646;\" src=\"https:\/\/panopto.jamk.fi\/Panopto\/Pages\/Embed.aspx?id=b9c866c1-012b-4ceb-a91b-ac09008da6b0&amp;autoplay=false&amp;offerviewer=true&amp;showtitle=true&amp;showbrand=false&amp;start=0&amp;interactivity=all\" allowfullscreen=\"allowfullscreen\" width=\"720\" height=\"405\"><\/iframe><\/p>\n\n\n\n<h2 class=\"wp-block-heading\" id=\"sanasto\">Sanasto<\/h2>\n\n\n\n<ul class=\"wp-block-list\">\n<li><em>Kori<\/em> = Kun valitset kalenteriisi toteutuksia, ne siirtyv\u00e4t koriin. J\u00e4rjestelm\u00e4 luo lukuj\u00e4rjestyksen korin sis\u00e4ll\u00f6n pohjalta. Korilla ja lukuj\u00e4rjestyksell\u00e4 on sama nimi.<\/li>\n<\/ul>\n\n\n\n<h2 class=\"wp-block-heading\" id=\"tiedot\">Varauksen tietojen tarkasteleminen<\/h2>\n\n\n\n<p><iframe loading=\"lazy\" style=\"border: 1px solid #464646;\" src=\"https:\/\/panopto.jamk.fi\/Panopto\/Pages\/Embed.aspx?id=1a512e7c-43a6-4a4d-9596-ac0900930f09&amp;autoplay=false&amp;offerviewer=true&amp;showtitle=true&amp;showbrand=false&amp;start=0&amp;interactivity=all\" allowfullscreen=\"allowfullscreen\" width=\"720\" height=\"405\"><\/iframe><\/p>\n\n\n\n<ol class=\"wp-block-list\">\n<li>Valitse <em>Kalenteri<\/em>.<\/li>\n\n\n\n<li>Napsauta varausta, josta haluat lis\u00e4tietoja.<\/li>\n<\/ol>\n\n\n\n<ul class=\"wp-block-list\">\n<li>Jos haluat piilottaa varauksen, valitse <em>Piilota varaus<\/em> toteutuksen ikkunassa ja sen j\u00e4lkeen <em>Piilota piilotetut tapahtumat<\/em><br>kalenterin\u00e4kym\u00e4n oikeassa yl\u00e4kulmassa.<\/li>\n<\/ul>\n\n\n\n<p><iframe loading=\"lazy\" style=\"border: 1px solid #464646;\" src=\"https:\/\/panopto.jamk.fi\/Panopto\/Pages\/Embed.aspx?id=b9af9039-3a38-4ee8-90bb-ac0900aa8a2a&amp;autoplay=false&amp;offerviewer=true&amp;showtitle=true&amp;showbrand=false&amp;start=0&amp;interactivity=all\" allowfullscreen=\"allowfullscreen\" width=\"720\" height=\"405\"><\/iframe><\/p>\n\n\n\n<h2 class=\"wp-block-heading\">Lukuj\u00e4rjestyksen kalenterilinkin jakaminen<\/h2>\n\n\n\n<p><iframe loading=\"lazy\" style=\"border: 1px solid #464646;\" src=\"https:\/\/panopto.jamk.fi\/Panopto\/Pages\/Embed.aspx?id=8371dd62-0b4a-4409-b1b2-ac0900a5682b&amp;autoplay=false&amp;offerviewer=true&amp;showtitle=true&amp;showbrand=false&amp;start=0&amp;interactivity=all\" allowfullscreen=\"allowfullscreen\" width=\"720\" height=\"405\"><\/iframe><br>Voit synkronoida lukuj\u00e4rjestyksesi esim. Google- tai iCloud-kalenterisi kanssa.<\/p>\n\n\n\n<ul class=\"wp-block-list\">\n<li>Valitse etusivulla <em>Sis\u00e4lt\u00f6listaus &gt; Jaa kalenter<\/em><em>i<\/em><\/li>\n<\/ul>\n\n\n\n<figure class=\"wp-block-image\"><img loading=\"lazy\" decoding=\"async\" width=\"640\" height=\"175\" src=\"https:\/\/help.jamk.fi\/peppi\/wp-content\/uploads\/sites\/130\/2020\/05\/Jaa-kalenteri.jpg\" alt=\"Jaa kalenteri -painike Sis\u00e4lt\u00f6listauksessa\" class=\"wp-image-545\"\/><\/figure>\n\n\n\n<ul class=\"wp-block-list\">\n<li>tai lukuj\u00e4rjestyksen hallintan\u00e4kym\u00e4ss\u00e4 <em>&gt; Luo iCal-linkki<\/em><\/li>\n<\/ul>\n\n\n\n<figure class=\"wp-block-image\"><img loading=\"lazy\" decoding=\"async\" width=\"640\" height=\"176\" src=\"https:\/\/help.jamk.fi\/peppi\/wp-content\/uploads\/sites\/130\/2020\/05\/Muokkaajaical-1.jpg\" alt=\"Valitse muokkaa\" class=\"wp-image-544\"\/><\/figure>\n\n\n\n<ul class=\"wp-block-list\">\n<li>Kopioi linkki ja lis\u00e4\u00e4 se haluamaasi kalenteriin. Jako p\u00e4ivittyy kalenteriohjelmassa asettamiesi aikav\u00e4lien mukaan.<\/li>\n<\/ul>\n\n\n\n<p>Jos haluat lopettaa kalenterien synkronoinnin, valitse <em>Poista kalenterin jako<\/em>.<\/p>\n\n\n\n<h2 class=\"wp-block-heading\" id=\"poistaminen\">Lukuj\u00e4rjestyksen poistaminen<\/h2>\n\n\n\n<p>Huomioithan, ettei ohjelma kysy varmistusta lukuj\u00e4rjestyksen poistamiseen. Et voi poistaa oletuslukuj\u00e4rjestyst\u00e4 tai automaattista lukuj\u00e4rjestyst\u00e4<\/p>\n\n\n\n<ol class=\"wp-block-list\">\n<li>Siirry lukuj\u00e4rjestyksen hallintan\u00e4kym\u00e4\u00e4n.<\/li>\n\n\n\n<li>Valitse <em>&gt; Poista<\/em>.<\/li>\n<\/ol>\n\n\n\n<h2 class=\"wp-block-heading\">Muistiinpanojen lis\u00e4\u00e4minen<\/h2>\n\n\n\n<p>Muistiinpanot ovat lukuj\u00e4rjestyskohtaisia, eik\u00e4 niit\u00e4 voi muokata j\u00e4lkeenp\u00e4in.<\/p>\n\n\n\n<ul class=\"wp-block-list\">\n<li>Valitse <em>Sis\u00e4lt\u00f6listaus &gt; Muistiinpanot &gt; +Luo uusi muistiinpano<\/em>.<\/li>\n<\/ul>\n\n\n\n<figure class=\"wp-block-image\"><img loading=\"lazy\" decoding=\"async\" width=\"640\" height=\"175\" src=\"https:\/\/help.jamk.fi\/peppi\/wp-content\/uploads\/sites\/130\/2020\/05\/Jaa-kalenteri.jpg\" alt=\"Jaa kalenteri -painike Sis\u00e4lt\u00f6listauksessa\" class=\"wp-image-545\"\/><\/figure>\n\n\n\n<ul class=\"wp-block-list\">\n<li>Kirjoita kentt\u00e4\u00e4n haluamasi teksti ja valitse <em>Tallenna<\/em>.<\/li>\n<\/ul>\n\n\n\n<h3 class=\"wp-block-heading\">Muistiinpanojen tarkasteleminen ja poistaminen<\/h3>\n\n\n\n<ol class=\"wp-block-list\">\n<li>Siirry lukuj\u00e4rjestyksen hallintan\u00e4kym\u00e4\u00e4n.<\/li>\n\n\n\n<li>Valitse muistiinpanokuvake ( ) lukuj\u00e4rjestyksen nimen vieress\u00e4. Kuvakkeen numero kertoo muistiinpanojen m\u00e4\u00e4r\u00e4n.<\/li>\n<\/ol>\n\n\n\n<p>Jos haluat poistaa muistiinpanon, valitse roskakorikuvake. Huomioithan, ettei j\u00e4rjestelm\u00e4 kysy varmistusta muistiinpanon poistamiseen.<\/p>\n","protected":false},"excerpt":{"rendered":"<p>Lukkarikoneen avulla voit katsoa ja suunnitella lukuj\u00e4rjestyksi\u00e4si. Lukkarikoneeseen p\u00e4\u00e4set joko osoitteesta lukkarit.peppi.jamk.fi tai Pakki-opiskelijaty\u00f6p\u00f6yd\u00e4n etusivun Lukkarikone-linkist\u00e4. Lukkarikoneessa voit hakea pohjaksi esimerkiksi ryhm\u00e4si oletuslukuj\u00e4rjestyksen tai ne toteutukset, joille olet ilmoittautunut. Sen lis\u00e4ksi voit hakea muiden alojen tai ryhmien toteutuksia niiden nimill\u00e4 ja katsoa, sopivatko ne omiin aikatauluihisi. Voit hakea toteutuksia my\u00f6s hyppytuntihaulla. Huom! Toteutukselle ilmoittautuessa on [&hellip;]<\/p>\n","protected":false},"author":76,"featured_media":0,"parent":2560,"menu_order":4,"comment_status":"closed","ping_status":"closed","template":"","meta":{"_acf_changed":false,"_relevanssi_hide_post":"","_relevanssi_hide_content":"","_relevanssi_pin_for_all":"","_relevanssi_pin_keywords":"lukuj\u00e4rjestys, lukkarikone, lukkari","_relevanssi_unpin_keywords":"","_relevanssi_related_keywords":"","_relevanssi_related_include_ids":"","_relevanssi_related_exclude_ids":"","_relevanssi_related_no_append":"","_relevanssi_related_not_related":"","_relevanssi_related_posts":"","_relevanssi_noindex_reason":"","footnotes":""},"categories":[1],"tags":[],"class_list":["post-2561","page","type-page","status-publish","hentry","category-uncategorised"],"acf":[],"yoast_head":"<!-- This site is optimized with the Yoast SEO plugin v27.3 - https:\/\/yoast.com\/product\/yoast-seo-wordpress\/ -->\n<title>Lukkarikone - Peppi<\/title>\n<meta name=\"robots\" content=\"index, follow, max-snippet:-1, max-image-preview:large, max-video-preview:-1\" \/>\n<link rel=\"canonical\" href=\"https:\/\/help.jamk.fi\/peppi\/fi\/kalenteri\/lukkarikone\/\" \/>\n<meta property=\"og:locale\" content=\"fi_FI\" \/>\n<meta property=\"og:type\" content=\"article\" \/>\n<meta property=\"og:title\" content=\"Lukkarikone - Peppi\" \/>\n<meta property=\"og:description\" content=\"Lukkarikoneen avulla voit katsoa ja suunnitella lukuj\u00e4rjestyksi\u00e4si. Lukkarikoneeseen p\u00e4\u00e4set joko osoitteesta lukkarit.peppi.jamk.fi tai Pakki-opiskelijaty\u00f6p\u00f6yd\u00e4n etusivun Lukkarikone-linkist\u00e4. Lukkarikoneessa voit hakea pohjaksi esimerkiksi ryhm\u00e4si oletuslukuj\u00e4rjestyksen tai ne toteutukset, joille olet ilmoittautunut. Sen lis\u00e4ksi voit hakea muiden alojen tai ryhmien toteutuksia niiden nimill\u00e4 ja katsoa, sopivatko ne omiin aikatauluihisi. Voit hakea toteutuksia my\u00f6s hyppytuntihaulla. Huom! Toteutukselle ilmoittautuessa on [&hellip;]\" \/>\n<meta property=\"og:url\" content=\"https:\/\/help.jamk.fi\/peppi\/fi\/kalenteri\/lukkarikone\/\" \/>\n<meta property=\"og:site_name\" content=\"Peppi\" \/>\n<meta property=\"article:modified_time\" content=\"2025-07-17T07:21:50+00:00\" \/>\n<meta property=\"og:image\" content=\"https:\/\/help.jamk.fi\/peppi\/wp-content\/uploads\/sites\/130\/2020\/05\/Jaa-kalenteri.jpg\" \/>\n<meta name=\"twitter:card\" content=\"summary_large_image\" \/>\n<meta name=\"twitter:label1\" content=\"Arvioitu lukuaika\" \/>\n\t<meta name=\"twitter:data1\" content=\"9 minuuttia\" \/>\n<script type=\"application\/ld+json\" class=\"yoast-schema-graph\">{\"@context\":\"https:\\\/\\\/schema.org\",\"@graph\":[{\"@type\":\"WebPage\",\"@id\":\"https:\\\/\\\/help.jamk.fi\\\/peppi\\\/fi\\\/kalenteri\\\/lukkarikone\\\/\",\"url\":\"https:\\\/\\\/help.jamk.fi\\\/peppi\\\/fi\\\/kalenteri\\\/lukkarikone\\\/\",\"name\":\"Lukkarikone - Peppi\",\"isPartOf\":{\"@id\":\"https:\\\/\\\/help.jamk.fi\\\/peppi\\\/#website\"},\"primaryImageOfPage\":{\"@id\":\"https:\\\/\\\/help.jamk.fi\\\/peppi\\\/fi\\\/kalenteri\\\/lukkarikone\\\/#primaryimage\"},\"image\":{\"@id\":\"https:\\\/\\\/help.jamk.fi\\\/peppi\\\/fi\\\/kalenteri\\\/lukkarikone\\\/#primaryimage\"},\"thumbnailUrl\":\"https:\\\/\\\/help.jamk.fi\\\/peppi\\\/wp-content\\\/uploads\\\/sites\\\/130\\\/2020\\\/05\\\/Jaa-kalenteri.jpg\",\"datePublished\":\"2020-04-06T08:47:12+00:00\",\"dateModified\":\"2025-07-17T07:21:50+00:00\",\"breadcrumb\":{\"@id\":\"https:\\\/\\\/help.jamk.fi\\\/peppi\\\/fi\\\/kalenteri\\\/lukkarikone\\\/#breadcrumb\"},\"inLanguage\":\"fi\",\"potentialAction\":[{\"@type\":\"ReadAction\",\"target\":[\"https:\\\/\\\/help.jamk.fi\\\/peppi\\\/fi\\\/kalenteri\\\/lukkarikone\\\/\"]}]},{\"@type\":\"ImageObject\",\"inLanguage\":\"fi\",\"@id\":\"https:\\\/\\\/help.jamk.fi\\\/peppi\\\/fi\\\/kalenteri\\\/lukkarikone\\\/#primaryimage\",\"url\":\"https:\\\/\\\/help.jamk.fi\\\/peppi\\\/wp-content\\\/uploads\\\/sites\\\/130\\\/2020\\\/05\\\/Jaa-kalenteri.jpg\",\"contentUrl\":\"https:\\\/\\\/help.jamk.fi\\\/peppi\\\/wp-content\\\/uploads\\\/sites\\\/130\\\/2020\\\/05\\\/Jaa-kalenteri.jpg\",\"width\":640,\"height\":175,\"caption\":\"Jaa kalenteri -painike Sis\u00e4lt\u00f6listauksessa\"},{\"@type\":\"BreadcrumbList\",\"@id\":\"https:\\\/\\\/help.jamk.fi\\\/peppi\\\/fi\\\/kalenteri\\\/lukkarikone\\\/#breadcrumb\",\"itemListElement\":[{\"@type\":\"ListItem\",\"position\":1,\"name\":\"Home\",\"item\":\"https:\\\/\\\/help.jamk.fi\\\/peppi\\\/fi\\\/\"},{\"@type\":\"ListItem\",\"position\":2,\"name\":\"Kalenteri\",\"item\":\"https:\\\/\\\/help.jamk.fi\\\/peppi\\\/fi\\\/kalenteri\\\/\"},{\"@type\":\"ListItem\",\"position\":3,\"name\":\"Lukkarikone\"}]},{\"@type\":\"WebSite\",\"@id\":\"https:\\\/\\\/help.jamk.fi\\\/peppi\\\/#website\",\"url\":\"https:\\\/\\\/help.jamk.fi\\\/peppi\\\/\",\"name\":\"Peppi\",\"description\":\"\",\"potentialAction\":[{\"@type\":\"SearchAction\",\"target\":{\"@type\":\"EntryPoint\",\"urlTemplate\":\"https:\\\/\\\/help.jamk.fi\\\/peppi\\\/?s={search_term_string}\"},\"query-input\":{\"@type\":\"PropertyValueSpecification\",\"valueRequired\":true,\"valueName\":\"search_term_string\"}}],\"inLanguage\":\"fi\"}]}<\/script>\n<!-- \/ Yoast SEO plugin. -->","yoast_head_json":{"title":"Lukkarikone - Peppi","robots":{"index":"index","follow":"follow","max-snippet":"max-snippet:-1","max-image-preview":"max-image-preview:large","max-video-preview":"max-video-preview:-1"},"canonical":"https:\/\/help.jamk.fi\/peppi\/fi\/kalenteri\/lukkarikone\/","og_locale":"fi_FI","og_type":"article","og_title":"Lukkarikone - Peppi","og_description":"Lukkarikoneen avulla voit katsoa ja suunnitella lukuj\u00e4rjestyksi\u00e4si. Lukkarikoneeseen p\u00e4\u00e4set joko osoitteesta lukkarit.peppi.jamk.fi tai Pakki-opiskelijaty\u00f6p\u00f6yd\u00e4n etusivun Lukkarikone-linkist\u00e4. Lukkarikoneessa voit hakea pohjaksi esimerkiksi ryhm\u00e4si oletuslukuj\u00e4rjestyksen tai ne toteutukset, joille olet ilmoittautunut. Sen lis\u00e4ksi voit hakea muiden alojen tai ryhmien toteutuksia niiden nimill\u00e4 ja katsoa, sopivatko ne omiin aikatauluihisi. Voit hakea toteutuksia my\u00f6s hyppytuntihaulla. Huom! Toteutukselle ilmoittautuessa on [&hellip;]","og_url":"https:\/\/help.jamk.fi\/peppi\/fi\/kalenteri\/lukkarikone\/","og_site_name":"Peppi","article_modified_time":"2025-07-17T07:21:50+00:00","og_image":[{"url":"https:\/\/help.jamk.fi\/peppi\/wp-content\/uploads\/sites\/130\/2020\/05\/Jaa-kalenteri.jpg","type":"","width":"","height":""}],"twitter_card":"summary_large_image","twitter_misc":{"Arvioitu lukuaika":"9 minuuttia"},"schema":{"@context":"https:\/\/schema.org","@graph":[{"@type":"WebPage","@id":"https:\/\/help.jamk.fi\/peppi\/fi\/kalenteri\/lukkarikone\/","url":"https:\/\/help.jamk.fi\/peppi\/fi\/kalenteri\/lukkarikone\/","name":"Lukkarikone - Peppi","isPartOf":{"@id":"https:\/\/help.jamk.fi\/peppi\/#website"},"primaryImageOfPage":{"@id":"https:\/\/help.jamk.fi\/peppi\/fi\/kalenteri\/lukkarikone\/#primaryimage"},"image":{"@id":"https:\/\/help.jamk.fi\/peppi\/fi\/kalenteri\/lukkarikone\/#primaryimage"},"thumbnailUrl":"https:\/\/help.jamk.fi\/peppi\/wp-content\/uploads\/sites\/130\/2020\/05\/Jaa-kalenteri.jpg","datePublished":"2020-04-06T08:47:12+00:00","dateModified":"2025-07-17T07:21:50+00:00","breadcrumb":{"@id":"https:\/\/help.jamk.fi\/peppi\/fi\/kalenteri\/lukkarikone\/#breadcrumb"},"inLanguage":"fi","potentialAction":[{"@type":"ReadAction","target":["https:\/\/help.jamk.fi\/peppi\/fi\/kalenteri\/lukkarikone\/"]}]},{"@type":"ImageObject","inLanguage":"fi","@id":"https:\/\/help.jamk.fi\/peppi\/fi\/kalenteri\/lukkarikone\/#primaryimage","url":"https:\/\/help.jamk.fi\/peppi\/wp-content\/uploads\/sites\/130\/2020\/05\/Jaa-kalenteri.jpg","contentUrl":"https:\/\/help.jamk.fi\/peppi\/wp-content\/uploads\/sites\/130\/2020\/05\/Jaa-kalenteri.jpg","width":640,"height":175,"caption":"Jaa kalenteri -painike Sis\u00e4lt\u00f6listauksessa"},{"@type":"BreadcrumbList","@id":"https:\/\/help.jamk.fi\/peppi\/fi\/kalenteri\/lukkarikone\/#breadcrumb","itemListElement":[{"@type":"ListItem","position":1,"name":"Home","item":"https:\/\/help.jamk.fi\/peppi\/fi\/"},{"@type":"ListItem","position":2,"name":"Kalenteri","item":"https:\/\/help.jamk.fi\/peppi\/fi\/kalenteri\/"},{"@type":"ListItem","position":3,"name":"Lukkarikone"}]},{"@type":"WebSite","@id":"https:\/\/help.jamk.fi\/peppi\/#website","url":"https:\/\/help.jamk.fi\/peppi\/","name":"Peppi","description":"","potentialAction":[{"@type":"SearchAction","target":{"@type":"EntryPoint","urlTemplate":"https:\/\/help.jamk.fi\/peppi\/?s={search_term_string}"},"query-input":{"@type":"PropertyValueSpecification","valueRequired":true,"valueName":"search_term_string"}}],"inLanguage":"fi"}]}},"_links":{"self":[{"href":"https:\/\/help.jamk.fi\/peppi\/wp-json\/wp\/v2\/pages\/2561","targetHints":{"allow":["GET"]}}],"collection":[{"href":"https:\/\/help.jamk.fi\/peppi\/wp-json\/wp\/v2\/pages"}],"about":[{"href":"https:\/\/help.jamk.fi\/peppi\/wp-json\/wp\/v2\/types\/page"}],"author":[{"embeddable":true,"href":"https:\/\/help.jamk.fi\/peppi\/wp-json\/wp\/v2\/users\/76"}],"replies":[{"embeddable":true,"href":"https:\/\/help.jamk.fi\/peppi\/wp-json\/wp\/v2\/comments?post=2561"}],"version-history":[{"count":4,"href":"https:\/\/help.jamk.fi\/peppi\/wp-json\/wp\/v2\/pages\/2561\/revisions"}],"predecessor-version":[{"id":3579,"href":"https:\/\/help.jamk.fi\/peppi\/wp-json\/wp\/v2\/pages\/2561\/revisions\/3579"}],"up":[{"embeddable":true,"href":"https:\/\/help.jamk.fi\/peppi\/wp-json\/wp\/v2\/pages\/2560"}],"wp:attachment":[{"href":"https:\/\/help.jamk.fi\/peppi\/wp-json\/wp\/v2\/media?parent=2561"}],"wp:term":[{"taxonomy":"category","embeddable":true,"href":"https:\/\/help.jamk.fi\/peppi\/wp-json\/wp\/v2\/categories?post=2561"},{"taxonomy":"post_tag","embeddable":true,"href":"https:\/\/help.jamk.fi\/peppi\/wp-json\/wp\/v2\/tags?post=2561"}],"curies":[{"name":"wp","href":"https:\/\/api.w.org\/{rel}","templated":true}]}}