{"id":2570,"date":"2020-04-28T11:33:45","date_gmt":"2020-04-28T08:33:45","guid":{"rendered":"https:\/\/help.jamk.fi\/peppi\/opintoni\/viestit-ja-ryhmankuvaus\/"},"modified":"2024-12-12T10:28:19","modified_gmt":"2024-12-12T08:28:19","slug":"viestit-ja-ryhmankuvaus","status":"publish","type":"page","link":"https:\/\/help.jamk.fi\/peppi\/fi\/opintoni\/viestit-ja-ryhmankuvaus\/","title":{"rendered":"Viestit  ja Ryhm\u00e4n kuvaus"},"content":{"rendered":"\n<h2 class=\"wp-block-heading\">Viestit<\/h2>\n\n\n\n<p>N\u00e4et tiedot uusista viesteist\u00e4 Pepiss\u00e4 HOPSin Tarkastelu-v\u00e4lilehdell\u00e4 Uudet viestit -osiossa.\u00a0<\/p>\n\n\n\n<p>Viestit-v\u00e4lilehdell\u00e4 voit tarkastella kaikkia HOPSiisi tai opintoihisi liittyv\u00e4\u00e4 viestint\u00e4\u00e4. <\/p>\n\n\n\n<figure class=\"wp-block-image size-large\"><img loading=\"lazy\" decoding=\"async\" width=\"1024\" height=\"430\" src=\"https:\/\/help.jamk.fi\/peppi\/wp-content\/uploads\/sites\/130\/2024\/12\/Peppi-viestit-4.7-1-1024x430.jpg\" alt=\"\" class=\"wp-image-3395\" srcset=\"https:\/\/help.jamk.fi\/peppi\/wp-content\/uploads\/sites\/130\/2024\/12\/Peppi-viestit-4.7-1-1024x430.jpg 1024w, https:\/\/help.jamk.fi\/peppi\/wp-content\/uploads\/sites\/130\/2024\/12\/Peppi-viestit-4.7-1-300x126.jpg 300w, https:\/\/help.jamk.fi\/peppi\/wp-content\/uploads\/sites\/130\/2024\/12\/Peppi-viestit-4.7-1-768x322.jpg 768w, https:\/\/help.jamk.fi\/peppi\/wp-content\/uploads\/sites\/130\/2024\/12\/Peppi-viestit-4.7-1.jpg 1248w\" sizes=\"auto, (max-width: 1024px) 100vw, 1024px\" \/><\/figure>\n\n\n\n<p>HOPSin\u00a0<strong>Viestit-v\u00e4lilehdell\u00e4<\/strong>\u00a0voit tarkastella HOPSiisi liittyv\u00e4\u00e4 viestint\u00e4\u00e4. Voit suodattaa saamiasi viestej\u00e4 viestityypin mukaan valitsemalla HOPS-teht\u00e4v\u00e4t, HOPS-viestit, Merkinn\u00e4t, Sopimukset tai Ahot-viestit. Hyv\u00e4ksilukua koskevat Ahot-viestit n\u00e4kyv\u00e4t vain, jos korkeakoulussasi on otettu k\u00e4ytt\u00f6\u00f6n eAhot-palvelu. Voit my\u00f6s vastata saamiisi viesteihin.<\/p>\n\n\n\n<figure class=\"wp-block-image size-large\"><img loading=\"lazy\" decoding=\"async\" width=\"1024\" height=\"363\" src=\"https:\/\/help.jamk.fi\/peppi\/wp-content\/uploads\/sites\/130\/2024\/12\/Peppi-viestit-valilehti-4.7-1024x363.jpg\" alt=\"\" class=\"wp-image-3396\" srcset=\"https:\/\/help.jamk.fi\/peppi\/wp-content\/uploads\/sites\/130\/2024\/12\/Peppi-viestit-valilehti-4.7-1024x363.jpg 1024w, https:\/\/help.jamk.fi\/peppi\/wp-content\/uploads\/sites\/130\/2024\/12\/Peppi-viestit-valilehti-4.7-300x106.jpg 300w, https:\/\/help.jamk.fi\/peppi\/wp-content\/uploads\/sites\/130\/2024\/12\/Peppi-viestit-valilehti-4.7-768x272.jpg 768w, https:\/\/help.jamk.fi\/peppi\/wp-content\/uploads\/sites\/130\/2024\/12\/Peppi-viestit-valilehti-4.7.jpg 1260w\" sizes=\"auto, (max-width: 1024px) 100vw, 1024px\" \/><\/figure>\n\n\n\n<p>Viesti\u00e4 klikkaamalla saat n\u00e4kyviin ponnahdusikkunan, jossa n\u00e4et aikaisemmat samaan viestiketjuun kuuluvat viestit\u00a0 ja voit jatkaa keskustelua kirjoittamalla lis\u00e4\u00e4 teksti\u00e4 viestilaatikkoon.<\/p>\n\n\n\n<div id=\"accordion-block_865e380b271f0ed960a6a52938665d83\" class=\"accordion block-accordion\">\n  <div class=\"block-accordion__element-header\">\n          <h2>Lis\u00e4tietoja viesteist\u00e4<\/h2>\n      <\/div>\n  <div class=\"block-accordion__accordions\">\n                  <div class=\"accordion-item\">\n          <h2 class=\"h6 accordion-title\">\n            <button id=\"accordion-header-1\" class=\"accordion-header\" aria-expanded=\"false\" aria-controls=\"accordion-panel-1\">\n              HOPS-teht\u00e4v\u00e4t              <div class='plus-icon' itemprop='logo'><svg aria-hidden=\"true\" viewBox=\"0 0 16 16\" fill=\"none\" xmlns=\"http:\/\/www.w3.org\/2000\/svg\"><path d=\"M8.92 7.1V.06H7.2V7.1H.12v1.72H7.2v7.12h1.72V8.82H16V7.1H8.92z\" fill=\"#0D004C\"\/><\/svg><\/div>              <div class='minus-icon' itemprop='logo'><svg aria-hidden=\"true\" viewBox=\"0 0 14 2\" fill=\"none\" xmlns=\"http:\/\/www.w3.org\/2000\/svg\"><path d=\"M14 1.88H.88V.12H14v1.76z\" fill=\"#fff\"\/><\/svg><\/div>            <\/button>\n          <\/h2>\n          <div class=\"accordion-section-wrapper\">\n            <section id=\"accordion-panel-1\" class=\"accordion-panel\" aria-labelledby=\"accordion-header-1\">\n              <p><span class=\"ui-provider a b c d e f g h i j k l m n o p q r s t u v w x y z ab ac ae af ag ah ai aj ak\">HOPS-ohjaajasi voi antaa sinulle HOPS-teht\u00e4v\u00e4n oman ty\u00f6p\u00f6yt\u00e4ns\u00e4 kautta (Opettajan ty\u00f6p\u00f6yt\u00e4 HOPS-ohjaus). Voit vastata saamaasi HOPS-teht\u00e4v\u00e4\u00e4n Viestit-v\u00e4lilehdell\u00e4 avaamalla kyseisen viestiketjun ja kirjoittamalla vastauksesi avautuvaan viestilaatikkoon. Muista allekirjoittaa viestisi.<br \/>\n<\/span><\/p>\n<p><span class=\"ui-provider a b c d e f g h i j k l m n o p q r s t u v w x y z ab ac ae af ag ah ai aj ak\">Teknisesti pystyt poistamaan opettajan sinulle antaman HOPS-teht\u00e4v\u00e4n, jolloin se h\u00e4vi\u00e4\u00e4 my\u00f6s opettajan n\u00e4kym\u00e4st\u00e4.\u00a0\u00c4l\u00e4 poista saamiasi HOPS-teht\u00e4vi\u00e4.<\/span><\/p>\n<p><img loading=\"lazy\" decoding=\"async\" class=\"alignnone  wp-image-3397\" src=\"https:\/\/help.jamk.fi\/peppi\/wp-content\/uploads\/sites\/130\/2024\/12\/HOPS-tehtava-4.7-300x93.jpg\" alt=\"Kuvankaappaus Viestit-v\u00e4lilehdell\u00e4, johon on korostettu HOPS-teht\u00e4v\u00e4t suodatuspainike ja Viestin tyyppi -sarake.\" width=\"771\" height=\"239\" srcset=\"https:\/\/help.jamk.fi\/peppi\/wp-content\/uploads\/sites\/130\/2024\/12\/HOPS-tehtava-4.7-300x93.jpg 300w, https:\/\/help.jamk.fi\/peppi\/wp-content\/uploads\/sites\/130\/2024\/12\/HOPS-tehtava-4.7-1024x318.jpg 1024w, https:\/\/help.jamk.fi\/peppi\/wp-content\/uploads\/sites\/130\/2024\/12\/HOPS-tehtava-4.7-768x239.jpg 768w, https:\/\/help.jamk.fi\/peppi\/wp-content\/uploads\/sites\/130\/2024\/12\/HOPS-tehtava-4.7.jpg 1261w\" sizes=\"auto, (max-width: 771px) 100vw, 771px\" \/><\/p>\n            <\/section>\n          <\/div>\n        <\/div>\n              <div class=\"accordion-item\">\n          <h2 class=\"h6 accordion-title\">\n            <button id=\"accordion-header-2\" class=\"accordion-header\" aria-expanded=\"false\" aria-controls=\"accordion-panel-2\">\n              HOPS-viestit              <div class='plus-icon' itemprop='logo'><svg aria-hidden=\"true\" viewBox=\"0 0 16 16\" fill=\"none\" xmlns=\"http:\/\/www.w3.org\/2000\/svg\"><path d=\"M8.92 7.1V.06H7.2V7.1H.12v1.72H7.2v7.12h1.72V8.82H16V7.1H8.92z\" fill=\"#0D004C\"\/><\/svg><\/div>              <div class='minus-icon' itemprop='logo'><svg aria-hidden=\"true\" viewBox=\"0 0 14 2\" fill=\"none\" xmlns=\"http:\/\/www.w3.org\/2000\/svg\"><path d=\"M14 1.88H.88V.12H14v1.76z\" fill=\"#fff\"\/><\/svg><\/div>            <\/button>\n          <\/h2>\n          <div class=\"accordion-section-wrapper\">\n            <section id=\"accordion-panel-2\" class=\"accordion-panel\" aria-labelledby=\"accordion-header-2\">\n              <p><span class=\"ui-provider a b c d e f g h i j k l m n o p q r s t u v w x y z ab ac ae af ag ah ai aj ak\">Hops-viestiin\u00a0<\/span><span class=\"ui-provider a b c d e f g h i j k l m n o p q r s t u v w x y z ab ac ae af ag ah ai aj ak\">vastaaminen<\/span><\/p>\n<ul>\n<li><span class=\"ui-provider a b c d e f g h i j k l m n o p q r s t u v w x y z ab ac ae af ag ah ai aj ak\">Valitse haluamasi viesti klikkaamalla viestin otsikkoa<\/span><\/li>\n<li><span class=\"ui-provider a b c d e f g h i j k l m n o p q r s t u v w x y z ab ac ae af ag ah ai aj ak\">Kirjoita viesti.\u00a0<strong>Muista allekirjoittaa viestisi, koska opettaja ei n\u00e4e s\u00e4hk\u00f6postiin saamastaan viestist\u00e4 kenen l\u00e4hett\u00e4m\u00e4st\u00e4 viestist\u00e4 on kyse.<\/strong><\/span><\/li>\n<li><span class=\"ui-provider a b c d e f g h i j k l m n o p q r s t u v w x y z ab ac ae af ag ah ai aj ak\">Valitse Vastaa.<\/span><\/li>\n<\/ul>\n<p><img loading=\"lazy\" decoding=\"async\" class=\"alignnone \" src=\"https:\/\/wiki.metropolia.fi\/download\/attachments\/228695301\/HOPSin%20kommentointiin%20vastaaminen.JPG?version=1&amp;modificationDate=1718786572000&amp;api=v2\" alt=\"Kuvankaappaus HOPS-viestist\u00e4.\" width=\"456\" height=\"420\" \/><\/p>\n            <\/section>\n          <\/div>\n        <\/div>\n              <div class=\"accordion-item\">\n          <h2 class=\"h6 accordion-title\">\n            <button id=\"accordion-header-3\" class=\"accordion-header\" aria-expanded=\"false\" aria-controls=\"accordion-panel-3\">\n              L\u00e4het\u00e4 HOPS kommentoitavaksi tai hyv\u00e4ksytt\u00e4v\u00e4ksi              <div class='plus-icon' itemprop='logo'><svg aria-hidden=\"true\" viewBox=\"0 0 16 16\" fill=\"none\" xmlns=\"http:\/\/www.w3.org\/2000\/svg\"><path d=\"M8.92 7.1V.06H7.2V7.1H.12v1.72H7.2v7.12h1.72V8.82H16V7.1H8.92z\" fill=\"#0D004C\"\/><\/svg><\/div>              <div class='minus-icon' itemprop='logo'><svg aria-hidden=\"true\" viewBox=\"0 0 14 2\" fill=\"none\" xmlns=\"http:\/\/www.w3.org\/2000\/svg\"><path d=\"M14 1.88H.88V.12H14v1.76z\" fill=\"#fff\"\/><\/svg><\/div>            <\/button>\n          <\/h2>\n          <div class=\"accordion-section-wrapper\">\n            <section id=\"accordion-panel-3\" class=\"accordion-panel\" aria-labelledby=\"accordion-header-3\">\n              <p>Toiminto liittyy HOPSin hyv\u00e4ksymisprosessiin. Voit l\u00e4hett\u00e4\u00e4 luonnostilassa olevan HOPS-version kommenteille tai hyv\u00e4ksytt\u00e4v\u00e4ksi HOPS-ohjaajallesi. Klikkaa L\u00e4het\u00e4 kommentoivaksi tai L\u00e4het\u00e4 hyv\u00e4ksytt\u00e4v\u00e4ksi -painiketta. N\u00e4m\u00e4 painikkeet l\u00f6ytyv\u00e4t kaikilta HOPSin v\u00e4lilehdilt\u00e4.<\/p>\n<p>Avautuvassa ikkunassa lis\u00e4\u00e4 vastaanottajaksi ohjaajasi, kirjoita viestiketjun aihe ja viesti (muista allekirjoittaa viestisi) ja valitse L\u00e4het\u00e4. HOPSin kommentointi ja hyv\u00e4ksyminen ovat HOPS-viestit -tyyppi\u00e4.<\/p>\n<p><img loading=\"lazy\" decoding=\"async\" class=\"alignnone \" src=\"https:\/\/wiki.metropolia.fi\/download\/attachments\/228695301\/HOPSin%20l%C3%A4hett%C3%A4minen%20hyv%C3%A4ksytt%C3%A4v%C3%A4ksi.JPG?version=1&amp;modificationDate=1718786844000&amp;api=v2\" alt=\"Kuvankaappaus ponnahdusikkunasta, jossa l\u00e4hetet\u00e4\u00e4n viestill\u00e4 HOPS hyv\u00e4ksytt\u00e4v\u00e4ksi.\" width=\"443\" height=\"525\" \/><\/p>\n<p>HOPSin hyv\u00e4ksyminen lukitsee HOPS-version, jolloin et en\u00e4\u00e4 p\u00e4\u00e4se sit\u00e4 muokkaamaan. Hyv\u00e4ksytyn HOPSin pohjalta sinulle syntyy v\u00e4litt\u00f6m\u00e4sti luonnostilassa oleva uusi HOPS, jossa voit jatkaa opintojesi suunnittelua.<\/p>\n            <\/section>\n          <\/div>\n        <\/div>\n              <div class=\"accordion-item\">\n          <h2 class=\"h6 accordion-title\">\n            <button id=\"accordion-header-4\" class=\"accordion-header\" aria-expanded=\"false\" aria-controls=\"accordion-panel-4\">\n              HOPS-merkinn\u00e4t              <div class='plus-icon' itemprop='logo'><svg aria-hidden=\"true\" viewBox=\"0 0 16 16\" fill=\"none\" xmlns=\"http:\/\/www.w3.org\/2000\/svg\"><path d=\"M8.92 7.1V.06H7.2V7.1H.12v1.72H7.2v7.12h1.72V8.82H16V7.1H8.92z\" fill=\"#0D004C\"\/><\/svg><\/div>              <div class='minus-icon' itemprop='logo'><svg aria-hidden=\"true\" viewBox=\"0 0 14 2\" fill=\"none\" xmlns=\"http:\/\/www.w3.org\/2000\/svg\"><path d=\"M14 1.88H.88V.12H14v1.76z\" fill=\"#fff\"\/><\/svg><\/div>            <\/button>\n          <\/h2>\n          <div class=\"accordion-section-wrapper\">\n            <section id=\"accordion-panel-4\" class=\"accordion-panel\" aria-labelledby=\"accordion-header-4\">\n              <p>HOPSissasi oleville opintojaksoille tai opintokokonaisuuksille tehdyt merkinn\u00e4t n\u00e4kyv\u00e4t Viestit-v\u00e4lilehdell\u00e4 Merkint\u00e4-tyyppisin\u00e4. Voit avata Merkint\u00e4-tyyppisen keskustelun joko HOPSin Viestit-v\u00e4lilehdelt\u00e4 klikkaamalla ao. viesti\u00e4 tai HOPSin Tarkastelu-v\u00e4lilehdelt\u00e4 klikkaamalla puhekuplasymbolia.<\/p>\n<p>Voit lis\u00e4t\u00e4 merkint\u00f6j\u00e4 HOPSiin itsellesi tai jakaa merkint\u00f6j\u00e4 sinua ohjaaville henkil\u00f6ille. Jos et t\u00e4yt\u00e4 merkinn\u00e4lle vastaanottajatietoa, merkint\u00e4 on tarkasteltavissa vain sinulle itsellesi ja voit poistaa tekem\u00e4si merkinn\u00e4n. Toiselle henkil\u00f6lle jakamiasi merkint\u00f6j\u00e4 tai opettajan HOPSissasi oleville opintojaksoille tekemi\u00e4 merkint\u00f6j\u00e4 ei voi poistaa.<\/p>\n            <\/section>\n          <\/div>\n        <\/div>\n              <div class=\"accordion-item\">\n          <h2 class=\"h6 accordion-title\">\n            <button id=\"accordion-header-5\" class=\"accordion-header\" aria-expanded=\"false\" aria-controls=\"accordion-panel-5\">\n              Sopimukset              <div class='plus-icon' itemprop='logo'><svg aria-hidden=\"true\" viewBox=\"0 0 16 16\" fill=\"none\" xmlns=\"http:\/\/www.w3.org\/2000\/svg\"><path d=\"M8.92 7.1V.06H7.2V7.1H.12v1.72H7.2v7.12h1.72V8.82H16V7.1H8.92z\" fill=\"#0D004C\"\/><\/svg><\/div>              <div class='minus-icon' itemprop='logo'><svg aria-hidden=\"true\" viewBox=\"0 0 14 2\" fill=\"none\" xmlns=\"http:\/\/www.w3.org\/2000\/svg\"><path d=\"M14 1.88H.88V.12H14v1.76z\" fill=\"#fff\"\/><\/svg><\/div>            <\/button>\n          <\/h2>\n          <div class=\"accordion-section-wrapper\">\n            <section id=\"accordion-panel-5\" class=\"accordion-panel\" aria-labelledby=\"accordion-header-5\">\n              <p>Saat HOPSin Viestit-v\u00e4lilehdelle ilmoituksen jokaisesta kanssasi tehdyst\u00e4 sopimuksesta. Teknisesti p\u00e4\u00e4set muokkaamaan sopimusta (esimerkiksi sopimukseen liitettyj\u00e4 opettajia). Sopimukseen liitetty opettaja saa viestin Peppiin sek\u00e4 s\u00e4hk\u00f6postiin, jos sopimusta on muutettu.<\/p>\n<p><img loading=\"lazy\" decoding=\"async\" class=\"alignnone \" src=\"https:\/\/wiki.metropolia.fi\/download\/attachments\/228695301\/Viestit%20sopimusesimerkki.JPG?version=1&amp;modificationDate=1719301981000&amp;api=v2\" alt=\"Kuvankaappaus esimerkkisopimuksen viestist\u00e4.\" width=\"743\" height=\"489\" \/><\/p>\n            <\/section>\n          <\/div>\n        <\/div>\n              <div class=\"accordion-item\">\n          <h2 class=\"h6 accordion-title\">\n            <button id=\"accordion-header-6\" class=\"accordion-header\" aria-expanded=\"false\" aria-controls=\"accordion-panel-6\">\n              Ahot-viestit              <div class='plus-icon' itemprop='logo'><svg aria-hidden=\"true\" viewBox=\"0 0 16 16\" fill=\"none\" xmlns=\"http:\/\/www.w3.org\/2000\/svg\"><path d=\"M8.92 7.1V.06H7.2V7.1H.12v1.72H7.2v7.12h1.72V8.82H16V7.1H8.92z\" fill=\"#0D004C\"\/><\/svg><\/div>              <div class='minus-icon' itemprop='logo'><svg aria-hidden=\"true\" viewBox=\"0 0 14 2\" fill=\"none\" xmlns=\"http:\/\/www.w3.org\/2000\/svg\"><path d=\"M14 1.88H.88V.12H14v1.76z\" fill=\"#fff\"\/><\/svg><\/div>            <\/button>\n          <\/h2>\n          <div class=\"accordion-section-wrapper\">\n            <section id=\"accordion-panel-6\" class=\"accordion-panel\" aria-labelledby=\"accordion-header-6\">\n              <p>Saat HOPSin Viestit-v\u00e4lilehdelle ilmoituksen jokaisesta l\u00e4hett\u00e4m\u00e4st\u00e4si hyv\u00e4ksilukuhakemuksesta. Ahot-viesteihin ei pysty vastaamaan.<\/p>\n            <\/section>\n          <\/div>\n        <\/div>\n            <\/div>\n<\/div>\n\n\n<h2 class=\"wp-block-heading\">Ryhm\u00e4n kuvaus<\/h2>\n\n\n\n<p>Opintosuunnitelman viimeisell\u00e4 v\u00e4lilehdell\u00e4 <em>Ryhm\u00e4n kuvaus<\/em> n\u00e4et tietoja omasta aloitusryhm\u00e4st\u00e4si: ryhm\u00e4n j\u00e4senet sek\u00e4 ryhm\u00e4n kuvauksen, ty\u00f6skentelytavat ja kokoontumiset. Ryhm\u00e4si opettajatutor p\u00e4ivitt\u00e4\u00e4 t\u00e4ll\u00e4 sivulla olevia kentti\u00e4.<\/p>\n\n\n\n<figure class=\"wp-block-image size-full\"><img loading=\"lazy\" decoding=\"async\" width=\"1024\" height=\"286\" src=\"https:\/\/help.jamk.fi\/peppi\/wp-content\/uploads\/sites\/130\/2020\/04\/opiPeppi-HOPS-Ryhman-kuvaus-e1615368102970.jpg\" alt=\"Kuvakaappaus HOPS-ryhm\u00e4n kuvauksesta\" class=\"wp-image-206\"\/><\/figure>\n","protected":false},"excerpt":{"rendered":"<p>Viestit N\u00e4et tiedot uusista viesteist\u00e4 Pepiss\u00e4 HOPSin Tarkastelu-v\u00e4lilehdell\u00e4 Uudet viestit -osiossa.\u00a0 Viestit-v\u00e4lilehdell\u00e4 voit tarkastella kaikkia HOPSiisi tai opintoihisi liittyv\u00e4\u00e4 viestint\u00e4\u00e4. HOPSin\u00a0Viestit-v\u00e4lilehdell\u00e4\u00a0voit tarkastella HOPSiisi liittyv\u00e4\u00e4 viestint\u00e4\u00e4. Voit suodattaa saamiasi viestej\u00e4 viestityypin mukaan valitsemalla HOPS-teht\u00e4v\u00e4t, HOPS-viestit, Merkinn\u00e4t, Sopimukset tai Ahot-viestit. Hyv\u00e4ksilukua koskevat Ahot-viestit n\u00e4kyv\u00e4t vain, jos korkeakoulussasi on otettu k\u00e4ytt\u00f6\u00f6n eAhot-palvelu. Voit my\u00f6s vastata saamiisi viesteihin. Viesti\u00e4 [&hellip;]<\/p>\n","protected":false},"author":77,"featured_media":0,"parent":2565,"menu_order":0,"comment_status":"closed","ping_status":"open","template":"","meta":{"_acf_changed":false,"_relevanssi_hide_post":"","_relevanssi_hide_content":"","_relevanssi_pin_for_all":"","_relevanssi_pin_keywords":"","_relevanssi_unpin_keywords":"","_relevanssi_related_keywords":"","_relevanssi_related_include_ids":"","_relevanssi_related_exclude_ids":"","_relevanssi_related_no_append":"","_relevanssi_related_not_related":"","_relevanssi_related_posts":"","_relevanssi_noindex_reason":"","footnotes":""},"categories":[1],"tags":[],"class_list":["post-2570","page","type-page","status-publish","hentry","category-uncategorised"],"acf":[],"yoast_head":"<!-- This site is optimized with the Yoast SEO plugin v27.4 - https:\/\/yoast.com\/product\/yoast-seo-wordpress\/ -->\n<title>Viestit ja Ryhm\u00e4n kuvaus - Peppi<\/title>\n<meta name=\"robots\" content=\"index, follow, max-snippet:-1, max-image-preview:large, max-video-preview:-1\" \/>\n<link rel=\"canonical\" href=\"https:\/\/help.jamk.fi\/peppi\/fi\/opintoni\/viestit-ja-ryhmankuvaus\/\" \/>\n<meta property=\"og:locale\" content=\"fi_FI\" \/>\n<meta property=\"og:type\" content=\"article\" \/>\n<meta property=\"og:title\" content=\"Viestit ja Ryhm\u00e4n kuvaus - Peppi\" \/>\n<meta property=\"og:description\" content=\"Viestit N\u00e4et tiedot uusista viesteist\u00e4 Pepiss\u00e4 HOPSin Tarkastelu-v\u00e4lilehdell\u00e4 Uudet viestit -osiossa.\u00a0 Viestit-v\u00e4lilehdell\u00e4 voit tarkastella kaikkia HOPSiisi tai opintoihisi liittyv\u00e4\u00e4 viestint\u00e4\u00e4. HOPSin\u00a0Viestit-v\u00e4lilehdell\u00e4\u00a0voit tarkastella HOPSiisi liittyv\u00e4\u00e4 viestint\u00e4\u00e4. Voit suodattaa saamiasi viestej\u00e4 viestityypin mukaan valitsemalla HOPS-teht\u00e4v\u00e4t, HOPS-viestit, Merkinn\u00e4t, Sopimukset tai Ahot-viestit. Hyv\u00e4ksilukua koskevat Ahot-viestit n\u00e4kyv\u00e4t vain, jos korkeakoulussasi on otettu k\u00e4ytt\u00f6\u00f6n eAhot-palvelu. Voit my\u00f6s vastata saamiisi viesteihin. Viesti\u00e4 [&hellip;]\" \/>\n<meta property=\"og:url\" content=\"https:\/\/help.jamk.fi\/peppi\/fi\/opintoni\/viestit-ja-ryhmankuvaus\/\" \/>\n<meta property=\"og:site_name\" content=\"Peppi\" \/>\n<meta property=\"article:modified_time\" content=\"2024-12-12T08:28:19+00:00\" \/>\n<meta property=\"og:image\" content=\"https:\/\/help.jamk.fi\/peppi\/wp-content\/uploads\/sites\/130\/2024\/12\/Peppi-viestit-4.7-1-1024x430.jpg\" \/>\n<meta name=\"twitter:card\" content=\"summary_large_image\" \/>\n<meta name=\"twitter:label1\" content=\"Arvioitu lukuaika\" \/>\n\t<meta name=\"twitter:data1\" content=\"2 minuuttia\" \/>\n<script type=\"application\/ld+json\" class=\"yoast-schema-graph\">{\"@context\":\"https:\\\/\\\/schema.org\",\"@graph\":[{\"@type\":\"WebPage\",\"@id\":\"https:\\\/\\\/help.jamk.fi\\\/peppi\\\/fi\\\/opintoni\\\/viestit-ja-ryhmankuvaus\\\/\",\"url\":\"https:\\\/\\\/help.jamk.fi\\\/peppi\\\/fi\\\/opintoni\\\/viestit-ja-ryhmankuvaus\\\/\",\"name\":\"Viestit ja Ryhm\u00e4n kuvaus - Peppi\",\"isPartOf\":{\"@id\":\"https:\\\/\\\/help.jamk.fi\\\/peppi\\\/#website\"},\"primaryImageOfPage\":{\"@id\":\"https:\\\/\\\/help.jamk.fi\\\/peppi\\\/fi\\\/opintoni\\\/viestit-ja-ryhmankuvaus\\\/#primaryimage\"},\"image\":{\"@id\":\"https:\\\/\\\/help.jamk.fi\\\/peppi\\\/fi\\\/opintoni\\\/viestit-ja-ryhmankuvaus\\\/#primaryimage\"},\"thumbnailUrl\":\"https:\\\/\\\/help.jamk.fi\\\/peppi\\\/wp-content\\\/uploads\\\/sites\\\/130\\\/2024\\\/12\\\/Peppi-viestit-4.7-1-1024x430.jpg\",\"datePublished\":\"2020-04-28T08:33:45+00:00\",\"dateModified\":\"2024-12-12T08:28:19+00:00\",\"breadcrumb\":{\"@id\":\"https:\\\/\\\/help.jamk.fi\\\/peppi\\\/fi\\\/opintoni\\\/viestit-ja-ryhmankuvaus\\\/#breadcrumb\"},\"inLanguage\":\"fi\",\"potentialAction\":[{\"@type\":\"ReadAction\",\"target\":[\"https:\\\/\\\/help.jamk.fi\\\/peppi\\\/fi\\\/opintoni\\\/viestit-ja-ryhmankuvaus\\\/\"]}]},{\"@type\":\"ImageObject\",\"inLanguage\":\"fi\",\"@id\":\"https:\\\/\\\/help.jamk.fi\\\/peppi\\\/fi\\\/opintoni\\\/viestit-ja-ryhmankuvaus\\\/#primaryimage\",\"url\":\"https:\\\/\\\/help.jamk.fi\\\/peppi\\\/wp-content\\\/uploads\\\/sites\\\/130\\\/2024\\\/12\\\/Peppi-viestit-4.7-1.jpg\",\"contentUrl\":\"https:\\\/\\\/help.jamk.fi\\\/peppi\\\/wp-content\\\/uploads\\\/sites\\\/130\\\/2024\\\/12\\\/Peppi-viestit-4.7-1.jpg\",\"width\":1248,\"height\":524},{\"@type\":\"BreadcrumbList\",\"@id\":\"https:\\\/\\\/help.jamk.fi\\\/peppi\\\/fi\\\/opintoni\\\/viestit-ja-ryhmankuvaus\\\/#breadcrumb\",\"itemListElement\":[{\"@type\":\"ListItem\",\"position\":1,\"name\":\"Home\",\"item\":\"https:\\\/\\\/help.jamk.fi\\\/peppi\\\/fi\\\/\"},{\"@type\":\"ListItem\",\"position\":2,\"name\":\"Opintoni\",\"item\":\"https:\\\/\\\/help.jamk.fi\\\/peppi\\\/fi\\\/opintoni\\\/\"},{\"@type\":\"ListItem\",\"position\":3,\"name\":\"Viestit ja Ryhm\u00e4n kuvaus\"}]},{\"@type\":\"WebSite\",\"@id\":\"https:\\\/\\\/help.jamk.fi\\\/peppi\\\/#website\",\"url\":\"https:\\\/\\\/help.jamk.fi\\\/peppi\\\/\",\"name\":\"Peppi\",\"description\":\"\",\"potentialAction\":[{\"@type\":\"SearchAction\",\"target\":{\"@type\":\"EntryPoint\",\"urlTemplate\":\"https:\\\/\\\/help.jamk.fi\\\/peppi\\\/?s={search_term_string}\"},\"query-input\":{\"@type\":\"PropertyValueSpecification\",\"valueRequired\":true,\"valueName\":\"search_term_string\"}}],\"inLanguage\":\"fi\"}]}<\/script>\n<!-- \/ Yoast SEO plugin. -->","yoast_head_json":{"title":"Viestit ja Ryhm\u00e4n kuvaus - Peppi","robots":{"index":"index","follow":"follow","max-snippet":"max-snippet:-1","max-image-preview":"max-image-preview:large","max-video-preview":"max-video-preview:-1"},"canonical":"https:\/\/help.jamk.fi\/peppi\/fi\/opintoni\/viestit-ja-ryhmankuvaus\/","og_locale":"fi_FI","og_type":"article","og_title":"Viestit ja Ryhm\u00e4n kuvaus - Peppi","og_description":"Viestit N\u00e4et tiedot uusista viesteist\u00e4 Pepiss\u00e4 HOPSin Tarkastelu-v\u00e4lilehdell\u00e4 Uudet viestit -osiossa.\u00a0 Viestit-v\u00e4lilehdell\u00e4 voit tarkastella kaikkia HOPSiisi tai opintoihisi liittyv\u00e4\u00e4 viestint\u00e4\u00e4. HOPSin\u00a0Viestit-v\u00e4lilehdell\u00e4\u00a0voit tarkastella HOPSiisi liittyv\u00e4\u00e4 viestint\u00e4\u00e4. Voit suodattaa saamiasi viestej\u00e4 viestityypin mukaan valitsemalla HOPS-teht\u00e4v\u00e4t, HOPS-viestit, Merkinn\u00e4t, Sopimukset tai Ahot-viestit. Hyv\u00e4ksilukua koskevat Ahot-viestit n\u00e4kyv\u00e4t vain, jos korkeakoulussasi on otettu k\u00e4ytt\u00f6\u00f6n eAhot-palvelu. Voit my\u00f6s vastata saamiisi viesteihin. Viesti\u00e4 [&hellip;]","og_url":"https:\/\/help.jamk.fi\/peppi\/fi\/opintoni\/viestit-ja-ryhmankuvaus\/","og_site_name":"Peppi","article_modified_time":"2024-12-12T08:28:19+00:00","og_image":[{"url":"https:\/\/help.jamk.fi\/peppi\/wp-content\/uploads\/sites\/130\/2024\/12\/Peppi-viestit-4.7-1-1024x430.jpg","type":"","width":"","height":""}],"twitter_card":"summary_large_image","twitter_misc":{"Arvioitu lukuaika":"2 minuuttia"},"schema":{"@context":"https:\/\/schema.org","@graph":[{"@type":"WebPage","@id":"https:\/\/help.jamk.fi\/peppi\/fi\/opintoni\/viestit-ja-ryhmankuvaus\/","url":"https:\/\/help.jamk.fi\/peppi\/fi\/opintoni\/viestit-ja-ryhmankuvaus\/","name":"Viestit ja Ryhm\u00e4n kuvaus - Peppi","isPartOf":{"@id":"https:\/\/help.jamk.fi\/peppi\/#website"},"primaryImageOfPage":{"@id":"https:\/\/help.jamk.fi\/peppi\/fi\/opintoni\/viestit-ja-ryhmankuvaus\/#primaryimage"},"image":{"@id":"https:\/\/help.jamk.fi\/peppi\/fi\/opintoni\/viestit-ja-ryhmankuvaus\/#primaryimage"},"thumbnailUrl":"https:\/\/help.jamk.fi\/peppi\/wp-content\/uploads\/sites\/130\/2024\/12\/Peppi-viestit-4.7-1-1024x430.jpg","datePublished":"2020-04-28T08:33:45+00:00","dateModified":"2024-12-12T08:28:19+00:00","breadcrumb":{"@id":"https:\/\/help.jamk.fi\/peppi\/fi\/opintoni\/viestit-ja-ryhmankuvaus\/#breadcrumb"},"inLanguage":"fi","potentialAction":[{"@type":"ReadAction","target":["https:\/\/help.jamk.fi\/peppi\/fi\/opintoni\/viestit-ja-ryhmankuvaus\/"]}]},{"@type":"ImageObject","inLanguage":"fi","@id":"https:\/\/help.jamk.fi\/peppi\/fi\/opintoni\/viestit-ja-ryhmankuvaus\/#primaryimage","url":"https:\/\/help.jamk.fi\/peppi\/wp-content\/uploads\/sites\/130\/2024\/12\/Peppi-viestit-4.7-1.jpg","contentUrl":"https:\/\/help.jamk.fi\/peppi\/wp-content\/uploads\/sites\/130\/2024\/12\/Peppi-viestit-4.7-1.jpg","width":1248,"height":524},{"@type":"BreadcrumbList","@id":"https:\/\/help.jamk.fi\/peppi\/fi\/opintoni\/viestit-ja-ryhmankuvaus\/#breadcrumb","itemListElement":[{"@type":"ListItem","position":1,"name":"Home","item":"https:\/\/help.jamk.fi\/peppi\/fi\/"},{"@type":"ListItem","position":2,"name":"Opintoni","item":"https:\/\/help.jamk.fi\/peppi\/fi\/opintoni\/"},{"@type":"ListItem","position":3,"name":"Viestit ja Ryhm\u00e4n kuvaus"}]},{"@type":"WebSite","@id":"https:\/\/help.jamk.fi\/peppi\/#website","url":"https:\/\/help.jamk.fi\/peppi\/","name":"Peppi","description":"","potentialAction":[{"@type":"SearchAction","target":{"@type":"EntryPoint","urlTemplate":"https:\/\/help.jamk.fi\/peppi\/?s={search_term_string}"},"query-input":{"@type":"PropertyValueSpecification","valueRequired":true,"valueName":"search_term_string"}}],"inLanguage":"fi"}]}},"_links":{"self":[{"href":"https:\/\/help.jamk.fi\/peppi\/wp-json\/wp\/v2\/pages\/2570","targetHints":{"allow":["GET"]}}],"collection":[{"href":"https:\/\/help.jamk.fi\/peppi\/wp-json\/wp\/v2\/pages"}],"about":[{"href":"https:\/\/help.jamk.fi\/peppi\/wp-json\/wp\/v2\/types\/page"}],"author":[{"embeddable":true,"href":"https:\/\/help.jamk.fi\/peppi\/wp-json\/wp\/v2\/users\/77"}],"replies":[{"embeddable":true,"href":"https:\/\/help.jamk.fi\/peppi\/wp-json\/wp\/v2\/comments?post=2570"}],"version-history":[{"count":4,"href":"https:\/\/help.jamk.fi\/peppi\/wp-json\/wp\/v2\/pages\/2570\/revisions"}],"predecessor-version":[{"id":3398,"href":"https:\/\/help.jamk.fi\/peppi\/wp-json\/wp\/v2\/pages\/2570\/revisions\/3398"}],"up":[{"embeddable":true,"href":"https:\/\/help.jamk.fi\/peppi\/wp-json\/wp\/v2\/pages\/2565"}],"wp:attachment":[{"href":"https:\/\/help.jamk.fi\/peppi\/wp-json\/wp\/v2\/media?parent=2570"}],"wp:term":[{"taxonomy":"category","embeddable":true,"href":"https:\/\/help.jamk.fi\/peppi\/wp-json\/wp\/v2\/categories?post=2570"},{"taxonomy":"post_tag","embeddable":true,"href":"https:\/\/help.jamk.fi\/peppi\/wp-json\/wp\/v2\/tags?post=2570"}],"curies":[{"name":"wp","href":"https:\/\/api.w.org\/{rel}","templated":true}]}}