{"id":2594,"date":"2020-08-05T08:27:27","date_gmt":"2020-08-05T05:27:27","guid":{"rendered":"https:\/\/help.jamk.fi\/peppi\/omat-tiedot\/useampi-opiskeluoikeus\/"},"modified":"2023-10-31T12:38:55","modified_gmt":"2023-10-31T10:38:55","slug":"useampi-opiskeluoikeus","status":"publish","type":"page","link":"https:\/\/help.jamk.fi\/peppi\/fi\/omat-tiedot\/useampi-opiskeluoikeus\/","title":{"rendered":"Useampi opiskeluoikeus"},"content":{"rendered":"<p>Jos sinulla on useampi VOIMASSA OLEVA opiskeluoikeus, n\u00e4et ne Pepiss\u00e4 klikkaamalla oikeassa yl\u00e4kulmassa olevaa nime\u00e4si.<br \/>\n<img loading=\"lazy\" decoding=\"async\" class=\"alignnone size-full wp-image-759\" src=\"https:\/\/help.jamk.fi\/peppi\/wp-content\/uploads\/sites\/130\/2020\/08\/Opiskelija_useampiopiskeluoikeus.jpg\" alt=\"Useampi opiskeluoikeus n\u00e4kyy klikkaamalla omaa nime\u00e4si sivun oikeasta yl\u00e4kulmasta\" width=\"448\" height=\"469\" \/><br \/>\nVoit siirty\u00e4 haluamaasi opiskeluoikeuteen klikkaamalla opiskeluoikeuden nime\u00e4. Saat tarkistettua, mink\u00e4 opiskeluoikeuden parissa ty\u00f6skentelet katsomalla esimerkiksi HOPSiasi.<br \/>\nMuista tehd\u00e4 kullekin opiskeluoikeudelle <a href=\"https:\/\/help.jamk.fi\/peppi\/opintoni\/ilmoittautuminen-lukuvuodelle\/\" target=\"_blank\" rel=\"noopener noreferrer\">l\u00e4sn\u00e4oloilmoittautuminen<\/a> sek\u00e4 <a href=\"https:\/\/help.jamk.fi\/peppi\/opintoni\/ilmoittautumiset-opintojaksojen-toteutuksille\/\" target=\"_blank\" rel=\"noopener noreferrer\">opintojaksoilmoittautumiset<\/a>, mik\u00e4li edelleen haluat kyseisi\u00e4 opintoja edist\u00e4\u00e4.<\/p>\n<h2>Uusi opiskelija, jolla entuudestaan jo opiskeluoikeus ja tunnukset<\/h2>\n<p>Mik\u00e4li opiskelijalla on jo aktiiviset tunnukset, uusia tunnuksia ei tarvitse noutaa Vetuma-palvelusta, vaan kirjautuminen tapahtuu jo olemassa olevilla tunnuksilla. Muutoksena entiseen: k\u00e4ytt\u00e4j\u00e4tunnus on opiskelijakohtainen ei opinto-oikeuskohtainen. Opiskelijalla voi siis saman k\u00e4ytt\u00e4j\u00e4tunnuksen alla olla useampia opiskeluoikeuksia.<br \/>\nK\u00e4ytt\u00e4j\u00e4tunnus sulkeutuu vasta siin\u00e4 vaiheessa, kun opiskelijan viimeinenkin voimassa oleva opiskeluoikeus p\u00e4\u00e4ttyy.<\/p>\n","protected":false},"excerpt":{"rendered":"<p>Jos sinulla on useampi VOIMASSA OLEVA opiskeluoikeus, n\u00e4et ne Pepiss\u00e4 klikkaamalla oikeassa yl\u00e4kulmassa olevaa nime\u00e4si. Voit siirty\u00e4 haluamaasi opiskeluoikeuteen klikkaamalla opiskeluoikeuden nime\u00e4. Saat tarkistettua, mink\u00e4 opiskeluoikeuden parissa ty\u00f6skentelet katsomalla esimerkiksi HOPSiasi. Muista tehd\u00e4 kullekin opiskeluoikeudelle l\u00e4sn\u00e4oloilmoittautuminen sek\u00e4 opintojaksoilmoittautumiset, mik\u00e4li edelleen haluat kyseisi\u00e4 opintoja edist\u00e4\u00e4. Uusi opiskelija, jolla entuudestaan jo opiskeluoikeus ja tunnukset Mik\u00e4li opiskelijalla on [&hellip;]<\/p>\n","protected":false},"author":76,"featured_media":0,"parent":2567,"menu_order":0,"comment_status":"closed","ping_status":"open","template":"","meta":{"_acf_changed":false,"_relevanssi_hide_post":"","_relevanssi_hide_content":"","_relevanssi_pin_for_all":"","_relevanssi_pin_keywords":"","_relevanssi_unpin_keywords":"","_relevanssi_related_keywords":"","_relevanssi_related_include_ids":"","_relevanssi_related_exclude_ids":"","_relevanssi_related_no_append":"","_relevanssi_related_not_related":"","_relevanssi_related_posts":"","_relevanssi_noindex_reason":"","footnotes":""},"categories":[1],"tags":[],"class_list":["post-2594","page","type-page","status-publish","hentry","category-uncategorised"],"acf":[],"yoast_head":"<!-- This site is optimized with the Yoast SEO plugin v27.5 - https:\/\/yoast.com\/product\/yoast-seo-wordpress\/ -->\n<title>Useampi opiskeluoikeus - Peppi<\/title>\n<meta name=\"robots\" content=\"index, follow, max-snippet:-1, max-image-preview:large, max-video-preview:-1\" \/>\n<link rel=\"canonical\" href=\"https:\/\/help.jamk.fi\/peppi\/fi\/omat-tiedot\/useampi-opiskeluoikeus\/\" \/>\n<meta property=\"og:locale\" content=\"fi_FI\" \/>\n<meta property=\"og:type\" content=\"article\" \/>\n<meta property=\"og:title\" content=\"Useampi opiskeluoikeus - Peppi\" \/>\n<meta property=\"og:description\" content=\"Jos sinulla on useampi VOIMASSA OLEVA opiskeluoikeus, n\u00e4et ne Pepiss\u00e4 klikkaamalla oikeassa yl\u00e4kulmassa olevaa nime\u00e4si. Voit siirty\u00e4 haluamaasi opiskeluoikeuteen klikkaamalla opiskeluoikeuden nime\u00e4. Saat tarkistettua, mink\u00e4 opiskeluoikeuden parissa ty\u00f6skentelet katsomalla esimerkiksi HOPSiasi. Muista tehd\u00e4 kullekin opiskeluoikeudelle l\u00e4sn\u00e4oloilmoittautuminen sek\u00e4 opintojaksoilmoittautumiset, mik\u00e4li edelleen haluat kyseisi\u00e4 opintoja edist\u00e4\u00e4. Uusi opiskelija, jolla entuudestaan jo opiskeluoikeus ja tunnukset Mik\u00e4li opiskelijalla on [&hellip;]\" \/>\n<meta property=\"og:url\" content=\"https:\/\/help.jamk.fi\/peppi\/fi\/omat-tiedot\/useampi-opiskeluoikeus\/\" \/>\n<meta property=\"og:site_name\" content=\"Peppi\" \/>\n<meta property=\"article:modified_time\" content=\"2023-10-31T10:38:55+00:00\" \/>\n<meta property=\"og:image\" content=\"https:\/\/help.jamk.fi\/peppi\/wp-content\/uploads\/sites\/130\/2020\/08\/Opiskelija_useampiopiskeluoikeus.jpg\" \/>\n<meta name=\"twitter:card\" content=\"summary_large_image\" \/>\n<meta name=\"twitter:label1\" content=\"Arvioitu lukuaika\" \/>\n\t<meta name=\"twitter:data1\" content=\"1 minuutti\" \/>\n<script type=\"application\/ld+json\" class=\"yoast-schema-graph\">{\"@context\":\"https:\\\/\\\/schema.org\",\"@graph\":[{\"@type\":\"WebPage\",\"@id\":\"https:\\\/\\\/help.jamk.fi\\\/peppi\\\/fi\\\/omat-tiedot\\\/useampi-opiskeluoikeus\\\/\",\"url\":\"https:\\\/\\\/help.jamk.fi\\\/peppi\\\/fi\\\/omat-tiedot\\\/useampi-opiskeluoikeus\\\/\",\"name\":\"Useampi opiskeluoikeus - Peppi\",\"isPartOf\":{\"@id\":\"https:\\\/\\\/help.jamk.fi\\\/peppi\\\/#website\"},\"primaryImageOfPage\":{\"@id\":\"https:\\\/\\\/help.jamk.fi\\\/peppi\\\/fi\\\/omat-tiedot\\\/useampi-opiskeluoikeus\\\/#primaryimage\"},\"image\":{\"@id\":\"https:\\\/\\\/help.jamk.fi\\\/peppi\\\/fi\\\/omat-tiedot\\\/useampi-opiskeluoikeus\\\/#primaryimage\"},\"thumbnailUrl\":\"https:\\\/\\\/help.jamk.fi\\\/peppi\\\/wp-content\\\/uploads\\\/sites\\\/130\\\/2020\\\/08\\\/Opiskelija_useampiopiskeluoikeus.jpg\",\"datePublished\":\"2020-08-05T05:27:27+00:00\",\"dateModified\":\"2023-10-31T10:38:55+00:00\",\"breadcrumb\":{\"@id\":\"https:\\\/\\\/help.jamk.fi\\\/peppi\\\/fi\\\/omat-tiedot\\\/useampi-opiskeluoikeus\\\/#breadcrumb\"},\"inLanguage\":\"fi\",\"potentialAction\":[{\"@type\":\"ReadAction\",\"target\":[\"https:\\\/\\\/help.jamk.fi\\\/peppi\\\/fi\\\/omat-tiedot\\\/useampi-opiskeluoikeus\\\/\"]}]},{\"@type\":\"ImageObject\",\"inLanguage\":\"fi\",\"@id\":\"https:\\\/\\\/help.jamk.fi\\\/peppi\\\/fi\\\/omat-tiedot\\\/useampi-opiskeluoikeus\\\/#primaryimage\",\"url\":\"https:\\\/\\\/help.jamk.fi\\\/peppi\\\/wp-content\\\/uploads\\\/sites\\\/130\\\/2020\\\/08\\\/Opiskelija_useampiopiskeluoikeus.jpg\",\"contentUrl\":\"https:\\\/\\\/help.jamk.fi\\\/peppi\\\/wp-content\\\/uploads\\\/sites\\\/130\\\/2020\\\/08\\\/Opiskelija_useampiopiskeluoikeus.jpg\",\"width\":448,\"height\":469,\"caption\":\"Useampi opiskeluoikeus n\u00e4kyy klikkaamalla omaa nime\u00e4si sivun oikeasta yl\u00e4kulmasta\"},{\"@type\":\"BreadcrumbList\",\"@id\":\"https:\\\/\\\/help.jamk.fi\\\/peppi\\\/fi\\\/omat-tiedot\\\/useampi-opiskeluoikeus\\\/#breadcrumb\",\"itemListElement\":[{\"@type\":\"ListItem\",\"position\":1,\"name\":\"Home\",\"item\":\"https:\\\/\\\/help.jamk.fi\\\/peppi\\\/fi\\\/\"},{\"@type\":\"ListItem\",\"position\":2,\"name\":\"Omat tiedot\",\"item\":\"https:\\\/\\\/help.jamk.fi\\\/peppi\\\/fi\\\/omat-tiedot\\\/\"},{\"@type\":\"ListItem\",\"position\":3,\"name\":\"Useampi opiskeluoikeus\"}]},{\"@type\":\"WebSite\",\"@id\":\"https:\\\/\\\/help.jamk.fi\\\/peppi\\\/#website\",\"url\":\"https:\\\/\\\/help.jamk.fi\\\/peppi\\\/\",\"name\":\"Peppi\",\"description\":\"\",\"potentialAction\":[{\"@type\":\"SearchAction\",\"target\":{\"@type\":\"EntryPoint\",\"urlTemplate\":\"https:\\\/\\\/help.jamk.fi\\\/peppi\\\/?s={search_term_string}\"},\"query-input\":{\"@type\":\"PropertyValueSpecification\",\"valueRequired\":true,\"valueName\":\"search_term_string\"}}],\"inLanguage\":\"fi\"}]}<\/script>\n<!-- \/ Yoast SEO plugin. -->","yoast_head_json":{"title":"Useampi opiskeluoikeus - Peppi","robots":{"index":"index","follow":"follow","max-snippet":"max-snippet:-1","max-image-preview":"max-image-preview:large","max-video-preview":"max-video-preview:-1"},"canonical":"https:\/\/help.jamk.fi\/peppi\/fi\/omat-tiedot\/useampi-opiskeluoikeus\/","og_locale":"fi_FI","og_type":"article","og_title":"Useampi opiskeluoikeus - Peppi","og_description":"Jos sinulla on useampi VOIMASSA OLEVA opiskeluoikeus, n\u00e4et ne Pepiss\u00e4 klikkaamalla oikeassa yl\u00e4kulmassa olevaa nime\u00e4si. Voit siirty\u00e4 haluamaasi opiskeluoikeuteen klikkaamalla opiskeluoikeuden nime\u00e4. Saat tarkistettua, mink\u00e4 opiskeluoikeuden parissa ty\u00f6skentelet katsomalla esimerkiksi HOPSiasi. Muista tehd\u00e4 kullekin opiskeluoikeudelle l\u00e4sn\u00e4oloilmoittautuminen sek\u00e4 opintojaksoilmoittautumiset, mik\u00e4li edelleen haluat kyseisi\u00e4 opintoja edist\u00e4\u00e4. Uusi opiskelija, jolla entuudestaan jo opiskeluoikeus ja tunnukset Mik\u00e4li opiskelijalla on [&hellip;]","og_url":"https:\/\/help.jamk.fi\/peppi\/fi\/omat-tiedot\/useampi-opiskeluoikeus\/","og_site_name":"Peppi","article_modified_time":"2023-10-31T10:38:55+00:00","og_image":[{"url":"https:\/\/help.jamk.fi\/peppi\/wp-content\/uploads\/sites\/130\/2020\/08\/Opiskelija_useampiopiskeluoikeus.jpg","type":"","width":"","height":""}],"twitter_card":"summary_large_image","twitter_misc":{"Arvioitu lukuaika":"1 minuutti"},"schema":{"@context":"https:\/\/schema.org","@graph":[{"@type":"WebPage","@id":"https:\/\/help.jamk.fi\/peppi\/fi\/omat-tiedot\/useampi-opiskeluoikeus\/","url":"https:\/\/help.jamk.fi\/peppi\/fi\/omat-tiedot\/useampi-opiskeluoikeus\/","name":"Useampi opiskeluoikeus - Peppi","isPartOf":{"@id":"https:\/\/help.jamk.fi\/peppi\/#website"},"primaryImageOfPage":{"@id":"https:\/\/help.jamk.fi\/peppi\/fi\/omat-tiedot\/useampi-opiskeluoikeus\/#primaryimage"},"image":{"@id":"https:\/\/help.jamk.fi\/peppi\/fi\/omat-tiedot\/useampi-opiskeluoikeus\/#primaryimage"},"thumbnailUrl":"https:\/\/help.jamk.fi\/peppi\/wp-content\/uploads\/sites\/130\/2020\/08\/Opiskelija_useampiopiskeluoikeus.jpg","datePublished":"2020-08-05T05:27:27+00:00","dateModified":"2023-10-31T10:38:55+00:00","breadcrumb":{"@id":"https:\/\/help.jamk.fi\/peppi\/fi\/omat-tiedot\/useampi-opiskeluoikeus\/#breadcrumb"},"inLanguage":"fi","potentialAction":[{"@type":"ReadAction","target":["https:\/\/help.jamk.fi\/peppi\/fi\/omat-tiedot\/useampi-opiskeluoikeus\/"]}]},{"@type":"ImageObject","inLanguage":"fi","@id":"https:\/\/help.jamk.fi\/peppi\/fi\/omat-tiedot\/useampi-opiskeluoikeus\/#primaryimage","url":"https:\/\/help.jamk.fi\/peppi\/wp-content\/uploads\/sites\/130\/2020\/08\/Opiskelija_useampiopiskeluoikeus.jpg","contentUrl":"https:\/\/help.jamk.fi\/peppi\/wp-content\/uploads\/sites\/130\/2020\/08\/Opiskelija_useampiopiskeluoikeus.jpg","width":448,"height":469,"caption":"Useampi opiskeluoikeus n\u00e4kyy klikkaamalla omaa nime\u00e4si sivun oikeasta yl\u00e4kulmasta"},{"@type":"BreadcrumbList","@id":"https:\/\/help.jamk.fi\/peppi\/fi\/omat-tiedot\/useampi-opiskeluoikeus\/#breadcrumb","itemListElement":[{"@type":"ListItem","position":1,"name":"Home","item":"https:\/\/help.jamk.fi\/peppi\/fi\/"},{"@type":"ListItem","position":2,"name":"Omat tiedot","item":"https:\/\/help.jamk.fi\/peppi\/fi\/omat-tiedot\/"},{"@type":"ListItem","position":3,"name":"Useampi opiskeluoikeus"}]},{"@type":"WebSite","@id":"https:\/\/help.jamk.fi\/peppi\/#website","url":"https:\/\/help.jamk.fi\/peppi\/","name":"Peppi","description":"","potentialAction":[{"@type":"SearchAction","target":{"@type":"EntryPoint","urlTemplate":"https:\/\/help.jamk.fi\/peppi\/?s={search_term_string}"},"query-input":{"@type":"PropertyValueSpecification","valueRequired":true,"valueName":"search_term_string"}}],"inLanguage":"fi"}]}},"_links":{"self":[{"href":"https:\/\/help.jamk.fi\/peppi\/wp-json\/wp\/v2\/pages\/2594","targetHints":{"allow":["GET"]}}],"collection":[{"href":"https:\/\/help.jamk.fi\/peppi\/wp-json\/wp\/v2\/pages"}],"about":[{"href":"https:\/\/help.jamk.fi\/peppi\/wp-json\/wp\/v2\/types\/page"}],"author":[{"embeddable":true,"href":"https:\/\/help.jamk.fi\/peppi\/wp-json\/wp\/v2\/users\/76"}],"replies":[{"embeddable":true,"href":"https:\/\/help.jamk.fi\/peppi\/wp-json\/wp\/v2\/comments?post=2594"}],"version-history":[{"count":1,"href":"https:\/\/help.jamk.fi\/peppi\/wp-json\/wp\/v2\/pages\/2594\/revisions"}],"predecessor-version":[{"id":2694,"href":"https:\/\/help.jamk.fi\/peppi\/wp-json\/wp\/v2\/pages\/2594\/revisions\/2694"}],"up":[{"embeddable":true,"href":"https:\/\/help.jamk.fi\/peppi\/wp-json\/wp\/v2\/pages\/2567"}],"wp:attachment":[{"href":"https:\/\/help.jamk.fi\/peppi\/wp-json\/wp\/v2\/media?parent=2594"}],"wp:term":[{"taxonomy":"category","embeddable":true,"href":"https:\/\/help.jamk.fi\/peppi\/wp-json\/wp\/v2\/categories?post=2594"},{"taxonomy":"post_tag","embeddable":true,"href":"https:\/\/help.jamk.fi\/peppi\/wp-json\/wp\/v2\/tags?post=2594"}],"curies":[{"name":"wp","href":"https:\/\/api.w.org\/{rel}","templated":true}]}}