{"id":2598,"date":"2020-09-25T08:00:05","date_gmt":"2020-09-25T05:00:05","guid":{"rendered":"https:\/\/help.jamk.fi\/peppi\/atomi\/"},"modified":"2024-10-21T10:30:49","modified_gmt":"2024-10-21T07:30:49","slug":"atomi","status":"publish","type":"page","link":"https:\/\/help.jamk.fi\/peppi\/fi\/atomi\/","title":{"rendered":"Atomi"},"content":{"rendered":"\n<p>Atomi on opiskelijoille ja henkil\u00f6kunnalle tarkoitettu palvelu, joka sujuvoittaa hallinnollista prosessia opiskelijan tarvitsemien tulosteiden ja raporttien tuottamisessa. Atomi luo s\u00e4hk\u00f6isen allekirjoituksen joko suoraan integroidusta l\u00e4hdej\u00e4rjestelm\u00e4st\u00e4 haettavista tiedoista muodostettuun tulosteeseen tai erilliseen dokumenttiin.<\/p>\n\n\n\r\n<div id=\"embed-block_8e8a9d96a19a8641f2d74736c739ffa8\" class=\"embed block-embed\">\r\n      <div class=\"block-embed__wrapper\">\r\n\r\n      \r\n          <div class=\"block-embed__cookie-notice--wrapper\" id=\"cookie-notice\">\r\n              <div class=\"block-embed__cookie-notice--text\">\r\n                                    <p>Hyv\u00e4ksy v\u00e4ltt\u00e4m\u00e4tt\u00f6m\u00e4t ev\u00e4steet n\u00e4hd\u00e4ksesi upotetun sis\u00e4ll\u00f6n: marketing, analytics, preferences.<\/p>\r\n                  <a href=\"#\" class=\"ch2-open-settings-btn\"> Hyv\u00e4ksy v\u00e4ltt\u00e4m\u00e4tt\u00f6m\u00e4t ev\u00e4steet<\/a>\r\n              <\/div>\r\n              <div class=\"block-embed__cookie-reload-notice\">\r\n                  <p class=\"cookie-reload-text\">\r\n                    (Jos olet hyv\u00e4ksynyt ev\u00e4steet, mutta n\u00e4et silti t\u00e4m\u00e4n viestin, lataa sivu uudelleen.)                  <\/p>\r\n                  <a href=\"#\" onclick=\"location.reload(); return false;\">\r\n                    Lataa sivu uudelleen                  <\/a>\r\n              <\/div>\r\n          <\/div>\r\n\r\n      \r\n      <\/div>\r\n<\/div>\r\n\n\n\n<p>L\u00f6yd\u00e4t Atomi-palvelun Pepist\u00e4, opiskelijan ty\u00f6p\u00f6yd\u00e4n etusivulta tai ty\u00f6p\u00f6yd\u00e4n yl\u00e4valikosta <em>S\u00c4HK\u00d6INEN ASIOINTI<\/em> alta. Suora osoite palveluun on <a href=\"https:\/\/opiskelija.peppi.jamk.fi\/atomi\" target=\"_blank\" rel=\"noreferrer noopener\">https:\/\/opiskelija.peppi.jamk.fi\/atomi<\/a>.<\/p>\n\n\n\n<figure class=\"wp-block-image size-full\"><img loading=\"lazy\" decoding=\"async\" width=\"1244\" height=\"563\" src=\"https:\/\/help.jamk.fi\/peppi\/wp-content\/uploads\/sites\/130\/2021\/03\/Etusivu-Atomi.jpg\" alt=\"Kuvankaappaus navigaatio-valikosta.\" class=\"wp-image-1158\"\/><\/figure>\n\n\n\n<p>Palvelu aukeaa <em>UUSI TILAUS<\/em> -ikkunaan, jossa n\u00e4et tilattavissa olevat dokumentit. Tilattavat dokumentit m\u00e4\u00e4r\u00e4ytyv\u00e4t opiskeluoikeuden perusteella. Kaikilla opiskelijoilla ei siis ole samanlaista n\u00e4kym\u00e4\u00e4.<\/p>\n\n\n\n<figure class=\"wp-block-image size-full\"><img loading=\"lazy\" decoding=\"async\" width=\"1024\" height=\"220\" src=\"https:\/\/help.jamk.fi\/peppi\/wp-content\/uploads\/sites\/130\/2020\/09\/opiPeppi-Atomi-Uusi-tilaus.png-e1615364466434.jpg\" alt=\"N\u00e4kym\u00e4 Peppiss\u00e4\" class=\"wp-image-852\"\/><\/figure>\n\n\n\n<p><strong>Uuden dokumentin tilaus<\/strong><\/p>\n\n\n\n<ol class=\"wp-block-list\">\n<li>Klikkaa dokumenttia, jonka haluat tilata.<\/li>\n\n\n\n<li>Dokumentista riippuen palvelu saattaa kysy\u00e4, mill\u00e4 kielell\u00e4 haluat dokumentin. Valitse siin\u00e4 tapauksessa haluamasi kieli ja klikkaa <em>TILAA<\/em>.<\/li>\n\n\n\n<li>Palvelu luo dokumentin ja siihen liittyv\u00e4n s\u00e4hk\u00f6isen allekirjoituksen.<\/li>\n\n\n\n<li>Siirry <em>DOKUMENTIT<\/em>-v\u00e4lilehdelle.<\/li>\n\n\n\n<li>Uusin tilaamasi dokumentti n\u00e4kyy listan ensimm\u00e4isen\u00e4.<\/li>\n\n\n\n<li>Voit avata\/ladata dokumentin klikkaamalla dokumentin\/asiakirjan nime\u00e4.<\/li>\n\n\n\n<li>Dokumentti joko (Voit tarvittaessa vaihtaa dokumentin avaamiseen liittyv\u00e4\u00e4 oletusasetusta selaimesi asetuksista. Katso ohjeet selaimesi ohjeistuksesta.)\n<ul class=\"wp-block-list\">\n<li>avataan selaimessa tai<\/li>\n\n\n\n<li>menee selaimen lataukset-kansioon tai<\/li>\n\n\n\n<li>avataan oletusohjelmalla.<\/li>\n<\/ul>\n<\/li>\n\n\n\n<li>Dokumentti on nyt tallentunut koneellesi, ja voit voit l\u00e4hett\u00e4\u00e4 sen edelleen eteenp\u00e4in esim. hakemuksen yhteydess\u00e4. Dokumentti on s\u00e4hk\u00f6isesti allekirjoitettu, ja s\u00e4hk\u00f6iseen allekirjoitukseen on liitetty ohjeet, miten allekirjoituksen voi tarkistaa.<\/li>\n<\/ol>\n\n\n\n<figure class=\"wp-block-image size-full\"><img loading=\"lazy\" decoding=\"async\" width=\"1024\" height=\"281\" src=\"https:\/\/help.jamk.fi\/peppi\/wp-content\/uploads\/sites\/130\/2021\/03\/opiPeppi-Atomi-Uusi-tilaus-Valinta.jpg\" alt=\"N\u00e4kym\u00e4 Peppiss\u00e4\" class=\"wp-image-1282\"\/><\/figure>\n\n\n\n<figure class=\"wp-block-image size-full\"><img loading=\"lazy\" decoding=\"async\" width=\"1024\" height=\"240\" src=\"https:\/\/help.jamk.fi\/peppi\/wp-content\/uploads\/sites\/130\/2021\/03\/opiPeppi-Atomi-Dokumentit.jpg\" alt=\"N\u00e4kym\u00e4 Peppiss\u00e4\" class=\"wp-image-1280\"\/><\/figure>\n\n\n\n<p><strong>Dokumenttien poistaminen<\/strong><\/p>\n\n\n\n<p>Atomissa on rajoitettu dokumenttien m\u00e4\u00e4r\u00e4\u00e4. Useimmiten t\u00e4m\u00e4 maksimim\u00e4\u00e4r\u00e4 on 20 dokumenttia\/opiskelija. Jos m\u00e4\u00e4r\u00e4 tulee t\u00e4yteen, on sinun poistettava vanhoja dokumentteja Atomista, ennen kuin voit tilata uusia dokumentteja. Voit ladata tarvittaessa dokumentit itsellesi talteen.<\/p>\n\n\n\n<p>Huomioithan, ett\u00e4 paperille tulostetun Atomi-dokumentin aitoutta ei voida vahvistaa Jamkin toimesta, jos dokumentti on poistettu palvelusta. S\u00e4hk\u00f6isten Atomi-dokumenttien aitous voidaan edelleen varmistaa s\u00e4hk\u00f6isten palveluiden avulla, olivatpa ne palvelussa tai eiv\u00e4t.<\/p>\n\n\n\n<ol class=\"wp-block-list\">\n<li>Siirry <em>DOKUMENTIT<\/em>-v\u00e4lilehdelle<\/li>\n\n\n\n<li>Dokumentin rivill\u00e4 n\u00e4kyy punainen roskakori-ikoni. Klikkaa sit\u00e4, ja dokumentti poistuu palvelusta.<\/li>\n\n\n\n<li>Tarvittaessa voit aina tilata uuden, vastaavan dokumentin.<\/li>\n<\/ol>\n","protected":false},"excerpt":{"rendered":"<p>Atomi on opiskelijoille ja henkil\u00f6kunnalle tarkoitettu palvelu, joka sujuvoittaa hallinnollista prosessia opiskelijan tarvitsemien tulosteiden ja raporttien tuottamisessa. Atomi luo s\u00e4hk\u00f6isen allekirjoituksen joko suoraan integroidusta l\u00e4hdej\u00e4rjestelm\u00e4st\u00e4 haettavista tiedoista muodostettuun tulosteeseen tai erilliseen dokumenttiin. L\u00f6yd\u00e4t Atomi-palvelun Pepist\u00e4, opiskelijan ty\u00f6p\u00f6yd\u00e4n etusivulta tai ty\u00f6p\u00f6yd\u00e4n yl\u00e4valikosta S\u00c4HK\u00d6INEN ASIOINTI alta. Suora osoite palveluun on https:\/\/opiskelija.peppi.jamk.fi\/atomi. Palvelu aukeaa UUSI TILAUS -ikkunaan, jossa [&hellip;]<\/p>\n","protected":false},"author":77,"featured_media":0,"parent":0,"menu_order":1,"comment_status":"closed","ping_status":"closed","template":"","meta":{"_acf_changed":false,"_relevanssi_hide_post":"","_relevanssi_hide_content":"","_relevanssi_pin_for_all":"","_relevanssi_pin_keywords":"","_relevanssi_unpin_keywords":"","_relevanssi_related_keywords":"","_relevanssi_related_include_ids":"","_relevanssi_related_exclude_ids":"","_relevanssi_related_no_append":"","_relevanssi_related_not_related":"","_relevanssi_related_posts":"","_relevanssi_noindex_reason":"","footnotes":""},"categories":[1],"tags":[],"class_list":["post-2598","page","type-page","status-publish","hentry","category-uncategorised"],"acf":[],"yoast_head":"<!-- This site is optimized with the Yoast SEO plugin v27.3 - https:\/\/yoast.com\/product\/yoast-seo-wordpress\/ -->\n<title>Atomi - Peppi<\/title>\n<meta name=\"robots\" content=\"index, follow, max-snippet:-1, max-image-preview:large, max-video-preview:-1\" \/>\n<link rel=\"canonical\" href=\"https:\/\/help.jamk.fi\/peppi\/fi\/atomi\/\" \/>\n<meta property=\"og:locale\" content=\"fi_FI\" \/>\n<meta property=\"og:type\" content=\"article\" \/>\n<meta property=\"og:title\" content=\"Atomi - Peppi\" \/>\n<meta property=\"og:description\" content=\"Atomi on opiskelijoille ja henkil\u00f6kunnalle tarkoitettu palvelu, joka sujuvoittaa hallinnollista prosessia opiskelijan tarvitsemien tulosteiden ja raporttien tuottamisessa. Atomi luo s\u00e4hk\u00f6isen allekirjoituksen joko suoraan integroidusta l\u00e4hdej\u00e4rjestelm\u00e4st\u00e4 haettavista tiedoista muodostettuun tulosteeseen tai erilliseen dokumenttiin. L\u00f6yd\u00e4t Atomi-palvelun Pepist\u00e4, opiskelijan ty\u00f6p\u00f6yd\u00e4n etusivulta tai ty\u00f6p\u00f6yd\u00e4n yl\u00e4valikosta S\u00c4HK\u00d6INEN ASIOINTI alta. Suora osoite palveluun on https:\/\/opiskelija.peppi.jamk.fi\/atomi. Palvelu aukeaa UUSI TILAUS -ikkunaan, jossa [&hellip;]\" \/>\n<meta property=\"og:url\" content=\"https:\/\/help.jamk.fi\/peppi\/fi\/atomi\/\" \/>\n<meta property=\"og:site_name\" content=\"Peppi\" \/>\n<meta property=\"article:modified_time\" content=\"2024-10-21T07:30:49+00:00\" \/>\n<meta property=\"og:image\" content=\"https:\/\/help.jamk.fi\/peppi\/wp-content\/uploads\/sites\/130\/2021\/03\/Etusivu-Atomi.jpg\" \/>\n<meta name=\"twitter:card\" content=\"summary_large_image\" \/>\n<meta name=\"twitter:label1\" content=\"Arvioitu lukuaika\" \/>\n\t<meta name=\"twitter:data1\" content=\"3 minuuttia\" \/>\n<script type=\"application\/ld+json\" class=\"yoast-schema-graph\">{\"@context\":\"https:\\\/\\\/schema.org\",\"@graph\":[{\"@type\":\"WebPage\",\"@id\":\"https:\\\/\\\/help.jamk.fi\\\/peppi\\\/fi\\\/atomi\\\/\",\"url\":\"https:\\\/\\\/help.jamk.fi\\\/peppi\\\/fi\\\/atomi\\\/\",\"name\":\"Atomi - Peppi\",\"isPartOf\":{\"@id\":\"https:\\\/\\\/help.jamk.fi\\\/peppi\\\/#website\"},\"primaryImageOfPage\":{\"@id\":\"https:\\\/\\\/help.jamk.fi\\\/peppi\\\/fi\\\/atomi\\\/#primaryimage\"},\"image\":{\"@id\":\"https:\\\/\\\/help.jamk.fi\\\/peppi\\\/fi\\\/atomi\\\/#primaryimage\"},\"thumbnailUrl\":\"https:\\\/\\\/help.jamk.fi\\\/peppi\\\/wp-content\\\/uploads\\\/sites\\\/130\\\/2021\\\/03\\\/Etusivu-Atomi.jpg\",\"datePublished\":\"2020-09-25T05:00:05+00:00\",\"dateModified\":\"2024-10-21T07:30:49+00:00\",\"breadcrumb\":{\"@id\":\"https:\\\/\\\/help.jamk.fi\\\/peppi\\\/fi\\\/atomi\\\/#breadcrumb\"},\"inLanguage\":\"fi\",\"potentialAction\":[{\"@type\":\"ReadAction\",\"target\":[\"https:\\\/\\\/help.jamk.fi\\\/peppi\\\/fi\\\/atomi\\\/\"]}]},{\"@type\":\"ImageObject\",\"inLanguage\":\"fi\",\"@id\":\"https:\\\/\\\/help.jamk.fi\\\/peppi\\\/fi\\\/atomi\\\/#primaryimage\",\"url\":\"https:\\\/\\\/help.jamk.fi\\\/peppi\\\/wp-content\\\/uploads\\\/sites\\\/130\\\/2021\\\/03\\\/Etusivu-Atomi.jpg\",\"contentUrl\":\"https:\\\/\\\/help.jamk.fi\\\/peppi\\\/wp-content\\\/uploads\\\/sites\\\/130\\\/2021\\\/03\\\/Etusivu-Atomi.jpg\",\"width\":1244,\"height\":563,\"caption\":\"Kuvankaappaus navigaatio-valikosta.\"},{\"@type\":\"BreadcrumbList\",\"@id\":\"https:\\\/\\\/help.jamk.fi\\\/peppi\\\/fi\\\/atomi\\\/#breadcrumb\",\"itemListElement\":[{\"@type\":\"ListItem\",\"position\":1,\"name\":\"Home\",\"item\":\"https:\\\/\\\/help.jamk.fi\\\/peppi\\\/fi\\\/\"},{\"@type\":\"ListItem\",\"position\":2,\"name\":\"Atomi\"}]},{\"@type\":\"WebSite\",\"@id\":\"https:\\\/\\\/help.jamk.fi\\\/peppi\\\/#website\",\"url\":\"https:\\\/\\\/help.jamk.fi\\\/peppi\\\/\",\"name\":\"Peppi\",\"description\":\"\",\"potentialAction\":[{\"@type\":\"SearchAction\",\"target\":{\"@type\":\"EntryPoint\",\"urlTemplate\":\"https:\\\/\\\/help.jamk.fi\\\/peppi\\\/?s={search_term_string}\"},\"query-input\":{\"@type\":\"PropertyValueSpecification\",\"valueRequired\":true,\"valueName\":\"search_term_string\"}}],\"inLanguage\":\"fi\"}]}<\/script>\n<!-- \/ Yoast SEO plugin. -->","yoast_head_json":{"title":"Atomi - Peppi","robots":{"index":"index","follow":"follow","max-snippet":"max-snippet:-1","max-image-preview":"max-image-preview:large","max-video-preview":"max-video-preview:-1"},"canonical":"https:\/\/help.jamk.fi\/peppi\/fi\/atomi\/","og_locale":"fi_FI","og_type":"article","og_title":"Atomi - Peppi","og_description":"Atomi on opiskelijoille ja henkil\u00f6kunnalle tarkoitettu palvelu, joka sujuvoittaa hallinnollista prosessia opiskelijan tarvitsemien tulosteiden ja raporttien tuottamisessa. Atomi luo s\u00e4hk\u00f6isen allekirjoituksen joko suoraan integroidusta l\u00e4hdej\u00e4rjestelm\u00e4st\u00e4 haettavista tiedoista muodostettuun tulosteeseen tai erilliseen dokumenttiin. L\u00f6yd\u00e4t Atomi-palvelun Pepist\u00e4, opiskelijan ty\u00f6p\u00f6yd\u00e4n etusivulta tai ty\u00f6p\u00f6yd\u00e4n yl\u00e4valikosta S\u00c4HK\u00d6INEN ASIOINTI alta. Suora osoite palveluun on https:\/\/opiskelija.peppi.jamk.fi\/atomi. Palvelu aukeaa UUSI TILAUS -ikkunaan, jossa [&hellip;]","og_url":"https:\/\/help.jamk.fi\/peppi\/fi\/atomi\/","og_site_name":"Peppi","article_modified_time":"2024-10-21T07:30:49+00:00","og_image":[{"url":"https:\/\/help.jamk.fi\/peppi\/wp-content\/uploads\/sites\/130\/2021\/03\/Etusivu-Atomi.jpg","type":"","width":"","height":""}],"twitter_card":"summary_large_image","twitter_misc":{"Arvioitu lukuaika":"3 minuuttia"},"schema":{"@context":"https:\/\/schema.org","@graph":[{"@type":"WebPage","@id":"https:\/\/help.jamk.fi\/peppi\/fi\/atomi\/","url":"https:\/\/help.jamk.fi\/peppi\/fi\/atomi\/","name":"Atomi - Peppi","isPartOf":{"@id":"https:\/\/help.jamk.fi\/peppi\/#website"},"primaryImageOfPage":{"@id":"https:\/\/help.jamk.fi\/peppi\/fi\/atomi\/#primaryimage"},"image":{"@id":"https:\/\/help.jamk.fi\/peppi\/fi\/atomi\/#primaryimage"},"thumbnailUrl":"https:\/\/help.jamk.fi\/peppi\/wp-content\/uploads\/sites\/130\/2021\/03\/Etusivu-Atomi.jpg","datePublished":"2020-09-25T05:00:05+00:00","dateModified":"2024-10-21T07:30:49+00:00","breadcrumb":{"@id":"https:\/\/help.jamk.fi\/peppi\/fi\/atomi\/#breadcrumb"},"inLanguage":"fi","potentialAction":[{"@type":"ReadAction","target":["https:\/\/help.jamk.fi\/peppi\/fi\/atomi\/"]}]},{"@type":"ImageObject","inLanguage":"fi","@id":"https:\/\/help.jamk.fi\/peppi\/fi\/atomi\/#primaryimage","url":"https:\/\/help.jamk.fi\/peppi\/wp-content\/uploads\/sites\/130\/2021\/03\/Etusivu-Atomi.jpg","contentUrl":"https:\/\/help.jamk.fi\/peppi\/wp-content\/uploads\/sites\/130\/2021\/03\/Etusivu-Atomi.jpg","width":1244,"height":563,"caption":"Kuvankaappaus navigaatio-valikosta."},{"@type":"BreadcrumbList","@id":"https:\/\/help.jamk.fi\/peppi\/fi\/atomi\/#breadcrumb","itemListElement":[{"@type":"ListItem","position":1,"name":"Home","item":"https:\/\/help.jamk.fi\/peppi\/fi\/"},{"@type":"ListItem","position":2,"name":"Atomi"}]},{"@type":"WebSite","@id":"https:\/\/help.jamk.fi\/peppi\/#website","url":"https:\/\/help.jamk.fi\/peppi\/","name":"Peppi","description":"","potentialAction":[{"@type":"SearchAction","target":{"@type":"EntryPoint","urlTemplate":"https:\/\/help.jamk.fi\/peppi\/?s={search_term_string}"},"query-input":{"@type":"PropertyValueSpecification","valueRequired":true,"valueName":"search_term_string"}}],"inLanguage":"fi"}]}},"_links":{"self":[{"href":"https:\/\/help.jamk.fi\/peppi\/wp-json\/wp\/v2\/pages\/2598","targetHints":{"allow":["GET"]}}],"collection":[{"href":"https:\/\/help.jamk.fi\/peppi\/wp-json\/wp\/v2\/pages"}],"about":[{"href":"https:\/\/help.jamk.fi\/peppi\/wp-json\/wp\/v2\/types\/page"}],"author":[{"embeddable":true,"href":"https:\/\/help.jamk.fi\/peppi\/wp-json\/wp\/v2\/users\/77"}],"replies":[{"embeddable":true,"href":"https:\/\/help.jamk.fi\/peppi\/wp-json\/wp\/v2\/comments?post=2598"}],"version-history":[{"count":5,"href":"https:\/\/help.jamk.fi\/peppi\/wp-json\/wp\/v2\/pages\/2598\/revisions"}],"predecessor-version":[{"id":3318,"href":"https:\/\/help.jamk.fi\/peppi\/wp-json\/wp\/v2\/pages\/2598\/revisions\/3318"}],"wp:attachment":[{"href":"https:\/\/help.jamk.fi\/peppi\/wp-json\/wp\/v2\/media?parent=2598"}],"wp:term":[{"taxonomy":"category","embeddable":true,"href":"https:\/\/help.jamk.fi\/peppi\/wp-json\/wp\/v2\/categories?post=2598"},{"taxonomy":"post_tag","embeddable":true,"href":"https:\/\/help.jamk.fi\/peppi\/wp-json\/wp\/v2\/tags?post=2598"}],"curies":[{"name":"wp","href":"https:\/\/api.w.org\/{rel}","templated":true}]}}