{"id":2610,"date":"2021-02-05T05:37:00","date_gmt":"2021-02-05T03:37:00","guid":{"rendered":"https:\/\/help.jamk.fi\/peppi\/kalenteri\/tilavaraukset\/varausten-tekeminen\/"},"modified":"2024-01-19T13:26:38","modified_gmt":"2024-01-19T11:26:38","slug":"varausten-tekeminen","status":"publish","type":"page","link":"https:\/\/help.jamk.fi\/peppi\/fi\/kalenteri\/tilavaraukset\/varausten-tekeminen\/","title":{"rendered":"Varausten tekeminen"},"content":{"rendered":"\n<p>Tiettyjen tutkinto-ohjelmien opiskelijoilla on oikeus varata tiettyj\u00e4 tiloja. Varattavissa tiloissa lukon kuva on auki. <a href=\"https:\/\/help.jamk.fi\/peppi\/kalenteri\/tuudon-kalenteritoiminnot\/tilojen-varaaminen-tuudosta\/\" data-type=\"page\" data-id=\"1693\">Voit varata tiloja my\u00f6s Tuudon kautta<\/a>.<\/p>\n\n\n\n<ul class=\"wp-block-list\">\n<li>Valitse kohtaan <em>Tilat<\/em>, haluamasi tila. Voit valita tilan joko alkamalla kirjoittaa tilan nime\u00e4 tai koodia TAI voit klikata <em>Etsi sopiva tila<\/em>-painiketta, jonka j\u00e4lkeen sinulle avautuu hakuikkuna, jossa voit joko etsi\u00e4 tilaa tietyin ehdoin tai selailla tiloja toimipisteitt\u00e4in.\n<ul class=\"wp-block-list\">\n<li>Jos varaat yleens\u00e4 tietyn kampuksen tiloja, voit valita sen oletustoimipisteeksi. Etsi haluamasi kampus T<em>oimipiste<\/em>-kohtaan ja valitse kohta <em>Talleta toimipisteet oletusarvoiksi<\/em> ja klikkaa <em>Hae<\/em>. T\u00e4m\u00e4n j\u00e4lkeen aina kun avaat <em>Etsi sopiva tila<\/em> -toiminnon, Toimipiste-kentt\u00e4 on esit\u00e4ytetty.<\/li>\n\n\n\n<li>Voit vaihtaa kampusta halutessasi. Jos et halua muuttaa oletusvalintaa, \u00e4l\u00e4 valitse kohtaa <em>Talleta toimipiste oletusarvoksi,<\/em> vaan lis\u00e4\u00e4 valitsemasi kampus ja muut toiminnot ja klikkaa lopuksi <em>Hae<\/em>.<\/li>\n\n\n\n<li>Jos et halua mit\u00e4\u00e4n kampusta oletusarvoksi, vaan joka kerta valitset itse, milt\u00e4 kampukselta haet tiloja, j\u00e4t\u00e4 toimipistekohta tyhj\u00e4ksi ja valitse kohta <em>Talleta toimipiste oletusarvoksi<\/em> ja klikkaa <em>Hae<\/em>.<\/li>\n<\/ul>\n<\/li>\n\n\n\n<li><em>Tilatyyppi<\/em>-kohdassa voit m\u00e4\u00e4ritell\u00e4, haetko esimerkiksi auditorioita tai IT-tiloja vai ihan kaikkia kampuksen tiloja.<\/li>\n\n\n\n<li>J\u00e4t\u00e4 valinta kohtaan <em>Tila on vapaa varauksen ajankohtana<\/em> ja k\u00e4ynnist\u00e4 haku klikkaamalla <em>Hae<\/em>-painiketta. T\u00e4ll\u00f6in n\u00e4et ainoastaan ne tilat, jotka ovat vapaana kyseisen\u00e4 ajankohtana.<\/li>\n\n\n\n<li>Haku n\u00e4ytt\u00e4\u00e4 vapaat tilat. Lukon kuvan tilan per\u00e4ss\u00e4 kertoo, ettei ole varausoikeutta<\/li>\n\n\n\n<li>Valitse kalenterista klikkaamalla sopiva p\u00e4iv\u00e4 ja kellonaika, jolloin \u00e4sken valituilla resursseilla (tila + henkil\u00f6) on tyhj\u00e4\u00e4 kalenterissa. Et voi tehd\u00e4 varausta menneeseen.<\/li>\n\n\n\n<li>Nyt eteesi aukeaa varauslomake, jossa voit tarkistaa varauksen tiedot.<\/li>\n\n\n\n<li>Paina lopuksi <em>Tallenna<\/em>.<\/li>\n<\/ul>\n\n\n\n<p>Jos tied\u00e4t ajan, jolloin tarvitset varausta, maalaa kalenterista haluamasi ajankohta. Varauslomake aukeaa, ja klikkaa Tilat ja v\u00e4lineet -valikon vierest\u00e4 suurennuslasin kuvaketta ja valitse<em> Etsi sopiva tila<\/em>. T\u00e4m\u00e4n j\u00e4lkeen voit m\u00e4\u00e4ritell\u00e4 eri hakuehtoja haluamallesi tilalle (esimerkiksi tilatyyppi, v\u00e4lineet, kampus)<\/p>\n\n\n\n<h2 class=\"wp-block-heading\" id=\"varauslomake\">Varauslomake<\/h2>\n\n\n\n<p>P\u00e4\u00e4set tekem\u00e4\u00e4n varauslomakkeella varausta tallentamiseen asti, vaikkei kyseiseen tilaan olisi varausoikeutta. J\u00e4rjestelm\u00e4 ilmoittaa tallennusvaiheessa, jos oikeutta ei ole, eik\u00e4 varausta synny. Tilan kohdalla n\u00e4kyy kiinni oleva lukko, jos siihen ei ole varausoikeutta.<\/p>\n\n\n\n<figure class=\"wp-block-image\"><img loading=\"lazy\" decoding=\"async\" width=\"563\" height=\"640\" src=\"https:\/\/help.jamk.fi\/peppi\/wp-content\/uploads\/sites\/130\/2020\/02\/Varauslomake.jpg\" alt=\"Kuva varauslomakkeesta ja sen kentist\u00e4\" class=\"wp-image-49\"\/><\/figure>\n\n\n\n<ol class=\"wp-block-list\">\n<li>Aihe \u2013 varauksen nimi, esimerkiksi Harjoitteluaika Olivia Opiskelija<\/li>\n\n\n\n<li>Aika (alkaa\u2013loppuu) yksitt\u00e4isen varauksen alkamis-, ja loppumisaika. Jos n\u00e4et ainoastaan p\u00e4iv\u00e4m\u00e4\u00e4r\u00e4n, saa muokattua alku- ja loppukellonaikaa klikkaamalla p\u00e4iv\u00e4m\u00e4\u00e4r\u00e4\u00e4.<\/li>\n\n\n\n<li>Toistuvuus \u2013 voit valita varauksen toistuvaksi esim. usealle viikolle tai p\u00e4iv\u00e4lle per\u00e4kk\u00e4in. Voit valita, toistuuko varaus p\u00e4ivitt\u00e4in vai viikottain, montako kertaa, min\u00e4 viikonp\u00e4ivin\u00e4 ja mist\u00e4 alkaen. Varausta voi my\u00f6s esikatsella ennen tallennusta.<\/li>\n\n\n\n<li>Tila \u2013 luokkatila, valitse tilan nimi\/koodi tai k\u00e4yt\u00e4 tarvittaessa <em>Etsi sopiva tila<\/em> -toimintoa klikkaamalla suurennuslasia.<\/li>\n\n\n\n<li>Kustannuspaikka \u2013 haetaan automaattisesti, mutta voi my\u00f6s korjata k\u00e4sin, jos ehdotettu kustannuspaikka on v\u00e4\u00e4rin<\/li>\n\n\n\n<li>Varauksen lis\u00e4tiedot<\/li>\n<\/ol>\n\n\n\n<h2 class=\"wp-block-heading\">Varauksen poistaminen ja muokkaaminen<\/h2>\n\n\n\n<p>Voit poistaa tai muokata varaustasi j\u00e4lkeenp\u00e4in klikkaamalla haluamaasi varausta. Varauksessa n\u00e4kyy t\u00e4ll\u00f6in rattaan kuva oikeassa yl\u00e4kulmassa. Uusi ikkuna avautuu ja valitse <em>Muokkaa<\/em>-painike. T\u00e4m\u00e4n j\u00e4lkeen varauslomake avautuu, ja voit muokata haluamiasi kentti\u00e4, jonka j\u00e4lkeen lopuksi tallenna varaus.<\/p>\n\n\n\n<figure class=\"wp-block-image\"><img loading=\"lazy\" decoding=\"async\" width=\"380\" height=\"480\" src=\"https:\/\/help.jamk.fi\/peppi\/wp-content\/uploads\/sites\/130\/2020\/02\/Varauksen-muokkaus.jpg\" alt=\"Varaus poistetaan klikkaamalla varauksen oikeassa yl\u00e4kulmassa olevaa ratasta ja valitaan haluttu toiminto\" class=\"wp-image-48\"\/><\/figure>\n\n\n\n<p>Varaus poistetaan klikkaamalla haluamaasi varausta ja valitse <em>Poista<\/em>. Jos olet tehnyt varauksen toistuvana varauksena, poistuu oletuksena valitsemasi p\u00e4iv\u00e4.<\/p>\n\n\n\n<p>Et voi muokata tai poistaa muiden tekemi\u00e4 varauksia.<\/p>\n","protected":false},"excerpt":{"rendered":"<p>Tiettyjen tutkinto-ohjelmien opiskelijoilla on oikeus varata tiettyj\u00e4 tiloja. Varattavissa tiloissa lukon kuva on auki. Voit varata tiloja my\u00f6s Tuudon kautta. Jos tied\u00e4t ajan, jolloin tarvitset varausta, maalaa kalenterista haluamasi ajankohta. Varauslomake aukeaa, ja klikkaa Tilat ja v\u00e4lineet -valikon vierest\u00e4 suurennuslasin kuvaketta ja valitse Etsi sopiva tila. T\u00e4m\u00e4n j\u00e4lkeen voit m\u00e4\u00e4ritell\u00e4 eri hakuehtoja haluamallesi tilalle (esimerkiksi [&hellip;]<\/p>\n","protected":false},"author":76,"featured_media":0,"parent":2562,"menu_order":1,"comment_status":"closed","ping_status":"open","template":"","meta":{"_acf_changed":false,"_relevanssi_hide_post":"","_relevanssi_hide_content":"","_relevanssi_pin_for_all":"","_relevanssi_pin_keywords":"","_relevanssi_unpin_keywords":"","_relevanssi_related_keywords":"","_relevanssi_related_include_ids":"","_relevanssi_related_exclude_ids":"","_relevanssi_related_no_append":"","_relevanssi_related_not_related":"","_relevanssi_related_posts":"","_relevanssi_noindex_reason":"","footnotes":""},"categories":[1],"tags":[],"class_list":["post-2610","page","type-page","status-publish","hentry","category-uncategorised"],"acf":[],"yoast_head":"<!-- This site is optimized with the Yoast SEO plugin v27.4 - https:\/\/yoast.com\/product\/yoast-seo-wordpress\/ -->\n<title>Varausten tekeminen - Peppi<\/title>\n<meta name=\"robots\" content=\"index, follow, max-snippet:-1, max-image-preview:large, max-video-preview:-1\" \/>\n<link rel=\"canonical\" href=\"https:\/\/help.jamk.fi\/peppi\/fi\/kalenteri\/tilavaraukset\/varausten-tekeminen\/\" \/>\n<meta property=\"og:locale\" content=\"fi_FI\" \/>\n<meta property=\"og:type\" content=\"article\" \/>\n<meta property=\"og:title\" content=\"Varausten tekeminen - Peppi\" \/>\n<meta property=\"og:description\" content=\"Tiettyjen tutkinto-ohjelmien opiskelijoilla on oikeus varata tiettyj\u00e4 tiloja. Varattavissa tiloissa lukon kuva on auki. Voit varata tiloja my\u00f6s Tuudon kautta. Jos tied\u00e4t ajan, jolloin tarvitset varausta, maalaa kalenterista haluamasi ajankohta. Varauslomake aukeaa, ja klikkaa Tilat ja v\u00e4lineet -valikon vierest\u00e4 suurennuslasin kuvaketta ja valitse Etsi sopiva tila. T\u00e4m\u00e4n j\u00e4lkeen voit m\u00e4\u00e4ritell\u00e4 eri hakuehtoja haluamallesi tilalle (esimerkiksi [&hellip;]\" \/>\n<meta property=\"og:url\" content=\"https:\/\/help.jamk.fi\/peppi\/fi\/kalenteri\/tilavaraukset\/varausten-tekeminen\/\" \/>\n<meta property=\"og:site_name\" content=\"Peppi\" \/>\n<meta property=\"article:modified_time\" content=\"2024-01-19T11:26:38+00:00\" \/>\n<meta property=\"og:image\" content=\"https:\/\/help.jamk.fi\/peppi\/wp-content\/uploads\/sites\/130\/2020\/02\/Varauslomake.jpg\" \/>\n<meta name=\"twitter:card\" content=\"summary_large_image\" \/>\n<meta name=\"twitter:label1\" content=\"Arvioitu lukuaika\" \/>\n\t<meta name=\"twitter:data1\" content=\"4 minuuttia\" \/>\n<script type=\"application\/ld+json\" class=\"yoast-schema-graph\">{\"@context\":\"https:\\\/\\\/schema.org\",\"@graph\":[{\"@type\":\"WebPage\",\"@id\":\"https:\\\/\\\/help.jamk.fi\\\/peppi\\\/fi\\\/kalenteri\\\/tilavaraukset\\\/varausten-tekeminen\\\/\",\"url\":\"https:\\\/\\\/help.jamk.fi\\\/peppi\\\/fi\\\/kalenteri\\\/tilavaraukset\\\/varausten-tekeminen\\\/\",\"name\":\"Varausten tekeminen - Peppi\",\"isPartOf\":{\"@id\":\"https:\\\/\\\/help.jamk.fi\\\/peppi\\\/#website\"},\"primaryImageOfPage\":{\"@id\":\"https:\\\/\\\/help.jamk.fi\\\/peppi\\\/fi\\\/kalenteri\\\/tilavaraukset\\\/varausten-tekeminen\\\/#primaryimage\"},\"image\":{\"@id\":\"https:\\\/\\\/help.jamk.fi\\\/peppi\\\/fi\\\/kalenteri\\\/tilavaraukset\\\/varausten-tekeminen\\\/#primaryimage\"},\"thumbnailUrl\":\"https:\\\/\\\/help.jamk.fi\\\/peppi\\\/wp-content\\\/uploads\\\/sites\\\/130\\\/2020\\\/02\\\/Varauslomake.jpg\",\"datePublished\":\"2021-02-05T03:37:00+00:00\",\"dateModified\":\"2024-01-19T11:26:38+00:00\",\"breadcrumb\":{\"@id\":\"https:\\\/\\\/help.jamk.fi\\\/peppi\\\/fi\\\/kalenteri\\\/tilavaraukset\\\/varausten-tekeminen\\\/#breadcrumb\"},\"inLanguage\":\"fi\",\"potentialAction\":[{\"@type\":\"ReadAction\",\"target\":[\"https:\\\/\\\/help.jamk.fi\\\/peppi\\\/fi\\\/kalenteri\\\/tilavaraukset\\\/varausten-tekeminen\\\/\"]}]},{\"@type\":\"ImageObject\",\"inLanguage\":\"fi\",\"@id\":\"https:\\\/\\\/help.jamk.fi\\\/peppi\\\/fi\\\/kalenteri\\\/tilavaraukset\\\/varausten-tekeminen\\\/#primaryimage\",\"url\":\"https:\\\/\\\/help.jamk.fi\\\/peppi\\\/wp-content\\\/uploads\\\/sites\\\/130\\\/2020\\\/02\\\/Varauslomake.jpg\",\"contentUrl\":\"https:\\\/\\\/help.jamk.fi\\\/peppi\\\/wp-content\\\/uploads\\\/sites\\\/130\\\/2020\\\/02\\\/Varauslomake.jpg\",\"width\":563,\"height\":640,\"caption\":\"Kuva varauslomakkeesta ja sen kentist\u00e4\"},{\"@type\":\"BreadcrumbList\",\"@id\":\"https:\\\/\\\/help.jamk.fi\\\/peppi\\\/fi\\\/kalenteri\\\/tilavaraukset\\\/varausten-tekeminen\\\/#breadcrumb\",\"itemListElement\":[{\"@type\":\"ListItem\",\"position\":1,\"name\":\"Home\",\"item\":\"https:\\\/\\\/help.jamk.fi\\\/peppi\\\/fi\\\/\"},{\"@type\":\"ListItem\",\"position\":2,\"name\":\"Kalenteri\",\"item\":\"https:\\\/\\\/help.jamk.fi\\\/peppi\\\/fi\\\/kalenteri\\\/\"},{\"@type\":\"ListItem\",\"position\":3,\"name\":\"Tilavarauksien selailu ja kalenteriasetukset\",\"item\":\"https:\\\/\\\/help.jamk.fi\\\/peppi\\\/fi\\\/kalenteri\\\/tilavaraukset\\\/\"},{\"@type\":\"ListItem\",\"position\":4,\"name\":\"Varausten tekeminen\"}]},{\"@type\":\"WebSite\",\"@id\":\"https:\\\/\\\/help.jamk.fi\\\/peppi\\\/#website\",\"url\":\"https:\\\/\\\/help.jamk.fi\\\/peppi\\\/\",\"name\":\"Peppi\",\"description\":\"\",\"potentialAction\":[{\"@type\":\"SearchAction\",\"target\":{\"@type\":\"EntryPoint\",\"urlTemplate\":\"https:\\\/\\\/help.jamk.fi\\\/peppi\\\/?s={search_term_string}\"},\"query-input\":{\"@type\":\"PropertyValueSpecification\",\"valueRequired\":true,\"valueName\":\"search_term_string\"}}],\"inLanguage\":\"fi\"}]}<\/script>\n<!-- \/ Yoast SEO plugin. -->","yoast_head_json":{"title":"Varausten tekeminen - Peppi","robots":{"index":"index","follow":"follow","max-snippet":"max-snippet:-1","max-image-preview":"max-image-preview:large","max-video-preview":"max-video-preview:-1"},"canonical":"https:\/\/help.jamk.fi\/peppi\/fi\/kalenteri\/tilavaraukset\/varausten-tekeminen\/","og_locale":"fi_FI","og_type":"article","og_title":"Varausten tekeminen - Peppi","og_description":"Tiettyjen tutkinto-ohjelmien opiskelijoilla on oikeus varata tiettyj\u00e4 tiloja. Varattavissa tiloissa lukon kuva on auki. Voit varata tiloja my\u00f6s Tuudon kautta. Jos tied\u00e4t ajan, jolloin tarvitset varausta, maalaa kalenterista haluamasi ajankohta. Varauslomake aukeaa, ja klikkaa Tilat ja v\u00e4lineet -valikon vierest\u00e4 suurennuslasin kuvaketta ja valitse Etsi sopiva tila. T\u00e4m\u00e4n j\u00e4lkeen voit m\u00e4\u00e4ritell\u00e4 eri hakuehtoja haluamallesi tilalle (esimerkiksi [&hellip;]","og_url":"https:\/\/help.jamk.fi\/peppi\/fi\/kalenteri\/tilavaraukset\/varausten-tekeminen\/","og_site_name":"Peppi","article_modified_time":"2024-01-19T11:26:38+00:00","og_image":[{"url":"https:\/\/help.jamk.fi\/peppi\/wp-content\/uploads\/sites\/130\/2020\/02\/Varauslomake.jpg","type":"","width":"","height":""}],"twitter_card":"summary_large_image","twitter_misc":{"Arvioitu lukuaika":"4 minuuttia"},"schema":{"@context":"https:\/\/schema.org","@graph":[{"@type":"WebPage","@id":"https:\/\/help.jamk.fi\/peppi\/fi\/kalenteri\/tilavaraukset\/varausten-tekeminen\/","url":"https:\/\/help.jamk.fi\/peppi\/fi\/kalenteri\/tilavaraukset\/varausten-tekeminen\/","name":"Varausten tekeminen - Peppi","isPartOf":{"@id":"https:\/\/help.jamk.fi\/peppi\/#website"},"primaryImageOfPage":{"@id":"https:\/\/help.jamk.fi\/peppi\/fi\/kalenteri\/tilavaraukset\/varausten-tekeminen\/#primaryimage"},"image":{"@id":"https:\/\/help.jamk.fi\/peppi\/fi\/kalenteri\/tilavaraukset\/varausten-tekeminen\/#primaryimage"},"thumbnailUrl":"https:\/\/help.jamk.fi\/peppi\/wp-content\/uploads\/sites\/130\/2020\/02\/Varauslomake.jpg","datePublished":"2021-02-05T03:37:00+00:00","dateModified":"2024-01-19T11:26:38+00:00","breadcrumb":{"@id":"https:\/\/help.jamk.fi\/peppi\/fi\/kalenteri\/tilavaraukset\/varausten-tekeminen\/#breadcrumb"},"inLanguage":"fi","potentialAction":[{"@type":"ReadAction","target":["https:\/\/help.jamk.fi\/peppi\/fi\/kalenteri\/tilavaraukset\/varausten-tekeminen\/"]}]},{"@type":"ImageObject","inLanguage":"fi","@id":"https:\/\/help.jamk.fi\/peppi\/fi\/kalenteri\/tilavaraukset\/varausten-tekeminen\/#primaryimage","url":"https:\/\/help.jamk.fi\/peppi\/wp-content\/uploads\/sites\/130\/2020\/02\/Varauslomake.jpg","contentUrl":"https:\/\/help.jamk.fi\/peppi\/wp-content\/uploads\/sites\/130\/2020\/02\/Varauslomake.jpg","width":563,"height":640,"caption":"Kuva varauslomakkeesta ja sen kentist\u00e4"},{"@type":"BreadcrumbList","@id":"https:\/\/help.jamk.fi\/peppi\/fi\/kalenteri\/tilavaraukset\/varausten-tekeminen\/#breadcrumb","itemListElement":[{"@type":"ListItem","position":1,"name":"Home","item":"https:\/\/help.jamk.fi\/peppi\/fi\/"},{"@type":"ListItem","position":2,"name":"Kalenteri","item":"https:\/\/help.jamk.fi\/peppi\/fi\/kalenteri\/"},{"@type":"ListItem","position":3,"name":"Tilavarauksien selailu ja kalenteriasetukset","item":"https:\/\/help.jamk.fi\/peppi\/fi\/kalenteri\/tilavaraukset\/"},{"@type":"ListItem","position":4,"name":"Varausten tekeminen"}]},{"@type":"WebSite","@id":"https:\/\/help.jamk.fi\/peppi\/#website","url":"https:\/\/help.jamk.fi\/peppi\/","name":"Peppi","description":"","potentialAction":[{"@type":"SearchAction","target":{"@type":"EntryPoint","urlTemplate":"https:\/\/help.jamk.fi\/peppi\/?s={search_term_string}"},"query-input":{"@type":"PropertyValueSpecification","valueRequired":true,"valueName":"search_term_string"}}],"inLanguage":"fi"}]}},"_links":{"self":[{"href":"https:\/\/help.jamk.fi\/peppi\/wp-json\/wp\/v2\/pages\/2610","targetHints":{"allow":["GET"]}}],"collection":[{"href":"https:\/\/help.jamk.fi\/peppi\/wp-json\/wp\/v2\/pages"}],"about":[{"href":"https:\/\/help.jamk.fi\/peppi\/wp-json\/wp\/v2\/types\/page"}],"author":[{"embeddable":true,"href":"https:\/\/help.jamk.fi\/peppi\/wp-json\/wp\/v2\/users\/76"}],"replies":[{"embeddable":true,"href":"https:\/\/help.jamk.fi\/peppi\/wp-json\/wp\/v2\/comments?post=2610"}],"version-history":[{"count":4,"href":"https:\/\/help.jamk.fi\/peppi\/wp-json\/wp\/v2\/pages\/2610\/revisions"}],"predecessor-version":[{"id":3105,"href":"https:\/\/help.jamk.fi\/peppi\/wp-json\/wp\/v2\/pages\/2610\/revisions\/3105"}],"up":[{"embeddable":true,"href":"https:\/\/help.jamk.fi\/peppi\/wp-json\/wp\/v2\/pages\/2562"}],"wp:attachment":[{"href":"https:\/\/help.jamk.fi\/peppi\/wp-json\/wp\/v2\/media?parent=2610"}],"wp:term":[{"taxonomy":"category","embeddable":true,"href":"https:\/\/help.jamk.fi\/peppi\/wp-json\/wp\/v2\/categories?post=2610"},{"taxonomy":"post_tag","embeddable":true,"href":"https:\/\/help.jamk.fi\/peppi\/wp-json\/wp\/v2\/tags?post=2610"}],"curies":[{"name":"wp","href":"https:\/\/api.w.org\/{rel}","templated":true}]}}