{"id":2619,"date":"2022-11-07T05:48:21","date_gmt":"2022-11-07T03:48:21","guid":{"rendered":"https:\/\/help.jamk.fi\/peppi\/tilakalentereiden-katseleminen-tuudosta\/"},"modified":"2025-11-28T16:31:19","modified_gmt":"2025-11-28T14:31:19","slug":"tilakalentereiden-katseleminen-tuudosta","status":"publish","type":"page","link":"https:\/\/help.jamk.fi\/peppi\/fi\/kalenteri\/tuudon-kalenteritoiminnot\/tilakalentereiden-katseleminen-tuudosta\/","title":{"rendered":"Tilakalentereiden katseleminen Tuudosta"},"content":{"rendered":"\n<p>Opiskelijat ja henkil\u00f6kunta voivat katsoa Tuudon kautta tilojen varauskalentereita, vaikka tilaan ei ole varausoikeutta. Tilojen varauskalentereita voi katsoa my\u00f6s tilojen ovenpieliss\u00e4 olevien QR-koodien kautta. <a href=\"https:\/\/help.jamk.fi\/peppi\/fi\/kalenteri\/tuudon-kalenteritoiminnot\/tilojen-qr-koodit\/\">Lue lis\u00e4\u00e4 QR-koodeista t\u00e4lt\u00e4 sivulta<\/a>.<\/p>\n\n\n\n<h2 class=\"wp-block-heading\">Kalentereiden katsominen<\/h2>\n\n\n\n<p>Tilakalentereita p\u00e4\u00e4set katsomaan, kun Tuudon oikeasta alavalikosta valitset Kampus ja sielt\u00e4 <em>Tilavaraus. <\/em>Voit my\u00f6s lis\u00e4t\u00e4 tilavarauksen <em>Suosikit<\/em>-valikkoon<\/p>\n\n\n\n<figure class=\"wp-block-image size-full\"><img loading=\"lazy\" decoding=\"async\" width=\"438\" height=\"952\" src=\"https:\/\/help.jamk.fi\/peppi\/wp-content\/uploads\/sites\/130\/2025\/11\/Tuudo-etusivu.jpg\" alt=\"\" class=\"wp-image-3815\" srcset=\"https:\/\/help.jamk.fi\/peppi\/wp-content\/uploads\/sites\/130\/2025\/11\/Tuudo-etusivu.jpg 438w, https:\/\/help.jamk.fi\/peppi\/wp-content\/uploads\/sites\/130\/2025\/11\/Tuudo-etusivu-138x300.jpg 138w\" sizes=\"auto, (max-width: 438px) 100vw, 438px\" \/><\/figure>\n\n\n\n<ul class=\"wp-block-list\">\n<li>N\u00e4et ne tilat tai v\u00e4lineet, joihin sinulla on varausoikeus tai jotka olet merkinnyt suosikeiksi. Klikkaamalla tilaa p\u00e4\u00e4set varaamaan sen ja katsomaan tilan kalenteria<\/li>\n\n\n\n<li>Muiden tilojen kalentereita p\u00e4\u00e4set etsim\u00e4\u00e4n klikkaamalla <em>Tilavaraus<\/em>-painiketta<\/li>\n<\/ul>\n\n\n\n<figure class=\"wp-block-image size-large\"><img loading=\"lazy\" decoding=\"async\" width=\"473\" height=\"1024\" src=\"https:\/\/help.jamk.fi\/peppi\/wp-content\/uploads\/sites\/130\/2025\/11\/IMG_6318-473x1024.png\" alt=\"\" class=\"wp-image-3788\"\/><\/figure>\n\n\n\n<ul class=\"wp-block-list\">\n<li>Jos sinulla on varausoikeus, <em>Varaa<\/em>-painikkeesta p\u00e4\u00e4set tekem\u00e4\u00e4n varauksen. <a href=\"https:\/\/help.jamk.fi\/peppi\/fi\/kalenteri\/tuudon-kalenteritoiminnot\/tilojen-varaaminen-tuudosta\/\">Lis\u00e4tietoa varauksen tekemisest\u00e4 on t\u00e4\u00e4ll\u00e4.<\/a><\/li>\n\n\n\n<li>Tilakalenteria p\u00e4\u00e4set katsomaan klikkaamalla <em>Varaa<\/em>-painikkeen yl\u00e4puolelta T\u00e4n\u00e4\u00e4n-painiketta. Sit\u00e4 kautta voit my\u00f6s tehd\u00e4 varauksen, jos sinulla on varausoikeus tilaan.<\/li>\n\n\n\n<li>Jos sinulla ei ole varausoikeutta, tilan kohdalla lukee punaisella <em>Et voi varata<\/em><\/li>\n<\/ul>\n\n\n\n<figure class=\"wp-block-image size-full\"><img decoding=\"async\" src=\"https:\/\/help.jamk.fi\/peppi\/wp-content\/uploads\/sites\/130\/2025\/11\/IMG_6307.png\" alt=\"\" class=\"wp-image-3793\"\/><\/figure>\n\n\n\n<h2 class=\"wp-block-heading\">Tilojen etsiminen<\/h2>\n\n\n\n<ul class=\"wp-block-list\">\n<li>Voit etsi\u00e4 tilojen kalentereita tilan nimen tai koodin perusteella.<\/li>\n\n\n\n<li>Voit merkit\u00e4 tiloja suosikeiksi klikkaamalla syd\u00e4men kuvaketta tilan kohdalla. Suosikkitilat n\u00e4kyv\u00e4t <em>Tilavaraus<\/em>-n\u00e4kym\u00e4n etusivulla.<\/li>\n\n\n\n<li>Voit my\u00f6s rajata hakua rakennusten, laitteiden tilatyyppien tai ajankohdan mukaan.<\/li>\n<\/ul>\n\n\n\n<figure class=\"wp-block-image size-large\"><img loading=\"lazy\" decoding=\"async\" width=\"473\" height=\"1024\" src=\"https:\/\/help.jamk.fi\/peppi\/wp-content\/uploads\/sites\/130\/2025\/11\/IMG_6320-473x1024.png\" alt=\"\" class=\"wp-image-3790\"\/><\/figure>\n","protected":false},"excerpt":{"rendered":"<p>Opiskelijat ja henkil\u00f6kunta voivat katsoa Tuudon kautta tilojen varauskalentereita, vaikka tilaan ei ole varausoikeutta. Tilojen varauskalentereita voi katsoa my\u00f6s tilojen ovenpieliss\u00e4 olevien QR-koodien kautta. Lue lis\u00e4\u00e4 QR-koodeista t\u00e4lt\u00e4 sivulta. Kalentereiden katsominen Tilakalentereita p\u00e4\u00e4set katsomaan, kun Tuudon oikeasta alavalikosta valitset Kampus ja sielt\u00e4 Tilavaraus. Voit my\u00f6s lis\u00e4t\u00e4 tilavarauksen Suosikit-valikkoon Tilojen etsiminen<\/p>\n","protected":false},"author":76,"featured_media":0,"parent":2620,"menu_order":0,"comment_status":"closed","ping_status":"open","template":"","meta":{"_acf_changed":false,"_relevanssi_hide_post":"","_relevanssi_hide_content":"","_relevanssi_pin_for_all":"","_relevanssi_pin_keywords":"","_relevanssi_unpin_keywords":"","_relevanssi_related_keywords":"","_relevanssi_related_include_ids":"","_relevanssi_related_exclude_ids":"","_relevanssi_related_no_append":"","_relevanssi_related_not_related":"","_relevanssi_related_posts":"","_relevanssi_noindex_reason":"","footnotes":""},"categories":[1],"tags":[],"class_list":["post-2619","page","type-page","status-publish","hentry","category-uncategorised"],"acf":[],"yoast_head":"<!-- This site is optimized with the Yoast SEO plugin v27.3 - https:\/\/yoast.com\/product\/yoast-seo-wordpress\/ -->\n<title>Tilakalentereiden katseleminen Tuudosta - Peppi<\/title>\n<meta name=\"robots\" content=\"index, follow, max-snippet:-1, max-image-preview:large, max-video-preview:-1\" \/>\n<link rel=\"canonical\" href=\"https:\/\/help.jamk.fi\/peppi\/fi\/kalenteri\/tuudon-kalenteritoiminnot\/tilakalentereiden-katseleminen-tuudosta\/\" \/>\n<meta property=\"og:locale\" content=\"fi_FI\" \/>\n<meta property=\"og:type\" content=\"article\" \/>\n<meta property=\"og:title\" content=\"Tilakalentereiden katseleminen Tuudosta - Peppi\" \/>\n<meta property=\"og:description\" content=\"Opiskelijat ja henkil\u00f6kunta voivat katsoa Tuudon kautta tilojen varauskalentereita, vaikka tilaan ei ole varausoikeutta. Tilojen varauskalentereita voi katsoa my\u00f6s tilojen ovenpieliss\u00e4 olevien QR-koodien kautta. Lue lis\u00e4\u00e4 QR-koodeista t\u00e4lt\u00e4 sivulta. Kalentereiden katsominen Tilakalentereita p\u00e4\u00e4set katsomaan, kun Tuudon oikeasta alavalikosta valitset Kampus ja sielt\u00e4 Tilavaraus. Voit my\u00f6s lis\u00e4t\u00e4 tilavarauksen Suosikit-valikkoon Tilojen etsiminen\" \/>\n<meta property=\"og:url\" content=\"https:\/\/help.jamk.fi\/peppi\/fi\/kalenteri\/tuudon-kalenteritoiminnot\/tilakalentereiden-katseleminen-tuudosta\/\" \/>\n<meta property=\"og:site_name\" content=\"Peppi\" \/>\n<meta property=\"article:modified_time\" content=\"2025-11-28T14:31:19+00:00\" \/>\n<meta property=\"og:image\" content=\"https:\/\/help.jamk.fi\/peppi\/wp-content\/uploads\/sites\/130\/2025\/11\/Tuudo-etusivu.jpg\" \/>\n\t<meta property=\"og:image:width\" content=\"438\" \/>\n\t<meta property=\"og:image:height\" content=\"952\" \/>\n\t<meta property=\"og:image:type\" content=\"image\/jpeg\" \/>\n<meta name=\"twitter:card\" content=\"summary_large_image\" \/>\n<meta name=\"twitter:label1\" content=\"Arvioitu lukuaika\" \/>\n\t<meta name=\"twitter:data1\" content=\"2 minuuttia\" \/>\n<script type=\"application\/ld+json\" class=\"yoast-schema-graph\">{\"@context\":\"https:\\\/\\\/schema.org\",\"@graph\":[{\"@type\":\"WebPage\",\"@id\":\"https:\\\/\\\/help.jamk.fi\\\/peppi\\\/fi\\\/kalenteri\\\/tuudon-kalenteritoiminnot\\\/tilakalentereiden-katseleminen-tuudosta\\\/\",\"url\":\"https:\\\/\\\/help.jamk.fi\\\/peppi\\\/fi\\\/kalenteri\\\/tuudon-kalenteritoiminnot\\\/tilakalentereiden-katseleminen-tuudosta\\\/\",\"name\":\"Tilakalentereiden katseleminen Tuudosta - Peppi\",\"isPartOf\":{\"@id\":\"https:\\\/\\\/help.jamk.fi\\\/peppi\\\/#website\"},\"primaryImageOfPage\":{\"@id\":\"https:\\\/\\\/help.jamk.fi\\\/peppi\\\/fi\\\/kalenteri\\\/tuudon-kalenteritoiminnot\\\/tilakalentereiden-katseleminen-tuudosta\\\/#primaryimage\"},\"image\":{\"@id\":\"https:\\\/\\\/help.jamk.fi\\\/peppi\\\/fi\\\/kalenteri\\\/tuudon-kalenteritoiminnot\\\/tilakalentereiden-katseleminen-tuudosta\\\/#primaryimage\"},\"thumbnailUrl\":\"https:\\\/\\\/help.jamk.fi\\\/peppi\\\/wp-content\\\/uploads\\\/sites\\\/130\\\/2025\\\/11\\\/Tuudo-etusivu.jpg\",\"datePublished\":\"2022-11-07T03:48:21+00:00\",\"dateModified\":\"2025-11-28T14:31:19+00:00\",\"breadcrumb\":{\"@id\":\"https:\\\/\\\/help.jamk.fi\\\/peppi\\\/fi\\\/kalenteri\\\/tuudon-kalenteritoiminnot\\\/tilakalentereiden-katseleminen-tuudosta\\\/#breadcrumb\"},\"inLanguage\":\"fi\",\"potentialAction\":[{\"@type\":\"ReadAction\",\"target\":[\"https:\\\/\\\/help.jamk.fi\\\/peppi\\\/fi\\\/kalenteri\\\/tuudon-kalenteritoiminnot\\\/tilakalentereiden-katseleminen-tuudosta\\\/\"]}]},{\"@type\":\"ImageObject\",\"inLanguage\":\"fi\",\"@id\":\"https:\\\/\\\/help.jamk.fi\\\/peppi\\\/fi\\\/kalenteri\\\/tuudon-kalenteritoiminnot\\\/tilakalentereiden-katseleminen-tuudosta\\\/#primaryimage\",\"url\":\"https:\\\/\\\/help.jamk.fi\\\/peppi\\\/wp-content\\\/uploads\\\/sites\\\/130\\\/2025\\\/11\\\/Tuudo-etusivu.jpg\",\"contentUrl\":\"https:\\\/\\\/help.jamk.fi\\\/peppi\\\/wp-content\\\/uploads\\\/sites\\\/130\\\/2025\\\/11\\\/Tuudo-etusivu.jpg\",\"width\":438,\"height\":952},{\"@type\":\"BreadcrumbList\",\"@id\":\"https:\\\/\\\/help.jamk.fi\\\/peppi\\\/fi\\\/kalenteri\\\/tuudon-kalenteritoiminnot\\\/tilakalentereiden-katseleminen-tuudosta\\\/#breadcrumb\",\"itemListElement\":[{\"@type\":\"ListItem\",\"position\":1,\"name\":\"Home\",\"item\":\"https:\\\/\\\/help.jamk.fi\\\/peppi\\\/fi\\\/\"},{\"@type\":\"ListItem\",\"position\":2,\"name\":\"Kalenteri\",\"item\":\"https:\\\/\\\/help.jamk.fi\\\/peppi\\\/fi\\\/kalenteri\\\/\"},{\"@type\":\"ListItem\",\"position\":3,\"name\":\"Tuudon kalenteritoiminnot\",\"item\":\"https:\\\/\\\/help.jamk.fi\\\/peppi\\\/fi\\\/kalenteri\\\/tuudon-kalenteritoiminnot\\\/\"},{\"@type\":\"ListItem\",\"position\":4,\"name\":\"Tilakalentereiden katseleminen Tuudosta\"}]},{\"@type\":\"WebSite\",\"@id\":\"https:\\\/\\\/help.jamk.fi\\\/peppi\\\/#website\",\"url\":\"https:\\\/\\\/help.jamk.fi\\\/peppi\\\/\",\"name\":\"Peppi\",\"description\":\"\",\"potentialAction\":[{\"@type\":\"SearchAction\",\"target\":{\"@type\":\"EntryPoint\",\"urlTemplate\":\"https:\\\/\\\/help.jamk.fi\\\/peppi\\\/?s={search_term_string}\"},\"query-input\":{\"@type\":\"PropertyValueSpecification\",\"valueRequired\":true,\"valueName\":\"search_term_string\"}}],\"inLanguage\":\"fi\"}]}<\/script>\n<!-- \/ Yoast SEO plugin. -->","yoast_head_json":{"title":"Tilakalentereiden katseleminen Tuudosta - Peppi","robots":{"index":"index","follow":"follow","max-snippet":"max-snippet:-1","max-image-preview":"max-image-preview:large","max-video-preview":"max-video-preview:-1"},"canonical":"https:\/\/help.jamk.fi\/peppi\/fi\/kalenteri\/tuudon-kalenteritoiminnot\/tilakalentereiden-katseleminen-tuudosta\/","og_locale":"fi_FI","og_type":"article","og_title":"Tilakalentereiden katseleminen Tuudosta - Peppi","og_description":"Opiskelijat ja henkil\u00f6kunta voivat katsoa Tuudon kautta tilojen varauskalentereita, vaikka tilaan ei ole varausoikeutta. Tilojen varauskalentereita voi katsoa my\u00f6s tilojen ovenpieliss\u00e4 olevien QR-koodien kautta. Lue lis\u00e4\u00e4 QR-koodeista t\u00e4lt\u00e4 sivulta. Kalentereiden katsominen Tilakalentereita p\u00e4\u00e4set katsomaan, kun Tuudon oikeasta alavalikosta valitset Kampus ja sielt\u00e4 Tilavaraus. Voit my\u00f6s lis\u00e4t\u00e4 tilavarauksen Suosikit-valikkoon Tilojen etsiminen","og_url":"https:\/\/help.jamk.fi\/peppi\/fi\/kalenteri\/tuudon-kalenteritoiminnot\/tilakalentereiden-katseleminen-tuudosta\/","og_site_name":"Peppi","article_modified_time":"2025-11-28T14:31:19+00:00","og_image":[{"width":438,"height":952,"url":"https:\/\/help.jamk.fi\/peppi\/wp-content\/uploads\/sites\/130\/2025\/11\/Tuudo-etusivu.jpg","type":"image\/jpeg"}],"twitter_card":"summary_large_image","twitter_misc":{"Arvioitu lukuaika":"2 minuuttia"},"schema":{"@context":"https:\/\/schema.org","@graph":[{"@type":"WebPage","@id":"https:\/\/help.jamk.fi\/peppi\/fi\/kalenteri\/tuudon-kalenteritoiminnot\/tilakalentereiden-katseleminen-tuudosta\/","url":"https:\/\/help.jamk.fi\/peppi\/fi\/kalenteri\/tuudon-kalenteritoiminnot\/tilakalentereiden-katseleminen-tuudosta\/","name":"Tilakalentereiden katseleminen Tuudosta - Peppi","isPartOf":{"@id":"https:\/\/help.jamk.fi\/peppi\/#website"},"primaryImageOfPage":{"@id":"https:\/\/help.jamk.fi\/peppi\/fi\/kalenteri\/tuudon-kalenteritoiminnot\/tilakalentereiden-katseleminen-tuudosta\/#primaryimage"},"image":{"@id":"https:\/\/help.jamk.fi\/peppi\/fi\/kalenteri\/tuudon-kalenteritoiminnot\/tilakalentereiden-katseleminen-tuudosta\/#primaryimage"},"thumbnailUrl":"https:\/\/help.jamk.fi\/peppi\/wp-content\/uploads\/sites\/130\/2025\/11\/Tuudo-etusivu.jpg","datePublished":"2022-11-07T03:48:21+00:00","dateModified":"2025-11-28T14:31:19+00:00","breadcrumb":{"@id":"https:\/\/help.jamk.fi\/peppi\/fi\/kalenteri\/tuudon-kalenteritoiminnot\/tilakalentereiden-katseleminen-tuudosta\/#breadcrumb"},"inLanguage":"fi","potentialAction":[{"@type":"ReadAction","target":["https:\/\/help.jamk.fi\/peppi\/fi\/kalenteri\/tuudon-kalenteritoiminnot\/tilakalentereiden-katseleminen-tuudosta\/"]}]},{"@type":"ImageObject","inLanguage":"fi","@id":"https:\/\/help.jamk.fi\/peppi\/fi\/kalenteri\/tuudon-kalenteritoiminnot\/tilakalentereiden-katseleminen-tuudosta\/#primaryimage","url":"https:\/\/help.jamk.fi\/peppi\/wp-content\/uploads\/sites\/130\/2025\/11\/Tuudo-etusivu.jpg","contentUrl":"https:\/\/help.jamk.fi\/peppi\/wp-content\/uploads\/sites\/130\/2025\/11\/Tuudo-etusivu.jpg","width":438,"height":952},{"@type":"BreadcrumbList","@id":"https:\/\/help.jamk.fi\/peppi\/fi\/kalenteri\/tuudon-kalenteritoiminnot\/tilakalentereiden-katseleminen-tuudosta\/#breadcrumb","itemListElement":[{"@type":"ListItem","position":1,"name":"Home","item":"https:\/\/help.jamk.fi\/peppi\/fi\/"},{"@type":"ListItem","position":2,"name":"Kalenteri","item":"https:\/\/help.jamk.fi\/peppi\/fi\/kalenteri\/"},{"@type":"ListItem","position":3,"name":"Tuudon kalenteritoiminnot","item":"https:\/\/help.jamk.fi\/peppi\/fi\/kalenteri\/tuudon-kalenteritoiminnot\/"},{"@type":"ListItem","position":4,"name":"Tilakalentereiden katseleminen Tuudosta"}]},{"@type":"WebSite","@id":"https:\/\/help.jamk.fi\/peppi\/#website","url":"https:\/\/help.jamk.fi\/peppi\/","name":"Peppi","description":"","potentialAction":[{"@type":"SearchAction","target":{"@type":"EntryPoint","urlTemplate":"https:\/\/help.jamk.fi\/peppi\/?s={search_term_string}"},"query-input":{"@type":"PropertyValueSpecification","valueRequired":true,"valueName":"search_term_string"}}],"inLanguage":"fi"}]}},"_links":{"self":[{"href":"https:\/\/help.jamk.fi\/peppi\/wp-json\/wp\/v2\/pages\/2619","targetHints":{"allow":["GET"]}}],"collection":[{"href":"https:\/\/help.jamk.fi\/peppi\/wp-json\/wp\/v2\/pages"}],"about":[{"href":"https:\/\/help.jamk.fi\/peppi\/wp-json\/wp\/v2\/types\/page"}],"author":[{"embeddable":true,"href":"https:\/\/help.jamk.fi\/peppi\/wp-json\/wp\/v2\/users\/76"}],"replies":[{"embeddable":true,"href":"https:\/\/help.jamk.fi\/peppi\/wp-json\/wp\/v2\/comments?post=2619"}],"version-history":[{"count":11,"href":"https:\/\/help.jamk.fi\/peppi\/wp-json\/wp\/v2\/pages\/2619\/revisions"}],"predecessor-version":[{"id":3817,"href":"https:\/\/help.jamk.fi\/peppi\/wp-json\/wp\/v2\/pages\/2619\/revisions\/3817"}],"up":[{"embeddable":true,"href":"https:\/\/help.jamk.fi\/peppi\/wp-json\/wp\/v2\/pages\/2620"}],"wp:attachment":[{"href":"https:\/\/help.jamk.fi\/peppi\/wp-json\/wp\/v2\/media?parent=2619"}],"wp:term":[{"taxonomy":"category","embeddable":true,"href":"https:\/\/help.jamk.fi\/peppi\/wp-json\/wp\/v2\/categories?post=2619"},{"taxonomy":"post_tag","embeddable":true,"href":"https:\/\/help.jamk.fi\/peppi\/wp-json\/wp\/v2\/tags?post=2619"}],"curies":[{"name":"wp","href":"https:\/\/api.w.org\/{rel}","templated":true}]}}