{"id":2631,"date":"2023-08-22T07:25:25","date_gmt":"2023-08-22T04:25:25","guid":{"rendered":"https:\/\/help.jamk.fi\/peppi\/eahot-hyvaksilukeminen\/osaamisen-hyvaksilukeminen\/"},"modified":"2026-02-03T13:40:45","modified_gmt":"2026-02-03T11:40:45","slug":"osaamisen-hyvaksilukeminen","status":"publish","type":"page","link":"https:\/\/help.jamk.fi\/peppi\/fi\/eahot-hyvaksilukeminen\/osaamisen-hyvaksilukeminen\/","title":{"rendered":"Osaamisen hyv\u00e4ksilukeminen"},"content":{"rendered":"\n<blockquote class=\"wp-block-quote is-layout-flow wp-block-quote-is-layout-flow\">\n<p>Huom. Lue ensin <a href=\"https:\/\/help.jamk.fi\/peppi\/fi\/eahot-hyvaksilukeminen\/\">eAHOT-hyv\u00e4ksilukeminen<\/a> \u2013 ja <a href=\"https:\/\/help.jamk.fi\/peppi\/eahot-hyvaksilukeminen\/nain-taytat-eahot-hakemuksen\/\">N\u00e4in t\u00e4yt\u00e4t eAHOT-hakemuksen<\/a> -ohjesivut ja jatka sen j\u00e4lkeen hakemuksen t\u00e4ytt\u00e4mist\u00e4 alla olevien ohjeiden mukaisesti.<\/p>\n<\/blockquote>\n\n\n\n<p>Kun olet hankkinut osaamista esim. t\u00f6iss\u00e4 tai harrastuksissa, hyv\u00e4ksiluettavan osaamisen tulee vastata tutkinnolle, opintokokonaisuudelle ja opintojaksolle asetettuja osaamistavoitteita, jotta voit hakea sill\u00e4 hyv\u00e4ksilukua. Hyv\u00e4ksilukemisen edellytyksen\u00e4 on, ett\u00e4 hankittu osaaminen voidaan osoittaa esim. kirjallisella dokumentilla, haastattelulla, videolla, oppimisp\u00e4iv\u00e4kirjalla tai portfoliolla tms. tavalla.<\/p>\n\n\n\n<h2 class=\"wp-block-heading\">Aiemmin hankitun muun osaamisen hyv\u00e4ksilukeminen \u2013 korvaaminen<\/h2>\n\n\n\r\n<div id=\"embed-block_5d5ff5c79a4650c7cef56ac1d8f4e16c\" class=\"embed block-embed\">\r\n      <div class=\"block-embed__wrapper\">\r\n\r\n      \r\n          <div class=\"block-embed__cookie-notice--wrapper\" id=\"cookie-notice\">\r\n              <div class=\"block-embed__cookie-notice--text\">\r\n                                    <p>Hyv\u00e4ksy v\u00e4ltt\u00e4m\u00e4tt\u00f6m\u00e4t ev\u00e4steet n\u00e4hd\u00e4ksesi upotetun sis\u00e4ll\u00f6n: marketing, analytics, preferences.<\/p>\r\n                  <a href=\"#\" class=\"ch2-open-settings-btn\"> Hyv\u00e4ksy v\u00e4ltt\u00e4m\u00e4tt\u00f6m\u00e4t ev\u00e4steet<\/a>\r\n              <\/div>\r\n              <div class=\"block-embed__cookie-reload-notice\">\r\n                  <p class=\"cookie-reload-text\">\r\n                    (Jos olet hyv\u00e4ksynyt ev\u00e4steet, mutta n\u00e4et silti t\u00e4m\u00e4n viestin, lataa sivu uudelleen.)                  <\/p>\r\n                  <a href=\"#\" onclick=\"location.reload(); return false;\">\r\n                    Lataa sivu uudelleen                  <\/a>\r\n              <\/div>\r\n          <\/div>\r\n\r\n      \r\n      <\/div>\r\n<\/div>\r\n\n\n\n<blockquote class=\"wp-block-quote is-layout-flow wp-block-quote-is-layout-flow\">\n<p>Esimerkki 1: Harjoittelun hyv\u00e4ksilukeminen aiemmalla ty\u00f6kokemuksella.<br><br>Esimerkki 2: Opiskelija on ollut tekem\u00e4ss\u00e4 projektia ty\u00f6nantajalle, ja h\u00e4n on hankkinut osaamista projektity\u00f6skentelyst\u00e4 ja -menetelmist\u00e4 sek\u00e4 kest\u00e4v\u00e4n kehityksen teemoista. H\u00e4n hakee korvaamista aiemmin hankitulla osaamisella Future Factory -opintojaksoon (10 op).<\/p>\n<\/blockquote>\n\n\n\n<h2 class=\"wp-block-heading\">Aiemmin hankitun muun osaamisen hyv\u00e4ksilukeminen \u2013 sis\u00e4llytt\u00e4minen<\/h2>\n\n\n\r\n<div id=\"embed-block_8b1db6090d24e98248d408045afc5256\" class=\"embed block-embed\">\r\n      <div class=\"block-embed__wrapper\">\r\n\r\n      \r\n          <div class=\"block-embed__cookie-notice--wrapper\" id=\"cookie-notice\">\r\n              <div class=\"block-embed__cookie-notice--text\">\r\n                                    <p>Hyv\u00e4ksy v\u00e4ltt\u00e4m\u00e4tt\u00f6m\u00e4t ev\u00e4steet n\u00e4hd\u00e4ksesi upotetun sis\u00e4ll\u00f6n: marketing, analytics, preferences.<\/p>\r\n                  <a href=\"#\" class=\"ch2-open-settings-btn\"> Hyv\u00e4ksy v\u00e4ltt\u00e4m\u00e4tt\u00f6m\u00e4t ev\u00e4steet<\/a>\r\n              <\/div>\r\n              <div class=\"block-embed__cookie-reload-notice\">\r\n                  <p class=\"cookie-reload-text\">\r\n                    (Jos olet hyv\u00e4ksynyt ev\u00e4steet, mutta n\u00e4et silti t\u00e4m\u00e4n viestin, lataa sivu uudelleen.)                  <\/p>\r\n                  <a href=\"#\" onclick=\"location.reload(); return false;\">\r\n                    Lataa sivu uudelleen                  <\/a>\r\n              <\/div>\r\n          <\/div>\r\n\r\n      \r\n      <\/div>\r\n<\/div>\r\n\n\n\n<h2 class=\"wp-block-heading\">N\u00e4in t\u00e4yt\u00e4t hakemuksen<\/h2>\n\n\n\n<p>Hae hyv\u00e4ksilukua klikkaamalla \u201d<strong>Lis\u00e4\u00e4 aiemmin hankittu muu osaaminen<\/strong>\u201d (kuvio 1).<\/p>\n\n\n\n<figure class=\"wp-block-image size-full\"><img loading=\"lazy\" decoding=\"async\" width=\"760\" height=\"145\" src=\"https:\/\/help.jamk.fi\/peppi\/wp-content\/uploads\/sites\/130\/2025\/08\/Lisaa-aiemmin-hankittu-muu-osaaminen-painike.png\" alt=\"Lis\u00e4\u00e4 aiemmin hankittu muu osaaminen -painike\" class=\"wp-image-3584\" srcset=\"https:\/\/help.jamk.fi\/peppi\/wp-content\/uploads\/sites\/130\/2025\/08\/Lisaa-aiemmin-hankittu-muu-osaaminen-painike.png 760w, https:\/\/help.jamk.fi\/peppi\/wp-content\/uploads\/sites\/130\/2025\/08\/Lisaa-aiemmin-hankittu-muu-osaaminen-painike-300x57.png 300w\" sizes=\"auto, (max-width: 760px) 100vw, 760px\" \/><figcaption class=\"wp-element-caption\">Kuvio 1. Lis\u00e4\u00e4 aiemmin hankittu muu osaaminen<\/figcaption><\/figure>\n\n\n\n<p>Valitse hakemukselle <strong>hyv\u00e4ksilukemisen tyypiksi<\/strong> joko korvaaminen tai sis\u00e4llytt\u00e4minen alla olevan ohjeen mukaisesti (kuvio 2).<\/p>\n\n\n\n<ul class=\"wp-block-list\">\n<li><strong>Korvaamista<\/strong> haetaan tutkinto-ohjelmassasi oleviin <strong>pakollisiin tai vaihtoehtoisiin opintoihin<\/strong>. Valitse hakemuksen k\u00e4sittelij\u00e4ksi joko korvattavan opintojakson vastuuhenkil\u00f6 tai opintokokonaisuuden vastuutiimiss\u00e4 oleva opettaja.<\/li>\n\n\n\n<li>Voit <strong>sis\u00e4llytt\u00e4\u00e4<\/strong> aiemmin hankittua muuta osaamista tutkintosi <strong>vapaasti valittaviin opintoihin<\/strong>. Valitse sis\u00e4llytt\u00e4minen silloin, kun hankkimasi osaaminen ei vastaa tutkintosi pakollisia tai vaihtoehtoisia opintoja. Valitse hakemuksen k\u00e4sittelij\u00e4ksi oman tutkintosi tutkintovastaava tai koulutuksesta vastaava henkil\u00f6.<\/li>\n<\/ul>\n\n\n\n<p><a rel=\"noreferrer noopener\" href=\"https:\/\/opetussuunnitelmat.peppi.jamk.fi\/\" target=\"_blank\">Henkil\u00f6t l\u00f6yd\u00e4t opetussuunnitelmastasi<\/a>.<\/p>\n\n\n\n<figure class=\"wp-block-image size-full\"><img loading=\"lazy\" decoding=\"async\" width=\"627\" height=\"243\" src=\"https:\/\/help.jamk.fi\/peppi\/wp-content\/uploads\/sites\/130\/2025\/08\/Hyvaksilukemisen-tyyppi-jos-osaaminen.png\" alt=\"Hyv\u00e4ksilukemisen tyypin ja hakemuksen k\u00e4sittelij\u00e4n valinta alasvetovalikoista\" class=\"wp-image-3586\" srcset=\"https:\/\/help.jamk.fi\/peppi\/wp-content\/uploads\/sites\/130\/2025\/08\/Hyvaksilukemisen-tyyppi-jos-osaaminen.png 627w, https:\/\/help.jamk.fi\/peppi\/wp-content\/uploads\/sites\/130\/2025\/08\/Hyvaksilukemisen-tyyppi-jos-osaaminen-300x116.png 300w\" sizes=\"auto, (max-width: 627px) 100vw, 627px\" \/><figcaption class=\"wp-element-caption\">Kuvio 2. Hyv\u00e4ksilukemisen tyyppi ja k\u00e4sittelij\u00e4<\/figcaption><\/figure>\n\n\n\n<h3 class=\"wp-block-heading\">Aiemmin suoritetun osaamisen tuominen hakemukselle<\/h3>\n\n\n\n<p>Valitse Aiemmin suoritetut osaamiset -kohdasta \u201d<strong>Lis\u00e4\u00e4 osaaminen<\/strong>&#8221;.<\/p>\n\n\n\n<ul class=\"wp-block-list\">\n<li><strong>Arviointi<\/strong>-kohdan voit j\u00e4tt\u00e4\u00e4 tyhj\u00e4ksi, ellet ole saanut osaamisestasi arviointia samoilla arviointikriteereill\u00e4 kuin Jamkissa eli numerolla 1-5 tai hyv\u00e4ksytty \/ hyl\u00e4tty.<\/li>\n\n\n\n<li>Valitse <strong>Suorituspaikat<\/strong>-kohdan valikosta se suorituspaikka, jonka edellisess\u00e4 vaiheessa olet hakemukselle lis\u00e4nnyt.<\/li>\n\n\n\n<li>Merkitse <strong>suoritusp\u00e4iv\u00e4m\u00e4\u00e4r\u00e4ksi<\/strong> se p\u00e4iv\u00e4m\u00e4\u00e4r\u00e4, jolloin olet p\u00e4\u00e4tt\u00e4nyt osaamisesi hankkimisen eli esimerkiksi ty\u00f6todistuksesi p\u00e4iv\u00e4m\u00e4\u00e4r\u00e4.<\/li>\n\n\n\n<li><strong>Perustele<\/strong> halutessasi, miksi haet hyv\u00e4ksilukua. Perustelut-kentt\u00e4\u00e4n voit my\u00f6s kirjoittaa lis\u00e4tietoja osaamisestasi. (kuvio 3)<\/li>\n<\/ul>\n\n\n\n<figure class=\"wp-block-image size-full\"><img loading=\"lazy\" decoding=\"async\" width=\"592\" height=\"503\" src=\"https:\/\/help.jamk.fi\/peppi\/wp-content\/uploads\/sites\/130\/2025\/08\/Aiemmin-hankitun-osaamisen-lisaaminen.png\" alt=\"Aiemmin hankitun osaamisen lis\u00e4\u00e4minen\" class=\"wp-image-3587\" srcset=\"https:\/\/help.jamk.fi\/peppi\/wp-content\/uploads\/sites\/130\/2025\/08\/Aiemmin-hankitun-osaamisen-lisaaminen.png 592w, https:\/\/help.jamk.fi\/peppi\/wp-content\/uploads\/sites\/130\/2025\/08\/Aiemmin-hankitun-osaamisen-lisaaminen-300x255.png 300w\" sizes=\"auto, (max-width: 592px) 100vw, 592px\" \/><figcaption class=\"wp-element-caption\">Kuvio 3. Aiemmin hankitun osaamisen lis\u00e4\u00e4minen<\/figcaption><\/figure>\n\n\n\n<ul class=\"wp-block-list\">\n<li>Jos olet valinnut hyv\u00e4ksilukemisen tyypiksi <strong>korvaamisen<\/strong>, ved\u00e4 hiirell\u00e4 HOPSissasi olevista opinnoista ne, jotka haluat korvata ikkunan oikeassa reunassa olevaan Hakemukseen valitut opinnot -ikkunaan (kuvio 4).<\/li>\n<\/ul>\n\n\n\n<ul class=\"wp-block-list\">\n<li>Jos olet valinnut hyv\u00e4ksilukemisen tyypiksi <strong>sis\u00e4llytt\u00e4misen<\/strong>, sijoita sis\u00e4llytett\u00e4v\u00e4t opinnot HOPSiisi valitsemalla valikosta opintokokonaisuus, mihin opinnot haluat sijoitettavan (kuvio 5). Jos j\u00e4t\u00e4t opinnot sijoittamatta, ne menev\u00e4t HOPSin ulkopuolisiin opintoihin. Voit esikatsella opintojen sijoittumista HOPSillesi klikkaamalla HOPS-esikatselu-painiketta.<\/li>\n<\/ul>\n\n\n\n<figure class=\"wp-block-image size-large\"><img loading=\"lazy\" decoding=\"async\" width=\"1024\" height=\"302\" src=\"https:\/\/help.jamk.fi\/peppi\/wp-content\/uploads\/sites\/130\/2025\/08\/Ahot-korvaaminen-opintojen-valinta-HOPSilta-1024x302.png\" alt=\"Opintojen valitseminen HOPSilta ja siirt\u00e4minen Hakemukseen valitut opinnot -ikkunaan\" class=\"wp-image-3588\" srcset=\"https:\/\/help.jamk.fi\/peppi\/wp-content\/uploads\/sites\/130\/2025\/08\/Ahot-korvaaminen-opintojen-valinta-HOPSilta-1024x302.png 1024w, https:\/\/help.jamk.fi\/peppi\/wp-content\/uploads\/sites\/130\/2025\/08\/Ahot-korvaaminen-opintojen-valinta-HOPSilta-300x88.png 300w, https:\/\/help.jamk.fi\/peppi\/wp-content\/uploads\/sites\/130\/2025\/08\/Ahot-korvaaminen-opintojen-valinta-HOPSilta-768x226.png 768w, https:\/\/help.jamk.fi\/peppi\/wp-content\/uploads\/sites\/130\/2025\/08\/Ahot-korvaaminen-opintojen-valinta-HOPSilta-1536x452.png 1536w, https:\/\/help.jamk.fi\/peppi\/wp-content\/uploads\/sites\/130\/2025\/08\/Ahot-korvaaminen-opintojen-valinta-HOPSilta.png 1721w\" sizes=\"auto, (max-width: 1024px) 100vw, 1024px\" \/><figcaption class=\"wp-element-caption\">Kuvio 4. Opintojen valitseminen HOPSilta ja siirt\u00e4minen Hakemukseen valitut opinnot -ikkunaan<\/figcaption><\/figure>\n\n\n\n<figure class=\"wp-block-image size-large\"><img loading=\"lazy\" decoding=\"async\" width=\"1024\" height=\"301\" src=\"https:\/\/help.jamk.fi\/peppi\/wp-content\/uploads\/sites\/130\/2025\/08\/AHOT-sisallyttaminen-opintokokonaisuuden-valinta-HOPSilta-1024x301.png\" alt=\"Valitaan HOPSilta se opintokokonaisuus, jonka alle sis\u00e4llytett\u00e4v\u00e4 opinto halutaan sijoittaa\" class=\"wp-image-3589\" srcset=\"https:\/\/help.jamk.fi\/peppi\/wp-content\/uploads\/sites\/130\/2025\/08\/AHOT-sisallyttaminen-opintokokonaisuuden-valinta-HOPSilta-1024x301.png 1024w, https:\/\/help.jamk.fi\/peppi\/wp-content\/uploads\/sites\/130\/2025\/08\/AHOT-sisallyttaminen-opintokokonaisuuden-valinta-HOPSilta-300x88.png 300w, https:\/\/help.jamk.fi\/peppi\/wp-content\/uploads\/sites\/130\/2025\/08\/AHOT-sisallyttaminen-opintokokonaisuuden-valinta-HOPSilta-768x225.png 768w, https:\/\/help.jamk.fi\/peppi\/wp-content\/uploads\/sites\/130\/2025\/08\/AHOT-sisallyttaminen-opintokokonaisuuden-valinta-HOPSilta.png 1182w\" sizes=\"auto, (max-width: 1024px) 100vw, 1024px\" \/><figcaption class=\"wp-element-caption\">Kuvio 5. Valitaan HOPSilta se opintokokonaisuus, jonka alle sis\u00e4llytett\u00e4v\u00e4 opinto halutaan sijoittaa<\/figcaption><\/figure>\n\n\n\n<h3 class=\"wp-block-heading\">Hakemuksen l\u00e4hett\u00e4minen<\/h3>\n\n\n\n<p>Kun kaikki tarvittavat tiedot on t\u00e4ytetty, tarkista viel\u00e4 hakemuksen tiedot ja l\u00e4het\u00e4 hakemus klikkaamalla hakemuksen etusivun oikeasta yl\u00e4reunasta <strong>L\u00e4het\u00e4 hakemus<\/strong> -painiketta (kuvio 6). T\u00e4m\u00e4n j\u00e4lkeen et voi en\u00e4\u00e4 hakemustasi muokata.<\/p>\n\n\n\n<figure class=\"wp-block-image size-large\"><img loading=\"lazy\" decoding=\"async\" width=\"1024\" height=\"315\" src=\"https:\/\/help.jamk.fi\/peppi\/wp-content\/uploads\/sites\/130\/2025\/06\/Hakemuksen-lahettaminen-1024x315.png\" alt=\"Hakemuksen l\u00e4hett\u00e4minen\" class=\"wp-image-3542\" srcset=\"https:\/\/help.jamk.fi\/peppi\/wp-content\/uploads\/sites\/130\/2025\/06\/Hakemuksen-lahettaminen-1024x315.png 1024w, https:\/\/help.jamk.fi\/peppi\/wp-content\/uploads\/sites\/130\/2025\/06\/Hakemuksen-lahettaminen-300x92.png 300w, https:\/\/help.jamk.fi\/peppi\/wp-content\/uploads\/sites\/130\/2025\/06\/Hakemuksen-lahettaminen-768x236.png 768w, https:\/\/help.jamk.fi\/peppi\/wp-content\/uploads\/sites\/130\/2025\/06\/Hakemuksen-lahettaminen-1536x473.png 1536w, https:\/\/help.jamk.fi\/peppi\/wp-content\/uploads\/sites\/130\/2025\/06\/Hakemuksen-lahettaminen.png 1900w\" sizes=\"auto, (max-width: 1024px) 100vw, 1024px\" \/><figcaption class=\"wp-element-caption\">Kuvio 6. Hakemuksen l\u00e4hett\u00e4minen<\/figcaption><\/figure>\n\n\n\n<p>Saat s\u00e4hk\u00f6postia hakemuksen k\u00e4sittelyn eri vaiheista. Voit my\u00f6s seurata hakemuksen k\u00e4sittelyn etenemist\u00e4 Pepiss\u00e4. N\u00e4et tekem\u00e4si hakemuksen eAhot-hyv\u00e4ksilukeminen-n\u00e4kym\u00e4ss\u00e4. Voit my\u00f6s tarkastella hakemustasi klikkaamalla hakemusrivin <strong>Toiminnot<\/strong>-painiketta ja valitsemalla <strong>N\u00e4yt\u00e4<\/strong>.<\/p>\n\n\n<div id=\"info-lift-block_702c0641495e21b70862407a21278eba\" class=\"block-info-lift block-info-lift\">\n  <div class=\"row\">\n    <div class=\"col-12\">\n              <div class=\"block-info-lift__content\">\n          <div class=\"block-info-lift__content__icon\">\n            <span>!<\/span>\n          <\/div>\n          <p class=\"block-info-lift__content__text\">Jos hait hyv\u00e4ksilukemista pakollisiin tai vaihtoehtoisiin opintohin (korvaaminen), hyv\u00e4ksytyn hakemuksen p\u00e4\u00e4t\u00f6ksen\u00e4 tulee olemaan &quot;Vaaditaan osaamisen osoittamista&quot;. Lue hakemukselta my\u00f6s perustelut ja tehty sopimus, jotta saat tiedon, riitt\u00e4\u00e4k\u00f6 hakemukselle liitt\u00e4m\u00e4si asiakirjat hyv\u00e4ksiluvun saamiseksi vai vaatiiko opettaja lis\u00e4suoritusta. Sopimukset l\u00f6yd\u00e4t Opintoni &gt; Sopimukset -valikosta.<\/p>\n        <\/div>\n          <\/div>\n  <\/div>\n<\/div>","protected":false},"excerpt":{"rendered":"<p>Huom. Lue ensin eAHOT-hyv\u00e4ksilukeminen \u2013 ja N\u00e4in t\u00e4yt\u00e4t eAHOT-hakemuksen -ohjesivut ja jatka sen j\u00e4lkeen hakemuksen t\u00e4ytt\u00e4mist\u00e4 alla olevien ohjeiden mukaisesti. Kun olet hankkinut osaamista esim. t\u00f6iss\u00e4 tai harrastuksissa, hyv\u00e4ksiluettavan osaamisen tulee vastata tutkinnolle, opintokokonaisuudelle ja opintojaksolle asetettuja osaamistavoitteita, jotta voit hakea sill\u00e4 hyv\u00e4ksilukua. Hyv\u00e4ksilukemisen edellytyksen\u00e4 on, ett\u00e4 hankittu osaaminen voidaan osoittaa esim. kirjallisella dokumentilla, haastattelulla, [&hellip;]<\/p>\n","protected":false},"author":79,"featured_media":0,"parent":2626,"menu_order":5,"comment_status":"closed","ping_status":"closed","template":"","meta":{"_acf_changed":false,"_relevanssi_hide_post":"","_relevanssi_hide_content":"","_relevanssi_pin_for_all":"","_relevanssi_pin_keywords":"","_relevanssi_unpin_keywords":"","_relevanssi_related_keywords":"","_relevanssi_related_include_ids":"","_relevanssi_related_exclude_ids":"","_relevanssi_related_no_append":"","_relevanssi_related_not_related":"","_relevanssi_related_posts":"","_relevanssi_noindex_reason":"","footnotes":""},"categories":[1],"tags":[47],"class_list":["post-2631","page","type-page","status-publish","hentry","category-uncategorised","tag-eahot"],"acf":[],"yoast_head":"<!-- This site is optimized with the Yoast SEO plugin v27.4 - https:\/\/yoast.com\/product\/yoast-seo-wordpress\/ -->\n<title>Osaamisen hyv\u00e4ksilukeminen - Peppi<\/title>\n<meta name=\"robots\" content=\"index, follow, max-snippet:-1, max-image-preview:large, max-video-preview:-1\" \/>\n<link rel=\"canonical\" href=\"https:\/\/help.jamk.fi\/peppi\/fi\/eahot-hyvaksilukeminen\/osaamisen-hyvaksilukeminen\/\" \/>\n<meta property=\"og:locale\" content=\"fi_FI\" \/>\n<meta property=\"og:type\" content=\"article\" \/>\n<meta property=\"og:title\" content=\"Osaamisen hyv\u00e4ksilukeminen - Peppi\" \/>\n<meta property=\"og:description\" content=\"Huom. Lue ensin eAHOT-hyv\u00e4ksilukeminen \u2013 ja N\u00e4in t\u00e4yt\u00e4t eAHOT-hakemuksen -ohjesivut ja jatka sen j\u00e4lkeen hakemuksen t\u00e4ytt\u00e4mist\u00e4 alla olevien ohjeiden mukaisesti. Kun olet hankkinut osaamista esim. t\u00f6iss\u00e4 tai harrastuksissa, hyv\u00e4ksiluettavan osaamisen tulee vastata tutkinnolle, opintokokonaisuudelle ja opintojaksolle asetettuja osaamistavoitteita, jotta voit hakea sill\u00e4 hyv\u00e4ksilukua. Hyv\u00e4ksilukemisen edellytyksen\u00e4 on, ett\u00e4 hankittu osaaminen voidaan osoittaa esim. kirjallisella dokumentilla, haastattelulla, [&hellip;]\" \/>\n<meta property=\"og:url\" content=\"https:\/\/help.jamk.fi\/peppi\/fi\/eahot-hyvaksilukeminen\/osaamisen-hyvaksilukeminen\/\" \/>\n<meta property=\"og:site_name\" content=\"Peppi\" \/>\n<meta property=\"article:modified_time\" content=\"2026-02-03T11:40:45+00:00\" \/>\n<meta property=\"og:image\" content=\"https:\/\/help.jamk.fi\/peppi\/wp-content\/uploads\/sites\/130\/2025\/08\/Lisaa-aiemmin-hankittu-muu-osaaminen-painike.png\" \/>\n\t<meta property=\"og:image:width\" content=\"760\" \/>\n\t<meta property=\"og:image:height\" content=\"145\" \/>\n\t<meta property=\"og:image:type\" content=\"image\/png\" \/>\n<meta name=\"twitter:card\" content=\"summary_large_image\" \/>\n<meta name=\"twitter:label1\" content=\"Arvioitu lukuaika\" \/>\n\t<meta name=\"twitter:data1\" content=\"4 minuuttia\" \/>\n<script type=\"application\/ld+json\" class=\"yoast-schema-graph\">{\"@context\":\"https:\\\/\\\/schema.org\",\"@graph\":[{\"@type\":\"WebPage\",\"@id\":\"https:\\\/\\\/help.jamk.fi\\\/peppi\\\/fi\\\/eahot-hyvaksilukeminen\\\/osaamisen-hyvaksilukeminen\\\/\",\"url\":\"https:\\\/\\\/help.jamk.fi\\\/peppi\\\/fi\\\/eahot-hyvaksilukeminen\\\/osaamisen-hyvaksilukeminen\\\/\",\"name\":\"Osaamisen hyv\u00e4ksilukeminen - Peppi\",\"isPartOf\":{\"@id\":\"https:\\\/\\\/help.jamk.fi\\\/peppi\\\/#website\"},\"primaryImageOfPage\":{\"@id\":\"https:\\\/\\\/help.jamk.fi\\\/peppi\\\/fi\\\/eahot-hyvaksilukeminen\\\/osaamisen-hyvaksilukeminen\\\/#primaryimage\"},\"image\":{\"@id\":\"https:\\\/\\\/help.jamk.fi\\\/peppi\\\/fi\\\/eahot-hyvaksilukeminen\\\/osaamisen-hyvaksilukeminen\\\/#primaryimage\"},\"thumbnailUrl\":\"https:\\\/\\\/help.jamk.fi\\\/peppi\\\/wp-content\\\/uploads\\\/sites\\\/130\\\/2025\\\/08\\\/Lisaa-aiemmin-hankittu-muu-osaaminen-painike.png\",\"datePublished\":\"2023-08-22T04:25:25+00:00\",\"dateModified\":\"2026-02-03T11:40:45+00:00\",\"breadcrumb\":{\"@id\":\"https:\\\/\\\/help.jamk.fi\\\/peppi\\\/fi\\\/eahot-hyvaksilukeminen\\\/osaamisen-hyvaksilukeminen\\\/#breadcrumb\"},\"inLanguage\":\"fi\",\"potentialAction\":[{\"@type\":\"ReadAction\",\"target\":[\"https:\\\/\\\/help.jamk.fi\\\/peppi\\\/fi\\\/eahot-hyvaksilukeminen\\\/osaamisen-hyvaksilukeminen\\\/\"]}]},{\"@type\":\"ImageObject\",\"inLanguage\":\"fi\",\"@id\":\"https:\\\/\\\/help.jamk.fi\\\/peppi\\\/fi\\\/eahot-hyvaksilukeminen\\\/osaamisen-hyvaksilukeminen\\\/#primaryimage\",\"url\":\"https:\\\/\\\/help.jamk.fi\\\/peppi\\\/wp-content\\\/uploads\\\/sites\\\/130\\\/2025\\\/08\\\/Lisaa-aiemmin-hankittu-muu-osaaminen-painike.png\",\"contentUrl\":\"https:\\\/\\\/help.jamk.fi\\\/peppi\\\/wp-content\\\/uploads\\\/sites\\\/130\\\/2025\\\/08\\\/Lisaa-aiemmin-hankittu-muu-osaaminen-painike.png\",\"width\":760,\"height\":145,\"caption\":\"Kuvio 1. Lis\u00e4\u00e4 aiemmin hankittu muu osaaminen\"},{\"@type\":\"BreadcrumbList\",\"@id\":\"https:\\\/\\\/help.jamk.fi\\\/peppi\\\/fi\\\/eahot-hyvaksilukeminen\\\/osaamisen-hyvaksilukeminen\\\/#breadcrumb\",\"itemListElement\":[{\"@type\":\"ListItem\",\"position\":1,\"name\":\"Home\",\"item\":\"https:\\\/\\\/help.jamk.fi\\\/peppi\\\/fi\\\/\"},{\"@type\":\"ListItem\",\"position\":2,\"name\":\"eAHOT-hyv\u00e4ksilukeminen\",\"item\":\"https:\\\/\\\/help.jamk.fi\\\/peppi\\\/fi\\\/eahot-hyvaksilukeminen\\\/\"},{\"@type\":\"ListItem\",\"position\":3,\"name\":\"Osaamisen hyv\u00e4ksilukeminen\"}]},{\"@type\":\"WebSite\",\"@id\":\"https:\\\/\\\/help.jamk.fi\\\/peppi\\\/#website\",\"url\":\"https:\\\/\\\/help.jamk.fi\\\/peppi\\\/\",\"name\":\"Peppi\",\"description\":\"\",\"potentialAction\":[{\"@type\":\"SearchAction\",\"target\":{\"@type\":\"EntryPoint\",\"urlTemplate\":\"https:\\\/\\\/help.jamk.fi\\\/peppi\\\/?s={search_term_string}\"},\"query-input\":{\"@type\":\"PropertyValueSpecification\",\"valueRequired\":true,\"valueName\":\"search_term_string\"}}],\"inLanguage\":\"fi\"}]}<\/script>\n<!-- \/ Yoast SEO plugin. -->","yoast_head_json":{"title":"Osaamisen hyv\u00e4ksilukeminen - Peppi","robots":{"index":"index","follow":"follow","max-snippet":"max-snippet:-1","max-image-preview":"max-image-preview:large","max-video-preview":"max-video-preview:-1"},"canonical":"https:\/\/help.jamk.fi\/peppi\/fi\/eahot-hyvaksilukeminen\/osaamisen-hyvaksilukeminen\/","og_locale":"fi_FI","og_type":"article","og_title":"Osaamisen hyv\u00e4ksilukeminen - Peppi","og_description":"Huom. Lue ensin eAHOT-hyv\u00e4ksilukeminen \u2013 ja N\u00e4in t\u00e4yt\u00e4t eAHOT-hakemuksen -ohjesivut ja jatka sen j\u00e4lkeen hakemuksen t\u00e4ytt\u00e4mist\u00e4 alla olevien ohjeiden mukaisesti. Kun olet hankkinut osaamista esim. t\u00f6iss\u00e4 tai harrastuksissa, hyv\u00e4ksiluettavan osaamisen tulee vastata tutkinnolle, opintokokonaisuudelle ja opintojaksolle asetettuja osaamistavoitteita, jotta voit hakea sill\u00e4 hyv\u00e4ksilukua. Hyv\u00e4ksilukemisen edellytyksen\u00e4 on, ett\u00e4 hankittu osaaminen voidaan osoittaa esim. kirjallisella dokumentilla, haastattelulla, [&hellip;]","og_url":"https:\/\/help.jamk.fi\/peppi\/fi\/eahot-hyvaksilukeminen\/osaamisen-hyvaksilukeminen\/","og_site_name":"Peppi","article_modified_time":"2026-02-03T11:40:45+00:00","og_image":[{"width":760,"height":145,"url":"https:\/\/help.jamk.fi\/peppi\/wp-content\/uploads\/sites\/130\/2025\/08\/Lisaa-aiemmin-hankittu-muu-osaaminen-painike.png","type":"image\/png"}],"twitter_card":"summary_large_image","twitter_misc":{"Arvioitu lukuaika":"4 minuuttia"},"schema":{"@context":"https:\/\/schema.org","@graph":[{"@type":"WebPage","@id":"https:\/\/help.jamk.fi\/peppi\/fi\/eahot-hyvaksilukeminen\/osaamisen-hyvaksilukeminen\/","url":"https:\/\/help.jamk.fi\/peppi\/fi\/eahot-hyvaksilukeminen\/osaamisen-hyvaksilukeminen\/","name":"Osaamisen hyv\u00e4ksilukeminen - Peppi","isPartOf":{"@id":"https:\/\/help.jamk.fi\/peppi\/#website"},"primaryImageOfPage":{"@id":"https:\/\/help.jamk.fi\/peppi\/fi\/eahot-hyvaksilukeminen\/osaamisen-hyvaksilukeminen\/#primaryimage"},"image":{"@id":"https:\/\/help.jamk.fi\/peppi\/fi\/eahot-hyvaksilukeminen\/osaamisen-hyvaksilukeminen\/#primaryimage"},"thumbnailUrl":"https:\/\/help.jamk.fi\/peppi\/wp-content\/uploads\/sites\/130\/2025\/08\/Lisaa-aiemmin-hankittu-muu-osaaminen-painike.png","datePublished":"2023-08-22T04:25:25+00:00","dateModified":"2026-02-03T11:40:45+00:00","breadcrumb":{"@id":"https:\/\/help.jamk.fi\/peppi\/fi\/eahot-hyvaksilukeminen\/osaamisen-hyvaksilukeminen\/#breadcrumb"},"inLanguage":"fi","potentialAction":[{"@type":"ReadAction","target":["https:\/\/help.jamk.fi\/peppi\/fi\/eahot-hyvaksilukeminen\/osaamisen-hyvaksilukeminen\/"]}]},{"@type":"ImageObject","inLanguage":"fi","@id":"https:\/\/help.jamk.fi\/peppi\/fi\/eahot-hyvaksilukeminen\/osaamisen-hyvaksilukeminen\/#primaryimage","url":"https:\/\/help.jamk.fi\/peppi\/wp-content\/uploads\/sites\/130\/2025\/08\/Lisaa-aiemmin-hankittu-muu-osaaminen-painike.png","contentUrl":"https:\/\/help.jamk.fi\/peppi\/wp-content\/uploads\/sites\/130\/2025\/08\/Lisaa-aiemmin-hankittu-muu-osaaminen-painike.png","width":760,"height":145,"caption":"Kuvio 1. Lis\u00e4\u00e4 aiemmin hankittu muu osaaminen"},{"@type":"BreadcrumbList","@id":"https:\/\/help.jamk.fi\/peppi\/fi\/eahot-hyvaksilukeminen\/osaamisen-hyvaksilukeminen\/#breadcrumb","itemListElement":[{"@type":"ListItem","position":1,"name":"Home","item":"https:\/\/help.jamk.fi\/peppi\/fi\/"},{"@type":"ListItem","position":2,"name":"eAHOT-hyv\u00e4ksilukeminen","item":"https:\/\/help.jamk.fi\/peppi\/fi\/eahot-hyvaksilukeminen\/"},{"@type":"ListItem","position":3,"name":"Osaamisen hyv\u00e4ksilukeminen"}]},{"@type":"WebSite","@id":"https:\/\/help.jamk.fi\/peppi\/#website","url":"https:\/\/help.jamk.fi\/peppi\/","name":"Peppi","description":"","potentialAction":[{"@type":"SearchAction","target":{"@type":"EntryPoint","urlTemplate":"https:\/\/help.jamk.fi\/peppi\/?s={search_term_string}"},"query-input":{"@type":"PropertyValueSpecification","valueRequired":true,"valueName":"search_term_string"}}],"inLanguage":"fi"}]}},"_links":{"self":[{"href":"https:\/\/help.jamk.fi\/peppi\/wp-json\/wp\/v2\/pages\/2631","targetHints":{"allow":["GET"]}}],"collection":[{"href":"https:\/\/help.jamk.fi\/peppi\/wp-json\/wp\/v2\/pages"}],"about":[{"href":"https:\/\/help.jamk.fi\/peppi\/wp-json\/wp\/v2\/types\/page"}],"author":[{"embeddable":true,"href":"https:\/\/help.jamk.fi\/peppi\/wp-json\/wp\/v2\/users\/79"}],"replies":[{"embeddable":true,"href":"https:\/\/help.jamk.fi\/peppi\/wp-json\/wp\/v2\/comments?post=2631"}],"version-history":[{"count":12,"href":"https:\/\/help.jamk.fi\/peppi\/wp-json\/wp\/v2\/pages\/2631\/revisions"}],"predecessor-version":[{"id":3890,"href":"https:\/\/help.jamk.fi\/peppi\/wp-json\/wp\/v2\/pages\/2631\/revisions\/3890"}],"up":[{"embeddable":true,"href":"https:\/\/help.jamk.fi\/peppi\/wp-json\/wp\/v2\/pages\/2626"}],"wp:attachment":[{"href":"https:\/\/help.jamk.fi\/peppi\/wp-json\/wp\/v2\/media?parent=2631"}],"wp:term":[{"taxonomy":"category","embeddable":true,"href":"https:\/\/help.jamk.fi\/peppi\/wp-json\/wp\/v2\/categories?post=2631"},{"taxonomy":"post_tag","embeddable":true,"href":"https:\/\/help.jamk.fi\/peppi\/wp-json\/wp\/v2\/tags?post=2631"}],"curies":[{"name":"wp","href":"https:\/\/api.w.org\/{rel}","templated":true}]}}