{"id":3693,"date":"2025-09-18T15:19:05","date_gmt":"2025-09-18T12:19:05","guid":{"rendered":"https:\/\/help.jamk.fi\/peppi\/?page_id=3693"},"modified":"2026-01-30T14:42:13","modified_gmt":"2026-01-30T12:42:13","slug":"opintojen-hyvaksilukeminen-yli-30-opintopistetta","status":"publish","type":"page","link":"https:\/\/help.jamk.fi\/peppi\/fi\/eahot-hyvaksilukeminen\/opintojen-hyvaksilukeminen-yli-30-opintopistetta\/","title":{"rendered":"Opintojen hyv\u00e4ksilukeminen &#8211; yli 30 opintopistett\u00e4"},"content":{"rendered":"<div id=\"info-lift-block_5fc65668199416483117a06fb39040ab\" class=\"block-info-lift block-info-lift\">\n  <div class=\"row\">\n    <div class=\"col-12\">\n              <div class=\"block-info-lift__content\">\n          <div class=\"block-info-lift__content__icon\">\n            <span>!<\/span>\n          <\/div>\n          <p class=\"block-info-lift__content__text\">Kieli- ja viestint\u00e4opinnot hyv\u00e4ksiluetaan erillisell\u00e4 hakemuksella Kielikeskuksen ohjeiden mukaisesti. Opinn\u00e4ytety\u00f6n hyv\u00e4ksiluvut k\u00e4sitell\u00e4\u00e4n opinn\u00e4ytety\u00f6ryhm\u00e4ss\u00e4. Linkit ohjeisiin l\u00f6yd\u00e4t t\u00e4m\u00e4n sivun alaosasta.<\/p>\n        <\/div>\n          <\/div>\n  <\/div>\n<\/div>\n\n\n<p>Jos olet aiemmin suorittanut tutkintoosi kuuluvia opintoja <strong>enemm\u00e4n kuin 30 opintopistett\u00e4<\/strong>, k\u00e4y ohjauskeskustelu joko tutkintovastaavan tai alalla sovitun henkil\u00f6n kanssa.<\/p>\n\n\n\n<p>Taulukoikaa aiemmin suorittamasi opinnot esim. exceliin ja sijoittakaa ne Jamkin tutkintorakenteeseen oikeille paikoille. Excelist\u00e4 tulee ilmet\u00e4, kuinka paljon ja mit\u00e4 opintoja aiemmin suoritetuista opinnoista hyv\u00e4ksiluetaan Jamkissa suoritettavaan tutkintoon sek\u00e4 mitk\u00e4 Jamkin opetussuunnitelman mukaiset opintojaksot j\u00e4\u00e4v\u00e4t HOPSiltasi pois. Hyv\u00e4ksilukeminen tehd\u00e4\u00e4n aina <strong>sis\u00e4llytt\u00e4m\u00e4ll\u00e4<\/strong>.<\/p>\n\n\n\n<p>Tee ohjauskeskustelun j\u00e4lkeen hyv\u00e4ksilukuhakemus Pepiss\u00e4 seuraavasti (aiemmin suoritetut opinnot, sis\u00e4llytt\u00e4minen). <\/p>\n\n\n\n<ul class=\"wp-block-list\">\n<li>Jos sinulla on ty\u00f6kokemusta, jolla haet osaamisen tunnustamista (ahotointia) harjoittelusta, tee t\u00e4m\u00e4 hakemus erikseen. <a href=\"https:\/\/help.jamk.fi\/peppi\/fi\/eahot-hyvaksilukeminen\/osaamisen-hyvaksilukeminen\/\">Ohjeen l\u00f6yd\u00e4t Osaamisen hyv\u00e4ksilukeminen -sivulta<\/a>.<\/li>\n<\/ul>\n\n\n\n<p><a href=\"https:\/\/help.jamk.fi\/peppi\/fi\/eahot-hyvaksilukeminen\/nain-taytat-eahot-hakemuksen\/\">T\u00e4yt\u00e4 ohjauskeskustelun tiedot (katso erillinen ohje).<\/a><\/p>\n\n\n\n<p>T\u00e4yt\u00e4 <strong>suorituspaikan tiedot<\/strong> (kuvio 1).<\/p>\n\n\n\n<h2 class=\"wp-block-heading\">Suorituspaikan tiedot<\/h2>\n\n\n\n<p>Mik\u00e4li olet suorittanut opintoja useammassa eri korkeakoulussa ja haet niill\u00e4 hyv\u00e4ksilukuja, tulee sinun lis\u00e4t\u00e4 jokainen suorituspaikka erikseen hakemukselle. T\u00e4ll\u00e4 varmistetaan, ett\u00e4 kaikki suoritukset voidaan k\u00e4sitell\u00e4 asianmukaisesti ja sijoittaa HOPSissa oikeille paikoille.<\/p>\n\n\n\n<ul class=\"wp-block-list\">\n<li>Aloita hakemuksen t\u00e4ytt\u00e4minen <strong>Suorituspaikat<\/strong>-kohdasta.\n<ul class=\"wp-block-list\">\n<li>Klikkaa <strong>Lis\u00e4\u00e4 suorituspaikka<\/strong>.<\/li>\n\n\n\n<li>Suorituspaikka-ikkunassa kerrot, miss\u00e4 olet suorittanut ne opinnot, joilla haet hyv\u00e4ksilukua.<\/li>\n<\/ul>\n<\/li>\n\n\n\n<li>Valitse <strong>tyypiksi<\/strong> Oppilaitos.<\/li>\n\n\n\n<li>Valitse <strong>suorituspaikan tyypiksi<\/strong> se oppilaitostyyppi, miss\u00e4 suoritit opinnot.\n<ul class=\"wp-block-list\">\n<li>T\u00e4h\u00e4n valitaan useimmiten joko ammattikorkeakoulut tai yliopistot.<\/li>\n<\/ul>\n<\/li>\n\n\n\n<li>Valitse <strong>suorituspaikaksi<\/strong> oikea oppilaitos.<\/li>\n\n\n\n<li>Kirjoita <strong>Opintojakson tai opintokokonaisuuden nimi <\/strong>-kentt\u00e4\u00e4n esim. ensimm\u00e4isen vuoden opinnot<\/li>\n\n\n\n<li>Kirjoita <strong>Kuvaus<\/strong>-kentt\u00e4\u00e4n lyhyt kuvaus suorittamistasi opinnoista, esim. opinnot sis\u00e4lsiv\u00e4t kaikille yhteisi\u00e4 opintojaksoja sek\u00e4 muutaman ammatillisen opintojakson.<\/li>\n\n\n\n<li>Voit halutessasi kirjoittaa <strong>Hankkimani osaamisen kuvaus suhteessa osaamistavoitteisiin<\/strong> -kentt\u00e4\u00e4n tarkempia tietoja hankkimastasi osaamisesta.<\/li>\n\n\n\n<li><strong>Lis\u00e4\u00e4 liitteeksi<\/strong> aiemman oppilaitoksesi my\u00f6nt\u00e4m\u00e4 opintosuoritusote suomeksi ja englanniksi, josta k\u00e4y ilmi suorittamasi opinnot. Lis\u00e4\u00e4 toiseksi liitteeksi tutkintovastaavan tai alalla sovitun henkil\u00f6n kanssa tekem\u00e4nne excel.<\/li>\n<\/ul>\n\n\n\n<figure class=\"wp-block-image size-large\"><img loading=\"lazy\" decoding=\"async\" width=\"641\" height=\"1024\" src=\"https:\/\/help.jamk.fi\/peppi\/wp-content\/uploads\/sites\/130\/2025\/09\/Suorituspaikan-tiedot-yli-30-op.jpg-641x1024.png\" alt=\"Suorituspaikan tiedot opiskelijan hakemuksella\" class=\"wp-image-3695\" srcset=\"https:\/\/help.jamk.fi\/peppi\/wp-content\/uploads\/sites\/130\/2025\/09\/Suorituspaikan-tiedot-yli-30-op.jpg-641x1024.png 641w, https:\/\/help.jamk.fi\/peppi\/wp-content\/uploads\/sites\/130\/2025\/09\/Suorituspaikan-tiedot-yli-30-op.jpg-188x300.png 188w, https:\/\/help.jamk.fi\/peppi\/wp-content\/uploads\/sites\/130\/2025\/09\/Suorituspaikan-tiedot-yli-30-op.jpg.png 726w\" sizes=\"auto, (max-width: 641px) 100vw, 641px\" \/><figcaption class=\"wp-element-caption\">Kuvio 1. Suorituspaikan tiedot<\/figcaption><\/figure>\n\n\n\n<h2 class=\"wp-block-heading\">Opintojen lis\u00e4\u00e4minen hakemukselle<\/h2>\n\n\n\n<p>Lis\u00e4\u00e4 t\u00e4m\u00e4n j\u00e4lkeen hakemukselle opintojen tiedot klikkaamalla <strong>Lis\u00e4\u00e4 aiemmin suoritettu opinto<\/strong> (kuvio 2).<\/p>\n\n\n\n<ul class=\"wp-block-list\">\n<li>Valitse <strong>hyv\u00e4ksilukemisen tyypiksi <\/strong>sis\u00e4llytt\u00e4minen.<\/li>\n\n\n\n<li>Valitse <strong>k\u00e4sittelij\u00e4ksi <\/strong>tutkintovastaavasi tai koulutuksesta vastaava henkil\u00f6. Henkil\u00f6t l\u00f6yd\u00e4t <a href=\"https:\/\/opetussuunnitelmat.peppi.jamk.fi\/\">opetussuunnitelmastasi<\/a>.<\/li>\n<\/ul>\n\n\n\n<figure class=\"wp-block-image size-full\"><img loading=\"lazy\" decoding=\"async\" width=\"861\" height=\"303\" src=\"https:\/\/help.jamk.fi\/peppi\/wp-content\/uploads\/sites\/130\/2025\/09\/Hyvaksilukemisen-tyyppi-ja-kasittelija-sisallyttaminen.png\" alt=\"Hyv\u00e4ksilukemisen tyyppi ja k\u00e4sittelij\u00e4 sis\u00e4llytt\u00e4minen\" class=\"wp-image-3696\" srcset=\"https:\/\/help.jamk.fi\/peppi\/wp-content\/uploads\/sites\/130\/2025\/09\/Hyvaksilukemisen-tyyppi-ja-kasittelija-sisallyttaminen.png 861w, https:\/\/help.jamk.fi\/peppi\/wp-content\/uploads\/sites\/130\/2025\/09\/Hyvaksilukemisen-tyyppi-ja-kasittelija-sisallyttaminen-300x106.png 300w, https:\/\/help.jamk.fi\/peppi\/wp-content\/uploads\/sites\/130\/2025\/09\/Hyvaksilukemisen-tyyppi-ja-kasittelija-sisallyttaminen-768x270.png 768w\" sizes=\"auto, (max-width: 861px) 100vw, 861px\" \/><figcaption class=\"wp-element-caption\">Kuvio 2. Hyv\u00e4ksilukemisen tyyppi ja k\u00e4sittelij\u00e4 sis\u00e4llytt\u00e4minen<\/figcaption><\/figure>\n\n\n\n<p>Lis\u00e4\u00e4 hakemukselle aiemmin suoritetut opinnot valitsemalla <strong>Lis\u00e4\u00e4 opinto<\/strong> (kuvio 3).  Eth\u00e4n k\u00e4yt\u00e4 Lis\u00e4\u00e4 opintokokonaisuus -painiketta miss\u00e4\u00e4n tapauksissa!<\/p>\n\n\n\n<ul class=\"wp-block-list\">\n<li>J\u00e4t\u00e4 <strong>Tunnus<\/strong>-kentt\u00e4 tyhj\u00e4ksi.<\/li>\n\n\n\n<li>Kirjoita <strong>Nimi<\/strong>-kentt\u00e4\u00e4n esim. Ensimm\u00e4isen vuoden opinnot \/ First year studies.<\/li>\n\n\n\n<li>Lis\u00e4\u00e4 <strong>Laajuus<\/strong>-kentt\u00e4\u00e4n kaikkien suorittamiesi opintojen opintopisteiden summa.<\/li>\n\n\n\n<li>Valitse <strong>Laajuuden tyypiksi<\/strong> opintopiste.<\/li>\n\n\n\n<li>Valitse <strong>Kieleksi<\/strong> se kieli, jolla opinnot suoritit. Jos olet suorittanut opintoja useammalla kielell\u00e4, valitse tutkinto-ohjelmasi kieli.<\/li>\n\n\n\n<li>Kirjoita <strong>Arviointi<\/strong>-kentt\u00e4\u00e4n H (hyv\u00e4ksytty).<\/li>\n\n\n\n<li>Valitse <strong>Suorituspaikat<\/strong>-kentt\u00e4\u00e4n se suorituspaikka, jonka edellisess\u00e4 vaiheessa hakemukselle lis\u00e4sit.<\/li>\n\n\n\n<li>Merkitse <strong>suoritusp\u00e4iv\u00e4m\u00e4\u00e4r\u00e4ksi<\/strong> opintosuoritusotteella oleva p\u00e4iv\u00e4m\u00e4\u00e4r\u00e4, jolloin olet saanut viimeksi suorittamastasi opintojaksosta arvioinnin.<\/li>\n\n\n\n<li><strong>Perustele<\/strong> halutessasi, miksi haet hyv\u00e4ksilukua. Perustelut-kentt\u00e4\u00e4n voit my\u00f6s kirjoittaa lis\u00e4tietoja suorituksesta.<\/li>\n\n\n\n<li>Klikkaa <strong>Tallenna<\/strong>.<\/li>\n<\/ul>\n\n\n\n<figure class=\"wp-block-image size-large\"><img loading=\"lazy\" decoding=\"async\" width=\"659\" height=\"1024\" src=\"https:\/\/help.jamk.fi\/peppi\/wp-content\/uploads\/sites\/130\/2025\/09\/Opinnon-tiedot-yli-30-op-659x1024.jpg\" alt=\"Opinnon tiedot lis\u00e4ttyn\u00e4 hakemukselle\" class=\"wp-image-3697\" srcset=\"https:\/\/help.jamk.fi\/peppi\/wp-content\/uploads\/sites\/130\/2025\/09\/Opinnon-tiedot-yli-30-op-659x1024.jpg 659w, https:\/\/help.jamk.fi\/peppi\/wp-content\/uploads\/sites\/130\/2025\/09\/Opinnon-tiedot-yli-30-op-193x300.jpg 193w, https:\/\/help.jamk.fi\/peppi\/wp-content\/uploads\/sites\/130\/2025\/09\/Opinnon-tiedot-yli-30-op.jpg 732w\" sizes=\"auto, (max-width: 659px) 100vw, 659px\" \/><figcaption class=\"wp-element-caption\">Kuvio 3. Opinnon tiedot lis\u00e4ttyn\u00e4<\/figcaption><\/figure>\n\n\n\n<p><strong>Opintoja ei tarvitse sijoittaa HOPSille.<\/strong><\/p>\n\n\n\n<p>Kun kaikki tarvittavat tiedot on t\u00e4ytetty, tarkista viel\u00e4 hakemuksen tiedot ja l\u00e4het\u00e4 hakemus klikkaamalla hakemuksen etusivun oikeasta yl\u00e4reunasta <strong>L\u00e4het\u00e4 hakemus<\/strong> -painiketta. T\u00e4m\u00e4n j\u00e4lkeen et voi en\u00e4\u00e4 hakemustasi muokata.<\/p>\n\n\n\n<p>Sen j\u00e4lkeen kun tutkintovastaava on hyv\u00e4ksynyt hakemuksesi Pepiss\u00e4, menee muutamia viikkoja ennen kuin hyv\u00e4ksilukukirjaukset n\u00e4kyv\u00e4t opintosuorituksissasi.<\/p>\n\n\n<div id=\"link-lifts-block_d286691e90e642c5db44b7af2c46180a\" class=\"link-lifts block-link-lifts\">\n  <div class=\"row\">\n            <div class=\"col-12 col-lg-4 block-link-lifts__column\">\n          <div class=\"block-link-lifts__item pink\">\n            <h3 class=\"block-link-lifts__item--heading\">Linkit<\/h3>\n                          <ul class=\"block-link-lifts__item--link-list\">\n                                                                        <li>\n                                              <a class=\"link-list lock\" href=\"https:\/\/jamkstudent.sharepoint.com\/sites\/Kieli-ja-viestintaopinnot-Elmo\/SitePages\/Osaamisen-tunnistaminen.aspx\" target=\"_self\" >Kieli- ja viestint\u00e4opintojen hyv\u00e4ksilukeminen (Elmo-intra)<i  ><svg aria-hidden=\"true\" viewBox=\"0 0 24 24\" fill=\"none\" xmlns=\"http:\/\/www.w3.org\/2000\/svg\"><g clip-path=\"url(#clip0_1574_4368)\"><circle cx=\"12\" cy=\"12\" r=\"12\" fill=\"#0D004C\"\/><g clip-path=\"url(#clip1_1574_4368)\" fill=\"#fff\"><path d=\"M15.637 11.107v-2.68c0-1.967-1.632-3.57-3.637-3.57S8.363 6.46 8.363 8.43v2.68c-.752 0-1.363.6-1.363 1.338v5.357c0 .739.613 1.339 1.363 1.339h7.272c.752 0 1.363-.6 1.363-1.34v-5.356c0-.738-.61-1.339-1.363-1.339l.002-.001zM9.272 8.429c0-1.477 1.224-2.68 2.728-2.68 1.504 0 2.728 1.201 2.728 2.68v2.68H9.272v-2.68zm6.818 9.375a.451.451 0 01-.455.446H8.363a.45.45 0 01-.454-.446v-5.357a.45.45 0 01.454-.446h7.272c.251 0 .455.2.455.446v5.357z\"\/><path d=\"M12 13.34c-.503 0-.91.4-.91.892 0 .33.185.615.455.77v1.017a.45.45 0 00.455.446.45.45 0 00.454-.446v-1.017a.887.887 0 00.454-.77.902.902 0 00-.908-.892z\"\/><\/g><\/g><defs><clipPath id=\"clip0_1574_4368\"><path fill=\"#fff\" d=\"M0 0h24v24H0z\"\/><\/clipPath><clipPath id=\"clip1_1574_4368\"><path fill=\"#fff\" transform=\"translate(7 4.857)\" d=\"M0 0h10v14.286H0z\"\/><\/clipPath><\/defs><\/svg><\/i><\/a>\n                                          <\/li>\n                                                                                          <li>\n                                              <a class=\"link-list lock\" href=\"https:\/\/jamkstudent.sharepoint.com\/sites\/Opinnaytetyo-ja-kypsyysnayte-Elmo\/SitePages\/AMK-opinn%C3%A4ytety%C3%B6ryhm%C3%A4t-ja-kokoukset.aspx\" target=\"_self\" >Opinn\u00e4ytety\u00f6 ja hyv\u00e4ksilukeminen (Elmo-intra)<i  ><svg aria-hidden=\"true\" viewBox=\"0 0 24 24\" fill=\"none\" xmlns=\"http:\/\/www.w3.org\/2000\/svg\"><g clip-path=\"url(#clip0_1574_4368)\"><circle cx=\"12\" cy=\"12\" r=\"12\" fill=\"#0D004C\"\/><g clip-path=\"url(#clip1_1574_4368)\" fill=\"#fff\"><path d=\"M15.637 11.107v-2.68c0-1.967-1.632-3.57-3.637-3.57S8.363 6.46 8.363 8.43v2.68c-.752 0-1.363.6-1.363 1.338v5.357c0 .739.613 1.339 1.363 1.339h7.272c.752 0 1.363-.6 1.363-1.34v-5.356c0-.738-.61-1.339-1.363-1.339l.002-.001zM9.272 8.429c0-1.477 1.224-2.68 2.728-2.68 1.504 0 2.728 1.201 2.728 2.68v2.68H9.272v-2.68zm6.818 9.375a.451.451 0 01-.455.446H8.363a.45.45 0 01-.454-.446v-5.357a.45.45 0 01.454-.446h7.272c.251 0 .455.2.455.446v5.357z\"\/><path d=\"M12 13.34c-.503 0-.91.4-.91.892 0 .33.185.615.455.77v1.017a.45.45 0 00.455.446.45.45 0 00.454-.446v-1.017a.887.887 0 00.454-.77.902.902 0 00-.908-.892z\"\/><\/g><\/g><defs><clipPath id=\"clip0_1574_4368\"><path fill=\"#fff\" d=\"M0 0h24v24H0z\"\/><\/clipPath><clipPath id=\"clip1_1574_4368\"><path fill=\"#fff\" transform=\"translate(7 4.857)\" d=\"M0 0h10v14.286H0z\"\/><\/clipPath><\/defs><\/svg><\/i><\/a>\n                                          <\/li>\n                                                <\/ul>\n            \n          <\/div>\n        <\/div>\n      <\/div>\n<\/div>","protected":false},"excerpt":{"rendered":"<p>Jos olet aiemmin suorittanut tutkintoosi kuuluvia opintoja enemm\u00e4n kuin 30 opintopistett\u00e4, k\u00e4y ohjauskeskustelu joko tutkintovastaavan tai alalla sovitun henkil\u00f6n kanssa. Taulukoikaa aiemmin suorittamasi opinnot esim. exceliin ja sijoittakaa ne Jamkin tutkintorakenteeseen oikeille paikoille. Excelist\u00e4 tulee ilmet\u00e4, kuinka paljon ja mit\u00e4 opintoja aiemmin suoritetuista opinnoista hyv\u00e4ksiluetaan Jamkissa suoritettavaan tutkintoon sek\u00e4 mitk\u00e4 Jamkin opetussuunnitelman mukaiset opintojaksot j\u00e4\u00e4v\u00e4t [&hellip;]<\/p>\n","protected":false},"author":79,"featured_media":0,"parent":2626,"menu_order":4,"comment_status":"closed","ping_status":"closed","template":"","meta":{"_acf_changed":false,"_relevanssi_hide_post":"","_relevanssi_hide_content":"","_relevanssi_pin_for_all":"","_relevanssi_pin_keywords":"","_relevanssi_unpin_keywords":"","_relevanssi_related_keywords":"","_relevanssi_related_include_ids":"","_relevanssi_related_exclude_ids":"","_relevanssi_related_no_append":"","_relevanssi_related_not_related":"","_relevanssi_related_posts":"","_relevanssi_noindex_reason":"","footnotes":""},"categories":[],"tags":[],"class_list":["post-3693","page","type-page","status-publish","hentry"],"acf":[],"yoast_head":"<!-- This site is optimized with the Yoast SEO plugin v27.3 - https:\/\/yoast.com\/product\/yoast-seo-wordpress\/ -->\n<title>Opintojen hyv\u00e4ksilukeminen - yli 30 opintopistett\u00e4 - Peppi<\/title>\n<meta name=\"robots\" content=\"index, follow, max-snippet:-1, max-image-preview:large, max-video-preview:-1\" \/>\n<link rel=\"canonical\" href=\"https:\/\/help.jamk.fi\/peppi\/fi\/eahot-hyvaksilukeminen\/opintojen-hyvaksilukeminen-yli-30-opintopistetta\/\" \/>\n<meta property=\"og:locale\" content=\"fi_FI\" \/>\n<meta property=\"og:type\" content=\"article\" \/>\n<meta property=\"og:title\" content=\"Opintojen hyv\u00e4ksilukeminen - yli 30 opintopistett\u00e4 - Peppi\" \/>\n<meta property=\"og:description\" content=\"Jos olet aiemmin suorittanut tutkintoosi kuuluvia opintoja enemm\u00e4n kuin 30 opintopistett\u00e4, k\u00e4y ohjauskeskustelu joko tutkintovastaavan tai alalla sovitun henkil\u00f6n kanssa. Taulukoikaa aiemmin suorittamasi opinnot esim. exceliin ja sijoittakaa ne Jamkin tutkintorakenteeseen oikeille paikoille. Excelist\u00e4 tulee ilmet\u00e4, kuinka paljon ja mit\u00e4 opintoja aiemmin suoritetuista opinnoista hyv\u00e4ksiluetaan Jamkissa suoritettavaan tutkintoon sek\u00e4 mitk\u00e4 Jamkin opetussuunnitelman mukaiset opintojaksot j\u00e4\u00e4v\u00e4t [&hellip;]\" \/>\n<meta property=\"og:url\" content=\"https:\/\/help.jamk.fi\/peppi\/fi\/eahot-hyvaksilukeminen\/opintojen-hyvaksilukeminen-yli-30-opintopistetta\/\" \/>\n<meta property=\"og:site_name\" content=\"Peppi\" \/>\n<meta property=\"article:modified_time\" content=\"2026-01-30T12:42:13+00:00\" \/>\n<meta property=\"og:image\" content=\"https:\/\/help.jamk.fi\/peppi\/wp-content\/uploads\/sites\/130\/2025\/09\/Suorituspaikan-tiedot-yli-30-op.jpg.png\" \/>\n\t<meta property=\"og:image:width\" content=\"726\" \/>\n\t<meta property=\"og:image:height\" content=\"1160\" \/>\n\t<meta property=\"og:image:type\" content=\"image\/png\" \/>\n<meta name=\"twitter:card\" content=\"summary_large_image\" \/>\n<meta name=\"twitter:label1\" content=\"Arvioitu lukuaika\" \/>\n\t<meta name=\"twitter:data1\" content=\"4 minuuttia\" \/>\n<script type=\"application\/ld+json\" class=\"yoast-schema-graph\">{\"@context\":\"https:\\\/\\\/schema.org\",\"@graph\":[{\"@type\":\"WebPage\",\"@id\":\"https:\\\/\\\/help.jamk.fi\\\/peppi\\\/fi\\\/eahot-hyvaksilukeminen\\\/opintojen-hyvaksilukeminen-yli-30-opintopistetta\\\/\",\"url\":\"https:\\\/\\\/help.jamk.fi\\\/peppi\\\/fi\\\/eahot-hyvaksilukeminen\\\/opintojen-hyvaksilukeminen-yli-30-opintopistetta\\\/\",\"name\":\"Opintojen hyv\u00e4ksilukeminen - yli 30 opintopistett\u00e4 - Peppi\",\"isPartOf\":{\"@id\":\"https:\\\/\\\/help.jamk.fi\\\/peppi\\\/#website\"},\"primaryImageOfPage\":{\"@id\":\"https:\\\/\\\/help.jamk.fi\\\/peppi\\\/fi\\\/eahot-hyvaksilukeminen\\\/opintojen-hyvaksilukeminen-yli-30-opintopistetta\\\/#primaryimage\"},\"image\":{\"@id\":\"https:\\\/\\\/help.jamk.fi\\\/peppi\\\/fi\\\/eahot-hyvaksilukeminen\\\/opintojen-hyvaksilukeminen-yli-30-opintopistetta\\\/#primaryimage\"},\"thumbnailUrl\":\"https:\\\/\\\/help.jamk.fi\\\/peppi\\\/wp-content\\\/uploads\\\/sites\\\/130\\\/2025\\\/09\\\/Suorituspaikan-tiedot-yli-30-op.jpg-641x1024.png\",\"datePublished\":\"2025-09-18T12:19:05+00:00\",\"dateModified\":\"2026-01-30T12:42:13+00:00\",\"breadcrumb\":{\"@id\":\"https:\\\/\\\/help.jamk.fi\\\/peppi\\\/fi\\\/eahot-hyvaksilukeminen\\\/opintojen-hyvaksilukeminen-yli-30-opintopistetta\\\/#breadcrumb\"},\"inLanguage\":\"fi\",\"potentialAction\":[{\"@type\":\"ReadAction\",\"target\":[\"https:\\\/\\\/help.jamk.fi\\\/peppi\\\/fi\\\/eahot-hyvaksilukeminen\\\/opintojen-hyvaksilukeminen-yli-30-opintopistetta\\\/\"]}]},{\"@type\":\"ImageObject\",\"inLanguage\":\"fi\",\"@id\":\"https:\\\/\\\/help.jamk.fi\\\/peppi\\\/fi\\\/eahot-hyvaksilukeminen\\\/opintojen-hyvaksilukeminen-yli-30-opintopistetta\\\/#primaryimage\",\"url\":\"https:\\\/\\\/help.jamk.fi\\\/peppi\\\/wp-content\\\/uploads\\\/sites\\\/130\\\/2025\\\/09\\\/Suorituspaikan-tiedot-yli-30-op.jpg.png\",\"contentUrl\":\"https:\\\/\\\/help.jamk.fi\\\/peppi\\\/wp-content\\\/uploads\\\/sites\\\/130\\\/2025\\\/09\\\/Suorituspaikan-tiedot-yli-30-op.jpg.png\",\"width\":726,\"height\":1160,\"caption\":\"Suorituspaikan tiedot\"},{\"@type\":\"BreadcrumbList\",\"@id\":\"https:\\\/\\\/help.jamk.fi\\\/peppi\\\/fi\\\/eahot-hyvaksilukeminen\\\/opintojen-hyvaksilukeminen-yli-30-opintopistetta\\\/#breadcrumb\",\"itemListElement\":[{\"@type\":\"ListItem\",\"position\":1,\"name\":\"Home\",\"item\":\"https:\\\/\\\/help.jamk.fi\\\/peppi\\\/fi\\\/\"},{\"@type\":\"ListItem\",\"position\":2,\"name\":\"eAHOT-hyv\u00e4ksilukeminen\",\"item\":\"https:\\\/\\\/help.jamk.fi\\\/peppi\\\/fi\\\/eahot-hyvaksilukeminen\\\/\"},{\"@type\":\"ListItem\",\"position\":3,\"name\":\"Opintojen hyv\u00e4ksilukeminen &#8211; yli 30 opintopistett\u00e4\"}]},{\"@type\":\"WebSite\",\"@id\":\"https:\\\/\\\/help.jamk.fi\\\/peppi\\\/#website\",\"url\":\"https:\\\/\\\/help.jamk.fi\\\/peppi\\\/\",\"name\":\"Peppi\",\"description\":\"\",\"potentialAction\":[{\"@type\":\"SearchAction\",\"target\":{\"@type\":\"EntryPoint\",\"urlTemplate\":\"https:\\\/\\\/help.jamk.fi\\\/peppi\\\/?s={search_term_string}\"},\"query-input\":{\"@type\":\"PropertyValueSpecification\",\"valueRequired\":true,\"valueName\":\"search_term_string\"}}],\"inLanguage\":\"fi\"}]}<\/script>\n<!-- \/ Yoast SEO plugin. -->","yoast_head_json":{"title":"Opintojen hyv\u00e4ksilukeminen - yli 30 opintopistett\u00e4 - Peppi","robots":{"index":"index","follow":"follow","max-snippet":"max-snippet:-1","max-image-preview":"max-image-preview:large","max-video-preview":"max-video-preview:-1"},"canonical":"https:\/\/help.jamk.fi\/peppi\/fi\/eahot-hyvaksilukeminen\/opintojen-hyvaksilukeminen-yli-30-opintopistetta\/","og_locale":"fi_FI","og_type":"article","og_title":"Opintojen hyv\u00e4ksilukeminen - yli 30 opintopistett\u00e4 - Peppi","og_description":"Jos olet aiemmin suorittanut tutkintoosi kuuluvia opintoja enemm\u00e4n kuin 30 opintopistett\u00e4, k\u00e4y ohjauskeskustelu joko tutkintovastaavan tai alalla sovitun henkil\u00f6n kanssa. Taulukoikaa aiemmin suorittamasi opinnot esim. exceliin ja sijoittakaa ne Jamkin tutkintorakenteeseen oikeille paikoille. Excelist\u00e4 tulee ilmet\u00e4, kuinka paljon ja mit\u00e4 opintoja aiemmin suoritetuista opinnoista hyv\u00e4ksiluetaan Jamkissa suoritettavaan tutkintoon sek\u00e4 mitk\u00e4 Jamkin opetussuunnitelman mukaiset opintojaksot j\u00e4\u00e4v\u00e4t [&hellip;]","og_url":"https:\/\/help.jamk.fi\/peppi\/fi\/eahot-hyvaksilukeminen\/opintojen-hyvaksilukeminen-yli-30-opintopistetta\/","og_site_name":"Peppi","article_modified_time":"2026-01-30T12:42:13+00:00","og_image":[{"width":726,"height":1160,"url":"https:\/\/help.jamk.fi\/peppi\/wp-content\/uploads\/sites\/130\/2025\/09\/Suorituspaikan-tiedot-yli-30-op.jpg.png","type":"image\/png"}],"twitter_card":"summary_large_image","twitter_misc":{"Arvioitu lukuaika":"4 minuuttia"},"schema":{"@context":"https:\/\/schema.org","@graph":[{"@type":"WebPage","@id":"https:\/\/help.jamk.fi\/peppi\/fi\/eahot-hyvaksilukeminen\/opintojen-hyvaksilukeminen-yli-30-opintopistetta\/","url":"https:\/\/help.jamk.fi\/peppi\/fi\/eahot-hyvaksilukeminen\/opintojen-hyvaksilukeminen-yli-30-opintopistetta\/","name":"Opintojen hyv\u00e4ksilukeminen - yli 30 opintopistett\u00e4 - Peppi","isPartOf":{"@id":"https:\/\/help.jamk.fi\/peppi\/#website"},"primaryImageOfPage":{"@id":"https:\/\/help.jamk.fi\/peppi\/fi\/eahot-hyvaksilukeminen\/opintojen-hyvaksilukeminen-yli-30-opintopistetta\/#primaryimage"},"image":{"@id":"https:\/\/help.jamk.fi\/peppi\/fi\/eahot-hyvaksilukeminen\/opintojen-hyvaksilukeminen-yli-30-opintopistetta\/#primaryimage"},"thumbnailUrl":"https:\/\/help.jamk.fi\/peppi\/wp-content\/uploads\/sites\/130\/2025\/09\/Suorituspaikan-tiedot-yli-30-op.jpg-641x1024.png","datePublished":"2025-09-18T12:19:05+00:00","dateModified":"2026-01-30T12:42:13+00:00","breadcrumb":{"@id":"https:\/\/help.jamk.fi\/peppi\/fi\/eahot-hyvaksilukeminen\/opintojen-hyvaksilukeminen-yli-30-opintopistetta\/#breadcrumb"},"inLanguage":"fi","potentialAction":[{"@type":"ReadAction","target":["https:\/\/help.jamk.fi\/peppi\/fi\/eahot-hyvaksilukeminen\/opintojen-hyvaksilukeminen-yli-30-opintopistetta\/"]}]},{"@type":"ImageObject","inLanguage":"fi","@id":"https:\/\/help.jamk.fi\/peppi\/fi\/eahot-hyvaksilukeminen\/opintojen-hyvaksilukeminen-yli-30-opintopistetta\/#primaryimage","url":"https:\/\/help.jamk.fi\/peppi\/wp-content\/uploads\/sites\/130\/2025\/09\/Suorituspaikan-tiedot-yli-30-op.jpg.png","contentUrl":"https:\/\/help.jamk.fi\/peppi\/wp-content\/uploads\/sites\/130\/2025\/09\/Suorituspaikan-tiedot-yli-30-op.jpg.png","width":726,"height":1160,"caption":"Suorituspaikan tiedot"},{"@type":"BreadcrumbList","@id":"https:\/\/help.jamk.fi\/peppi\/fi\/eahot-hyvaksilukeminen\/opintojen-hyvaksilukeminen-yli-30-opintopistetta\/#breadcrumb","itemListElement":[{"@type":"ListItem","position":1,"name":"Home","item":"https:\/\/help.jamk.fi\/peppi\/fi\/"},{"@type":"ListItem","position":2,"name":"eAHOT-hyv\u00e4ksilukeminen","item":"https:\/\/help.jamk.fi\/peppi\/fi\/eahot-hyvaksilukeminen\/"},{"@type":"ListItem","position":3,"name":"Opintojen hyv\u00e4ksilukeminen &#8211; yli 30 opintopistett\u00e4"}]},{"@type":"WebSite","@id":"https:\/\/help.jamk.fi\/peppi\/#website","url":"https:\/\/help.jamk.fi\/peppi\/","name":"Peppi","description":"","potentialAction":[{"@type":"SearchAction","target":{"@type":"EntryPoint","urlTemplate":"https:\/\/help.jamk.fi\/peppi\/?s={search_term_string}"},"query-input":{"@type":"PropertyValueSpecification","valueRequired":true,"valueName":"search_term_string"}}],"inLanguage":"fi"}]}},"_links":{"self":[{"href":"https:\/\/help.jamk.fi\/peppi\/wp-json\/wp\/v2\/pages\/3693","targetHints":{"allow":["GET"]}}],"collection":[{"href":"https:\/\/help.jamk.fi\/peppi\/wp-json\/wp\/v2\/pages"}],"about":[{"href":"https:\/\/help.jamk.fi\/peppi\/wp-json\/wp\/v2\/types\/page"}],"author":[{"embeddable":true,"href":"https:\/\/help.jamk.fi\/peppi\/wp-json\/wp\/v2\/users\/79"}],"replies":[{"embeddable":true,"href":"https:\/\/help.jamk.fi\/peppi\/wp-json\/wp\/v2\/comments?post=3693"}],"version-history":[{"count":16,"href":"https:\/\/help.jamk.fi\/peppi\/wp-json\/wp\/v2\/pages\/3693\/revisions"}],"predecessor-version":[{"id":3763,"href":"https:\/\/help.jamk.fi\/peppi\/wp-json\/wp\/v2\/pages\/3693\/revisions\/3763"}],"up":[{"embeddable":true,"href":"https:\/\/help.jamk.fi\/peppi\/wp-json\/wp\/v2\/pages\/2626"}],"wp:attachment":[{"href":"https:\/\/help.jamk.fi\/peppi\/wp-json\/wp\/v2\/media?parent=3693"}],"wp:term":[{"taxonomy":"category","embeddable":true,"href":"https:\/\/help.jamk.fi\/peppi\/wp-json\/wp\/v2\/categories?post=3693"},{"taxonomy":"post_tag","embeddable":true,"href":"https:\/\/help.jamk.fi\/peppi\/wp-json\/wp\/v2\/tags?post=3693"}],"curies":[{"name":"wp","href":"https:\/\/api.w.org\/{rel}","templated":true}]}}