{"id":1436,"date":"2026-03-19T14:39:01","date_gmt":"2026-03-19T12:39:01","guid":{"rendered":"https:\/\/help.jamk.fi\/raportointiohje\/?page_id=1436"},"modified":"2026-03-20T08:36:34","modified_gmt":"2026-03-20T06:36:34","slug":"8-lisatukea-opinnaytetyon-kirjoittamiseen","status":"publish","type":"page","link":"https:\/\/help.jamk.fi\/raportointiohje\/fi\/8-lisatukea-opinnaytetyon-kirjoittamiseen\/","title":{"rendered":"8 Lis\u00e4tukea opinn\u00e4ytety\u00f6n kirjoittamiseen"},"content":{"rendered":"\n<p>T\u00e4lle sivulle on koottu lis\u00e4tietoja, jotka tukevat raportointiohjetta.&nbsp;&nbsp;<\/p>\n\n\n\n<p>Opintoihin kuuluvilla kielikeskuksen opintojaksoilla ja niiden Moodle-ty\u00f6tiloissa on tietoa ja esimerkkej\u00e4 l\u00e4hteiden referoinnista ja l\u00e4hdemerkinn\u00f6ist\u00e4 (esim. opintojaksot Tiedonhankinta ja raportointi, Ty\u00f6el\u00e4m\u00e4n viestint\u00e4, Opinn\u00e4ytety\u00f6n kirjoittaminen tai Tutkimuskirjoittaminen).&nbsp;<\/p>\n\n\n\n<h2 class=\"wp-block-heading\"><strong>Tekstitaidot haltuun -sivusto<\/strong>&nbsp;<\/h2>\n\n\n\n<p>Kun viittaat l\u00e4hteisiin\u00a0Jamkin\u00a0raportointiohjeen luvun 5a tai 5b mukaisesti (huom. opintojesi aloitusvuoden mukaan), voit k\u00e4ytt\u00e4\u00e4 lis\u00e4ksi\u00a0<a href=\"https:\/\/help.jamk.fi\/tekstitaidot\/fi\/\">Tekstitaidot haltuun<\/a>\u00a0-sivustoa. Tekstitaidot haltuun -sivusto on tarkoitettu ensisijaisesti Jyv\u00e4skyl\u00e4n ammattikorkeakoulun YAMK-opiskelijoiden tueksi, mutta se sopii kaikille.\u00a0\u00a0<\/p>\n\n\n\n<p>Tekstitaidot haltuun -sivuston luvussa 3 L\u00e4hteiden referointi on esimerkkej\u00e4 ja ohjevideoita. Jos olet aloittanut opintosi syksyll\u00e4 2024 tai my\u00f6hemmin, klikkaa auki L\u00e4hdemerkint\u00e4tekniikat-otsikon alta kohta 3a L\u00e4hteiden referointi (APA-ohje, syksyst\u00e4 2024 opintonsa aloittaneet). Jos olet aloittanut opintosi ennen syksy\u00e4 2024, klikkaa auki L\u00e4hdemerkint\u00e4tekniikat-otsikon alta kohta 3b L\u00e4hteiden referointi (ennen syksy\u00e4 2024 opintonsa aloittaneet).&nbsp;&nbsp;<\/p>\n\n\n\n<h2 class=\"wp-block-heading\"><strong>Tekstinohjausklinikka<\/strong>&nbsp;<\/h2>\n\n\n\n<p>Opinn\u00e4ytety\u00f6t\u00e4 kirjoittaessaan opiskelija voi ilmoittautua kielikeskuksen\u00a0<a href=\"https:\/\/jamkstudent.sharepoint.com\/sites\/Opinnaytetyo-ja-kypsyysnayte-Elmo\/SitePages\/Opinn%C3%A4ytety%C3%B6verstaat,--klinikat-ja--seminaarit.aspx?#tekstinohjausklinikka\" target=\"_blank\" rel=\"noreferrer noopener\">tekstinohjausklinikalle<\/a>. Tekstinohjausklinikalla voit keskustella kirjoittamiseen liittyvist\u00e4 kysymyksist\u00e4 kielikeskuksen opettajan kanssa.\u00a0<\/p>\n\n\n\n<p><\/p>\n","protected":false},"excerpt":{"rendered":"<p>T\u00e4lle sivulle on koottu lis\u00e4tietoja, jotka tukevat raportointiohjetta.&nbsp;&nbsp; Opintoihin kuuluvilla kielikeskuksen opintojaksoilla ja niiden Moodle-ty\u00f6tiloissa on tietoa ja esimerkkej\u00e4 l\u00e4hteiden referoinnista ja l\u00e4hdemerkinn\u00f6ist\u00e4 (esim. opintojaksot Tiedonhankinta ja raportointi, Ty\u00f6el\u00e4m\u00e4n viestint\u00e4, Opinn\u00e4ytety\u00f6n kirjoittaminen tai Tutkimuskirjoittaminen).&nbsp; Tekstitaidot haltuun -sivusto&nbsp; Kun viittaat l\u00e4hteisiin\u00a0Jamkin\u00a0raportointiohjeen luvun 5a tai 5b mukaisesti (huom. opintojesi aloitusvuoden mukaan), voit k\u00e4ytt\u00e4\u00e4 lis\u00e4ksi\u00a0Tekstitaidot haltuun\u00a0-sivustoa. Tekstitaidot haltuun [&hellip;]<\/p>\n","protected":false},"author":421,"featured_media":0,"parent":0,"menu_order":8,"comment_status":"closed","ping_status":"closed","template":"","meta":{"_acf_changed":false,"_relevanssi_hide_post":"","_relevanssi_hide_content":"","_relevanssi_pin_for_all":"","_relevanssi_pin_keywords":"","_relevanssi_unpin_keywords":"","_relevanssi_related_keywords":"","_relevanssi_related_include_ids":"","_relevanssi_related_exclude_ids":"","_relevanssi_related_no_append":"","_relevanssi_related_not_related":"","_relevanssi_related_posts":"","_relevanssi_noindex_reason":"","footnotes":""},"categories":[],"tags":[],"class_list":["post-1436","page","type-page","status-publish","hentry"],"acf":[],"yoast_head":"<!-- This site is optimized with the Yoast SEO plugin v27.3 - https:\/\/yoast.com\/product\/yoast-seo-wordpress\/ -->\n<title>8 Lis\u00e4tukea opinn\u00e4ytety\u00f6n kirjoittamiseen - Opinn\u00e4ytety\u00f6n raportointiohje<\/title>\n<meta name=\"robots\" content=\"index, follow, max-snippet:-1, max-image-preview:large, max-video-preview:-1\" \/>\n<link rel=\"canonical\" href=\"https:\/\/help.jamk.fi\/raportointiohje\/fi\/8-lisatukea-opinnaytetyon-kirjoittamiseen\/\" \/>\n<meta property=\"og:locale\" content=\"fi_FI\" \/>\n<meta property=\"og:type\" content=\"article\" \/>\n<meta property=\"og:title\" content=\"8 Lis\u00e4tukea opinn\u00e4ytety\u00f6n kirjoittamiseen - Opinn\u00e4ytety\u00f6n raportointiohje\" \/>\n<meta property=\"og:description\" content=\"T\u00e4lle sivulle on koottu lis\u00e4tietoja, jotka tukevat raportointiohjetta.&nbsp;&nbsp; Opintoihin kuuluvilla kielikeskuksen opintojaksoilla ja niiden Moodle-ty\u00f6tiloissa on tietoa ja esimerkkej\u00e4 l\u00e4hteiden referoinnista ja l\u00e4hdemerkinn\u00f6ist\u00e4 (esim. opintojaksot Tiedonhankinta ja raportointi, Ty\u00f6el\u00e4m\u00e4n viestint\u00e4, Opinn\u00e4ytety\u00f6n kirjoittaminen tai Tutkimuskirjoittaminen).&nbsp; Tekstitaidot haltuun -sivusto&nbsp; Kun viittaat l\u00e4hteisiin\u00a0Jamkin\u00a0raportointiohjeen luvun 5a tai 5b mukaisesti (huom. opintojesi aloitusvuoden mukaan), voit k\u00e4ytt\u00e4\u00e4 lis\u00e4ksi\u00a0Tekstitaidot haltuun\u00a0-sivustoa. Tekstitaidot haltuun [&hellip;]\" \/>\n<meta property=\"og:url\" content=\"https:\/\/help.jamk.fi\/raportointiohje\/fi\/8-lisatukea-opinnaytetyon-kirjoittamiseen\/\" \/>\n<meta property=\"og:site_name\" content=\"Opinn\u00e4ytety\u00f6n raportointiohje\" \/>\n<meta property=\"article:modified_time\" content=\"2026-03-20T06:36:34+00:00\" \/>\n<meta name=\"twitter:card\" content=\"summary_large_image\" \/>\n<meta name=\"twitter:label1\" content=\"Arvioitu lukuaika\" \/>\n\t<meta name=\"twitter:data1\" content=\"1 minuutti\" \/>\n<script type=\"application\/ld+json\" class=\"yoast-schema-graph\">{\"@context\":\"https:\\\/\\\/schema.org\",\"@graph\":[{\"@type\":\"WebPage\",\"@id\":\"https:\\\/\\\/help.jamk.fi\\\/raportointiohje\\\/fi\\\/8-lisatukea-opinnaytetyon-kirjoittamiseen\\\/\",\"url\":\"https:\\\/\\\/help.jamk.fi\\\/raportointiohje\\\/fi\\\/8-lisatukea-opinnaytetyon-kirjoittamiseen\\\/\",\"name\":\"8 Lis\u00e4tukea opinn\u00e4ytety\u00f6n kirjoittamiseen - Opinn\u00e4ytety\u00f6n raportointiohje\",\"isPartOf\":{\"@id\":\"https:\\\/\\\/help.jamk.fi\\\/raportointiohje\\\/#website\"},\"datePublished\":\"2026-03-19T12:39:01+00:00\",\"dateModified\":\"2026-03-20T06:36:34+00:00\",\"breadcrumb\":{\"@id\":\"https:\\\/\\\/help.jamk.fi\\\/raportointiohje\\\/fi\\\/8-lisatukea-opinnaytetyon-kirjoittamiseen\\\/#breadcrumb\"},\"inLanguage\":\"fi\",\"potentialAction\":[{\"@type\":\"ReadAction\",\"target\":[\"https:\\\/\\\/help.jamk.fi\\\/raportointiohje\\\/fi\\\/8-lisatukea-opinnaytetyon-kirjoittamiseen\\\/\"]}]},{\"@type\":\"BreadcrumbList\",\"@id\":\"https:\\\/\\\/help.jamk.fi\\\/raportointiohje\\\/fi\\\/8-lisatukea-opinnaytetyon-kirjoittamiseen\\\/#breadcrumb\",\"itemListElement\":[{\"@type\":\"ListItem\",\"position\":1,\"name\":\"Etusivu\",\"item\":\"https:\\\/\\\/help.jamk.fi\\\/raportointiohje\\\/fi\\\/\"},{\"@type\":\"ListItem\",\"position\":2,\"name\":\"8 Lis\u00e4tukea opinn\u00e4ytety\u00f6n kirjoittamiseen\"}]},{\"@type\":\"WebSite\",\"@id\":\"https:\\\/\\\/help.jamk.fi\\\/raportointiohje\\\/#website\",\"url\":\"https:\\\/\\\/help.jamk.fi\\\/raportointiohje\\\/\",\"name\":\"Opinn\u00e4ytety\u00f6n raportointiohje\",\"description\":\"\",\"potentialAction\":[{\"@type\":\"SearchAction\",\"target\":{\"@type\":\"EntryPoint\",\"urlTemplate\":\"https:\\\/\\\/help.jamk.fi\\\/raportointiohje\\\/?s={search_term_string}\"},\"query-input\":{\"@type\":\"PropertyValueSpecification\",\"valueRequired\":true,\"valueName\":\"search_term_string\"}}],\"inLanguage\":\"fi\"}]}<\/script>\n<!-- \/ Yoast SEO plugin. -->","yoast_head_json":{"title":"8 Lis\u00e4tukea opinn\u00e4ytety\u00f6n kirjoittamiseen - Opinn\u00e4ytety\u00f6n raportointiohje","robots":{"index":"index","follow":"follow","max-snippet":"max-snippet:-1","max-image-preview":"max-image-preview:large","max-video-preview":"max-video-preview:-1"},"canonical":"https:\/\/help.jamk.fi\/raportointiohje\/fi\/8-lisatukea-opinnaytetyon-kirjoittamiseen\/","og_locale":"fi_FI","og_type":"article","og_title":"8 Lis\u00e4tukea opinn\u00e4ytety\u00f6n kirjoittamiseen - Opinn\u00e4ytety\u00f6n raportointiohje","og_description":"T\u00e4lle sivulle on koottu lis\u00e4tietoja, jotka tukevat raportointiohjetta.&nbsp;&nbsp; Opintoihin kuuluvilla kielikeskuksen opintojaksoilla ja niiden Moodle-ty\u00f6tiloissa on tietoa ja esimerkkej\u00e4 l\u00e4hteiden referoinnista ja l\u00e4hdemerkinn\u00f6ist\u00e4 (esim. opintojaksot Tiedonhankinta ja raportointi, Ty\u00f6el\u00e4m\u00e4n viestint\u00e4, Opinn\u00e4ytety\u00f6n kirjoittaminen tai Tutkimuskirjoittaminen).&nbsp; Tekstitaidot haltuun -sivusto&nbsp; Kun viittaat l\u00e4hteisiin\u00a0Jamkin\u00a0raportointiohjeen luvun 5a tai 5b mukaisesti (huom. opintojesi aloitusvuoden mukaan), voit k\u00e4ytt\u00e4\u00e4 lis\u00e4ksi\u00a0Tekstitaidot haltuun\u00a0-sivustoa. Tekstitaidot haltuun [&hellip;]","og_url":"https:\/\/help.jamk.fi\/raportointiohje\/fi\/8-lisatukea-opinnaytetyon-kirjoittamiseen\/","og_site_name":"Opinn\u00e4ytety\u00f6n raportointiohje","article_modified_time":"2026-03-20T06:36:34+00:00","twitter_card":"summary_large_image","twitter_misc":{"Arvioitu lukuaika":"1 minuutti"},"schema":{"@context":"https:\/\/schema.org","@graph":[{"@type":"WebPage","@id":"https:\/\/help.jamk.fi\/raportointiohje\/fi\/8-lisatukea-opinnaytetyon-kirjoittamiseen\/","url":"https:\/\/help.jamk.fi\/raportointiohje\/fi\/8-lisatukea-opinnaytetyon-kirjoittamiseen\/","name":"8 Lis\u00e4tukea opinn\u00e4ytety\u00f6n kirjoittamiseen - Opinn\u00e4ytety\u00f6n raportointiohje","isPartOf":{"@id":"https:\/\/help.jamk.fi\/raportointiohje\/#website"},"datePublished":"2026-03-19T12:39:01+00:00","dateModified":"2026-03-20T06:36:34+00:00","breadcrumb":{"@id":"https:\/\/help.jamk.fi\/raportointiohje\/fi\/8-lisatukea-opinnaytetyon-kirjoittamiseen\/#breadcrumb"},"inLanguage":"fi","potentialAction":[{"@type":"ReadAction","target":["https:\/\/help.jamk.fi\/raportointiohje\/fi\/8-lisatukea-opinnaytetyon-kirjoittamiseen\/"]}]},{"@type":"BreadcrumbList","@id":"https:\/\/help.jamk.fi\/raportointiohje\/fi\/8-lisatukea-opinnaytetyon-kirjoittamiseen\/#breadcrumb","itemListElement":[{"@type":"ListItem","position":1,"name":"Etusivu","item":"https:\/\/help.jamk.fi\/raportointiohje\/fi\/"},{"@type":"ListItem","position":2,"name":"8 Lis\u00e4tukea opinn\u00e4ytety\u00f6n kirjoittamiseen"}]},{"@type":"WebSite","@id":"https:\/\/help.jamk.fi\/raportointiohje\/#website","url":"https:\/\/help.jamk.fi\/raportointiohje\/","name":"Opinn\u00e4ytety\u00f6n raportointiohje","description":"","potentialAction":[{"@type":"SearchAction","target":{"@type":"EntryPoint","urlTemplate":"https:\/\/help.jamk.fi\/raportointiohje\/?s={search_term_string}"},"query-input":{"@type":"PropertyValueSpecification","valueRequired":true,"valueName":"search_term_string"}}],"inLanguage":"fi"}]}},"_links":{"self":[{"href":"https:\/\/help.jamk.fi\/raportointiohje\/wp-json\/wp\/v2\/pages\/1436","targetHints":{"allow":["GET"]}}],"collection":[{"href":"https:\/\/help.jamk.fi\/raportointiohje\/wp-json\/wp\/v2\/pages"}],"about":[{"href":"https:\/\/help.jamk.fi\/raportointiohje\/wp-json\/wp\/v2\/types\/page"}],"author":[{"embeddable":true,"href":"https:\/\/help.jamk.fi\/raportointiohje\/wp-json\/wp\/v2\/users\/421"}],"replies":[{"embeddable":true,"href":"https:\/\/help.jamk.fi\/raportointiohje\/wp-json\/wp\/v2\/comments?post=1436"}],"version-history":[{"count":5,"href":"https:\/\/help.jamk.fi\/raportointiohje\/wp-json\/wp\/v2\/pages\/1436\/revisions"}],"predecessor-version":[{"id":1445,"href":"https:\/\/help.jamk.fi\/raportointiohje\/wp-json\/wp\/v2\/pages\/1436\/revisions\/1445"}],"wp:attachment":[{"href":"https:\/\/help.jamk.fi\/raportointiohje\/wp-json\/wp\/v2\/media?parent=1436"}],"wp:term":[{"taxonomy":"category","embeddable":true,"href":"https:\/\/help.jamk.fi\/raportointiohje\/wp-json\/wp\/v2\/categories?post=1436"},{"taxonomy":"post_tag","embeddable":true,"href":"https:\/\/help.jamk.fi\/raportointiohje\/wp-json\/wp\/v2\/tags?post=1436"}],"curies":[{"name":"wp","href":"https:\/\/api.w.org\/{rel}","templated":true}]}}