{"id":150,"date":"2012-08-15T07:42:55","date_gmt":"2012-08-15T04:42:55","guid":{"rendered":"https:\/\/help.jamk.fi\/raportointiohje\/4-2-2-johdanto-osa\/"},"modified":"2025-11-07T09:33:30","modified_gmt":"2025-11-07T07:33:30","slug":"4-2-2-johdanto-osa","status":"publish","type":"page","link":"https:\/\/help.jamk.fi\/raportointiohje\/fi\/4-opinnaytetyon-rakenne\/4-2-opinnaytetyon-runko-osa\/4-2-2-johdanto-osa\/","title":{"rendered":"4.2.1 Johdanto-osa"},"content":{"rendered":"\n<p>Johdanto orientoi lukijan opinn\u00e4ytety\u00f6n aiheeseen ja viritt\u00e4\u00e4 lukijan kiinnostuksen. Johdannossa kuvataan aiheen valinnan tausta, n\u00e4k\u00f6kulma ja perustelut, voidaan mainita aikaisempia tutkimuksia, kohdennetaan tutkittava alue, esitell\u00e4\u00e4n toimeksiantaja sek\u00e4 muotoillaan teht\u00e4v\u00e4 ja tavoite. Johdannossa voidaan perustella aiheen ajankohtaisuutta, t\u00e4rkeytt\u00e4 ja merkityst\u00e4 my\u00f6s kest\u00e4v\u00e4n kehityksen kannalta. Kuvaile lis\u00e4ksi opinn\u00e4ytety\u00f6n tuomaa hy\u00f6ty\u00e4 ty\u00f6el\u00e4m\u00e4lle. (Ks. kuviota 2.) Mik\u00e4li johdannosta tulisi laaja, tutkimusasetelman kuvaus esitet\u00e4\u00e4n toisessa p\u00e4\u00e4luvussa (ks. lis\u00e4\u00e4 Kananen 2015).<\/p>\n\n\n\n<figure class=\"wp-block-image\"><img decoding=\"async\" src=\"https:\/\/help.jamk.fi\/raportointiohje\/wp-content\/uploads\/sites\/73\/2023\/07\/Johdantokuvio_uusi22.png\" alt=\"\" class=\"wp-image-659\"\/><figcaption class=\"wp-element-caption\">Kuvio 2. Johdanto-osan perusrakenne<\/figcaption><\/figure>\n\n\n\n<p><\/p>\n\n\n\n<p>Tiivistelm\u00e4&nbsp;ei korvaa johdanto-osaa eik\u00e4 p\u00e4invastoin. Johdanto on my\u00f6s ty\u00f6n ensimm\u00e4inen luku, ja sill\u00e4 voi olla alalukuja. Johdannolle on suositeltavaa keksi\u00e4 omasta aiheesta nouseva, aiheeseen paremmin johdatteleva otsikko kuin \u201dJohdanto\u201d. (Ks. esim. Luukka 2012; Hirsj\u00e4rvi ym. 2010, 254\u2013258.)<\/p>\n\n\n\n<p>Esimerkkej\u00e4 opinn\u00e4ytety\u00f6n johdannosta:<\/p>\n\n\n\n<p><span style=\"color: #333399;\"><a style=\"color: #333399;\" href=\"https:\/\/help.jamk.fi\/raportointiohje\/wp-content\/uploads\/sites\/73\/2023\/07\/Logistiikan-opinnaytetyon-johdanto.pdf\">Logistiikan opinn\u00e4ytety\u00f6n johdanto<\/a><\/span><br><a href=\"https:\/\/help.jamk.fi\/raportointiohje\/wp-content\/uploads\/sites\/73\/2025\/11\/Projektijohtamisen-opinnaytetyon-johdanto-YAMK.pdf\">Projektijohtamisen opinn\u00e4ytety\u00f6n johdanto (YAMK)<\/a><\/p>\n","protected":false},"excerpt":{"rendered":"<p>Johdanto orientoi lukijan opinn\u00e4ytety\u00f6n aiheeseen ja viritt\u00e4\u00e4 lukijan kiinnostuksen. Johdannossa kuvataan aiheen valinnan tausta, n\u00e4k\u00f6kulma ja perustelut, voidaan mainita aikaisempia tutkimuksia, kohdennetaan tutkittava alue, esitell\u00e4\u00e4n toimeksiantaja sek\u00e4 muotoillaan teht\u00e4v\u00e4 ja tavoite. Johdannossa voidaan perustella aiheen ajankohtaisuutta, t\u00e4rkeytt\u00e4 ja merkityst\u00e4 my\u00f6s kest\u00e4v\u00e4n kehityksen kannalta. Kuvaile lis\u00e4ksi opinn\u00e4ytety\u00f6n tuomaa hy\u00f6ty\u00e4 ty\u00f6el\u00e4m\u00e4lle. (Ks. kuviota 2.) Mik\u00e4li johdannosta tulisi [&hellip;]<\/p>\n","protected":false},"author":79,"featured_media":0,"parent":211,"menu_order":2,"comment_status":"closed","ping_status":"closed","template":"","meta":{"_acf_changed":false,"_relevanssi_hide_post":"","_relevanssi_hide_content":"","_relevanssi_pin_for_all":"","_relevanssi_pin_keywords":"","_relevanssi_unpin_keywords":"","_relevanssi_related_keywords":"","_relevanssi_related_include_ids":"","_relevanssi_related_exclude_ids":"","_relevanssi_related_no_append":"","_relevanssi_related_not_related":"","_relevanssi_related_posts":"","_relevanssi_noindex_reason":"","footnotes":""},"categories":[],"tags":[617,155,623,215,137,629],"class_list":["post-150","page","type-page","status-publish","hentry","tag-johdanto","tag-jasentely","tag-nakokulma","tag-otsikko","tag-tavoite","tag-tutkimuskysymys"],"acf":[],"yoast_head":"<!-- This site is optimized with the Yoast SEO plugin v27.4 - https:\/\/yoast.com\/product\/yoast-seo-wordpress\/ -->\n<title>4.2.1 Johdanto-osa - Opinn\u00e4ytety\u00f6n raportointiohje<\/title>\n<meta name=\"robots\" content=\"index, follow, max-snippet:-1, max-image-preview:large, max-video-preview:-1\" \/>\n<link rel=\"canonical\" href=\"https:\/\/help.jamk.fi\/raportointiohje\/fi\/4-opinnaytetyon-rakenne\/4-2-opinnaytetyon-runko-osa\/4-2-2-johdanto-osa\/\" \/>\n<meta property=\"og:locale\" content=\"fi_FI\" \/>\n<meta property=\"og:type\" content=\"article\" \/>\n<meta property=\"og:title\" content=\"4.2.1 Johdanto-osa - Opinn\u00e4ytety\u00f6n raportointiohje\" \/>\n<meta property=\"og:description\" content=\"Johdanto orientoi lukijan opinn\u00e4ytety\u00f6n aiheeseen ja viritt\u00e4\u00e4 lukijan kiinnostuksen. Johdannossa kuvataan aiheen valinnan tausta, n\u00e4k\u00f6kulma ja perustelut, voidaan mainita aikaisempia tutkimuksia, kohdennetaan tutkittava alue, esitell\u00e4\u00e4n toimeksiantaja sek\u00e4 muotoillaan teht\u00e4v\u00e4 ja tavoite. Johdannossa voidaan perustella aiheen ajankohtaisuutta, t\u00e4rkeytt\u00e4 ja merkityst\u00e4 my\u00f6s kest\u00e4v\u00e4n kehityksen kannalta. Kuvaile lis\u00e4ksi opinn\u00e4ytety\u00f6n tuomaa hy\u00f6ty\u00e4 ty\u00f6el\u00e4m\u00e4lle. (Ks. kuviota 2.) Mik\u00e4li johdannosta tulisi [&hellip;]\" \/>\n<meta property=\"og:url\" content=\"https:\/\/help.jamk.fi\/raportointiohje\/fi\/4-opinnaytetyon-rakenne\/4-2-opinnaytetyon-runko-osa\/4-2-2-johdanto-osa\/\" \/>\n<meta property=\"og:site_name\" content=\"Opinn\u00e4ytety\u00f6n raportointiohje\" \/>\n<meta property=\"article:modified_time\" content=\"2025-11-07T07:33:30+00:00\" \/>\n<meta name=\"twitter:card\" content=\"summary_large_image\" \/>\n<meta name=\"twitter:label1\" content=\"Arvioitu lukuaika\" \/>\n\t<meta name=\"twitter:data1\" content=\"1 minuutti\" \/>\n<script type=\"application\/ld+json\" class=\"yoast-schema-graph\">{\"@context\":\"https:\\\/\\\/schema.org\",\"@graph\":[{\"@type\":\"WebPage\",\"@id\":\"https:\\\/\\\/help.jamk.fi\\\/raportointiohje\\\/fi\\\/4-opinnaytetyon-rakenne\\\/4-2-opinnaytetyon-runko-osa\\\/4-2-2-johdanto-osa\\\/\",\"url\":\"https:\\\/\\\/help.jamk.fi\\\/raportointiohje\\\/fi\\\/4-opinnaytetyon-rakenne\\\/4-2-opinnaytetyon-runko-osa\\\/4-2-2-johdanto-osa\\\/\",\"name\":\"4.2.1 Johdanto-osa - Opinn\u00e4ytety\u00f6n raportointiohje\",\"isPartOf\":{\"@id\":\"https:\\\/\\\/help.jamk.fi\\\/raportointiohje\\\/#website\"},\"primaryImageOfPage\":{\"@id\":\"https:\\\/\\\/help.jamk.fi\\\/raportointiohje\\\/fi\\\/4-opinnaytetyon-rakenne\\\/4-2-opinnaytetyon-runko-osa\\\/4-2-2-johdanto-osa\\\/#primaryimage\"},\"image\":{\"@id\":\"https:\\\/\\\/help.jamk.fi\\\/raportointiohje\\\/fi\\\/4-opinnaytetyon-rakenne\\\/4-2-opinnaytetyon-runko-osa\\\/4-2-2-johdanto-osa\\\/#primaryimage\"},\"thumbnailUrl\":\"https:\\\/\\\/help.jamk.fi\\\/raportointiohje\\\/wp-content\\\/uploads\\\/sites\\\/73\\\/2023\\\/07\\\/Johdantokuvio_uusi22.png\",\"datePublished\":\"2012-08-15T04:42:55+00:00\",\"dateModified\":\"2025-11-07T07:33:30+00:00\",\"breadcrumb\":{\"@id\":\"https:\\\/\\\/help.jamk.fi\\\/raportointiohje\\\/fi\\\/4-opinnaytetyon-rakenne\\\/4-2-opinnaytetyon-runko-osa\\\/4-2-2-johdanto-osa\\\/#breadcrumb\"},\"inLanguage\":\"fi\",\"potentialAction\":[{\"@type\":\"ReadAction\",\"target\":[\"https:\\\/\\\/help.jamk.fi\\\/raportointiohje\\\/fi\\\/4-opinnaytetyon-rakenne\\\/4-2-opinnaytetyon-runko-osa\\\/4-2-2-johdanto-osa\\\/\"]}]},{\"@type\":\"ImageObject\",\"inLanguage\":\"fi\",\"@id\":\"https:\\\/\\\/help.jamk.fi\\\/raportointiohje\\\/fi\\\/4-opinnaytetyon-rakenne\\\/4-2-opinnaytetyon-runko-osa\\\/4-2-2-johdanto-osa\\\/#primaryimage\",\"url\":\"https:\\\/\\\/help.jamk.fi\\\/raportointiohje\\\/wp-content\\\/uploads\\\/sites\\\/73\\\/2023\\\/07\\\/Johdantokuvio_uusi22.png\",\"contentUrl\":\"https:\\\/\\\/help.jamk.fi\\\/raportointiohje\\\/wp-content\\\/uploads\\\/sites\\\/73\\\/2023\\\/07\\\/Johdantokuvio_uusi22.png\"},{\"@type\":\"BreadcrumbList\",\"@id\":\"https:\\\/\\\/help.jamk.fi\\\/raportointiohje\\\/fi\\\/4-opinnaytetyon-rakenne\\\/4-2-opinnaytetyon-runko-osa\\\/4-2-2-johdanto-osa\\\/#breadcrumb\",\"itemListElement\":[{\"@type\":\"ListItem\",\"position\":1,\"name\":\"Etusivu\",\"item\":\"https:\\\/\\\/help.jamk.fi\\\/raportointiohje\\\/fi\\\/\"},{\"@type\":\"ListItem\",\"position\":2,\"name\":\"4 Opinn\u00e4ytety\u00f6n rakenne\",\"item\":\"https:\\\/\\\/help.jamk.fi\\\/raportointiohje\\\/fi\\\/4-opinnaytetyon-rakenne\\\/\"},{\"@type\":\"ListItem\",\"position\":3,\"name\":\"4.2 Opinn\u00e4ytety\u00f6n runko-osa\",\"item\":\"https:\\\/\\\/help.jamk.fi\\\/raportointiohje\\\/fi\\\/4-opinnaytetyon-rakenne\\\/4-2-opinnaytetyon-runko-osa\\\/\"},{\"@type\":\"ListItem\",\"position\":4,\"name\":\"4.2.1 Johdanto-osa\"}]},{\"@type\":\"WebSite\",\"@id\":\"https:\\\/\\\/help.jamk.fi\\\/raportointiohje\\\/#website\",\"url\":\"https:\\\/\\\/help.jamk.fi\\\/raportointiohje\\\/\",\"name\":\"Opinn\u00e4ytety\u00f6n raportointiohje\",\"description\":\"\",\"potentialAction\":[{\"@type\":\"SearchAction\",\"target\":{\"@type\":\"EntryPoint\",\"urlTemplate\":\"https:\\\/\\\/help.jamk.fi\\\/raportointiohje\\\/?s={search_term_string}\"},\"query-input\":{\"@type\":\"PropertyValueSpecification\",\"valueRequired\":true,\"valueName\":\"search_term_string\"}}],\"inLanguage\":\"fi\"}]}<\/script>\n<!-- \/ Yoast SEO plugin. -->","yoast_head_json":{"title":"4.2.1 Johdanto-osa - Opinn\u00e4ytety\u00f6n raportointiohje","robots":{"index":"index","follow":"follow","max-snippet":"max-snippet:-1","max-image-preview":"max-image-preview:large","max-video-preview":"max-video-preview:-1"},"canonical":"https:\/\/help.jamk.fi\/raportointiohje\/fi\/4-opinnaytetyon-rakenne\/4-2-opinnaytetyon-runko-osa\/4-2-2-johdanto-osa\/","og_locale":"fi_FI","og_type":"article","og_title":"4.2.1 Johdanto-osa - Opinn\u00e4ytety\u00f6n raportointiohje","og_description":"Johdanto orientoi lukijan opinn\u00e4ytety\u00f6n aiheeseen ja viritt\u00e4\u00e4 lukijan kiinnostuksen. Johdannossa kuvataan aiheen valinnan tausta, n\u00e4k\u00f6kulma ja perustelut, voidaan mainita aikaisempia tutkimuksia, kohdennetaan tutkittava alue, esitell\u00e4\u00e4n toimeksiantaja sek\u00e4 muotoillaan teht\u00e4v\u00e4 ja tavoite. Johdannossa voidaan perustella aiheen ajankohtaisuutta, t\u00e4rkeytt\u00e4 ja merkityst\u00e4 my\u00f6s kest\u00e4v\u00e4n kehityksen kannalta. Kuvaile lis\u00e4ksi opinn\u00e4ytety\u00f6n tuomaa hy\u00f6ty\u00e4 ty\u00f6el\u00e4m\u00e4lle. (Ks. kuviota 2.) Mik\u00e4li johdannosta tulisi [&hellip;]","og_url":"https:\/\/help.jamk.fi\/raportointiohje\/fi\/4-opinnaytetyon-rakenne\/4-2-opinnaytetyon-runko-osa\/4-2-2-johdanto-osa\/","og_site_name":"Opinn\u00e4ytety\u00f6n raportointiohje","article_modified_time":"2025-11-07T07:33:30+00:00","twitter_card":"summary_large_image","twitter_misc":{"Arvioitu lukuaika":"1 minuutti"},"schema":{"@context":"https:\/\/schema.org","@graph":[{"@type":"WebPage","@id":"https:\/\/help.jamk.fi\/raportointiohje\/fi\/4-opinnaytetyon-rakenne\/4-2-opinnaytetyon-runko-osa\/4-2-2-johdanto-osa\/","url":"https:\/\/help.jamk.fi\/raportointiohje\/fi\/4-opinnaytetyon-rakenne\/4-2-opinnaytetyon-runko-osa\/4-2-2-johdanto-osa\/","name":"4.2.1 Johdanto-osa - Opinn\u00e4ytety\u00f6n raportointiohje","isPartOf":{"@id":"https:\/\/help.jamk.fi\/raportointiohje\/#website"},"primaryImageOfPage":{"@id":"https:\/\/help.jamk.fi\/raportointiohje\/fi\/4-opinnaytetyon-rakenne\/4-2-opinnaytetyon-runko-osa\/4-2-2-johdanto-osa\/#primaryimage"},"image":{"@id":"https:\/\/help.jamk.fi\/raportointiohje\/fi\/4-opinnaytetyon-rakenne\/4-2-opinnaytetyon-runko-osa\/4-2-2-johdanto-osa\/#primaryimage"},"thumbnailUrl":"https:\/\/help.jamk.fi\/raportointiohje\/wp-content\/uploads\/sites\/73\/2023\/07\/Johdantokuvio_uusi22.png","datePublished":"2012-08-15T04:42:55+00:00","dateModified":"2025-11-07T07:33:30+00:00","breadcrumb":{"@id":"https:\/\/help.jamk.fi\/raportointiohje\/fi\/4-opinnaytetyon-rakenne\/4-2-opinnaytetyon-runko-osa\/4-2-2-johdanto-osa\/#breadcrumb"},"inLanguage":"fi","potentialAction":[{"@type":"ReadAction","target":["https:\/\/help.jamk.fi\/raportointiohje\/fi\/4-opinnaytetyon-rakenne\/4-2-opinnaytetyon-runko-osa\/4-2-2-johdanto-osa\/"]}]},{"@type":"ImageObject","inLanguage":"fi","@id":"https:\/\/help.jamk.fi\/raportointiohje\/fi\/4-opinnaytetyon-rakenne\/4-2-opinnaytetyon-runko-osa\/4-2-2-johdanto-osa\/#primaryimage","url":"https:\/\/help.jamk.fi\/raportointiohje\/wp-content\/uploads\/sites\/73\/2023\/07\/Johdantokuvio_uusi22.png","contentUrl":"https:\/\/help.jamk.fi\/raportointiohje\/wp-content\/uploads\/sites\/73\/2023\/07\/Johdantokuvio_uusi22.png"},{"@type":"BreadcrumbList","@id":"https:\/\/help.jamk.fi\/raportointiohje\/fi\/4-opinnaytetyon-rakenne\/4-2-opinnaytetyon-runko-osa\/4-2-2-johdanto-osa\/#breadcrumb","itemListElement":[{"@type":"ListItem","position":1,"name":"Etusivu","item":"https:\/\/help.jamk.fi\/raportointiohje\/fi\/"},{"@type":"ListItem","position":2,"name":"4 Opinn\u00e4ytety\u00f6n rakenne","item":"https:\/\/help.jamk.fi\/raportointiohje\/fi\/4-opinnaytetyon-rakenne\/"},{"@type":"ListItem","position":3,"name":"4.2 Opinn\u00e4ytety\u00f6n runko-osa","item":"https:\/\/help.jamk.fi\/raportointiohje\/fi\/4-opinnaytetyon-rakenne\/4-2-opinnaytetyon-runko-osa\/"},{"@type":"ListItem","position":4,"name":"4.2.1 Johdanto-osa"}]},{"@type":"WebSite","@id":"https:\/\/help.jamk.fi\/raportointiohje\/#website","url":"https:\/\/help.jamk.fi\/raportointiohje\/","name":"Opinn\u00e4ytety\u00f6n raportointiohje","description":"","potentialAction":[{"@type":"SearchAction","target":{"@type":"EntryPoint","urlTemplate":"https:\/\/help.jamk.fi\/raportointiohje\/?s={search_term_string}"},"query-input":{"@type":"PropertyValueSpecification","valueRequired":true,"valueName":"search_term_string"}}],"inLanguage":"fi"}]}},"_links":{"self":[{"href":"https:\/\/help.jamk.fi\/raportointiohje\/wp-json\/wp\/v2\/pages\/150","targetHints":{"allow":["GET"]}}],"collection":[{"href":"https:\/\/help.jamk.fi\/raportointiohje\/wp-json\/wp\/v2\/pages"}],"about":[{"href":"https:\/\/help.jamk.fi\/raportointiohje\/wp-json\/wp\/v2\/types\/page"}],"author":[{"embeddable":true,"href":"https:\/\/help.jamk.fi\/raportointiohje\/wp-json\/wp\/v2\/users\/79"}],"replies":[{"embeddable":true,"href":"https:\/\/help.jamk.fi\/raportointiohje\/wp-json\/wp\/v2\/comments?post=150"}],"version-history":[{"count":14,"href":"https:\/\/help.jamk.fi\/raportointiohje\/wp-json\/wp\/v2\/pages\/150\/revisions"}],"predecessor-version":[{"id":1390,"href":"https:\/\/help.jamk.fi\/raportointiohje\/wp-json\/wp\/v2\/pages\/150\/revisions\/1390"}],"up":[{"embeddable":true,"href":"https:\/\/help.jamk.fi\/raportointiohje\/wp-json\/wp\/v2\/pages\/211"}],"wp:attachment":[{"href":"https:\/\/help.jamk.fi\/raportointiohje\/wp-json\/wp\/v2\/media?parent=150"}],"wp:term":[{"taxonomy":"category","embeddable":true,"href":"https:\/\/help.jamk.fi\/raportointiohje\/wp-json\/wp\/v2\/categories?post=150"},{"taxonomy":"post_tag","embeddable":true,"href":"https:\/\/help.jamk.fi\/raportointiohje\/wp-json\/wp\/v2\/tags?post=150"}],"curies":[{"name":"wp","href":"https:\/\/api.w.org\/{rel}","templated":true}]}}