{"id":171,"date":"2012-08-15T07:45:05","date_gmt":"2012-08-15T04:45:05","guid":{"rendered":"https:\/\/help.jamk.fi\/raportointiohje\/4-2-5-tutkimuksen-toteuttamisen-ja-tulosten-raportointi\/"},"modified":"2024-01-05T13:54:15","modified_gmt":"2024-01-05T11:54:15","slug":"4-2-5-tutkimuksen-toteuttamisen-ja-tulosten-raportointi","status":"publish","type":"page","link":"https:\/\/help.jamk.fi\/raportointiohje\/fi\/4-opinnaytetyon-rakenne\/4-2-opinnaytetyon-runko-osa\/4-2-5-tutkimuksen-toteuttamisen-ja-tulosten-raportointi\/","title":{"rendered":"4.2.4 Tutkimuksen toteuttamisen ja tulosten raportointi"},"content":{"rendered":"\n<p>Oman tutkimuksen tekemisen vaiheet perusteluineen on selostettava tarkasti. Toteutuksen selostaminen antaa selke\u00e4n kuvan teht\u00e4v\u00e4st\u00e4 ja vastauksen etsimisen tavasta. Selostuksen perusteella lukija seuraa opinn\u00e4ytety\u00f6prosessin etenemist\u00e4 ja arvioi sen luotettavuutta.<\/p>\n\n\n\n<p>Raportoitaessa esitet\u00e4\u00e4n opinn\u00e4ytety\u00f6n teht\u00e4v\u00e4t, kuvataan l\u00e4hestymistapa, tiedonkeruutapa, tutkimuksen aineisto tai k\u00e4ytetty materiaali ja sen k\u00e4sittelytapa, kohdejoukko tai -aineisto, arvioidaan luotettavuutta sek\u00e4 esitet\u00e4\u00e4n mahdolliset eettiset kannanotot perusteluineen.<\/p>\n\n\n\n<h2 class=\"wp-block-heading\">Tulokset<\/h2>\n\n\n\n<p>Raportin t\u00e4rkein osa on tulosten esittely. Tulokset ja tuotokset julkaistaan eri tavoin, mutta niiden avulla on pyritt\u00e4v\u00e4 osoittamaan vastaus tutkimusteht\u00e4v\u00e4\u00e4n. Tulosten j\u00e4sentely voidaan tehd\u00e4 monella tavalla, esimerkiksi tutkimusongelmittain. Esitt\u00e4mistapa riippuu raportin luonteesta ja ty\u00f6n muodosta. Tulosten esitt\u00e4misess\u00e4 on koko ajan otettava huomioon opinn\u00e4ytety\u00f6n tarkoitus.<\/p>\n\n\n\n<p>Tulokset on esitett\u00e4v\u00e4 niin, ett\u00e4 lukija voi vaivatta havaita t\u00e4rkeimm\u00e4t tulokset. Tulokset pyrit\u00e4\u00e4n kokoamaan loogisiksi ryhmiksi, ja ongelmien kannalta olennaiset tulokset tuodaan esille. Tulosten esittelyss\u00e4 t\u00e4rke\u00e4\u00e4 on havainnollisuus.&nbsp;Kaikkia esiin nostettuja kysymyksi\u00e4 on tarkasteltava, olipa niihin saatu vastaus tai ei. Tarkastelun on oltava totuudenmukainen, looginen ja selke\u00e4 esitys. Tuloksista teht\u00e4v\u00e4t p\u00e4\u00e4telm\u00e4t voidaan esitt\u00e4\u00e4 jo tulosten yhteydess\u00e4.<\/p>\n\n\n\n<p>Esimerkki menetelm\u00e4osuuden raportoinnista: ohjeen tuottaminen<br><span style=\"color: #333399;\"><a style=\"color: #333399;\" href=\"https:\/\/help.jamk.fi\/raportointiohje\/wp-content\/uploads\/sites\/73\/2023\/09\/Oppaan-tuottamisen-kuvaus_esimerkki-hoitotyo\u0308.pdf\" target=\"_blank\" rel=\"noopener noreferrer\">hoitoty\u00f6n koulutusohjelman opinn\u00e4ytety\u00f6n menetelm\u00e4osuus.pdf<\/a><\/span><\/p>\n\n\n\n<p>*************<\/p>\n\n\n\n<h2 class=\"wp-block-heading\">Tietojen salaus opinn\u00e4ytety\u00f6ss\u00e4<\/h2>\n\n\n\n<p>Yksitt\u00e4inen tieto voidaan salata laittamalla nimen tilalle esim. X tai useiden nimien tilalle A, B, C. Samoin esim. taulukossa voidaan yksitt\u00e4inen tieto ilmaista vaikkapa xxxx. Mik\u00e4li salattavaa tietoa on paljon, se sijoitetaan liitteeseen. T\u00e4ll\u00f6in kuvailulehden kohtaan Muut tiedot tulee maininta asiasta. Raportin loppuun tulee tyhj\u00e4 sivu, johon merkit\u00e4\u00e4n vain liitteen numero ja nimi sek\u00e4 per\u00e4\u00e4n<em> (salassa pidett\u00e4v\u00e4).<\/em> N\u00e4in lukijalle muodostuu kokonaiskuva opinn\u00e4ytety\u00f6n sis\u00e4ll\u00f6st\u00e4, vaikka kaikkia tietoja ei olekaan. Opiskelija pystyy my\u00f6s selostuksessa viittaamaan liitteeseen. Ks. ohje <a href=\"https:\/\/help.jamk.fi\/opinnaytetyo\/fi\/opinnaytetyoprojekti\/opinnaytetyon-suunnittelu\/sopimukset\/\">Opinn\u00e4ytety\u00f6-sivustolta<\/a>.<\/p>\n\n\n\n<p><span style=\"color: #000000; font-family: Calibri;\">&nbsp;<\/span><\/p>\n","protected":false},"excerpt":{"rendered":"<p>Oman tutkimuksen tekemisen vaiheet perusteluineen on selostettava tarkasti. Toteutuksen selostaminen antaa selke\u00e4n kuvan teht\u00e4v\u00e4st\u00e4 ja vastauksen etsimisen tavasta. Selostuksen perusteella lukija seuraa opinn\u00e4ytety\u00f6prosessin etenemist\u00e4 ja arvioi sen luotettavuutta. Raportoitaessa esitet\u00e4\u00e4n opinn\u00e4ytety\u00f6n teht\u00e4v\u00e4t, kuvataan l\u00e4hestymistapa, tiedonkeruutapa, tutkimuksen aineisto tai k\u00e4ytetty materiaali ja sen k\u00e4sittelytapa, kohdejoukko tai -aineisto, arvioidaan luotettavuutta sek\u00e4 esitet\u00e4\u00e4n mahdolliset eettiset kannanotot perusteluineen. Tulokset [&hellip;]<\/p>\n","protected":false},"author":79,"featured_media":0,"parent":211,"menu_order":5,"comment_status":"open","ping_status":"closed","template":"","meta":{"_acf_changed":false,"_relevanssi_hide_post":"","_relevanssi_hide_content":"","_relevanssi_pin_for_all":"","_relevanssi_pin_keywords":"","_relevanssi_unpin_keywords":"","_relevanssi_related_keywords":"","_relevanssi_related_include_ids":"","_relevanssi_related_exclude_ids":"","_relevanssi_related_no_append":"","_relevanssi_related_not_related":"","_relevanssi_related_posts":"","_relevanssi_noindex_reason":"","footnotes":""},"categories":[],"tags":[65,155,671,677,683],"class_list":["post-171","page","type-page","status-publish","hentry","tag-analyysi","tag-jasentely","tag-paatelmat","tag-tulosten-esittely","tag-tutkimuksen-raportointi"],"acf":[],"yoast_head":"<!-- This site is optimized with the Yoast SEO plugin v27.4 - https:\/\/yoast.com\/product\/yoast-seo-wordpress\/ -->\n<title>4.2.4 Tutkimuksen toteuttamisen ja tulosten raportointi - Opinn\u00e4ytety\u00f6n raportointiohje<\/title>\n<meta name=\"robots\" content=\"index, follow, max-snippet:-1, max-image-preview:large, max-video-preview:-1\" \/>\n<link rel=\"canonical\" href=\"https:\/\/help.jamk.fi\/raportointiohje\/fi\/4-opinnaytetyon-rakenne\/4-2-opinnaytetyon-runko-osa\/4-2-5-tutkimuksen-toteuttamisen-ja-tulosten-raportointi\/\" \/>\n<meta property=\"og:locale\" content=\"fi_FI\" \/>\n<meta property=\"og:type\" content=\"article\" \/>\n<meta property=\"og:title\" content=\"4.2.4 Tutkimuksen toteuttamisen ja tulosten raportointi - Opinn\u00e4ytety\u00f6n raportointiohje\" \/>\n<meta property=\"og:description\" content=\"Oman tutkimuksen tekemisen vaiheet perusteluineen on selostettava tarkasti. Toteutuksen selostaminen antaa selke\u00e4n kuvan teht\u00e4v\u00e4st\u00e4 ja vastauksen etsimisen tavasta. Selostuksen perusteella lukija seuraa opinn\u00e4ytety\u00f6prosessin etenemist\u00e4 ja arvioi sen luotettavuutta. Raportoitaessa esitet\u00e4\u00e4n opinn\u00e4ytety\u00f6n teht\u00e4v\u00e4t, kuvataan l\u00e4hestymistapa, tiedonkeruutapa, tutkimuksen aineisto tai k\u00e4ytetty materiaali ja sen k\u00e4sittelytapa, kohdejoukko tai -aineisto, arvioidaan luotettavuutta sek\u00e4 esitet\u00e4\u00e4n mahdolliset eettiset kannanotot perusteluineen. Tulokset [&hellip;]\" \/>\n<meta property=\"og:url\" content=\"https:\/\/help.jamk.fi\/raportointiohje\/fi\/4-opinnaytetyon-rakenne\/4-2-opinnaytetyon-runko-osa\/4-2-5-tutkimuksen-toteuttamisen-ja-tulosten-raportointi\/\" \/>\n<meta property=\"og:site_name\" content=\"Opinn\u00e4ytety\u00f6n raportointiohje\" \/>\n<meta property=\"article:modified_time\" content=\"2024-01-05T11:54:15+00:00\" \/>\n<meta name=\"twitter:card\" content=\"summary_large_image\" \/>\n<meta name=\"twitter:label1\" content=\"Arvioitu lukuaika\" \/>\n\t<meta name=\"twitter:data1\" content=\"2 minuuttia\" \/>\n<script type=\"application\/ld+json\" class=\"yoast-schema-graph\">{\"@context\":\"https:\\\/\\\/schema.org\",\"@graph\":[{\"@type\":\"WebPage\",\"@id\":\"https:\\\/\\\/help.jamk.fi\\\/raportointiohje\\\/fi\\\/4-opinnaytetyon-rakenne\\\/4-2-opinnaytetyon-runko-osa\\\/4-2-5-tutkimuksen-toteuttamisen-ja-tulosten-raportointi\\\/\",\"url\":\"https:\\\/\\\/help.jamk.fi\\\/raportointiohje\\\/fi\\\/4-opinnaytetyon-rakenne\\\/4-2-opinnaytetyon-runko-osa\\\/4-2-5-tutkimuksen-toteuttamisen-ja-tulosten-raportointi\\\/\",\"name\":\"4.2.4 Tutkimuksen toteuttamisen ja tulosten raportointi - Opinn\u00e4ytety\u00f6n raportointiohje\",\"isPartOf\":{\"@id\":\"https:\\\/\\\/help.jamk.fi\\\/raportointiohje\\\/#website\"},\"datePublished\":\"2012-08-15T04:45:05+00:00\",\"dateModified\":\"2024-01-05T11:54:15+00:00\",\"breadcrumb\":{\"@id\":\"https:\\\/\\\/help.jamk.fi\\\/raportointiohje\\\/fi\\\/4-opinnaytetyon-rakenne\\\/4-2-opinnaytetyon-runko-osa\\\/4-2-5-tutkimuksen-toteuttamisen-ja-tulosten-raportointi\\\/#breadcrumb\"},\"inLanguage\":\"fi\",\"potentialAction\":[{\"@type\":\"ReadAction\",\"target\":[\"https:\\\/\\\/help.jamk.fi\\\/raportointiohje\\\/fi\\\/4-opinnaytetyon-rakenne\\\/4-2-opinnaytetyon-runko-osa\\\/4-2-5-tutkimuksen-toteuttamisen-ja-tulosten-raportointi\\\/\"]}]},{\"@type\":\"BreadcrumbList\",\"@id\":\"https:\\\/\\\/help.jamk.fi\\\/raportointiohje\\\/fi\\\/4-opinnaytetyon-rakenne\\\/4-2-opinnaytetyon-runko-osa\\\/4-2-5-tutkimuksen-toteuttamisen-ja-tulosten-raportointi\\\/#breadcrumb\",\"itemListElement\":[{\"@type\":\"ListItem\",\"position\":1,\"name\":\"Etusivu\",\"item\":\"https:\\\/\\\/help.jamk.fi\\\/raportointiohje\\\/fi\\\/\"},{\"@type\":\"ListItem\",\"position\":2,\"name\":\"4 Opinn\u00e4ytety\u00f6n rakenne\",\"item\":\"https:\\\/\\\/help.jamk.fi\\\/raportointiohje\\\/fi\\\/4-opinnaytetyon-rakenne\\\/\"},{\"@type\":\"ListItem\",\"position\":3,\"name\":\"4.2 Opinn\u00e4ytety\u00f6n runko-osa\",\"item\":\"https:\\\/\\\/help.jamk.fi\\\/raportointiohje\\\/fi\\\/4-opinnaytetyon-rakenne\\\/4-2-opinnaytetyon-runko-osa\\\/\"},{\"@type\":\"ListItem\",\"position\":4,\"name\":\"4.2.4 Tutkimuksen toteuttamisen ja tulosten raportointi\"}]},{\"@type\":\"WebSite\",\"@id\":\"https:\\\/\\\/help.jamk.fi\\\/raportointiohje\\\/#website\",\"url\":\"https:\\\/\\\/help.jamk.fi\\\/raportointiohje\\\/\",\"name\":\"Opinn\u00e4ytety\u00f6n raportointiohje\",\"description\":\"\",\"potentialAction\":[{\"@type\":\"SearchAction\",\"target\":{\"@type\":\"EntryPoint\",\"urlTemplate\":\"https:\\\/\\\/help.jamk.fi\\\/raportointiohje\\\/?s={search_term_string}\"},\"query-input\":{\"@type\":\"PropertyValueSpecification\",\"valueRequired\":true,\"valueName\":\"search_term_string\"}}],\"inLanguage\":\"fi\"}]}<\/script>\n<!-- \/ Yoast SEO plugin. -->","yoast_head_json":{"title":"4.2.4 Tutkimuksen toteuttamisen ja tulosten raportointi - Opinn\u00e4ytety\u00f6n raportointiohje","robots":{"index":"index","follow":"follow","max-snippet":"max-snippet:-1","max-image-preview":"max-image-preview:large","max-video-preview":"max-video-preview:-1"},"canonical":"https:\/\/help.jamk.fi\/raportointiohje\/fi\/4-opinnaytetyon-rakenne\/4-2-opinnaytetyon-runko-osa\/4-2-5-tutkimuksen-toteuttamisen-ja-tulosten-raportointi\/","og_locale":"fi_FI","og_type":"article","og_title":"4.2.4 Tutkimuksen toteuttamisen ja tulosten raportointi - Opinn\u00e4ytety\u00f6n raportointiohje","og_description":"Oman tutkimuksen tekemisen vaiheet perusteluineen on selostettava tarkasti. Toteutuksen selostaminen antaa selke\u00e4n kuvan teht\u00e4v\u00e4st\u00e4 ja vastauksen etsimisen tavasta. Selostuksen perusteella lukija seuraa opinn\u00e4ytety\u00f6prosessin etenemist\u00e4 ja arvioi sen luotettavuutta. Raportoitaessa esitet\u00e4\u00e4n opinn\u00e4ytety\u00f6n teht\u00e4v\u00e4t, kuvataan l\u00e4hestymistapa, tiedonkeruutapa, tutkimuksen aineisto tai k\u00e4ytetty materiaali ja sen k\u00e4sittelytapa, kohdejoukko tai -aineisto, arvioidaan luotettavuutta sek\u00e4 esitet\u00e4\u00e4n mahdolliset eettiset kannanotot perusteluineen. Tulokset [&hellip;]","og_url":"https:\/\/help.jamk.fi\/raportointiohje\/fi\/4-opinnaytetyon-rakenne\/4-2-opinnaytetyon-runko-osa\/4-2-5-tutkimuksen-toteuttamisen-ja-tulosten-raportointi\/","og_site_name":"Opinn\u00e4ytety\u00f6n raportointiohje","article_modified_time":"2024-01-05T11:54:15+00:00","twitter_card":"summary_large_image","twitter_misc":{"Arvioitu lukuaika":"2 minuuttia"},"schema":{"@context":"https:\/\/schema.org","@graph":[{"@type":"WebPage","@id":"https:\/\/help.jamk.fi\/raportointiohje\/fi\/4-opinnaytetyon-rakenne\/4-2-opinnaytetyon-runko-osa\/4-2-5-tutkimuksen-toteuttamisen-ja-tulosten-raportointi\/","url":"https:\/\/help.jamk.fi\/raportointiohje\/fi\/4-opinnaytetyon-rakenne\/4-2-opinnaytetyon-runko-osa\/4-2-5-tutkimuksen-toteuttamisen-ja-tulosten-raportointi\/","name":"4.2.4 Tutkimuksen toteuttamisen ja tulosten raportointi - Opinn\u00e4ytety\u00f6n raportointiohje","isPartOf":{"@id":"https:\/\/help.jamk.fi\/raportointiohje\/#website"},"datePublished":"2012-08-15T04:45:05+00:00","dateModified":"2024-01-05T11:54:15+00:00","breadcrumb":{"@id":"https:\/\/help.jamk.fi\/raportointiohje\/fi\/4-opinnaytetyon-rakenne\/4-2-opinnaytetyon-runko-osa\/4-2-5-tutkimuksen-toteuttamisen-ja-tulosten-raportointi\/#breadcrumb"},"inLanguage":"fi","potentialAction":[{"@type":"ReadAction","target":["https:\/\/help.jamk.fi\/raportointiohje\/fi\/4-opinnaytetyon-rakenne\/4-2-opinnaytetyon-runko-osa\/4-2-5-tutkimuksen-toteuttamisen-ja-tulosten-raportointi\/"]}]},{"@type":"BreadcrumbList","@id":"https:\/\/help.jamk.fi\/raportointiohje\/fi\/4-opinnaytetyon-rakenne\/4-2-opinnaytetyon-runko-osa\/4-2-5-tutkimuksen-toteuttamisen-ja-tulosten-raportointi\/#breadcrumb","itemListElement":[{"@type":"ListItem","position":1,"name":"Etusivu","item":"https:\/\/help.jamk.fi\/raportointiohje\/fi\/"},{"@type":"ListItem","position":2,"name":"4 Opinn\u00e4ytety\u00f6n rakenne","item":"https:\/\/help.jamk.fi\/raportointiohje\/fi\/4-opinnaytetyon-rakenne\/"},{"@type":"ListItem","position":3,"name":"4.2 Opinn\u00e4ytety\u00f6n runko-osa","item":"https:\/\/help.jamk.fi\/raportointiohje\/fi\/4-opinnaytetyon-rakenne\/4-2-opinnaytetyon-runko-osa\/"},{"@type":"ListItem","position":4,"name":"4.2.4 Tutkimuksen toteuttamisen ja tulosten raportointi"}]},{"@type":"WebSite","@id":"https:\/\/help.jamk.fi\/raportointiohje\/#website","url":"https:\/\/help.jamk.fi\/raportointiohje\/","name":"Opinn\u00e4ytety\u00f6n raportointiohje","description":"","potentialAction":[{"@type":"SearchAction","target":{"@type":"EntryPoint","urlTemplate":"https:\/\/help.jamk.fi\/raportointiohje\/?s={search_term_string}"},"query-input":{"@type":"PropertyValueSpecification","valueRequired":true,"valueName":"search_term_string"}}],"inLanguage":"fi"}]}},"_links":{"self":[{"href":"https:\/\/help.jamk.fi\/raportointiohje\/wp-json\/wp\/v2\/pages\/171","targetHints":{"allow":["GET"]}}],"collection":[{"href":"https:\/\/help.jamk.fi\/raportointiohje\/wp-json\/wp\/v2\/pages"}],"about":[{"href":"https:\/\/help.jamk.fi\/raportointiohje\/wp-json\/wp\/v2\/types\/page"}],"author":[{"embeddable":true,"href":"https:\/\/help.jamk.fi\/raportointiohje\/wp-json\/wp\/v2\/users\/79"}],"replies":[{"embeddable":true,"href":"https:\/\/help.jamk.fi\/raportointiohje\/wp-json\/wp\/v2\/comments?post=171"}],"version-history":[{"count":6,"href":"https:\/\/help.jamk.fi\/raportointiohje\/wp-json\/wp\/v2\/pages\/171\/revisions"}],"predecessor-version":[{"id":817,"href":"https:\/\/help.jamk.fi\/raportointiohje\/wp-json\/wp\/v2\/pages\/171\/revisions\/817"}],"up":[{"embeddable":true,"href":"https:\/\/help.jamk.fi\/raportointiohje\/wp-json\/wp\/v2\/pages\/211"}],"wp:attachment":[{"href":"https:\/\/help.jamk.fi\/raportointiohje\/wp-json\/wp\/v2\/media?parent=171"}],"wp:term":[{"taxonomy":"category","embeddable":true,"href":"https:\/\/help.jamk.fi\/raportointiohje\/wp-json\/wp\/v2\/categories?post=171"},{"taxonomy":"post_tag","embeddable":true,"href":"https:\/\/help.jamk.fi\/raportointiohje\/wp-json\/wp\/v2\/tags?post=171"}],"curies":[{"name":"wp","href":"https:\/\/api.w.org\/{rel}","templated":true}]}}