{"id":250,"date":"2020-09-30T07:43:45","date_gmt":"2020-09-30T04:43:45","guid":{"rendered":"https:\/\/help.jamk.fi\/raportointiohje\/7-kirjallisen-tehtavan-ulkoasu\/7-2-ulkoasun-muotoiluasetukset\/"},"modified":"2025-05-27T15:00:47","modified_gmt":"2025-05-27T12:00:47","slug":"7-2-ulkoasun-muotoiluasetukset","status":"publish","type":"page","link":"https:\/\/help.jamk.fi\/raportointiohje\/fi\/7-kirjallisen-tehtavan-ulkoasu\/7-2-ulkoasun-muotoiluasetukset\/","title":{"rendered":"7.2 Ulkoasun muotoiluasetukset"},"content":{"rendered":"\n<h2 class=\"wp-block-heading\">Yleisasetukset<\/h2>\n\n\n\n<p>Koko asiakirjassa k\u00e4ytet\u00e4\u00e4n samaa kirjasinta<br>\u2022&nbsp;&nbsp;&nbsp;&nbsp;&nbsp;&nbsp;&nbsp; Kirjasin: Calibri<br>\u2022&nbsp;&nbsp;&nbsp;&nbsp;&nbsp;&nbsp;&nbsp; Kirjasinkoko: 12<br>\u2022&nbsp;&nbsp;&nbsp;&nbsp;&nbsp;&nbsp;&nbsp; Sivun koko: A4<br>\u2022&nbsp;&nbsp;&nbsp;&nbsp;&nbsp;&nbsp;&nbsp; Sivun kaikki reunukset: 2 cm<\/p>\n\n\n\n<h2 class=\"wp-block-heading\">Sis\u00e4llysluettelo<\/h2>\n\n\n\n<p>Sis\u00e4llysluettelo luodaan Wordissa valinnalla Sis\u00e4llysluettelo \/mukauta sis\u00e4llysluetteloa, josta hyv\u00e4ksyt\u00e4\u00e4n oletusasetukset. Ei k\u00e4ytet\u00e4 \u201dautomattinen sis\u00e4llysluettelo\u201d-muotoja.<br>\u2022&nbsp;&nbsp;&nbsp;&nbsp;&nbsp;&nbsp;&nbsp; Kirjasinkoko: 12<br>\u2022&nbsp;&nbsp;&nbsp;&nbsp;&nbsp;&nbsp;&nbsp; Riviv\u00e4li: 1,08<br>\u2022&nbsp;&nbsp;&nbsp;&nbsp;&nbsp;&nbsp;&nbsp; Kappalev\u00e4listys: 5 j\u00e4lkeen<br>\u2022&nbsp;&nbsp;&nbsp;&nbsp;&nbsp;&nbsp;&nbsp; 1 tason otsikot lihavoidaan<\/p>\n\n\n\n<p>Microsoftin ohje: <a href=\"https:\/\/support.microsoft.com\/fi-fi\/office\/sis%C3%A4llysluettelon-lis%C3%A4%C3%A4minen-882e8564-0edb-435e-84b5-1d8552ccf0c0\">Sis\u00e4llysluettelon lis\u00e4\u00e4minen<\/a>.<\/p>\n\n\n\n<h2 class=\"wp-block-heading\">Otsikot<\/h2>\n\n\n\n<p><strong>Otsikko 1<\/strong><br>o&nbsp;&nbsp;&nbsp;&nbsp;&nbsp;&nbsp;&nbsp; Automaattinen monitasoinen numerointi<br>o&nbsp;&nbsp;&nbsp;&nbsp;&nbsp;&nbsp;&nbsp; Kirjasin: Calibri<br>o&nbsp;&nbsp;&nbsp;&nbsp;&nbsp;&nbsp;&nbsp; Kirjasinkoko: 16<br>o&nbsp;&nbsp;&nbsp;&nbsp;&nbsp;&nbsp;&nbsp; Lihavoitu<br>o&nbsp;&nbsp;&nbsp;&nbsp;&nbsp;&nbsp;&nbsp; Riviv\u00e4li: 1<br>o&nbsp;&nbsp;&nbsp;&nbsp;&nbsp;&nbsp;&nbsp; V\u00e4listys ennen: 24<br>o&nbsp;&nbsp;&nbsp;&nbsp;&nbsp;&nbsp;&nbsp; V\u00e4listys j\u00e4lkeen: 18<br><strong>Otsikko 2<\/strong><br>o&nbsp;&nbsp;&nbsp;&nbsp;&nbsp;&nbsp;&nbsp; Automaattinen monitasoinen numerointi<br>o&nbsp;&nbsp;&nbsp;&nbsp;&nbsp;&nbsp;&nbsp; Kirjasin: Calibri<br>o&nbsp;&nbsp;&nbsp;&nbsp;&nbsp;&nbsp;&nbsp; Kirjasinkoko: 14<br>o&nbsp;&nbsp;&nbsp;&nbsp;&nbsp;&nbsp;&nbsp; Lihavoitu<br>o&nbsp;&nbsp;&nbsp;&nbsp;&nbsp;&nbsp;&nbsp; Riviv\u00e4li: 1<br>o&nbsp;&nbsp;&nbsp;&nbsp;&nbsp;&nbsp;&nbsp; V\u00e4listys ennen: 0<br>o&nbsp;&nbsp;&nbsp;&nbsp;&nbsp;&nbsp;&nbsp; V\u00e4listys j\u00e4lkeen: 18<br><strong>Otsikko 3<\/strong><br>o&nbsp;&nbsp;&nbsp;&nbsp;&nbsp;&nbsp;&nbsp; Automaattinen monitasoinen numerointi<br>o&nbsp;&nbsp;&nbsp;&nbsp;&nbsp;&nbsp;&nbsp; Kirjasin: Calibri<br>o&nbsp;&nbsp;&nbsp;&nbsp;&nbsp;&nbsp;&nbsp; Kirjasinkoko: 12<br>o&nbsp;&nbsp;&nbsp;&nbsp;&nbsp;&nbsp;&nbsp; Lihavoitu<br>o&nbsp;&nbsp;&nbsp;&nbsp;&nbsp;&nbsp;&nbsp; Riviv\u00e4li: 1<br>o&nbsp;&nbsp;&nbsp;&nbsp;&nbsp;&nbsp;&nbsp; V\u00e4listys ennen: 0<br>o&nbsp;&nbsp;&nbsp;&nbsp;&nbsp;&nbsp;&nbsp; V\u00e4listys j\u00e4lkeen: 18<br><strong>Kappaleotsikko<\/strong><br>o&nbsp; &nbsp; &nbsp; &nbsp; Tyyli: Kappaleotsikko<br>o&nbsp; &nbsp; &nbsp; &nbsp; Ei numerointia<br>o&nbsp;&nbsp;&nbsp;&nbsp;&nbsp;&nbsp;&nbsp; Kirjasin: Calibri<br>o&nbsp;&nbsp;&nbsp;&nbsp;&nbsp;&nbsp;&nbsp; Kirjasinkoko: 12<br>o&nbsp;&nbsp;&nbsp;&nbsp;&nbsp;&nbsp;&nbsp; Lihavoitu<br>o&nbsp;&nbsp;&nbsp;&nbsp;&nbsp;&nbsp;&nbsp; Riviv\u00e4li: 1<br>o&nbsp;&nbsp;&nbsp;&nbsp;&nbsp;&nbsp;&nbsp; V\u00e4listys ennen: 0<br>o&nbsp;&nbsp;&nbsp;&nbsp;&nbsp;&nbsp;&nbsp; V\u00e4listys j\u00e4lkeen: 18<\/p>\n\n\n\n<h2 class=\"wp-block-heading\">Teksti<\/h2>\n\n\n\n<p><strong>Leip\u00e4teksti<\/strong><br>o&nbsp;&nbsp;&nbsp;&nbsp;&nbsp;&nbsp;&nbsp; Tyyli: Normaali<br>o&nbsp;&nbsp;&nbsp;&nbsp;&nbsp;&nbsp;&nbsp; Kirjasinkoko: 12<br>o&nbsp;&nbsp;&nbsp;&nbsp;&nbsp;&nbsp;&nbsp; Kirjasin: Calibri<br>o&nbsp;&nbsp;&nbsp;&nbsp;&nbsp;&nbsp;&nbsp; Riviv\u00e4li: 1,5<br>o&nbsp;&nbsp;&nbsp;&nbsp;&nbsp;&nbsp;&nbsp; V\u00e4listys ennen: 0<br>o&nbsp;&nbsp;&nbsp;&nbsp;&nbsp;&nbsp;&nbsp; V\u00e4listys j\u00e4lkeen: 24<br>o&nbsp;&nbsp;&nbsp;&nbsp;&nbsp;&nbsp;&nbsp; Kappaleen vasemman reunan tasaus<br>o&nbsp;&nbsp;&nbsp;&nbsp;&nbsp;&nbsp;&nbsp; Automaattinen tavutus<br><strong>J\u00e4rjest\u00e4m\u00e4t\u00f6n luettelo<\/strong><br>o&nbsp;&nbsp;&nbsp;&nbsp;&nbsp;&nbsp;&nbsp; Tyyli: Merkitty luettelo 4<br>o&nbsp;&nbsp;&nbsp;&nbsp;&nbsp;&nbsp;&nbsp; Kirjasinkoko: 12<br>o&nbsp;&nbsp;&nbsp;&nbsp;&nbsp;&nbsp;&nbsp; Kirjasin: Calibri<br>o&nbsp;&nbsp;&nbsp;&nbsp;&nbsp;&nbsp;&nbsp; Riviv\u00e4li: 1<br>o&nbsp;&nbsp;&nbsp;&nbsp;&nbsp;&nbsp;&nbsp; V\u00e4listys ennen: 0<br>o&nbsp;&nbsp;&nbsp;&nbsp;&nbsp;&nbsp;&nbsp; V\u00e4listys j\u00e4lkeen: 24<br><strong>J\u00e4rjestetty luettelo<\/strong><br>o&nbsp;&nbsp;&nbsp;&nbsp;&nbsp;&nbsp;&nbsp; Tyyli: Numeroitu luettelo 4<br>o&nbsp;&nbsp;&nbsp;&nbsp;&nbsp;&nbsp;&nbsp; Kirjasinkoko: 12<br>o&nbsp;&nbsp;&nbsp;&nbsp;&nbsp;&nbsp;&nbsp; Kirjasin: Calibri<br>o&nbsp;&nbsp;&nbsp;&nbsp;&nbsp;&nbsp;&nbsp; Riviv\u00e4li: 1<br>o&nbsp;&nbsp;&nbsp;&nbsp;&nbsp;&nbsp;&nbsp; V\u00e4listys ennen: 0<br>o&nbsp;&nbsp;&nbsp;&nbsp;&nbsp;&nbsp;&nbsp; V\u00e4listys j\u00e4lkeen: 24<\/p>\n\n\n\n<h2 class=\"wp-block-heading\">Kuvioiden ja taulukoiden otsikot (selitteet)<\/h2>\n\n\n\n<p>o&nbsp;&nbsp;&nbsp;&nbsp;&nbsp;&nbsp;&nbsp; Tyyli: Kuvanotsikko<br>o&nbsp;&nbsp;&nbsp;&nbsp;&nbsp;&nbsp;&nbsp; Kirjasinkoko: 12<br>o&nbsp;&nbsp;&nbsp;&nbsp;&nbsp;&nbsp;&nbsp; Kirjasin: Calibri<br>o&nbsp;&nbsp;&nbsp;&nbsp;&nbsp;&nbsp;&nbsp; Riviv\u00e4li: 1,5<br>o&nbsp;&nbsp;&nbsp;&nbsp;&nbsp;&nbsp;&nbsp; V\u00e4listys ennen: 0<br>o&nbsp;&nbsp;&nbsp;&nbsp;&nbsp;&nbsp;&nbsp; V\u00e4listys j\u00e4lkeen: 24<\/p>\n\n\n\n<h2 class=\"wp-block-heading\">L\u00e4hdeluettelo<\/h2>\n\n\n\n<p><strong>L\u00e4hteet-otsikko<\/strong><br>o&nbsp;&nbsp;&nbsp;&nbsp;&nbsp;&nbsp;&nbsp; Ei numerointia<br>o&nbsp;&nbsp;&nbsp;&nbsp;&nbsp;&nbsp;&nbsp; Tyylin j\u00e4sennystaso: 1<br>o&nbsp;&nbsp;&nbsp;&nbsp;&nbsp;&nbsp;&nbsp; Kirjasin: Calibri<br>o&nbsp;&nbsp;&nbsp;&nbsp;&nbsp;&nbsp;&nbsp; Kirjasinkoko: 16<br>o&nbsp;&nbsp;&nbsp;&nbsp;&nbsp;&nbsp;&nbsp; Lihavoitu<br>o&nbsp;&nbsp;&nbsp;&nbsp;&nbsp;&nbsp;&nbsp; Riviv\u00e4li: 1<br>o&nbsp;&nbsp;&nbsp;&nbsp;&nbsp;&nbsp;&nbsp; V\u00e4listys ennen: 24<br>o&nbsp;&nbsp;&nbsp;&nbsp;&nbsp;&nbsp;&nbsp; V\u00e4listys j\u00e4lkeen: 18<br><strong>L\u00e4hdeluettelo<\/strong><br>o&nbsp;&nbsp;&nbsp;&nbsp;&nbsp;&nbsp;&nbsp; Tyyli: L\u00e4hdeluettelo<br>o&nbsp;&nbsp;&nbsp;&nbsp;&nbsp;&nbsp;&nbsp; Kirjasinkoko: 12<br>o&nbsp;&nbsp;&nbsp;&nbsp;&nbsp;&nbsp;&nbsp; Kirjasin: Calibri<br>o&nbsp;&nbsp;&nbsp;&nbsp;&nbsp;&nbsp;&nbsp; Riviv\u00e4li: 1<br>o&nbsp;&nbsp;&nbsp;&nbsp;&nbsp;&nbsp;&nbsp; V\u00e4listys ennen: 0<br>o&nbsp;&nbsp;&nbsp;&nbsp;&nbsp;&nbsp;&nbsp; V\u00e4listys j\u00e4lkeen: 16<br>o&nbsp;&nbsp;&nbsp;&nbsp;&nbsp;&nbsp;&nbsp; Kappaleen vasemman reunan tasaus<br>o&nbsp;&nbsp;&nbsp;&nbsp;&nbsp;&nbsp;&nbsp; Automaattinen tavutus<\/p>\n\n\n\n<h2 class=\"wp-block-heading\">Liitteet<\/h2>\n\n\n\n<p><strong>Liite-otsikko<\/strong><br>o&nbsp;&nbsp;&nbsp;&nbsp;&nbsp;&nbsp;&nbsp; Ei numerointia (muutoin muotoilultaan yhtenev\u00e4 otsikko 1:n kanssa)<br>o&nbsp;&nbsp;&nbsp;&nbsp;&nbsp;&nbsp;&nbsp; Tyylin j\u00e4sennystaso: 1<br>o&nbsp;&nbsp;&nbsp;&nbsp;&nbsp;&nbsp;&nbsp; Kirjasin: Calibri<br>o&nbsp;&nbsp;&nbsp;&nbsp;&nbsp;&nbsp;&nbsp; Kirjasinkoko: 16<br>o&nbsp;&nbsp;&nbsp;&nbsp;&nbsp;&nbsp;&nbsp; Lihavoitu<br>o&nbsp;&nbsp;&nbsp;&nbsp;&nbsp;&nbsp;&nbsp; Riviv\u00e4li: 1<br>o&nbsp;&nbsp;&nbsp;&nbsp;&nbsp;&nbsp;&nbsp; V\u00e4listys ennen: 0<br>o&nbsp;&nbsp;&nbsp;&nbsp;&nbsp;&nbsp;&nbsp; V\u00e4listys j\u00e4lkeen: 18<br><strong>Otsikko 2<\/strong><br>o&nbsp;&nbsp;&nbsp;&nbsp;&nbsp;&nbsp;&nbsp; Numeroidaan Liite 1, Liite 2, Liite 3\u2026 (muutoin muotoilultaan yhtenev\u00e4 otsikko 2:n kanssa)<br>o&nbsp;&nbsp;&nbsp;&nbsp;&nbsp;&nbsp;&nbsp; Tyylin j\u00e4sennystaso: 2<br>o&nbsp;&nbsp;&nbsp;&nbsp;&nbsp;&nbsp;&nbsp; Kirjasin: Calibri<br>o&nbsp;&nbsp;&nbsp;&nbsp;&nbsp;&nbsp;&nbsp; Kirjasinkoko: 14<br>o&nbsp;&nbsp;&nbsp;&nbsp;&nbsp;&nbsp;&nbsp; Lihavoitu<br>o&nbsp;&nbsp;&nbsp;&nbsp;&nbsp;&nbsp;&nbsp; Riviv\u00e4li: 1<br>o&nbsp;&nbsp;&nbsp;&nbsp;&nbsp;&nbsp;&nbsp; V\u00e4listys ennen: 0<br>o&nbsp;&nbsp;&nbsp;&nbsp;&nbsp;&nbsp;&nbsp; V\u00e4listys j\u00e4lkeen: 18<\/p>\n","protected":false},"excerpt":{"rendered":"<p>Yleisasetukset Koko asiakirjassa k\u00e4ytet\u00e4\u00e4n samaa kirjasinta\u2022&nbsp;&nbsp;&nbsp;&nbsp;&nbsp;&nbsp;&nbsp; Kirjasin: Calibri\u2022&nbsp;&nbsp;&nbsp;&nbsp;&nbsp;&nbsp;&nbsp; Kirjasinkoko: 12\u2022&nbsp;&nbsp;&nbsp;&nbsp;&nbsp;&nbsp;&nbsp; Sivun koko: A4\u2022&nbsp;&nbsp;&nbsp;&nbsp;&nbsp;&nbsp;&nbsp; Sivun kaikki reunukset: 2 cm Sis\u00e4llysluettelo Sis\u00e4llysluettelo luodaan Wordissa valinnalla Sis\u00e4llysluettelo \/mukauta sis\u00e4llysluetteloa, josta hyv\u00e4ksyt\u00e4\u00e4n oletusasetukset. Ei k\u00e4ytet\u00e4 \u201dautomattinen sis\u00e4llysluettelo\u201d-muotoja.\u2022&nbsp;&nbsp;&nbsp;&nbsp;&nbsp;&nbsp;&nbsp; Kirjasinkoko: 12\u2022&nbsp;&nbsp;&nbsp;&nbsp;&nbsp;&nbsp;&nbsp; Riviv\u00e4li: 1,08\u2022&nbsp;&nbsp;&nbsp;&nbsp;&nbsp;&nbsp;&nbsp; Kappalev\u00e4listys: 5 j\u00e4lkeen\u2022&nbsp;&nbsp;&nbsp;&nbsp;&nbsp;&nbsp;&nbsp; 1 tason otsikot lihavoidaan Microsoftin ohje: Sis\u00e4llysluettelon lis\u00e4\u00e4minen. Otsikot Otsikko 1o&nbsp;&nbsp;&nbsp;&nbsp;&nbsp;&nbsp;&nbsp; Automaattinen monitasoinen numerointio&nbsp;&nbsp;&nbsp;&nbsp;&nbsp;&nbsp;&nbsp; Kirjasin: [&hellip;]<\/p>\n","protected":false},"author":79,"featured_media":0,"parent":107,"menu_order":2,"comment_status":"closed","ping_status":"closed","template":"","meta":{"_acf_changed":false,"_relevanssi_hide_post":"","_relevanssi_hide_content":"","_relevanssi_pin_for_all":"","_relevanssi_pin_keywords":"","_relevanssi_unpin_keywords":"","_relevanssi_related_keywords":"","_relevanssi_related_include_ids":"","_relevanssi_related_exclude_ids":"","_relevanssi_related_no_append":"","_relevanssi_related_not_related":"","_relevanssi_related_posts":"","_relevanssi_noindex_reason":"","footnotes":""},"categories":[],"tags":[],"class_list":["post-250","page","type-page","status-publish","hentry"],"acf":[],"yoast_head":"<!-- This site is optimized with the Yoast SEO plugin v27.3 - https:\/\/yoast.com\/product\/yoast-seo-wordpress\/ -->\n<title>7.2 Ulkoasun muotoiluasetukset - Opinn\u00e4ytety\u00f6n raportointiohje<\/title>\n<meta name=\"robots\" content=\"index, follow, max-snippet:-1, max-image-preview:large, max-video-preview:-1\" \/>\n<link rel=\"canonical\" href=\"https:\/\/help.jamk.fi\/raportointiohje\/fi\/7-kirjallisen-tehtavan-ulkoasu\/7-2-ulkoasun-muotoiluasetukset\/\" \/>\n<meta property=\"og:locale\" content=\"fi_FI\" \/>\n<meta property=\"og:type\" content=\"article\" \/>\n<meta property=\"og:title\" content=\"7.2 Ulkoasun muotoiluasetukset - Opinn\u00e4ytety\u00f6n raportointiohje\" \/>\n<meta property=\"og:description\" content=\"Yleisasetukset Koko asiakirjassa k\u00e4ytet\u00e4\u00e4n samaa kirjasinta\u2022&nbsp;&nbsp;&nbsp;&nbsp;&nbsp;&nbsp;&nbsp; Kirjasin: Calibri\u2022&nbsp;&nbsp;&nbsp;&nbsp;&nbsp;&nbsp;&nbsp; Kirjasinkoko: 12\u2022&nbsp;&nbsp;&nbsp;&nbsp;&nbsp;&nbsp;&nbsp; Sivun koko: A4\u2022&nbsp;&nbsp;&nbsp;&nbsp;&nbsp;&nbsp;&nbsp; Sivun kaikki reunukset: 2 cm Sis\u00e4llysluettelo Sis\u00e4llysluettelo luodaan Wordissa valinnalla Sis\u00e4llysluettelo \/mukauta sis\u00e4llysluetteloa, josta hyv\u00e4ksyt\u00e4\u00e4n oletusasetukset. Ei k\u00e4ytet\u00e4 \u201dautomattinen sis\u00e4llysluettelo\u201d-muotoja.\u2022&nbsp;&nbsp;&nbsp;&nbsp;&nbsp;&nbsp;&nbsp; Kirjasinkoko: 12\u2022&nbsp;&nbsp;&nbsp;&nbsp;&nbsp;&nbsp;&nbsp; Riviv\u00e4li: 1,08\u2022&nbsp;&nbsp;&nbsp;&nbsp;&nbsp;&nbsp;&nbsp; Kappalev\u00e4listys: 5 j\u00e4lkeen\u2022&nbsp;&nbsp;&nbsp;&nbsp;&nbsp;&nbsp;&nbsp; 1 tason otsikot lihavoidaan Microsoftin ohje: Sis\u00e4llysluettelon lis\u00e4\u00e4minen. Otsikot Otsikko 1o&nbsp;&nbsp;&nbsp;&nbsp;&nbsp;&nbsp;&nbsp; Automaattinen monitasoinen numerointio&nbsp;&nbsp;&nbsp;&nbsp;&nbsp;&nbsp;&nbsp; Kirjasin: [&hellip;]\" \/>\n<meta property=\"og:url\" content=\"https:\/\/help.jamk.fi\/raportointiohje\/fi\/7-kirjallisen-tehtavan-ulkoasu\/7-2-ulkoasun-muotoiluasetukset\/\" \/>\n<meta property=\"og:site_name\" content=\"Opinn\u00e4ytety\u00f6n raportointiohje\" \/>\n<meta property=\"article:modified_time\" content=\"2025-05-27T12:00:47+00:00\" \/>\n<meta name=\"twitter:card\" content=\"summary_large_image\" \/>\n<meta name=\"twitter:label1\" content=\"Arvioitu lukuaika\" \/>\n\t<meta name=\"twitter:data1\" content=\"3 minuuttia\" \/>\n<script type=\"application\/ld+json\" class=\"yoast-schema-graph\">{\"@context\":\"https:\\\/\\\/schema.org\",\"@graph\":[{\"@type\":\"WebPage\",\"@id\":\"https:\\\/\\\/help.jamk.fi\\\/raportointiohje\\\/fi\\\/7-kirjallisen-tehtavan-ulkoasu\\\/7-2-ulkoasun-muotoiluasetukset\\\/\",\"url\":\"https:\\\/\\\/help.jamk.fi\\\/raportointiohje\\\/fi\\\/7-kirjallisen-tehtavan-ulkoasu\\\/7-2-ulkoasun-muotoiluasetukset\\\/\",\"name\":\"7.2 Ulkoasun muotoiluasetukset - Opinn\u00e4ytety\u00f6n raportointiohje\",\"isPartOf\":{\"@id\":\"https:\\\/\\\/help.jamk.fi\\\/raportointiohje\\\/#website\"},\"datePublished\":\"2020-09-30T04:43:45+00:00\",\"dateModified\":\"2025-05-27T12:00:47+00:00\",\"breadcrumb\":{\"@id\":\"https:\\\/\\\/help.jamk.fi\\\/raportointiohje\\\/fi\\\/7-kirjallisen-tehtavan-ulkoasu\\\/7-2-ulkoasun-muotoiluasetukset\\\/#breadcrumb\"},\"inLanguage\":\"fi\",\"potentialAction\":[{\"@type\":\"ReadAction\",\"target\":[\"https:\\\/\\\/help.jamk.fi\\\/raportointiohje\\\/fi\\\/7-kirjallisen-tehtavan-ulkoasu\\\/7-2-ulkoasun-muotoiluasetukset\\\/\"]}]},{\"@type\":\"BreadcrumbList\",\"@id\":\"https:\\\/\\\/help.jamk.fi\\\/raportointiohje\\\/fi\\\/7-kirjallisen-tehtavan-ulkoasu\\\/7-2-ulkoasun-muotoiluasetukset\\\/#breadcrumb\",\"itemListElement\":[{\"@type\":\"ListItem\",\"position\":1,\"name\":\"Etusivu\",\"item\":\"https:\\\/\\\/help.jamk.fi\\\/raportointiohje\\\/fi\\\/\"},{\"@type\":\"ListItem\",\"position\":2,\"name\":\"7 Kirjallisen teht\u00e4v\u00e4n ulkoasu\",\"item\":\"https:\\\/\\\/help.jamk.fi\\\/raportointiohje\\\/fi\\\/7-kirjallisen-tehtavan-ulkoasu\\\/\"},{\"@type\":\"ListItem\",\"position\":3,\"name\":\"7.2 Ulkoasun muotoiluasetukset\"}]},{\"@type\":\"WebSite\",\"@id\":\"https:\\\/\\\/help.jamk.fi\\\/raportointiohje\\\/#website\",\"url\":\"https:\\\/\\\/help.jamk.fi\\\/raportointiohje\\\/\",\"name\":\"Opinn\u00e4ytety\u00f6n raportointiohje\",\"description\":\"\",\"potentialAction\":[{\"@type\":\"SearchAction\",\"target\":{\"@type\":\"EntryPoint\",\"urlTemplate\":\"https:\\\/\\\/help.jamk.fi\\\/raportointiohje\\\/?s={search_term_string}\"},\"query-input\":{\"@type\":\"PropertyValueSpecification\",\"valueRequired\":true,\"valueName\":\"search_term_string\"}}],\"inLanguage\":\"fi\"}]}<\/script>\n<!-- \/ Yoast SEO plugin. -->","yoast_head_json":{"title":"7.2 Ulkoasun muotoiluasetukset - Opinn\u00e4ytety\u00f6n raportointiohje","robots":{"index":"index","follow":"follow","max-snippet":"max-snippet:-1","max-image-preview":"max-image-preview:large","max-video-preview":"max-video-preview:-1"},"canonical":"https:\/\/help.jamk.fi\/raportointiohje\/fi\/7-kirjallisen-tehtavan-ulkoasu\/7-2-ulkoasun-muotoiluasetukset\/","og_locale":"fi_FI","og_type":"article","og_title":"7.2 Ulkoasun muotoiluasetukset - Opinn\u00e4ytety\u00f6n raportointiohje","og_description":"Yleisasetukset Koko asiakirjassa k\u00e4ytet\u00e4\u00e4n samaa kirjasinta\u2022&nbsp;&nbsp;&nbsp;&nbsp;&nbsp;&nbsp;&nbsp; Kirjasin: Calibri\u2022&nbsp;&nbsp;&nbsp;&nbsp;&nbsp;&nbsp;&nbsp; Kirjasinkoko: 12\u2022&nbsp;&nbsp;&nbsp;&nbsp;&nbsp;&nbsp;&nbsp; Sivun koko: A4\u2022&nbsp;&nbsp;&nbsp;&nbsp;&nbsp;&nbsp;&nbsp; Sivun kaikki reunukset: 2 cm Sis\u00e4llysluettelo Sis\u00e4llysluettelo luodaan Wordissa valinnalla Sis\u00e4llysluettelo \/mukauta sis\u00e4llysluetteloa, josta hyv\u00e4ksyt\u00e4\u00e4n oletusasetukset. Ei k\u00e4ytet\u00e4 \u201dautomattinen sis\u00e4llysluettelo\u201d-muotoja.\u2022&nbsp;&nbsp;&nbsp;&nbsp;&nbsp;&nbsp;&nbsp; Kirjasinkoko: 12\u2022&nbsp;&nbsp;&nbsp;&nbsp;&nbsp;&nbsp;&nbsp; Riviv\u00e4li: 1,08\u2022&nbsp;&nbsp;&nbsp;&nbsp;&nbsp;&nbsp;&nbsp; Kappalev\u00e4listys: 5 j\u00e4lkeen\u2022&nbsp;&nbsp;&nbsp;&nbsp;&nbsp;&nbsp;&nbsp; 1 tason otsikot lihavoidaan Microsoftin ohje: Sis\u00e4llysluettelon lis\u00e4\u00e4minen. Otsikot Otsikko 1o&nbsp;&nbsp;&nbsp;&nbsp;&nbsp;&nbsp;&nbsp; Automaattinen monitasoinen numerointio&nbsp;&nbsp;&nbsp;&nbsp;&nbsp;&nbsp;&nbsp; Kirjasin: [&hellip;]","og_url":"https:\/\/help.jamk.fi\/raportointiohje\/fi\/7-kirjallisen-tehtavan-ulkoasu\/7-2-ulkoasun-muotoiluasetukset\/","og_site_name":"Opinn\u00e4ytety\u00f6n raportointiohje","article_modified_time":"2025-05-27T12:00:47+00:00","twitter_card":"summary_large_image","twitter_misc":{"Arvioitu lukuaika":"3 minuuttia"},"schema":{"@context":"https:\/\/schema.org","@graph":[{"@type":"WebPage","@id":"https:\/\/help.jamk.fi\/raportointiohje\/fi\/7-kirjallisen-tehtavan-ulkoasu\/7-2-ulkoasun-muotoiluasetukset\/","url":"https:\/\/help.jamk.fi\/raportointiohje\/fi\/7-kirjallisen-tehtavan-ulkoasu\/7-2-ulkoasun-muotoiluasetukset\/","name":"7.2 Ulkoasun muotoiluasetukset - Opinn\u00e4ytety\u00f6n raportointiohje","isPartOf":{"@id":"https:\/\/help.jamk.fi\/raportointiohje\/#website"},"datePublished":"2020-09-30T04:43:45+00:00","dateModified":"2025-05-27T12:00:47+00:00","breadcrumb":{"@id":"https:\/\/help.jamk.fi\/raportointiohje\/fi\/7-kirjallisen-tehtavan-ulkoasu\/7-2-ulkoasun-muotoiluasetukset\/#breadcrumb"},"inLanguage":"fi","potentialAction":[{"@type":"ReadAction","target":["https:\/\/help.jamk.fi\/raportointiohje\/fi\/7-kirjallisen-tehtavan-ulkoasu\/7-2-ulkoasun-muotoiluasetukset\/"]}]},{"@type":"BreadcrumbList","@id":"https:\/\/help.jamk.fi\/raportointiohje\/fi\/7-kirjallisen-tehtavan-ulkoasu\/7-2-ulkoasun-muotoiluasetukset\/#breadcrumb","itemListElement":[{"@type":"ListItem","position":1,"name":"Etusivu","item":"https:\/\/help.jamk.fi\/raportointiohje\/fi\/"},{"@type":"ListItem","position":2,"name":"7 Kirjallisen teht\u00e4v\u00e4n ulkoasu","item":"https:\/\/help.jamk.fi\/raportointiohje\/fi\/7-kirjallisen-tehtavan-ulkoasu\/"},{"@type":"ListItem","position":3,"name":"7.2 Ulkoasun muotoiluasetukset"}]},{"@type":"WebSite","@id":"https:\/\/help.jamk.fi\/raportointiohje\/#website","url":"https:\/\/help.jamk.fi\/raportointiohje\/","name":"Opinn\u00e4ytety\u00f6n raportointiohje","description":"","potentialAction":[{"@type":"SearchAction","target":{"@type":"EntryPoint","urlTemplate":"https:\/\/help.jamk.fi\/raportointiohje\/?s={search_term_string}"},"query-input":{"@type":"PropertyValueSpecification","valueRequired":true,"valueName":"search_term_string"}}],"inLanguage":"fi"}]}},"_links":{"self":[{"href":"https:\/\/help.jamk.fi\/raportointiohje\/wp-json\/wp\/v2\/pages\/250","targetHints":{"allow":["GET"]}}],"collection":[{"href":"https:\/\/help.jamk.fi\/raportointiohje\/wp-json\/wp\/v2\/pages"}],"about":[{"href":"https:\/\/help.jamk.fi\/raportointiohje\/wp-json\/wp\/v2\/types\/page"}],"author":[{"embeddable":true,"href":"https:\/\/help.jamk.fi\/raportointiohje\/wp-json\/wp\/v2\/users\/79"}],"replies":[{"embeddable":true,"href":"https:\/\/help.jamk.fi\/raportointiohje\/wp-json\/wp\/v2\/comments?post=250"}],"version-history":[{"count":3,"href":"https:\/\/help.jamk.fi\/raportointiohje\/wp-json\/wp\/v2\/pages\/250\/revisions"}],"predecessor-version":[{"id":1298,"href":"https:\/\/help.jamk.fi\/raportointiohje\/wp-json\/wp\/v2\/pages\/250\/revisions\/1298"}],"up":[{"embeddable":true,"href":"https:\/\/help.jamk.fi\/raportointiohje\/wp-json\/wp\/v2\/pages\/107"}],"wp:attachment":[{"href":"https:\/\/help.jamk.fi\/raportointiohje\/wp-json\/wp\/v2\/media?parent=250"}],"wp:term":[{"taxonomy":"category","embeddable":true,"href":"https:\/\/help.jamk.fi\/raportointiohje\/wp-json\/wp\/v2\/categories?post=250"},{"taxonomy":"post_tag","embeddable":true,"href":"https:\/\/help.jamk.fi\/raportointiohje\/wp-json\/wp\/v2\/tags?post=250"}],"curies":[{"name":"wp","href":"https:\/\/api.w.org\/{rel}","templated":true}]}}