{"id":62,"date":"2012-08-15T07:45:51","date_gmt":"2012-08-15T04:45:51","guid":{"rendered":"https:\/\/help.jamk.fi\/raportointiohje\/5-lahteiden-kaytto\/"},"modified":"2025-11-27T08:46:06","modified_gmt":"2025-11-27T06:46:06","slug":"5b-lahteiden-kaytto-2","status":"publish","type":"page","link":"https:\/\/help.jamk.fi\/raportointiohje\/fi\/5b-lahteiden-kaytto-2\/","title":{"rendered":"5b L\u00e4hteiden k\u00e4ytt\u00f6 (ennen syksy\u00e4 2024 opintonsa aloittaneet)"},"content":{"rendered":"<div class=\"wp-block-image\">\n<figure class=\"alignright\"><img decoding=\"async\" src=\"https:\/\/help.jamk.fi\/raportointiohje\/wp-content\/uploads\/sites\/73\/2023\/07\/kirjoja-hyllyssa_kulma.jpg\" alt=\"\" class=\"wp-image-359\"\/><\/figure>\n<\/div>\n\n\n<p>K\u00e4ytetyt l\u00e4hteet ilmoitetaan asian yhteydess\u00e4 <strong>tekstiviittein\u00e4<\/strong>. Tekstiviite on tekstiss\u00e4 oleva lyhyt viittaus l\u00e4hdeluettelossa mainittuun t\u00e4ydellisemp\u00e4\u00e4n viitteeseen. Tekstiviitteiden tarkoituksena on ilmoittaa lukijalle, <strong>kenen<\/strong> tekstiin tai ajatuksiin viitataan.<\/p>\n\n\n\n<p>Opinn\u00e4ytety\u00f6n tekij\u00e4n on oltava varovainen, jottei anna itsest\u00e4\u00e4n kuvaa ep\u00e4tarkkana kirjoittajana. T\u00e4llainen mielikuva syntyy, jos jatkuvasti viittaa samanaikaisesti moneen eri l\u00e4hteeseen. Mahdollisimman t\u00e4sm\u00e4llinen viittausk\u00e4yt\u00e4nt\u00f6 on tyylik\u00e4st\u00e4 ja osoittaa asian hallintaa. On siis parempi viitata yhteen ajatukseen ja ilmaista v\u00e4litt\u00f6m\u00e4sti l\u00e4hde, jossa ajatus esitettiin, kuin niputtaa tekstikappaleen per\u00e4\u00e4n useampia eri l\u00e4hteit\u00e4.<\/p>\n\n\n\n<p>Seuraavilla sivuilla k\u00e4sitell\u00e4\u00e4n <strong><a href=\"https:\/\/help.jamk.fi\/raportointiohje\/fi\/5b-lahteiden-kaytto-2\/5-1-b-lahteiden-kayton-periaatteet\/\">l\u00e4hteiden merkinn\u00e4n periaatteita<\/a><\/strong>, <strong><a href=\"https:\/\/help.jamk.fi\/raportointiohje\/fi\/5b-lahteiden-kaytto-2\/5-2-b-tekstiviitteiden-merkinta\/\">tekstiviitteiden laatimista<\/a><\/strong> sek\u00e4 <strong><a href=\"https:\/\/help.jamk.fi\/raportointiohje\/fi\/5b-lahteiden-kaytto-2\/5-3-b-lahdeluettelon-laatiminen\/\">l\u00e4hdeluettelon laatimisen k\u00e4yt\u00e4nt\u00f6j\u00e4<\/a><\/strong>. Lis\u00e4ksi annetaan <strong><a href=\"https:\/\/help.jamk.fi\/raportointiohje\/fi\/5b-lahteiden-kaytto-2\/5-4-b-esimerkkeja-erilaisten-lahteiden-merkinnasta\/\">esimerkkej\u00e4 erilaisten l\u00e4hdetyyppien merkinn\u00f6ist\u00e4<\/a><\/strong>.<\/p>\n\n\n\n<p>Lis\u00e4\u00e4 esimerkkej\u00e4 on <a href=\"https:\/\/help.jamk.fi\/tekstitaidot\/fi\/3-lahteiden-referointi\/\">Tekstitaidot haltuun -sivuston luvussa 3 L\u00e4hteiden referointi<\/a>. Huom. klikkaa auki L\u00e4hdemerkint\u00e4tekniikat-otsikon alta kohta 3b L\u00e4hteiden referointi (ennen syksy\u00e4 2024 opintonsa aloittaneet). Tekstitaidot haltuun -sivulla on my\u00f6s videoita. <\/p>\n","protected":false},"excerpt":{"rendered":"<p>K\u00e4ytetyt l\u00e4hteet ilmoitetaan asian yhteydess\u00e4 tekstiviittein\u00e4. Tekstiviite on tekstiss\u00e4 oleva lyhyt viittaus l\u00e4hdeluettelossa mainittuun t\u00e4ydellisemp\u00e4\u00e4n viitteeseen. Tekstiviitteiden tarkoituksena on ilmoittaa lukijalle, kenen tekstiin tai ajatuksiin viitataan. Opinn\u00e4ytety\u00f6n tekij\u00e4n on oltava varovainen, jottei anna itsest\u00e4\u00e4n kuvaa ep\u00e4tarkkana kirjoittajana. T\u00e4llainen mielikuva syntyy, jos jatkuvasti viittaa samanaikaisesti moneen eri l\u00e4hteeseen. Mahdollisimman t\u00e4sm\u00e4llinen viittausk\u00e4yt\u00e4nt\u00f6 on tyylik\u00e4st\u00e4 ja osoittaa asian [&hellip;]<\/p>\n","protected":false},"author":79,"featured_media":0,"parent":0,"menu_order":5,"comment_status":"open","ping_status":"open","template":"","meta":{"_acf_changed":false,"_relevanssi_hide_post":"","_relevanssi_hide_content":"","_relevanssi_pin_for_all":"","_relevanssi_pin_keywords":"l\u00e4hde, l\u00e4hteet, viite, viittaus, tekstiviite, l\u00e4hteiden","_relevanssi_unpin_keywords":"","_relevanssi_related_keywords":"","_relevanssi_related_include_ids":"","_relevanssi_related_exclude_ids":"","_relevanssi_related_no_append":"","_relevanssi_related_not_related":"","_relevanssi_related_posts":"","_relevanssi_noindex_reason":"","footnotes":""},"categories":[],"tags":[257,263,269,275,281,287],"class_list":["post-62","page","type-page","status-publish","hentry","tag-lahdeluettelo","tag-lahdeviite","tag-lahteiden-kaytto","tag-referointi","tag-suora-lainaus","tag-viitejarjestelma"],"acf":[],"yoast_head":"<!-- This site is optimized with the Yoast SEO plugin v27.4 - https:\/\/yoast.com\/product\/yoast-seo-wordpress\/ -->\n<title>5b L\u00e4hteiden k\u00e4ytt\u00f6 (ennen syksy\u00e4 2024 opintonsa aloittaneet) - Opinn\u00e4ytety\u00f6n raportointiohje<\/title>\n<meta name=\"robots\" content=\"index, follow, max-snippet:-1, max-image-preview:large, max-video-preview:-1\" \/>\n<link rel=\"canonical\" href=\"https:\/\/help.jamk.fi\/raportointiohje\/fi\/5b-lahteiden-kaytto-2\/\" \/>\n<meta property=\"og:locale\" content=\"fi_FI\" \/>\n<meta property=\"og:type\" content=\"article\" \/>\n<meta property=\"og:title\" content=\"5b L\u00e4hteiden k\u00e4ytt\u00f6 (ennen syksy\u00e4 2024 opintonsa aloittaneet) - Opinn\u00e4ytety\u00f6n raportointiohje\" \/>\n<meta property=\"og:description\" content=\"K\u00e4ytetyt l\u00e4hteet ilmoitetaan asian yhteydess\u00e4 tekstiviittein\u00e4. Tekstiviite on tekstiss\u00e4 oleva lyhyt viittaus l\u00e4hdeluettelossa mainittuun t\u00e4ydellisemp\u00e4\u00e4n viitteeseen. Tekstiviitteiden tarkoituksena on ilmoittaa lukijalle, kenen tekstiin tai ajatuksiin viitataan. Opinn\u00e4ytety\u00f6n tekij\u00e4n on oltava varovainen, jottei anna itsest\u00e4\u00e4n kuvaa ep\u00e4tarkkana kirjoittajana. T\u00e4llainen mielikuva syntyy, jos jatkuvasti viittaa samanaikaisesti moneen eri l\u00e4hteeseen. Mahdollisimman t\u00e4sm\u00e4llinen viittausk\u00e4yt\u00e4nt\u00f6 on tyylik\u00e4st\u00e4 ja osoittaa asian [&hellip;]\" \/>\n<meta property=\"og:url\" content=\"https:\/\/help.jamk.fi\/raportointiohje\/fi\/5b-lahteiden-kaytto-2\/\" \/>\n<meta property=\"og:site_name\" content=\"Opinn\u00e4ytety\u00f6n raportointiohje\" \/>\n<meta property=\"article:modified_time\" content=\"2025-11-27T06:46:06+00:00\" \/>\n<meta property=\"og:image\" content=\"https:\/\/help.jamk.fi\/raportointiohje\/wp-content\/uploads\/sites\/73\/2023\/07\/iloinen-lukija2.jpg\" \/>\n\t<meta property=\"og:image:width\" content=\"1181\" \/>\n\t<meta property=\"og:image:height\" content=\"787\" \/>\n\t<meta property=\"og:image:type\" content=\"image\/jpeg\" \/>\n<meta name=\"twitter:card\" content=\"summary_large_image\" \/>\n<meta name=\"twitter:label1\" content=\"Arvioitu lukuaika\" \/>\n\t<meta name=\"twitter:data1\" content=\"1 minuutti\" \/>\n<script type=\"application\/ld+json\" class=\"yoast-schema-graph\">{\"@context\":\"https:\\\/\\\/schema.org\",\"@graph\":[{\"@type\":\"WebPage\",\"@id\":\"https:\\\/\\\/help.jamk.fi\\\/raportointiohje\\\/fi\\\/5b-lahteiden-kaytto-2\\\/\",\"url\":\"https:\\\/\\\/help.jamk.fi\\\/raportointiohje\\\/fi\\\/5b-lahteiden-kaytto-2\\\/\",\"name\":\"5b L\u00e4hteiden k\u00e4ytt\u00f6 (ennen syksy\u00e4 2024 opintonsa aloittaneet) - Opinn\u00e4ytety\u00f6n raportointiohje\",\"isPartOf\":{\"@id\":\"https:\\\/\\\/help.jamk.fi\\\/raportointiohje\\\/#website\"},\"primaryImageOfPage\":{\"@id\":\"https:\\\/\\\/help.jamk.fi\\\/raportointiohje\\\/fi\\\/5b-lahteiden-kaytto-2\\\/#primaryimage\"},\"image\":{\"@id\":\"https:\\\/\\\/help.jamk.fi\\\/raportointiohje\\\/fi\\\/5b-lahteiden-kaytto-2\\\/#primaryimage\"},\"thumbnailUrl\":\"https:\\\/\\\/help.jamk.fi\\\/raportointiohje\\\/wp-content\\\/uploads\\\/sites\\\/73\\\/2023\\\/07\\\/kirjoja-hyllyssa_kulma.jpg\",\"datePublished\":\"2012-08-15T04:45:51+00:00\",\"dateModified\":\"2025-11-27T06:46:06+00:00\",\"breadcrumb\":{\"@id\":\"https:\\\/\\\/help.jamk.fi\\\/raportointiohje\\\/fi\\\/5b-lahteiden-kaytto-2\\\/#breadcrumb\"},\"inLanguage\":\"fi\",\"potentialAction\":[{\"@type\":\"ReadAction\",\"target\":[\"https:\\\/\\\/help.jamk.fi\\\/raportointiohje\\\/fi\\\/5b-lahteiden-kaytto-2\\\/\"]}]},{\"@type\":\"ImageObject\",\"inLanguage\":\"fi\",\"@id\":\"https:\\\/\\\/help.jamk.fi\\\/raportointiohje\\\/fi\\\/5b-lahteiden-kaytto-2\\\/#primaryimage\",\"url\":\"https:\\\/\\\/help.jamk.fi\\\/raportointiohje\\\/wp-content\\\/uploads\\\/sites\\\/73\\\/2023\\\/07\\\/kirjoja-hyllyssa_kulma.jpg\",\"contentUrl\":\"https:\\\/\\\/help.jamk.fi\\\/raportointiohje\\\/wp-content\\\/uploads\\\/sites\\\/73\\\/2023\\\/07\\\/kirjoja-hyllyssa_kulma.jpg\"},{\"@type\":\"BreadcrumbList\",\"@id\":\"https:\\\/\\\/help.jamk.fi\\\/raportointiohje\\\/fi\\\/5b-lahteiden-kaytto-2\\\/#breadcrumb\",\"itemListElement\":[{\"@type\":\"ListItem\",\"position\":1,\"name\":\"Etusivu\",\"item\":\"https:\\\/\\\/help.jamk.fi\\\/raportointiohje\\\/fi\\\/\"},{\"@type\":\"ListItem\",\"position\":2,\"name\":\"5b L\u00e4hteiden k\u00e4ytt\u00f6 (ennen syksy\u00e4 2024 opintonsa aloittaneet)\"}]},{\"@type\":\"WebSite\",\"@id\":\"https:\\\/\\\/help.jamk.fi\\\/raportointiohje\\\/#website\",\"url\":\"https:\\\/\\\/help.jamk.fi\\\/raportointiohje\\\/\",\"name\":\"Opinn\u00e4ytety\u00f6n raportointiohje\",\"description\":\"\",\"potentialAction\":[{\"@type\":\"SearchAction\",\"target\":{\"@type\":\"EntryPoint\",\"urlTemplate\":\"https:\\\/\\\/help.jamk.fi\\\/raportointiohje\\\/?s={search_term_string}\"},\"query-input\":{\"@type\":\"PropertyValueSpecification\",\"valueRequired\":true,\"valueName\":\"search_term_string\"}}],\"inLanguage\":\"fi\"}]}<\/script>\n<!-- \/ Yoast SEO plugin. -->","yoast_head_json":{"title":"5b L\u00e4hteiden k\u00e4ytt\u00f6 (ennen syksy\u00e4 2024 opintonsa aloittaneet) - Opinn\u00e4ytety\u00f6n raportointiohje","robots":{"index":"index","follow":"follow","max-snippet":"max-snippet:-1","max-image-preview":"max-image-preview:large","max-video-preview":"max-video-preview:-1"},"canonical":"https:\/\/help.jamk.fi\/raportointiohje\/fi\/5b-lahteiden-kaytto-2\/","og_locale":"fi_FI","og_type":"article","og_title":"5b L\u00e4hteiden k\u00e4ytt\u00f6 (ennen syksy\u00e4 2024 opintonsa aloittaneet) - Opinn\u00e4ytety\u00f6n raportointiohje","og_description":"K\u00e4ytetyt l\u00e4hteet ilmoitetaan asian yhteydess\u00e4 tekstiviittein\u00e4. Tekstiviite on tekstiss\u00e4 oleva lyhyt viittaus l\u00e4hdeluettelossa mainittuun t\u00e4ydellisemp\u00e4\u00e4n viitteeseen. Tekstiviitteiden tarkoituksena on ilmoittaa lukijalle, kenen tekstiin tai ajatuksiin viitataan. Opinn\u00e4ytety\u00f6n tekij\u00e4n on oltava varovainen, jottei anna itsest\u00e4\u00e4n kuvaa ep\u00e4tarkkana kirjoittajana. T\u00e4llainen mielikuva syntyy, jos jatkuvasti viittaa samanaikaisesti moneen eri l\u00e4hteeseen. Mahdollisimman t\u00e4sm\u00e4llinen viittausk\u00e4yt\u00e4nt\u00f6 on tyylik\u00e4st\u00e4 ja osoittaa asian [&hellip;]","og_url":"https:\/\/help.jamk.fi\/raportointiohje\/fi\/5b-lahteiden-kaytto-2\/","og_site_name":"Opinn\u00e4ytety\u00f6n raportointiohje","article_modified_time":"2025-11-27T06:46:06+00:00","og_image":[{"width":1181,"height":787,"url":"https:\/\/help.jamk.fi\/raportointiohje\/wp-content\/uploads\/sites\/73\/2023\/07\/iloinen-lukija2.jpg","type":"image\/jpeg"}],"twitter_card":"summary_large_image","twitter_misc":{"Arvioitu lukuaika":"1 minuutti"},"schema":{"@context":"https:\/\/schema.org","@graph":[{"@type":"WebPage","@id":"https:\/\/help.jamk.fi\/raportointiohje\/fi\/5b-lahteiden-kaytto-2\/","url":"https:\/\/help.jamk.fi\/raportointiohje\/fi\/5b-lahteiden-kaytto-2\/","name":"5b L\u00e4hteiden k\u00e4ytt\u00f6 (ennen syksy\u00e4 2024 opintonsa aloittaneet) - Opinn\u00e4ytety\u00f6n raportointiohje","isPartOf":{"@id":"https:\/\/help.jamk.fi\/raportointiohje\/#website"},"primaryImageOfPage":{"@id":"https:\/\/help.jamk.fi\/raportointiohje\/fi\/5b-lahteiden-kaytto-2\/#primaryimage"},"image":{"@id":"https:\/\/help.jamk.fi\/raportointiohje\/fi\/5b-lahteiden-kaytto-2\/#primaryimage"},"thumbnailUrl":"https:\/\/help.jamk.fi\/raportointiohje\/wp-content\/uploads\/sites\/73\/2023\/07\/kirjoja-hyllyssa_kulma.jpg","datePublished":"2012-08-15T04:45:51+00:00","dateModified":"2025-11-27T06:46:06+00:00","breadcrumb":{"@id":"https:\/\/help.jamk.fi\/raportointiohje\/fi\/5b-lahteiden-kaytto-2\/#breadcrumb"},"inLanguage":"fi","potentialAction":[{"@type":"ReadAction","target":["https:\/\/help.jamk.fi\/raportointiohje\/fi\/5b-lahteiden-kaytto-2\/"]}]},{"@type":"ImageObject","inLanguage":"fi","@id":"https:\/\/help.jamk.fi\/raportointiohje\/fi\/5b-lahteiden-kaytto-2\/#primaryimage","url":"https:\/\/help.jamk.fi\/raportointiohje\/wp-content\/uploads\/sites\/73\/2023\/07\/kirjoja-hyllyssa_kulma.jpg","contentUrl":"https:\/\/help.jamk.fi\/raportointiohje\/wp-content\/uploads\/sites\/73\/2023\/07\/kirjoja-hyllyssa_kulma.jpg"},{"@type":"BreadcrumbList","@id":"https:\/\/help.jamk.fi\/raportointiohje\/fi\/5b-lahteiden-kaytto-2\/#breadcrumb","itemListElement":[{"@type":"ListItem","position":1,"name":"Etusivu","item":"https:\/\/help.jamk.fi\/raportointiohje\/fi\/"},{"@type":"ListItem","position":2,"name":"5b L\u00e4hteiden k\u00e4ytt\u00f6 (ennen syksy\u00e4 2024 opintonsa aloittaneet)"}]},{"@type":"WebSite","@id":"https:\/\/help.jamk.fi\/raportointiohje\/#website","url":"https:\/\/help.jamk.fi\/raportointiohje\/","name":"Opinn\u00e4ytety\u00f6n raportointiohje","description":"","potentialAction":[{"@type":"SearchAction","target":{"@type":"EntryPoint","urlTemplate":"https:\/\/help.jamk.fi\/raportointiohje\/?s={search_term_string}"},"query-input":{"@type":"PropertyValueSpecification","valueRequired":true,"valueName":"search_term_string"}}],"inLanguage":"fi"}]}},"_links":{"self":[{"href":"https:\/\/help.jamk.fi\/raportointiohje\/wp-json\/wp\/v2\/pages\/62","targetHints":{"allow":["GET"]}}],"collection":[{"href":"https:\/\/help.jamk.fi\/raportointiohje\/wp-json\/wp\/v2\/pages"}],"about":[{"href":"https:\/\/help.jamk.fi\/raportointiohje\/wp-json\/wp\/v2\/types\/page"}],"author":[{"embeddable":true,"href":"https:\/\/help.jamk.fi\/raportointiohje\/wp-json\/wp\/v2\/users\/79"}],"replies":[{"embeddable":true,"href":"https:\/\/help.jamk.fi\/raportointiohje\/wp-json\/wp\/v2\/comments?post=62"}],"version-history":[{"count":10,"href":"https:\/\/help.jamk.fi\/raportointiohje\/wp-json\/wp\/v2\/pages\/62\/revisions"}],"predecessor-version":[{"id":1396,"href":"https:\/\/help.jamk.fi\/raportointiohje\/wp-json\/wp\/v2\/pages\/62\/revisions\/1396"}],"wp:attachment":[{"href":"https:\/\/help.jamk.fi\/raportointiohje\/wp-json\/wp\/v2\/media?parent=62"}],"wp:term":[{"taxonomy":"category","embeddable":true,"href":"https:\/\/help.jamk.fi\/raportointiohje\/wp-json\/wp\/v2\/categories?post=62"},{"taxonomy":"post_tag","embeddable":true,"href":"https:\/\/help.jamk.fi\/raportointiohje\/wp-json\/wp\/v2\/tags?post=62"}],"curies":[{"name":"wp","href":"https:\/\/api.w.org\/{rel}","templated":true}]}}