{"id":77,"date":"2012-08-15T06:18:52","date_gmt":"2012-08-15T03:18:52","guid":{"rendered":"https:\/\/help.jamk.fi\/raportointiohje\/6-visuaalinen-havainnollistaminen\/"},"modified":"2025-07-17T10:13:17","modified_gmt":"2025-07-17T07:13:17","slug":"6-visuaalinen-havainnollistaminen","status":"publish","type":"page","link":"https:\/\/help.jamk.fi\/raportointiohje\/fi\/6-visuaalinen-havainnollistaminen\/","title":{"rendered":"6 Visuaalinen havainnollistaminen"},"content":{"rendered":"\n<p>Kirjallista esityst\u00e4 voidaan havainnollistaa <strong>kuvioiden, taulukoiden, piirrosten<\/strong> ja<strong> esimerkkiaineiston <\/strong>avulla. Taulukoiden ja kuvioiden tulee olla ymm\u00e4rrett\u00e4vi\u00e4 sellaisenaan. Niiden sis\u00e4lt\u00e4m\u00e4\u00e4 tietoa&nbsp;selostetaan tekstiss\u00e4. Ei kuitenkaan toisteta aineiston yksityiskohtia, vaan kerrotaan siit\u00e4 tehdyt p\u00e4\u00e4telm\u00e4t.<\/p>\n\n\n\n<p>Havainnollistava aines sijoitetaan mahdollisimman l\u00e4helle sit\u00e4 tekstin kohtaa, jossa siihen ensimm\u00e4isen kerran viitataan. Runsas ja suurikokoinen havainnollistava aines on suositeltavaa siirt\u00e4\u00e4 <span style=\"color: #333399;\"><a style=\"color: #333399;\" href=\"https:\/\/help.jamk.fi\/raportointiohje\/fi\/4-opinnaytetyon-rakenne\/4-3-opinnaytetyon-loppuosa\/\" target=\"_blank\" rel=\"noopener noreferrer\">liitteiksi<\/a><\/span>.<\/p>\n\n\n\n<h2 class=\"wp-block-heading\">Taulukon laatiminen<\/h2>\n\n\n\n<p>Taulukot k\u00e4yv\u00e4t erityisesti numerotietojen tiivist\u00e4miseen. Taulukkoselosteeseen (taulukon otsikkoon) taulukon yl\u00e4puolelle kirjoitetaan sana Taulukko ja taulukko numeroidaan.&nbsp; Taulukko nimet\u00e4\u00e4n osuvasti. Jos taulukko on lainattu, l\u00e4hde t\u00e4ytyy mainita taulukkoselosteen yhteydess\u00e4. Jos lainattua taulukkoa muokataan, tekstiviitteeseen lis\u00e4t\u00e4\u00e4n &#8221;muokattu&#8221;. Taulukot numeroidaan juoksevasti l\u00e4pi koko ty\u00f6n. Numeron j\u00e4lkeen tulee piste, samoin taulukkoselosteen per\u00e4\u00e4n, jos se on virke.<\/p>\n\n\n\n<p>Taulukon tulisi mahtua yhdelle sivulle, mutta jos taulukko jatkuu toiselle sivulle, siit\u00e4 tulee mainita taulukon alareunassa ja jatkosivun yl\u00e4reunassa. Sarakkeet ja rivit nimet\u00e4\u00e4n kokonaisin sanoin t\u00e4sm\u00e4llisesti. (Katso kuvio 4, josta k\u00e4y ilmi, miten tietoja havainnollistetaan taulukon avulla. Lis\u00e4tietoja taulukoiden tekemisest\u00e4 ks. Kananen 2008.)<\/p>\n\n\n\n<figure class=\"wp-block-image\"><img decoding=\"async\" src=\"https:\/\/help.jamk.fi\/raportointiohje\/wp-content\/uploads\/sites\/73\/2023\/07\/Taulukkoesim.-2020.png\" alt=\"\" class=\"wp-image-1458\"\/><\/figure>\n\n\n\n<p>Kuvio 4. N\u00e4in tehd\u00e4\u00e4n taulukko (Kananen 2008, muokattu).<\/p>\n\n\n\n<h2 class=\"wp-block-heading\">Kuvion laatiminen<\/h2>\n\n\n\n<p>Kuviossa havainnollistetaan tietoa. Kuvioita ovat kaikki muut havainnollistamiskeinot paitsi taulukot. Kuvion teht\u00e4v\u00e4n\u00e4 on t\u00e4ydent\u00e4\u00e4 tai v\u00e4hent\u00e4\u00e4 teksti\u00e4, ei pelk\u00e4st\u00e4\u00e4n toistaa tekstiss\u00e4 ilmi tuotuja ajatuksia, eik\u00e4 sill\u00e4 voi aloittaa tekstilukua. Kuvio on luonteeltaan havainnollisempi kuin taulukko, joten sen seloste on vasta kuvion alapuolella. Kuvion selosteeseen kirjoitetaan sana Kuvio ja sen numero. Kuviot numeroidaan juoksevasti l\u00e4pi koko ty\u00f6n. (Ks. kuvio 5.) Huom! Lainattaessa kuvioita ja kuvia, esimerkiksi valokuvia, tekij\u00e4noikeudet on aina varmistettava. Jos lainattua kuviota muokataan, tekstiviitteeseen lis\u00e4t\u00e4\u00e4n &#8221;muokattu&#8221;.<\/p>\n\n\n\n<figure class=\"wp-block-image\"><img decoding=\"async\" src=\"https:\/\/help.jamk.fi\/raportointiohje\/wp-content\/uploads\/sites\/73\/2023\/07\/Kuvioesim.-2020.png\" alt=\"\" class=\"wp-image-1459\"\/><\/figure>\n\n\n\n<p>Kuvio 5. Kuvio tietojen havainnollistamisessa (Lehtonen 2012, 34, muokattu)<\/p>\n\n\n\n<h2 class=\"wp-block-heading\">Aineistoesimerkit<\/h2>\n\n\n\n<p><strong>Laadullisen<\/strong><strong> tutkimuksen <\/strong>tuloksia havainnollistetaan aineistoesimerkeill\u00e4, esimerkiksi haastateltavien vastauksilla. Aineistoesimerkit valitaan havainnollistamaan sek\u00e4 tulosten yleist\u00e4 linjaa ett\u00e4 poikkeustapauksia.&nbsp;Suorat siteeraukset kursivoidaan, sisennet\u00e4\u00e4n ja kirjoitetaan riviv\u00e4lill\u00e4 1 ilman lainausmerkkej\u00e4. Seuraava esimerkki on Jahkolan (2015, 33) opinn\u00e4ytety\u00f6st\u00e4:<\/p>\n\n\n\n<p>Oppilas 1 totesi, ett\u00e4 uusien asioiden oppiminen lauluharrastuksessa auttaa tuomaan my\u00f6s ty\u00f6el\u00e4m\u00e4ss\u00e4 itseluottamusta siihen, ett\u00e4 ty\u00f6ymp\u00e4rist\u00f6ss\u00e4kin voi oppia uusia asioita:<\/p>\n\n\n\n<p><em>&#8211; T\u00e4st\u00e4 on saanu sit\u00e4 itsevarmuutta niin niin kuitenkin se ruokkii my\u00f6s sit\u00e4 ett\u00e4 oppii uusia asioita oppii laulamaan niin voi oppia t\u00f6iss\u00e4kin uusia asioita niin tota ja uskaltaakin enemm\u00e4 &#8211; &#8211; (Oppilas 1).<\/em><\/p>\n","protected":false},"excerpt":{"rendered":"<p>Kirjallista esityst\u00e4 voidaan havainnollistaa kuvioiden, taulukoiden, piirrosten ja esimerkkiaineiston avulla. Taulukoiden ja kuvioiden tulee olla ymm\u00e4rrett\u00e4vi\u00e4 sellaisenaan. Niiden sis\u00e4lt\u00e4m\u00e4\u00e4 tietoa&nbsp;selostetaan tekstiss\u00e4. Ei kuitenkaan toisteta aineiston yksityiskohtia, vaan kerrotaan siit\u00e4 tehdyt p\u00e4\u00e4telm\u00e4t. Havainnollistava aines sijoitetaan mahdollisimman l\u00e4helle sit\u00e4 tekstin kohtaa, jossa siihen ensimm\u00e4isen kerran viitataan. Runsas ja suurikokoinen havainnollistava aines on suositeltavaa siirt\u00e4\u00e4 liitteiksi. Taulukon laatiminen [&hellip;]<\/p>\n","protected":false},"author":79,"featured_media":0,"parent":0,"menu_order":6,"comment_status":"closed","ping_status":"closed","template":"","meta":{"_acf_changed":false,"_relevanssi_hide_post":"","_relevanssi_hide_content":"","_relevanssi_pin_for_all":"","_relevanssi_pin_keywords":"kuvio, kuvion, taulukon, taulukko, piirros, piirroksen","_relevanssi_unpin_keywords":"","_relevanssi_related_keywords":"","_relevanssi_related_include_ids":"","_relevanssi_related_exclude_ids":"","_relevanssi_related_no_append":"","_relevanssi_related_not_related":"","_relevanssi_related_posts":"","_relevanssi_noindex_reason":"","footnotes":""},"categories":[],"tags":[293,299,305,311,203,317,323,239],"class_list":["post-77","page","type-page","status-publish","hentry","tag-aineistoesimerkki","tag-esimerkkiaineisto","tag-havainnollistaminen","tag-havaintoaineisto","tag-kuvio","tag-laadullinen-tutkimus","tag-piirros","tag-taulukko"],"acf":[],"yoast_head":"<!-- This site is optimized with the Yoast SEO plugin v27.4 - https:\/\/yoast.com\/product\/yoast-seo-wordpress\/ -->\n<title>6 Visuaalinen havainnollistaminen - Opinn\u00e4ytety\u00f6n raportointiohje<\/title>\n<meta name=\"robots\" content=\"index, follow, max-snippet:-1, max-image-preview:large, max-video-preview:-1\" \/>\n<link rel=\"canonical\" href=\"https:\/\/help.jamk.fi\/raportointiohje\/fi\/6-visuaalinen-havainnollistaminen\/\" \/>\n<meta property=\"og:locale\" content=\"fi_FI\" \/>\n<meta property=\"og:type\" content=\"article\" \/>\n<meta property=\"og:title\" content=\"6 Visuaalinen havainnollistaminen - Opinn\u00e4ytety\u00f6n raportointiohje\" \/>\n<meta property=\"og:description\" content=\"Kirjallista esityst\u00e4 voidaan havainnollistaa kuvioiden, taulukoiden, piirrosten ja esimerkkiaineiston avulla. Taulukoiden ja kuvioiden tulee olla ymm\u00e4rrett\u00e4vi\u00e4 sellaisenaan. Niiden sis\u00e4lt\u00e4m\u00e4\u00e4 tietoa&nbsp;selostetaan tekstiss\u00e4. Ei kuitenkaan toisteta aineiston yksityiskohtia, vaan kerrotaan siit\u00e4 tehdyt p\u00e4\u00e4telm\u00e4t. Havainnollistava aines sijoitetaan mahdollisimman l\u00e4helle sit\u00e4 tekstin kohtaa, jossa siihen ensimm\u00e4isen kerran viitataan. Runsas ja suurikokoinen havainnollistava aines on suositeltavaa siirt\u00e4\u00e4 liitteiksi. Taulukon laatiminen [&hellip;]\" \/>\n<meta property=\"og:url\" content=\"https:\/\/help.jamk.fi\/raportointiohje\/fi\/6-visuaalinen-havainnollistaminen\/\" \/>\n<meta property=\"og:site_name\" content=\"Opinn\u00e4ytety\u00f6n raportointiohje\" \/>\n<meta property=\"article:modified_time\" content=\"2025-07-17T07:13:17+00:00\" \/>\n<meta name=\"twitter:card\" content=\"summary_large_image\" \/>\n<meta name=\"twitter:label1\" content=\"Arvioitu lukuaika\" \/>\n\t<meta name=\"twitter:data1\" content=\"3 minuuttia\" \/>\n<script type=\"application\/ld+json\" class=\"yoast-schema-graph\">{\"@context\":\"https:\\\/\\\/schema.org\",\"@graph\":[{\"@type\":\"WebPage\",\"@id\":\"https:\\\/\\\/help.jamk.fi\\\/raportointiohje\\\/fi\\\/6-visuaalinen-havainnollistaminen\\\/\",\"url\":\"https:\\\/\\\/help.jamk.fi\\\/raportointiohje\\\/fi\\\/6-visuaalinen-havainnollistaminen\\\/\",\"name\":\"6 Visuaalinen havainnollistaminen - Opinn\u00e4ytety\u00f6n raportointiohje\",\"isPartOf\":{\"@id\":\"https:\\\/\\\/help.jamk.fi\\\/raportointiohje\\\/#website\"},\"primaryImageOfPage\":{\"@id\":\"https:\\\/\\\/help.jamk.fi\\\/raportointiohje\\\/fi\\\/6-visuaalinen-havainnollistaminen\\\/#primaryimage\"},\"image\":{\"@id\":\"https:\\\/\\\/help.jamk.fi\\\/raportointiohje\\\/fi\\\/6-visuaalinen-havainnollistaminen\\\/#primaryimage\"},\"thumbnailUrl\":\"https:\\\/\\\/help.jamk.fi\\\/raportointiohje\\\/wp-content\\\/uploads\\\/sites\\\/73\\\/2023\\\/07\\\/Taulukkoesim.-2020.png\",\"datePublished\":\"2012-08-15T03:18:52+00:00\",\"dateModified\":\"2025-07-17T07:13:17+00:00\",\"breadcrumb\":{\"@id\":\"https:\\\/\\\/help.jamk.fi\\\/raportointiohje\\\/fi\\\/6-visuaalinen-havainnollistaminen\\\/#breadcrumb\"},\"inLanguage\":\"fi\",\"potentialAction\":[{\"@type\":\"ReadAction\",\"target\":[\"https:\\\/\\\/help.jamk.fi\\\/raportointiohje\\\/fi\\\/6-visuaalinen-havainnollistaminen\\\/\"]}]},{\"@type\":\"ImageObject\",\"inLanguage\":\"fi\",\"@id\":\"https:\\\/\\\/help.jamk.fi\\\/raportointiohje\\\/fi\\\/6-visuaalinen-havainnollistaminen\\\/#primaryimage\",\"url\":\"https:\\\/\\\/help.jamk.fi\\\/raportointiohje\\\/wp-content\\\/uploads\\\/sites\\\/73\\\/2023\\\/07\\\/Taulukkoesim.-2020.png\",\"contentUrl\":\"https:\\\/\\\/help.jamk.fi\\\/raportointiohje\\\/wp-content\\\/uploads\\\/sites\\\/73\\\/2023\\\/07\\\/Taulukkoesim.-2020.png\"},{\"@type\":\"BreadcrumbList\",\"@id\":\"https:\\\/\\\/help.jamk.fi\\\/raportointiohje\\\/fi\\\/6-visuaalinen-havainnollistaminen\\\/#breadcrumb\",\"itemListElement\":[{\"@type\":\"ListItem\",\"position\":1,\"name\":\"Etusivu\",\"item\":\"https:\\\/\\\/help.jamk.fi\\\/raportointiohje\\\/fi\\\/\"},{\"@type\":\"ListItem\",\"position\":2,\"name\":\"6 Visuaalinen havainnollistaminen\"}]},{\"@type\":\"WebSite\",\"@id\":\"https:\\\/\\\/help.jamk.fi\\\/raportointiohje\\\/#website\",\"url\":\"https:\\\/\\\/help.jamk.fi\\\/raportointiohje\\\/\",\"name\":\"Opinn\u00e4ytety\u00f6n raportointiohje\",\"description\":\"\",\"potentialAction\":[{\"@type\":\"SearchAction\",\"target\":{\"@type\":\"EntryPoint\",\"urlTemplate\":\"https:\\\/\\\/help.jamk.fi\\\/raportointiohje\\\/?s={search_term_string}\"},\"query-input\":{\"@type\":\"PropertyValueSpecification\",\"valueRequired\":true,\"valueName\":\"search_term_string\"}}],\"inLanguage\":\"fi\"}]}<\/script>\n<!-- \/ Yoast SEO plugin. -->","yoast_head_json":{"title":"6 Visuaalinen havainnollistaminen - Opinn\u00e4ytety\u00f6n raportointiohje","robots":{"index":"index","follow":"follow","max-snippet":"max-snippet:-1","max-image-preview":"max-image-preview:large","max-video-preview":"max-video-preview:-1"},"canonical":"https:\/\/help.jamk.fi\/raportointiohje\/fi\/6-visuaalinen-havainnollistaminen\/","og_locale":"fi_FI","og_type":"article","og_title":"6 Visuaalinen havainnollistaminen - Opinn\u00e4ytety\u00f6n raportointiohje","og_description":"Kirjallista esityst\u00e4 voidaan havainnollistaa kuvioiden, taulukoiden, piirrosten ja esimerkkiaineiston avulla. Taulukoiden ja kuvioiden tulee olla ymm\u00e4rrett\u00e4vi\u00e4 sellaisenaan. Niiden sis\u00e4lt\u00e4m\u00e4\u00e4 tietoa&nbsp;selostetaan tekstiss\u00e4. Ei kuitenkaan toisteta aineiston yksityiskohtia, vaan kerrotaan siit\u00e4 tehdyt p\u00e4\u00e4telm\u00e4t. Havainnollistava aines sijoitetaan mahdollisimman l\u00e4helle sit\u00e4 tekstin kohtaa, jossa siihen ensimm\u00e4isen kerran viitataan. Runsas ja suurikokoinen havainnollistava aines on suositeltavaa siirt\u00e4\u00e4 liitteiksi. Taulukon laatiminen [&hellip;]","og_url":"https:\/\/help.jamk.fi\/raportointiohje\/fi\/6-visuaalinen-havainnollistaminen\/","og_site_name":"Opinn\u00e4ytety\u00f6n raportointiohje","article_modified_time":"2025-07-17T07:13:17+00:00","twitter_card":"summary_large_image","twitter_misc":{"Arvioitu lukuaika":"3 minuuttia"},"schema":{"@context":"https:\/\/schema.org","@graph":[{"@type":"WebPage","@id":"https:\/\/help.jamk.fi\/raportointiohje\/fi\/6-visuaalinen-havainnollistaminen\/","url":"https:\/\/help.jamk.fi\/raportointiohje\/fi\/6-visuaalinen-havainnollistaminen\/","name":"6 Visuaalinen havainnollistaminen - Opinn\u00e4ytety\u00f6n raportointiohje","isPartOf":{"@id":"https:\/\/help.jamk.fi\/raportointiohje\/#website"},"primaryImageOfPage":{"@id":"https:\/\/help.jamk.fi\/raportointiohje\/fi\/6-visuaalinen-havainnollistaminen\/#primaryimage"},"image":{"@id":"https:\/\/help.jamk.fi\/raportointiohje\/fi\/6-visuaalinen-havainnollistaminen\/#primaryimage"},"thumbnailUrl":"https:\/\/help.jamk.fi\/raportointiohje\/wp-content\/uploads\/sites\/73\/2023\/07\/Taulukkoesim.-2020.png","datePublished":"2012-08-15T03:18:52+00:00","dateModified":"2025-07-17T07:13:17+00:00","breadcrumb":{"@id":"https:\/\/help.jamk.fi\/raportointiohje\/fi\/6-visuaalinen-havainnollistaminen\/#breadcrumb"},"inLanguage":"fi","potentialAction":[{"@type":"ReadAction","target":["https:\/\/help.jamk.fi\/raportointiohje\/fi\/6-visuaalinen-havainnollistaminen\/"]}]},{"@type":"ImageObject","inLanguage":"fi","@id":"https:\/\/help.jamk.fi\/raportointiohje\/fi\/6-visuaalinen-havainnollistaminen\/#primaryimage","url":"https:\/\/help.jamk.fi\/raportointiohje\/wp-content\/uploads\/sites\/73\/2023\/07\/Taulukkoesim.-2020.png","contentUrl":"https:\/\/help.jamk.fi\/raportointiohje\/wp-content\/uploads\/sites\/73\/2023\/07\/Taulukkoesim.-2020.png"},{"@type":"BreadcrumbList","@id":"https:\/\/help.jamk.fi\/raportointiohje\/fi\/6-visuaalinen-havainnollistaminen\/#breadcrumb","itemListElement":[{"@type":"ListItem","position":1,"name":"Etusivu","item":"https:\/\/help.jamk.fi\/raportointiohje\/fi\/"},{"@type":"ListItem","position":2,"name":"6 Visuaalinen havainnollistaminen"}]},{"@type":"WebSite","@id":"https:\/\/help.jamk.fi\/raportointiohje\/#website","url":"https:\/\/help.jamk.fi\/raportointiohje\/","name":"Opinn\u00e4ytety\u00f6n raportointiohje","description":"","potentialAction":[{"@type":"SearchAction","target":{"@type":"EntryPoint","urlTemplate":"https:\/\/help.jamk.fi\/raportointiohje\/?s={search_term_string}"},"query-input":{"@type":"PropertyValueSpecification","valueRequired":true,"valueName":"search_term_string"}}],"inLanguage":"fi"}]}},"_links":{"self":[{"href":"https:\/\/help.jamk.fi\/raportointiohje\/wp-json\/wp\/v2\/pages\/77","targetHints":{"allow":["GET"]}}],"collection":[{"href":"https:\/\/help.jamk.fi\/raportointiohje\/wp-json\/wp\/v2\/pages"}],"about":[{"href":"https:\/\/help.jamk.fi\/raportointiohje\/wp-json\/wp\/v2\/types\/page"}],"author":[{"embeddable":true,"href":"https:\/\/help.jamk.fi\/raportointiohje\/wp-json\/wp\/v2\/users\/79"}],"replies":[{"embeddable":true,"href":"https:\/\/help.jamk.fi\/raportointiohje\/wp-json\/wp\/v2\/comments?post=77"}],"version-history":[{"count":7,"href":"https:\/\/help.jamk.fi\/raportointiohje\/wp-json\/wp\/v2\/pages\/77\/revisions"}],"predecessor-version":[{"id":1360,"href":"https:\/\/help.jamk.fi\/raportointiohje\/wp-json\/wp\/v2\/pages\/77\/revisions\/1360"}],"wp:attachment":[{"href":"https:\/\/help.jamk.fi\/raportointiohje\/wp-json\/wp\/v2\/media?parent=77"}],"wp:term":[{"taxonomy":"category","embeddable":true,"href":"https:\/\/help.jamk.fi\/raportointiohje\/wp-json\/wp\/v2\/categories?post=77"},{"taxonomy":"post_tag","embeddable":true,"href":"https:\/\/help.jamk.fi\/raportointiohje\/wp-json\/wp\/v2\/tags?post=77"}],"curies":[{"name":"wp","href":"https:\/\/api.w.org\/{rel}","templated":true}]}}