{"id":916,"date":"2024-03-14T15:49:52","date_gmt":"2024-03-14T13:49:52","guid":{"rendered":"https:\/\/help.jamk.fi\/raportointiohje\/?page_id=916"},"modified":"2025-07-17T10:14:58","modified_gmt":"2025-07-17T07:14:58","slug":"tekstin-samankaltaisuuden-tarkistus","status":"publish","type":"page","link":"https:\/\/help.jamk.fi\/raportointiohje\/fi\/3-kirjoittamisprosessi\/tekstin-samankaltaisuuden-tarkistus\/","title":{"rendered":"3.1 Tekstin samankaltaisuuden tarkistus"},"content":{"rendered":"\n<p>Tekstin samankaltaisuuden tarkistus auttaa selvitt\u00e4m\u00e4\u00e4n, miss\u00e4 m\u00e4\u00e4rin tarkastettavana olevassa opinn\u00e4ytety\u00f6ss\u00e4 on hy\u00f6dynnetty muita l\u00e4hteit\u00e4. Tarkastus ei kerro, onko l\u00e4hteiden k\u00e4ytt\u00f6 sin\u00e4ll\u00e4\u00e4n viittausteknisesti asianmukaista. P\u00e4\u00e4telm\u00e4n ja arvioinnin tekee aina oppimisteht\u00e4v\u00e4n tai opinn\u00e4ytety\u00f6n ohjaaja. Turnitin toimii opinn\u00e4ytet\u00f6iden osalta Wihiss\u00e4 ja muiden teht\u00e4vien palautuksien yhteydess\u00e4 sek\u00e4 Teams- ett\u00e4 Moodle-ymp\u00e4rist\u00f6iss\u00e4. <\/p>\n\n\n\n<p>T\u00e4ss\u00e4 ohjeessa keskityt\u00e4\u00e4n Wihiin, mutta samat lainalaisuudet toimivat my\u00f6s Moodlessa. Moodlessa p\u00e4\u00e4set itse tarkistamaan analyysin tuloksen toisin kuin Wihiss\u00e4.<\/p>\n\n\n\n<h2 class=\"wp-block-heading\">Tekstin samankaltaisuuden tarkistus Wihiss\u00e4 Turnitin Originality -palvelulla<\/h2>\n\n\n\n<p>Jamkissa k\u00e4ytet\u00e4\u00e4n tekstin tarkistamiseen Turnitin Originality -palvelua. Se etsii ty\u00f6st\u00e4 kaikki yht\u00e4l\u00e4isyydet internetiss\u00e4 julkaistuun materiaaliin, satoihin miljooniin kirjoihin sek\u00e4 muihin j\u00e4rjestelm\u00e4ll\u00e4 tarkastettuihin asiakirjoihin. Palvelu tunnistaa yht\u00e4l\u00e4isyyden my\u00f6s niiss\u00e4 tilanteissa, joissa teksti\u00e4 olisi muokattu esimerkiksi lis\u00e4\u00e4m\u00e4ll\u00e4, poistamalla tai muuttamalla osaa sanoista.<\/p>\n\n\n\n<p>Turnitinin analyysiraportti sis\u00e4lt\u00e4\u00e4 my\u00f6s AI-raportin. Turnitin siis antaa prosenttilukuna analyysin siit\u00e4, kuinka suuri osa ty\u00f6st\u00e4 on teko\u00e4lyn tuottamaa.<\/p>\n\n\n\n<p>Arvioitavaksi l\u00e4hetett\u00e4v\u00e4 valmis opinn\u00e4ytety\u00f6 vied\u00e4\u00e4n pdf-muodossa Wihiin opinn\u00e4ytety\u00f6n palauttamiseen tarkoitettuun Plagioinnin tarkastus -kentt\u00e4\u00e4n. L\u00e4hett\u00e4minen kannattaa sopia hyviss\u00e4 ajoin ennen arviointia, jotta sinulle j\u00e4\u00e4 riitt\u00e4v\u00e4sti aikaa tehd\u00e4 tarvittavat muutokset p\u00e4\u00e4ohjaajalta saadun palautteen perusteella.<\/p>\n\n\n\n<p>Jos haluat tarkistaa opinn\u00e4ytety\u00f6si tekstin alkuper\u00e4isyytt\u00e4 koko opinn\u00e4ytety\u00f6prosessin ajan, tee se Moodlessa Turnitin tarkastus \u2013 Turnitin check -nimisell\u00e4 kurssilla. Kurssi on avoin kaikille Jamkin tunnuksilla Moodleen kirjautuneille. T\u00e4h\u00e4n kurssiin palautettuja t\u00f6it\u00e4 ei tallenneta Turnitinin tietokantaan, joten ty\u00f6n lopullisen version palautus Wihiin onnistuu ilman, ett\u00e4 Turnitin tunnistaa Moodleen jo palautettuja versioita.<\/p>\n\n\n\n<figure class=\"wp-block-image size-large\"><img loading=\"lazy\" decoding=\"async\" width=\"1024\" height=\"209\" src=\"https:\/\/help.jamk.fi\/raportointiohje\/wp-content\/uploads\/sites\/73\/2024\/03\/Plagioinnin-tarkastus-Wihissa-1024x209.png\" alt=\"Tekstin samankaltaisuuden tarkistus Wihiss\u00e4\" class=\"wp-image-917\" srcset=\"https:\/\/help.jamk.fi\/raportointiohje\/wp-content\/uploads\/sites\/73\/2024\/03\/Plagioinnin-tarkastus-Wihissa-1024x209.png 1024w, https:\/\/help.jamk.fi\/raportointiohje\/wp-content\/uploads\/sites\/73\/2024\/03\/Plagioinnin-tarkastus-Wihissa-300x61.png 300w, https:\/\/help.jamk.fi\/raportointiohje\/wp-content\/uploads\/sites\/73\/2024\/03\/Plagioinnin-tarkastus-Wihissa-768x157.png 768w, https:\/\/help.jamk.fi\/raportointiohje\/wp-content\/uploads\/sites\/73\/2024\/03\/Plagioinnin-tarkastus-Wihissa.png 1046w\" sizes=\"auto, (max-width: 1024px) 100vw, 1024px\" \/><figcaption class=\"wp-element-caption\">Kuvio 1. Tekstin samankaltaisuuden tarkistus Wihiss\u00e4<\/figcaption><\/figure>\n\n\n\n<h2 class=\"wp-block-heading\">Ty\u00f6n palauttaminen Wihiin ja Turnitin tarkistus<\/h2>\n\n\n\n<p>Kun palautat ty\u00f6t\u00e4si ensimm\u00e4isen kerran Wihin Plagioinnin tarkastus -kentt\u00e4\u00e4n, sinun tulee hyv\u00e4ksy\u00e4 Turnitinin k\u00e4ytt\u00f6ehdot (EULA, End-User License Agreement) samankaltaisuuksien vertailuun. K\u00e4ytt\u00f6ehdot avautuvat palauttamisen yhteydess\u00e4 ja hyv\u00e4ksynt\u00e4 tapahtuu L\u00e4het\u00e4-painikkeen yl\u00e4puolelta \u201cHyv\u00e4ksyn Turnitinin EULA-lisenssisopimuksen\u201d -kohdasta. Ilman hyv\u00e4ksynt\u00e4\u00e4 tarkistusta ei voi tehd\u00e4.<\/p>\n\n\n\n<figure class=\"wp-block-image size-full\"><img loading=\"lazy\" decoding=\"async\" width=\"575\" height=\"895\" src=\"https:\/\/help.jamk.fi\/raportointiohje\/wp-content\/uploads\/sites\/73\/2024\/03\/EULA-lisenssisopimuksen-hyvaksyminen.png\" alt=\"EULA lisenssisopimus\" class=\"wp-image-918\" srcset=\"https:\/\/help.jamk.fi\/raportointiohje\/wp-content\/uploads\/sites\/73\/2024\/03\/EULA-lisenssisopimuksen-hyvaksyminen.png 575w, https:\/\/help.jamk.fi\/raportointiohje\/wp-content\/uploads\/sites\/73\/2024\/03\/EULA-lisenssisopimuksen-hyvaksyminen-193x300.png 193w\" sizes=\"auto, (max-width: 575px) 100vw, 575px\" \/><figcaption class=\"wp-element-caption\">Kuvio 2. EULA lisenssisopimus<\/figcaption><\/figure>\n\n\n\n<figure class=\"wp-block-image size-full\"><img loading=\"lazy\" decoding=\"async\" width=\"574\" height=\"112\" src=\"https:\/\/help.jamk.fi\/raportointiohje\/wp-content\/uploads\/sites\/73\/2024\/03\/EULAn-hyvaksymisruksi.png\" alt=\"EULAn hyv\u00e4ksyminen\" class=\"wp-image-919\" srcset=\"https:\/\/help.jamk.fi\/raportointiohje\/wp-content\/uploads\/sites\/73\/2024\/03\/EULAn-hyvaksymisruksi.png 574w, https:\/\/help.jamk.fi\/raportointiohje\/wp-content\/uploads\/sites\/73\/2024\/03\/EULAn-hyvaksymisruksi-300x59.png 300w\" sizes=\"auto, (max-width: 574px) 100vw, 574px\" \/><figcaption class=\"wp-element-caption\">Kuvio 3. EULAn hyv\u00e4ksyminen<\/figcaption><\/figure>\n\n\n\n<p>Tiedosto on tarkastusjonossa y\u00f6n yli. Se n\u00e4kyy Tila-kohdassa \u201dAnalysoitavana\u201d-tekstin\u00e4.<\/p>\n\n\n\n<figure class=\"wp-block-image size-large\"><img loading=\"lazy\" decoding=\"async\" width=\"1024\" height=\"310\" src=\"https:\/\/help.jamk.fi\/raportointiohje\/wp-content\/uploads\/sites\/73\/2024\/03\/Tyo-analysoitavana-1024x310.png\" alt=\"Ty\u00f6 analysoitavana\" class=\"wp-image-920\" srcset=\"https:\/\/help.jamk.fi\/raportointiohje\/wp-content\/uploads\/sites\/73\/2024\/03\/Tyo-analysoitavana-1024x310.png 1024w, https:\/\/help.jamk.fi\/raportointiohje\/wp-content\/uploads\/sites\/73\/2024\/03\/Tyo-analysoitavana-300x91.png 300w, https:\/\/help.jamk.fi\/raportointiohje\/wp-content\/uploads\/sites\/73\/2024\/03\/Tyo-analysoitavana-768x233.png 768w, https:\/\/help.jamk.fi\/raportointiohje\/wp-content\/uploads\/sites\/73\/2024\/03\/Tyo-analysoitavana.png 1046w\" sizes=\"auto, (max-width: 1024px) 100vw, 1024px\" \/><figcaption class=\"wp-element-caption\">Kuvio 4. Ty\u00f6 analysoitavana<\/figcaption><\/figure>\n\n\n\n<p>Tarkistuksen valmistumisen j\u00e4lkeen Tila-kohdassa n\u00e4kyy teksti \u201cAnalysoitu\u201d. Vain ohjaaja p\u00e4\u00e4se tarkistamaan analyysiraportin.<\/p>\n\n\n\n<p><\/p>\n\n\n<div id=\"link-lifts-block_18d4724baccb6d7db2aac75dba29615e\" class=\"link-lifts block-link-lifts\">\n  <div class=\"row\">\n            <div class=\"col-12 col-lg-4 block-link-lifts__column\">\n          <div class=\"block-link-lifts__item pink\">\n            <h3 class=\"block-link-lifts__item--heading\">Linkit<\/h3>\n                          <ul class=\"block-link-lifts__item--link-list\">\n                                                                        <li>\n                                              <a class=\"link-list lock\" href=\"https:\/\/moodle.jamk.fi\/\" target=\"_self\" >Moodle-oppimisymp\u00e4rist\u00f6<i  ><svg aria-hidden=\"true\" viewBox=\"0 0 24 24\" fill=\"none\" xmlns=\"http:\/\/www.w3.org\/2000\/svg\"><g clip-path=\"url(#clip0_1574_4368)\"><circle cx=\"12\" cy=\"12\" r=\"12\" fill=\"#0D004C\"\/><g clip-path=\"url(#clip1_1574_4368)\" fill=\"#fff\"><path d=\"M15.637 11.107v-2.68c0-1.967-1.632-3.57-3.637-3.57S8.363 6.46 8.363 8.43v2.68c-.752 0-1.363.6-1.363 1.338v5.357c0 .739.613 1.339 1.363 1.339h7.272c.752 0 1.363-.6 1.363-1.34v-5.356c0-.738-.61-1.339-1.363-1.339l.002-.001zM9.272 8.429c0-1.477 1.224-2.68 2.728-2.68 1.504 0 2.728 1.201 2.728 2.68v2.68H9.272v-2.68zm6.818 9.375a.451.451 0 01-.455.446H8.363a.45.45 0 01-.454-.446v-5.357a.45.45 0 01.454-.446h7.272c.251 0 .455.2.455.446v5.357z\"\/><path d=\"M12 13.34c-.503 0-.91.4-.91.892 0 .33.185.615.455.77v1.017a.45.45 0 00.455.446.45.45 0 00.454-.446v-1.017a.887.887 0 00.454-.77.902.902 0 00-.908-.892z\"\/><\/g><\/g><defs><clipPath id=\"clip0_1574_4368\"><path fill=\"#fff\" d=\"M0 0h24v24H0z\"\/><\/clipPath><clipPath id=\"clip1_1574_4368\"><path fill=\"#fff\" transform=\"translate(7 4.857)\" d=\"M0 0h10v14.286H0z\"\/><\/clipPath><\/defs><\/svg><\/i><\/a>\n                                          <\/li>\n                                                                                          <li>\n                                              <a class=\"link-list\" href=\"https:\/\/help.turnitin.com\/feedback-studio\/turnitin-website\/student\/quickstart.htm\" target=\"_self\">Turnitin Student quick start guide in English (Turnitinin oma ohjesivu englanniksi)<\/a>\n                                          <\/li>\n                                                <\/ul>\n            \n          <\/div>\n        <\/div>\n      <\/div>\n<\/div>","protected":false},"excerpt":{"rendered":"<p>Tekstin samankaltaisuuden tarkistus auttaa selvitt\u00e4m\u00e4\u00e4n, miss\u00e4 m\u00e4\u00e4rin tarkastettavana olevassa opinn\u00e4ytety\u00f6ss\u00e4 on hy\u00f6dynnetty muita l\u00e4hteit\u00e4. Tarkastus ei kerro, onko l\u00e4hteiden k\u00e4ytt\u00f6 sin\u00e4ll\u00e4\u00e4n viittausteknisesti asianmukaista. P\u00e4\u00e4telm\u00e4n ja arvioinnin tekee aina oppimisteht\u00e4v\u00e4n tai opinn\u00e4ytety\u00f6n ohjaaja. Turnitin toimii opinn\u00e4ytet\u00f6iden osalta Wihiss\u00e4 ja muiden teht\u00e4vien palautuksien yhteydess\u00e4 sek\u00e4 Teams- ett\u00e4 Moodle-ymp\u00e4rist\u00f6iss\u00e4. T\u00e4ss\u00e4 ohjeessa keskityt\u00e4\u00e4n Wihiin, mutta samat lainalaisuudet toimivat my\u00f6s [&hellip;]<\/p>\n","protected":false},"author":79,"featured_media":0,"parent":20,"menu_order":1,"comment_status":"closed","ping_status":"closed","template":"","meta":{"_acf_changed":false,"_relevanssi_hide_post":"","_relevanssi_hide_content":"","_relevanssi_pin_for_all":"","_relevanssi_pin_keywords":"turnitin,","_relevanssi_unpin_keywords":"","_relevanssi_related_keywords":"","_relevanssi_related_include_ids":"","_relevanssi_related_exclude_ids":"","_relevanssi_related_no_append":"","_relevanssi_related_not_related":"","_relevanssi_related_posts":"","_relevanssi_noindex_reason":"","footnotes":""},"categories":[],"tags":[],"class_list":["post-916","page","type-page","status-publish","hentry"],"acf":[],"yoast_head":"<!-- This site is optimized with the Yoast SEO plugin v27.4 - https:\/\/yoast.com\/product\/yoast-seo-wordpress\/ -->\n<title>3.1 Tekstin samankaltaisuuden tarkistus - Opinn\u00e4ytety\u00f6n raportointiohje<\/title>\n<meta name=\"robots\" content=\"index, follow, max-snippet:-1, max-image-preview:large, max-video-preview:-1\" \/>\n<link rel=\"canonical\" href=\"https:\/\/help.jamk.fi\/raportointiohje\/fi\/3-kirjoittamisprosessi\/tekstin-samankaltaisuuden-tarkistus\/\" \/>\n<meta property=\"og:locale\" content=\"fi_FI\" \/>\n<meta property=\"og:type\" content=\"article\" \/>\n<meta property=\"og:title\" content=\"3.1 Tekstin samankaltaisuuden tarkistus - Opinn\u00e4ytety\u00f6n raportointiohje\" \/>\n<meta property=\"og:description\" content=\"Tekstin samankaltaisuuden tarkistus auttaa selvitt\u00e4m\u00e4\u00e4n, miss\u00e4 m\u00e4\u00e4rin tarkastettavana olevassa opinn\u00e4ytety\u00f6ss\u00e4 on hy\u00f6dynnetty muita l\u00e4hteit\u00e4. Tarkastus ei kerro, onko l\u00e4hteiden k\u00e4ytt\u00f6 sin\u00e4ll\u00e4\u00e4n viittausteknisesti asianmukaista. P\u00e4\u00e4telm\u00e4n ja arvioinnin tekee aina oppimisteht\u00e4v\u00e4n tai opinn\u00e4ytety\u00f6n ohjaaja. Turnitin toimii opinn\u00e4ytet\u00f6iden osalta Wihiss\u00e4 ja muiden teht\u00e4vien palautuksien yhteydess\u00e4 sek\u00e4 Teams- ett\u00e4 Moodle-ymp\u00e4rist\u00f6iss\u00e4. T\u00e4ss\u00e4 ohjeessa keskityt\u00e4\u00e4n Wihiin, mutta samat lainalaisuudet toimivat my\u00f6s [&hellip;]\" \/>\n<meta property=\"og:url\" content=\"https:\/\/help.jamk.fi\/raportointiohje\/fi\/3-kirjoittamisprosessi\/tekstin-samankaltaisuuden-tarkistus\/\" \/>\n<meta property=\"og:site_name\" content=\"Opinn\u00e4ytety\u00f6n raportointiohje\" \/>\n<meta property=\"article:modified_time\" content=\"2025-07-17T07:14:58+00:00\" \/>\n<meta property=\"og:image\" content=\"https:\/\/help.jamk.fi\/raportointiohje\/wp-content\/uploads\/sites\/73\/2024\/03\/Plagioinnin-tarkastus-Wihissa.png\" \/>\n\t<meta property=\"og:image:width\" content=\"1046\" \/>\n\t<meta property=\"og:image:height\" content=\"214\" \/>\n\t<meta property=\"og:image:type\" content=\"image\/png\" \/>\n<meta name=\"twitter:card\" content=\"summary_large_image\" \/>\n<meta name=\"twitter:label1\" content=\"Arvioitu lukuaika\" \/>\n\t<meta name=\"twitter:data1\" content=\"3 minuuttia\" \/>\n<script type=\"application\/ld+json\" class=\"yoast-schema-graph\">{\"@context\":\"https:\\\/\\\/schema.org\",\"@graph\":[{\"@type\":\"WebPage\",\"@id\":\"https:\\\/\\\/help.jamk.fi\\\/raportointiohje\\\/fi\\\/3-kirjoittamisprosessi\\\/tekstin-samankaltaisuuden-tarkistus\\\/\",\"url\":\"https:\\\/\\\/help.jamk.fi\\\/raportointiohje\\\/fi\\\/3-kirjoittamisprosessi\\\/tekstin-samankaltaisuuden-tarkistus\\\/\",\"name\":\"3.1 Tekstin samankaltaisuuden tarkistus - Opinn\u00e4ytety\u00f6n raportointiohje\",\"isPartOf\":{\"@id\":\"https:\\\/\\\/help.jamk.fi\\\/raportointiohje\\\/#website\"},\"primaryImageOfPage\":{\"@id\":\"https:\\\/\\\/help.jamk.fi\\\/raportointiohje\\\/fi\\\/3-kirjoittamisprosessi\\\/tekstin-samankaltaisuuden-tarkistus\\\/#primaryimage\"},\"image\":{\"@id\":\"https:\\\/\\\/help.jamk.fi\\\/raportointiohje\\\/fi\\\/3-kirjoittamisprosessi\\\/tekstin-samankaltaisuuden-tarkistus\\\/#primaryimage\"},\"thumbnailUrl\":\"https:\\\/\\\/help.jamk.fi\\\/raportointiohje\\\/wp-content\\\/uploads\\\/sites\\\/73\\\/2024\\\/03\\\/Plagioinnin-tarkastus-Wihissa-1024x209.png\",\"datePublished\":\"2024-03-14T13:49:52+00:00\",\"dateModified\":\"2025-07-17T07:14:58+00:00\",\"breadcrumb\":{\"@id\":\"https:\\\/\\\/help.jamk.fi\\\/raportointiohje\\\/fi\\\/3-kirjoittamisprosessi\\\/tekstin-samankaltaisuuden-tarkistus\\\/#breadcrumb\"},\"inLanguage\":\"fi\",\"potentialAction\":[{\"@type\":\"ReadAction\",\"target\":[\"https:\\\/\\\/help.jamk.fi\\\/raportointiohje\\\/fi\\\/3-kirjoittamisprosessi\\\/tekstin-samankaltaisuuden-tarkistus\\\/\"]}]},{\"@type\":\"ImageObject\",\"inLanguage\":\"fi\",\"@id\":\"https:\\\/\\\/help.jamk.fi\\\/raportointiohje\\\/fi\\\/3-kirjoittamisprosessi\\\/tekstin-samankaltaisuuden-tarkistus\\\/#primaryimage\",\"url\":\"https:\\\/\\\/help.jamk.fi\\\/raportointiohje\\\/wp-content\\\/uploads\\\/sites\\\/73\\\/2024\\\/03\\\/Plagioinnin-tarkastus-Wihissa.png\",\"contentUrl\":\"https:\\\/\\\/help.jamk.fi\\\/raportointiohje\\\/wp-content\\\/uploads\\\/sites\\\/73\\\/2024\\\/03\\\/Plagioinnin-tarkastus-Wihissa.png\",\"width\":1046,\"height\":214,\"caption\":\"Kuvio 1. Tekstin samankaltaisuuden tarkistus Wihiss\u00e4\"},{\"@type\":\"BreadcrumbList\",\"@id\":\"https:\\\/\\\/help.jamk.fi\\\/raportointiohje\\\/fi\\\/3-kirjoittamisprosessi\\\/tekstin-samankaltaisuuden-tarkistus\\\/#breadcrumb\",\"itemListElement\":[{\"@type\":\"ListItem\",\"position\":1,\"name\":\"Etusivu\",\"item\":\"https:\\\/\\\/help.jamk.fi\\\/raportointiohje\\\/fi\\\/\"},{\"@type\":\"ListItem\",\"position\":2,\"name\":\"3 Kirjoittamisprosessi\",\"item\":\"https:\\\/\\\/help.jamk.fi\\\/raportointiohje\\\/fi\\\/3-kirjoittamisprosessi\\\/\"},{\"@type\":\"ListItem\",\"position\":3,\"name\":\"3.1 Tekstin samankaltaisuuden tarkistus\"}]},{\"@type\":\"WebSite\",\"@id\":\"https:\\\/\\\/help.jamk.fi\\\/raportointiohje\\\/#website\",\"url\":\"https:\\\/\\\/help.jamk.fi\\\/raportointiohje\\\/\",\"name\":\"Opinn\u00e4ytety\u00f6n raportointiohje\",\"description\":\"\",\"potentialAction\":[{\"@type\":\"SearchAction\",\"target\":{\"@type\":\"EntryPoint\",\"urlTemplate\":\"https:\\\/\\\/help.jamk.fi\\\/raportointiohje\\\/?s={search_term_string}\"},\"query-input\":{\"@type\":\"PropertyValueSpecification\",\"valueRequired\":true,\"valueName\":\"search_term_string\"}}],\"inLanguage\":\"fi\"}]}<\/script>\n<!-- \/ Yoast SEO plugin. -->","yoast_head_json":{"title":"3.1 Tekstin samankaltaisuuden tarkistus - Opinn\u00e4ytety\u00f6n raportointiohje","robots":{"index":"index","follow":"follow","max-snippet":"max-snippet:-1","max-image-preview":"max-image-preview:large","max-video-preview":"max-video-preview:-1"},"canonical":"https:\/\/help.jamk.fi\/raportointiohje\/fi\/3-kirjoittamisprosessi\/tekstin-samankaltaisuuden-tarkistus\/","og_locale":"fi_FI","og_type":"article","og_title":"3.1 Tekstin samankaltaisuuden tarkistus - Opinn\u00e4ytety\u00f6n raportointiohje","og_description":"Tekstin samankaltaisuuden tarkistus auttaa selvitt\u00e4m\u00e4\u00e4n, miss\u00e4 m\u00e4\u00e4rin tarkastettavana olevassa opinn\u00e4ytety\u00f6ss\u00e4 on hy\u00f6dynnetty muita l\u00e4hteit\u00e4. Tarkastus ei kerro, onko l\u00e4hteiden k\u00e4ytt\u00f6 sin\u00e4ll\u00e4\u00e4n viittausteknisesti asianmukaista. P\u00e4\u00e4telm\u00e4n ja arvioinnin tekee aina oppimisteht\u00e4v\u00e4n tai opinn\u00e4ytety\u00f6n ohjaaja. Turnitin toimii opinn\u00e4ytet\u00f6iden osalta Wihiss\u00e4 ja muiden teht\u00e4vien palautuksien yhteydess\u00e4 sek\u00e4 Teams- ett\u00e4 Moodle-ymp\u00e4rist\u00f6iss\u00e4. T\u00e4ss\u00e4 ohjeessa keskityt\u00e4\u00e4n Wihiin, mutta samat lainalaisuudet toimivat my\u00f6s [&hellip;]","og_url":"https:\/\/help.jamk.fi\/raportointiohje\/fi\/3-kirjoittamisprosessi\/tekstin-samankaltaisuuden-tarkistus\/","og_site_name":"Opinn\u00e4ytety\u00f6n raportointiohje","article_modified_time":"2025-07-17T07:14:58+00:00","og_image":[{"width":1046,"height":214,"url":"https:\/\/help.jamk.fi\/raportointiohje\/wp-content\/uploads\/sites\/73\/2024\/03\/Plagioinnin-tarkastus-Wihissa.png","type":"image\/png"}],"twitter_card":"summary_large_image","twitter_misc":{"Arvioitu lukuaika":"3 minuuttia"},"schema":{"@context":"https:\/\/schema.org","@graph":[{"@type":"WebPage","@id":"https:\/\/help.jamk.fi\/raportointiohje\/fi\/3-kirjoittamisprosessi\/tekstin-samankaltaisuuden-tarkistus\/","url":"https:\/\/help.jamk.fi\/raportointiohje\/fi\/3-kirjoittamisprosessi\/tekstin-samankaltaisuuden-tarkistus\/","name":"3.1 Tekstin samankaltaisuuden tarkistus - Opinn\u00e4ytety\u00f6n raportointiohje","isPartOf":{"@id":"https:\/\/help.jamk.fi\/raportointiohje\/#website"},"primaryImageOfPage":{"@id":"https:\/\/help.jamk.fi\/raportointiohje\/fi\/3-kirjoittamisprosessi\/tekstin-samankaltaisuuden-tarkistus\/#primaryimage"},"image":{"@id":"https:\/\/help.jamk.fi\/raportointiohje\/fi\/3-kirjoittamisprosessi\/tekstin-samankaltaisuuden-tarkistus\/#primaryimage"},"thumbnailUrl":"https:\/\/help.jamk.fi\/raportointiohje\/wp-content\/uploads\/sites\/73\/2024\/03\/Plagioinnin-tarkastus-Wihissa-1024x209.png","datePublished":"2024-03-14T13:49:52+00:00","dateModified":"2025-07-17T07:14:58+00:00","breadcrumb":{"@id":"https:\/\/help.jamk.fi\/raportointiohje\/fi\/3-kirjoittamisprosessi\/tekstin-samankaltaisuuden-tarkistus\/#breadcrumb"},"inLanguage":"fi","potentialAction":[{"@type":"ReadAction","target":["https:\/\/help.jamk.fi\/raportointiohje\/fi\/3-kirjoittamisprosessi\/tekstin-samankaltaisuuden-tarkistus\/"]}]},{"@type":"ImageObject","inLanguage":"fi","@id":"https:\/\/help.jamk.fi\/raportointiohje\/fi\/3-kirjoittamisprosessi\/tekstin-samankaltaisuuden-tarkistus\/#primaryimage","url":"https:\/\/help.jamk.fi\/raportointiohje\/wp-content\/uploads\/sites\/73\/2024\/03\/Plagioinnin-tarkastus-Wihissa.png","contentUrl":"https:\/\/help.jamk.fi\/raportointiohje\/wp-content\/uploads\/sites\/73\/2024\/03\/Plagioinnin-tarkastus-Wihissa.png","width":1046,"height":214,"caption":"Kuvio 1. Tekstin samankaltaisuuden tarkistus Wihiss\u00e4"},{"@type":"BreadcrumbList","@id":"https:\/\/help.jamk.fi\/raportointiohje\/fi\/3-kirjoittamisprosessi\/tekstin-samankaltaisuuden-tarkistus\/#breadcrumb","itemListElement":[{"@type":"ListItem","position":1,"name":"Etusivu","item":"https:\/\/help.jamk.fi\/raportointiohje\/fi\/"},{"@type":"ListItem","position":2,"name":"3 Kirjoittamisprosessi","item":"https:\/\/help.jamk.fi\/raportointiohje\/fi\/3-kirjoittamisprosessi\/"},{"@type":"ListItem","position":3,"name":"3.1 Tekstin samankaltaisuuden tarkistus"}]},{"@type":"WebSite","@id":"https:\/\/help.jamk.fi\/raportointiohje\/#website","url":"https:\/\/help.jamk.fi\/raportointiohje\/","name":"Opinn\u00e4ytety\u00f6n raportointiohje","description":"","potentialAction":[{"@type":"SearchAction","target":{"@type":"EntryPoint","urlTemplate":"https:\/\/help.jamk.fi\/raportointiohje\/?s={search_term_string}"},"query-input":{"@type":"PropertyValueSpecification","valueRequired":true,"valueName":"search_term_string"}}],"inLanguage":"fi"}]}},"_links":{"self":[{"href":"https:\/\/help.jamk.fi\/raportointiohje\/wp-json\/wp\/v2\/pages\/916","targetHints":{"allow":["GET"]}}],"collection":[{"href":"https:\/\/help.jamk.fi\/raportointiohje\/wp-json\/wp\/v2\/pages"}],"about":[{"href":"https:\/\/help.jamk.fi\/raportointiohje\/wp-json\/wp\/v2\/types\/page"}],"author":[{"embeddable":true,"href":"https:\/\/help.jamk.fi\/raportointiohje\/wp-json\/wp\/v2\/users\/79"}],"replies":[{"embeddable":true,"href":"https:\/\/help.jamk.fi\/raportointiohje\/wp-json\/wp\/v2\/comments?post=916"}],"version-history":[{"count":11,"href":"https:\/\/help.jamk.fi\/raportointiohje\/wp-json\/wp\/v2\/pages\/916\/revisions"}],"predecessor-version":[{"id":1362,"href":"https:\/\/help.jamk.fi\/raportointiohje\/wp-json\/wp\/v2\/pages\/916\/revisions\/1362"}],"up":[{"embeddable":true,"href":"https:\/\/help.jamk.fi\/raportointiohje\/wp-json\/wp\/v2\/pages\/20"}],"wp:attachment":[{"href":"https:\/\/help.jamk.fi\/raportointiohje\/wp-json\/wp\/v2\/media?parent=916"}],"wp:term":[{"taxonomy":"category","embeddable":true,"href":"https:\/\/help.jamk.fi\/raportointiohje\/wp-json\/wp\/v2\/categories?post=916"},{"taxonomy":"post_tag","embeddable":true,"href":"https:\/\/help.jamk.fi\/raportointiohje\/wp-json\/wp\/v2\/tags?post=916"}],"curies":[{"name":"wp","href":"https:\/\/api.w.org\/{rel}","templated":true}]}}