{"id":24,"date":"2025-01-15T15:11:39","date_gmt":"2025-01-15T15:11:39","guid":{"rendered":"https:\/\/help.jamk.fi\/saapuvien-vaihto-opiskelijoiden-opintotarjonta\/?page_id=24"},"modified":"2025-01-15T15:14:46","modified_gmt":"2025-01-15T15:14:46","slug":"mihin-tehdaan-ja-missa-julkaistaan","status":"publish","type":"page","link":"https:\/\/help.jamk.fi\/saapuvien-vaihto-opiskelijoiden-opintotarjonta\/mihin-tehdaan-ja-missa-julkaistaan\/","title":{"rendered":"Mihin tehd\u00e4\u00e4n ja miss\u00e4 julkaistaan?"},"content":{"rendered":"\n<h2 class=\"wp-block-heading\">Mihin vaihto-opiskelijoiden tarjonta tehd\u00e4\u00e4n?<\/h2>\n\n\n\n<p>Jokaiselle vaihto-opiskelijoita vastaanottavalle ohjelmalle\/alalle on luotu kansainv\u00e4listymispalveluiden toimesta <strong>Pepin erillisiin opintokokonaisuuksiin ohjelmakohtaiset saapuvien vaihto-opiskelijoiden erilliset opintokokonaisuudet<\/strong>. Esimerkiksi:<\/p>\n\n\n\n<ul class=\"wp-block-list\">\n<li>Exchange Studies: Nursing (Bachelor level)<\/li>\n\n\n\n<li>Exchange Studies: Mechanical Engineering (Bachelor level) jne. <\/li>\n<\/ul>\n\n\n\n<p><strong>Yksik\u00f6t kiinnitt\u00e4v\u00e4t vaihto-opiskelijoille tarkoitetut opintojaksot n\u00e4ihin erillisiin opintokokonaisuuksiin<\/strong>. Katso tarkemmin osio &#8221;Miten tarjonta tehd\u00e4\u00e4n?&#8221;<\/p>\n\n\n\n<p>Kielikeskukselle on luotu oma kokonaisuus, johon kielikeskus kiinnitt\u00e4\u00e4 vaihto-opiskelijoille avoimet opintojaksot:<\/p>\n\n\n\n<ul class=\"wp-block-list\">\n<li>Exchange Studies: Languages and Communication offering for all Exchange Students <\/li>\n<\/ul>\n\n\n\n<p>Ko. kokonaisuus on kansainv\u00e4listymispalveluiden toimesta linkitetty kunkin ohjelmakohtaisen erillisen opintokokonaisuuden alle. N\u00e4in opiskelija l\u00f6yt\u00e4\u00e4 my\u00f6s kieliopinnot suoraan &#8221;oman&#8221; ohjelmansa alta.<\/p>\n\n\n\n<h3 class=\"wp-block-heading\">Yhteiset perus-\/taustatiedot<\/h3>\n\n\n\n<p>Kokonaisuuksien perustietoihin on lis\u00e4tty kaikille vaihto-opiskelijoille yhteist\u00e4 taustatietoa ja joitakin ohjelmakohtaisia tietoja, esim. ryhm\u00e4t, lukukaudet jolloin vaihdot ko. ohjelmassa mahdollisia, kaikille vaihto-opiskelijoille avoin maksullinen UADE-paketti. Ohjelmia pyydet\u00e4\u00e4n ilmoittamaan kansainv\u00e4listymispalveluille mik\u00e4li taustatiedoissa on korjattavaa tai jotain saapuvalle vaihto-opiskelijalle oleellista tietoa, joka pit\u00e4\u00e4 lis\u00e4t\u00e4.<\/p>\n\n\n\n<p>Ohjelmat voivat my\u00f6s itse lis\u00e4t\u00e4 kokonaisuuksien perus-\/taustatietoihin tarkempia ohjelmakohtaisia tietoja. T\u00e4mm\u00f6inen voisi olla esimerkiksi huomio ettei eri vuosikurssien opintojaksojen yhdist\u00e4minen aikataulullisesti ole v\u00e4ltt\u00e4m\u00e4tt\u00e4 mahdollista.<\/p>\n\n\n  <div id=\"notice-box-block_6597b85f546e408fb4b0ea650eeb182c\" class=\"block-notice-box block-notice-box\">\n          <h2 class=\"block-notice-box__heading\">Mihin menness\u00e4 tarjonnan on oltava kunnossa?<\/h2>\n    \n    <p>Kev\u00e4isin tarjonnan tulee olla valmiina saapuvien vaihtoonhaun alkaessa eli viimeist\u00e4\u00e4n 15.4. menness\u00e4 seuraavan syyslukukauden tarjonta, sek\u00e4 1.10. menness\u00e4 seuraavan kev\u00e4tlukukauden tarjonta!<\/p>\n<p>V\u00e4hint\u00e4\u00e4n tarjolla olevat kurssit tulee p\u00e4\u00e4tt\u00e4\u00e4 ja kiinnitt\u00e4\u00e4 vaihto-opiskelijoiden erillisiin opintokokonaisuuksiin haun alkuun menness\u00e4. T\u00e4m\u00e4 siksi, ett\u00e4 vaihto-opiskelijoiden tulee pysty\u00e4 laatimaan jo hakuaikana opintosuunnitelma (Learning Agreement) Jamkissa suoritettavista opinnoista. <\/p>\n<p>T\u00e4m\u00e4 on vakiintunut k\u00e4yt\u00e4nt\u00f6 vaihtoj\u00e4rjestelyiss\u00e4 sek\u00e4 esim. Erasmus+ -ohjelman reunaehto, johon Jamk on my\u00f6s organisaationa sitoutunut Erasmus+ -peruskirjassa. Sen vuoksi tarjonnan pit\u00e4\u00e4 olla selattavissa haun alkaessa.<\/p>\n\n      <\/div>\n\n\n\n<h2 class=\"wp-block-heading\">Miss\u00e4 vaihto-opiskelijoiden tarjonta julkaistaan?<\/h2>\n\n\n\n<p>Erilliset opintokokonaisuudet ja niihin kiinnitetyt <a href=\"https:\/\/opetussuunnitelmat.peppi.jamk.fi\/offerings\/12\">opinnot saapuville vaihto-opiskelijoille l\u00f6ytyv\u00e4t Pepin opetussuunnitelmista<\/a>.<\/p>\n\n\n\n<p>Kansainv\u00e4listymispalvelut julkaisee vaihto-opiskelijoita vastaanottavat ohjelmat sek\u00e4 niiden opintotarjonnan my\u00f6s omilla, <a href=\"https:\/\/www.jamk.fi\/en\/for-students\/exchange-and-double-degree-student\/how-to-apply-for-exchange-at-jamk\">saapuville vaihto-opiskelijoille suunnatuilla nettisivuilla<\/a>.<\/p>\n","protected":false},"excerpt":{"rendered":"<p>Mihin vaihto-opiskelijoiden tarjonta tehd\u00e4\u00e4n? Jokaiselle vaihto-opiskelijoita vastaanottavalle ohjelmalle\/alalle on luotu kansainv\u00e4listymispalveluiden toimesta Pepin erillisiin opintokokonaisuuksiin ohjelmakohtaiset saapuvien vaihto-opiskelijoiden erilliset opintokokonaisuudet. Esimerkiksi: Yksik\u00f6t kiinnitt\u00e4v\u00e4t vaihto-opiskelijoille tarkoitetut opintojaksot n\u00e4ihin erillisiin opintokokonaisuuksiin. Katso tarkemmin osio &#8221;Miten tarjonta tehd\u00e4\u00e4n?&#8221; Kielikeskukselle on luotu oma kokonaisuus, johon kielikeskus kiinnitt\u00e4\u00e4 vaihto-opiskelijoille avoimet opintojaksot: Ko. kokonaisuus on kansainv\u00e4listymispalveluiden toimesta linkitetty kunkin ohjelmakohtaisen erillisen [&hellip;]<\/p>\n","protected":false},"author":81,"featured_media":0,"parent":0,"menu_order":2,"comment_status":"closed","ping_status":"closed","template":"","meta":{"_acf_changed":false,"_relevanssi_hide_post":"","_relevanssi_hide_content":"","_relevanssi_pin_for_all":"","_relevanssi_pin_keywords":"","_relevanssi_unpin_keywords":"","_relevanssi_related_keywords":"","_relevanssi_related_include_ids":"","_relevanssi_related_exclude_ids":"","_relevanssi_related_no_append":"","_relevanssi_related_not_related":"","_relevanssi_related_posts":"1","_relevanssi_noindex_reason":"","footnotes":""},"categories":[],"tags":[],"class_list":["post-24","page","type-page","status-publish","hentry"],"acf":[],"yoast_head":"<!-- This site is optimized with the Yoast SEO plugin v27.4 - https:\/\/yoast.com\/product\/yoast-seo-wordpress\/ -->\n<title>Mihin tehd\u00e4\u00e4n ja miss\u00e4 julkaistaan? - Course offerings for incoming exchange students<\/title>\n<meta name=\"robots\" content=\"index, follow, max-snippet:-1, max-image-preview:large, max-video-preview:-1\" \/>\n<link rel=\"canonical\" href=\"https:\/\/help.jamk.fi\/saapuvien-vaihto-opiskelijoiden-opintotarjonta\/mihin-tehdaan-ja-missa-julkaistaan\/\" \/>\n<meta property=\"og:locale\" content=\"fi_FI\" \/>\n<meta property=\"og:type\" content=\"article\" \/>\n<meta property=\"og:title\" content=\"Mihin tehd\u00e4\u00e4n ja miss\u00e4 julkaistaan? - Course offerings for incoming exchange students\" \/>\n<meta property=\"og:description\" content=\"Mihin vaihto-opiskelijoiden tarjonta tehd\u00e4\u00e4n? Jokaiselle vaihto-opiskelijoita vastaanottavalle ohjelmalle\/alalle on luotu kansainv\u00e4listymispalveluiden toimesta Pepin erillisiin opintokokonaisuuksiin ohjelmakohtaiset saapuvien vaihto-opiskelijoiden erilliset opintokokonaisuudet. Esimerkiksi: Yksik\u00f6t kiinnitt\u00e4v\u00e4t vaihto-opiskelijoille tarkoitetut opintojaksot n\u00e4ihin erillisiin opintokokonaisuuksiin. Katso tarkemmin osio &#8221;Miten tarjonta tehd\u00e4\u00e4n?&#8221; Kielikeskukselle on luotu oma kokonaisuus, johon kielikeskus kiinnitt\u00e4\u00e4 vaihto-opiskelijoille avoimet opintojaksot: Ko. kokonaisuus on kansainv\u00e4listymispalveluiden toimesta linkitetty kunkin ohjelmakohtaisen erillisen [&hellip;]\" \/>\n<meta property=\"og:url\" content=\"https:\/\/help.jamk.fi\/saapuvien-vaihto-opiskelijoiden-opintotarjonta\/mihin-tehdaan-ja-missa-julkaistaan\/\" \/>\n<meta property=\"og:site_name\" content=\"Course offerings for incoming exchange students\" \/>\n<meta property=\"article:modified_time\" content=\"2025-01-15T15:14:46+00:00\" \/>\n<meta name=\"twitter:card\" content=\"summary_large_image\" \/>\n<meta name=\"twitter:label1\" content=\"Arvioitu lukuaika\" \/>\n\t<meta name=\"twitter:data1\" content=\"2 minuuttia\" \/>\n<script type=\"application\/ld+json\" class=\"yoast-schema-graph\">{\"@context\":\"https:\\\/\\\/schema.org\",\"@graph\":[{\"@type\":\"WebPage\",\"@id\":\"https:\\\/\\\/help.jamk.fi\\\/saapuvien-vaihto-opiskelijoiden-opintotarjonta\\\/mihin-tehdaan-ja-missa-julkaistaan\\\/\",\"url\":\"https:\\\/\\\/help.jamk.fi\\\/saapuvien-vaihto-opiskelijoiden-opintotarjonta\\\/mihin-tehdaan-ja-missa-julkaistaan\\\/\",\"name\":\"Mihin tehd\u00e4\u00e4n ja miss\u00e4 julkaistaan? - Course offerings for incoming exchange students\",\"isPartOf\":{\"@id\":\"https:\\\/\\\/help.jamk.fi\\\/saapuvien-vaihto-opiskelijoiden-opintotarjonta\\\/#website\"},\"datePublished\":\"2025-01-15T15:11:39+00:00\",\"dateModified\":\"2025-01-15T15:14:46+00:00\",\"breadcrumb\":{\"@id\":\"https:\\\/\\\/help.jamk.fi\\\/saapuvien-vaihto-opiskelijoiden-opintotarjonta\\\/mihin-tehdaan-ja-missa-julkaistaan\\\/#breadcrumb\"},\"inLanguage\":\"fi\",\"potentialAction\":[{\"@type\":\"ReadAction\",\"target\":[\"https:\\\/\\\/help.jamk.fi\\\/saapuvien-vaihto-opiskelijoiden-opintotarjonta\\\/mihin-tehdaan-ja-missa-julkaistaan\\\/\"]}]},{\"@type\":\"BreadcrumbList\",\"@id\":\"https:\\\/\\\/help.jamk.fi\\\/saapuvien-vaihto-opiskelijoiden-opintotarjonta\\\/mihin-tehdaan-ja-missa-julkaistaan\\\/#breadcrumb\",\"itemListElement\":[{\"@type\":\"ListItem\",\"position\":1,\"name\":\"Home\",\"item\":\"https:\\\/\\\/help.jamk.fi\\\/saapuvien-vaihto-opiskelijoiden-opintotarjonta\\\/\"},{\"@type\":\"ListItem\",\"position\":2,\"name\":\"Mihin tehd\u00e4\u00e4n ja miss\u00e4 julkaistaan?\"}]},{\"@type\":\"WebSite\",\"@id\":\"https:\\\/\\\/help.jamk.fi\\\/saapuvien-vaihto-opiskelijoiden-opintotarjonta\\\/#website\",\"url\":\"https:\\\/\\\/help.jamk.fi\\\/saapuvien-vaihto-opiskelijoiden-opintotarjonta\\\/\",\"name\":\"Course offerings for incoming exchange students\",\"description\":\"\",\"potentialAction\":[{\"@type\":\"SearchAction\",\"target\":{\"@type\":\"EntryPoint\",\"urlTemplate\":\"https:\\\/\\\/help.jamk.fi\\\/saapuvien-vaihto-opiskelijoiden-opintotarjonta\\\/?s={search_term_string}\"},\"query-input\":{\"@type\":\"PropertyValueSpecification\",\"valueRequired\":true,\"valueName\":\"search_term_string\"}}],\"inLanguage\":\"fi\"}]}<\/script>\n<!-- \/ Yoast SEO plugin. -->","yoast_head_json":{"title":"Mihin tehd\u00e4\u00e4n ja miss\u00e4 julkaistaan? - Course offerings for incoming exchange students","robots":{"index":"index","follow":"follow","max-snippet":"max-snippet:-1","max-image-preview":"max-image-preview:large","max-video-preview":"max-video-preview:-1"},"canonical":"https:\/\/help.jamk.fi\/saapuvien-vaihto-opiskelijoiden-opintotarjonta\/mihin-tehdaan-ja-missa-julkaistaan\/","og_locale":"fi_FI","og_type":"article","og_title":"Mihin tehd\u00e4\u00e4n ja miss\u00e4 julkaistaan? - Course offerings for incoming exchange students","og_description":"Mihin vaihto-opiskelijoiden tarjonta tehd\u00e4\u00e4n? Jokaiselle vaihto-opiskelijoita vastaanottavalle ohjelmalle\/alalle on luotu kansainv\u00e4listymispalveluiden toimesta Pepin erillisiin opintokokonaisuuksiin ohjelmakohtaiset saapuvien vaihto-opiskelijoiden erilliset opintokokonaisuudet. Esimerkiksi: Yksik\u00f6t kiinnitt\u00e4v\u00e4t vaihto-opiskelijoille tarkoitetut opintojaksot n\u00e4ihin erillisiin opintokokonaisuuksiin. Katso tarkemmin osio &#8221;Miten tarjonta tehd\u00e4\u00e4n?&#8221; Kielikeskukselle on luotu oma kokonaisuus, johon kielikeskus kiinnitt\u00e4\u00e4 vaihto-opiskelijoille avoimet opintojaksot: Ko. kokonaisuus on kansainv\u00e4listymispalveluiden toimesta linkitetty kunkin ohjelmakohtaisen erillisen [&hellip;]","og_url":"https:\/\/help.jamk.fi\/saapuvien-vaihto-opiskelijoiden-opintotarjonta\/mihin-tehdaan-ja-missa-julkaistaan\/","og_site_name":"Course offerings for incoming exchange students","article_modified_time":"2025-01-15T15:14:46+00:00","twitter_card":"summary_large_image","twitter_misc":{"Arvioitu lukuaika":"2 minuuttia"},"schema":{"@context":"https:\/\/schema.org","@graph":[{"@type":"WebPage","@id":"https:\/\/help.jamk.fi\/saapuvien-vaihto-opiskelijoiden-opintotarjonta\/mihin-tehdaan-ja-missa-julkaistaan\/","url":"https:\/\/help.jamk.fi\/saapuvien-vaihto-opiskelijoiden-opintotarjonta\/mihin-tehdaan-ja-missa-julkaistaan\/","name":"Mihin tehd\u00e4\u00e4n ja miss\u00e4 julkaistaan? - Course offerings for incoming exchange students","isPartOf":{"@id":"https:\/\/help.jamk.fi\/saapuvien-vaihto-opiskelijoiden-opintotarjonta\/#website"},"datePublished":"2025-01-15T15:11:39+00:00","dateModified":"2025-01-15T15:14:46+00:00","breadcrumb":{"@id":"https:\/\/help.jamk.fi\/saapuvien-vaihto-opiskelijoiden-opintotarjonta\/mihin-tehdaan-ja-missa-julkaistaan\/#breadcrumb"},"inLanguage":"fi","potentialAction":[{"@type":"ReadAction","target":["https:\/\/help.jamk.fi\/saapuvien-vaihto-opiskelijoiden-opintotarjonta\/mihin-tehdaan-ja-missa-julkaistaan\/"]}]},{"@type":"BreadcrumbList","@id":"https:\/\/help.jamk.fi\/saapuvien-vaihto-opiskelijoiden-opintotarjonta\/mihin-tehdaan-ja-missa-julkaistaan\/#breadcrumb","itemListElement":[{"@type":"ListItem","position":1,"name":"Home","item":"https:\/\/help.jamk.fi\/saapuvien-vaihto-opiskelijoiden-opintotarjonta\/"},{"@type":"ListItem","position":2,"name":"Mihin tehd\u00e4\u00e4n ja miss\u00e4 julkaistaan?"}]},{"@type":"WebSite","@id":"https:\/\/help.jamk.fi\/saapuvien-vaihto-opiskelijoiden-opintotarjonta\/#website","url":"https:\/\/help.jamk.fi\/saapuvien-vaihto-opiskelijoiden-opintotarjonta\/","name":"Course offerings for incoming exchange students","description":"","potentialAction":[{"@type":"SearchAction","target":{"@type":"EntryPoint","urlTemplate":"https:\/\/help.jamk.fi\/saapuvien-vaihto-opiskelijoiden-opintotarjonta\/?s={search_term_string}"},"query-input":{"@type":"PropertyValueSpecification","valueRequired":true,"valueName":"search_term_string"}}],"inLanguage":"fi"}]}},"_links":{"self":[{"href":"https:\/\/help.jamk.fi\/saapuvien-vaihto-opiskelijoiden-opintotarjonta\/wp-json\/wp\/v2\/pages\/24","targetHints":{"allow":["GET"]}}],"collection":[{"href":"https:\/\/help.jamk.fi\/saapuvien-vaihto-opiskelijoiden-opintotarjonta\/wp-json\/wp\/v2\/pages"}],"about":[{"href":"https:\/\/help.jamk.fi\/saapuvien-vaihto-opiskelijoiden-opintotarjonta\/wp-json\/wp\/v2\/types\/page"}],"author":[{"embeddable":true,"href":"https:\/\/help.jamk.fi\/saapuvien-vaihto-opiskelijoiden-opintotarjonta\/wp-json\/wp\/v2\/users\/81"}],"replies":[{"embeddable":true,"href":"https:\/\/help.jamk.fi\/saapuvien-vaihto-opiskelijoiden-opintotarjonta\/wp-json\/wp\/v2\/comments?post=24"}],"version-history":[{"count":6,"href":"https:\/\/help.jamk.fi\/saapuvien-vaihto-opiskelijoiden-opintotarjonta\/wp-json\/wp\/v2\/pages\/24\/revisions"}],"predecessor-version":[{"id":30,"href":"https:\/\/help.jamk.fi\/saapuvien-vaihto-opiskelijoiden-opintotarjonta\/wp-json\/wp\/v2\/pages\/24\/revisions\/30"}],"wp:attachment":[{"href":"https:\/\/help.jamk.fi\/saapuvien-vaihto-opiskelijoiden-opintotarjonta\/wp-json\/wp\/v2\/media?parent=24"}],"wp:term":[{"taxonomy":"category","embeddable":true,"href":"https:\/\/help.jamk.fi\/saapuvien-vaihto-opiskelijoiden-opintotarjonta\/wp-json\/wp\/v2\/categories?post=24"},{"taxonomy":"post_tag","embeddable":true,"href":"https:\/\/help.jamk.fi\/saapuvien-vaihto-opiskelijoiden-opintotarjonta\/wp-json\/wp\/v2\/tags?post=24"}],"curies":[{"name":"wp","href":"https:\/\/api.w.org\/{rel}","templated":true}]}}