{"id":32,"date":"2022-05-18T07:53:05","date_gmt":"2022-05-18T04:53:05","guid":{"rendered":"https:\/\/help.jamk.fi\/tekstitaidot\/3-lahteiden-referointi\/"},"modified":"2025-07-17T10:20:03","modified_gmt":"2025-07-17T07:20:03","slug":"3-lahteiden-referointi","status":"publish","type":"page","link":"https:\/\/help.jamk.fi\/tekstitaidot\/fi\/3-lahteiden-referointi\/","title":{"rendered":"3 L\u00e4hteiden referointi"},"content":{"rendered":"\n<p>Siin\u00e4 vaiheessa, kun aiheen taustakirjallisuuteen on tutustuttu ja l\u00e4hdemateriaali valittu, on aika alkaa kirjoittamaan. Kirjoittaessa tarvitaan taitoa referoida l\u00e4hdeteksti\u00e4 sek\u00e4 erottaa referoitu tieto omista ajatuksista. T\u00e4ll\u00e4 sivulla keskityt\u00e4\u00e4n l\u00e4hteiden k\u00e4ytt\u00f6\u00f6n ja referoinnin keinoihin. Huomaa, ett\u00e4 l\u00e4hdemerkint\u00f6j\u00e4 k\u00e4sitell\u00e4\u00e4n tarkemmin <a href=\"https:\/\/help.jamk.fi\/raportointiohje\/fi\/\">Jamkin raportointiohjeessa<\/a>.<\/p>\n\n\n\n<p>T\u00e4m\u00e4 v\u00e4lilehti on jaettu seuraavasti kahteen osaan ns. Jamkin vanhan ja uuden viittausohjeen mukaisesti:<\/p>\n\n\n\n<ul class=\"wp-block-list\">\n<li>Uutta APA7-ohjeen mukaista l\u00e4hdemerkint\u00e4tekniikkaa k\u00e4ytt\u00e4v\u00e4t Jyv\u00e4skyl\u00e4n ammattikorkeakoulussa syksyll\u00e4 2024 ja sen j\u00e4lkeen aloittavat opiskelijat. Uusi ohje on Jamkin raportointiohjeen <a href=\"https:\/\/help.jamk.fi\/raportointiohje\/fi\/5a-lahteiden-kaytto\/\" target=\"_blank\" rel=\"noreferrer noopener\"><u>v\u00e4lilehdell\u00e4 5a<\/u><\/a>.<\/li>\n\n\n\n<li>Ennen syksy\u00e4 2024 opintonsa aloittaneet ja vanhan opetussuunnitelman mukaan opiskelevat opiskelijat k\u00e4ytt\u00e4v\u00e4t Jamkin aiemmin opetettua omaa raportointiohjetta l\u00e4hteiden merkint\u00e4tekniikasta. Ns. vanha Jamkin raportointiohje l\u00e4hteiden k\u00e4yt\u00f6st\u00e4 on <a href=\"https:\/\/help.jamk.fi\/raportointiohje\/fi\/5b-lahteiden-kaytto-2\/\" target=\"_blank\" rel=\"noreferrer noopener\"><u>v\u00e4lilehdell\u00e4 5b<\/u><\/a>.<\/li>\n<\/ul>\n\n\n\n<div id=\"accordion-block_e2a4072efc68464d9bca62a56b5d0fc3\" class=\"accordion block-accordion\">\n  <div class=\"block-accordion__element-header\">\n          <h2>L\u00e4hdemerkint\u00e4tekniikat<\/h2>\n      <\/div>\n  <div class=\"block-accordion__accordions\">\n                  <div class=\"accordion-item\">\n          <h2 class=\"h6 accordion-title\">\n            <button id=\"accordion-header-1\" class=\"accordion-header\" aria-expanded=\"false\" aria-controls=\"accordion-panel-1\">\n              3a L\u00e4hteiden referointi (APA-ohje, syksyst\u00e4 2024 opintonsa aloittaneet)              <div class='plus-icon' itemprop='logo'><svg aria-hidden=\"true\" viewBox=\"0 0 16 16\" fill=\"none\" xmlns=\"http:\/\/www.w3.org\/2000\/svg\"><path d=\"M8.92 7.1V.06H7.2V7.1H.12v1.72H7.2v7.12h1.72V8.82H16V7.1H8.92z\" fill=\"#0D004C\"\/><\/svg><\/div>              <div class='minus-icon' itemprop='logo'><svg aria-hidden=\"true\" viewBox=\"0 0 14 2\" fill=\"none\" xmlns=\"http:\/\/www.w3.org\/2000\/svg\"><path d=\"M14 1.88H.88V.12H14v1.76z\" fill=\"#fff\"\/><\/svg><\/div>            <\/button>\n          <\/h2>\n          <div class=\"accordion-section-wrapper\">\n            <section id=\"accordion-panel-1\" class=\"accordion-panel\" aria-labelledby=\"accordion-header-1\">\n              <p>N\u00e4m\u00e4 videot esittelev\u00e4t Jamkin raportointiohjeen mukaisen APA7-merkint\u00e4tavan. Vuonna 2024 opintonsa aloittaneet opiskelijat k\u00e4ytt\u00e4v\u00e4t l\u00e4hdemerkint\u00e4tekniikkana t\u00e4t\u00e4 ohjeistusta.<\/p>\n<h3>Miten referoit? (APA)<\/h3>\n<p>Videolla esitell\u00e4\u00e4n erilaisia referointitapoja esimerkkien kautta. Katso video painamalla kuvaa tai &#8221;<a href=\"https:\/\/panopto.jamk.fi\/Panopto\/Pages\/Viewer.aspx?id=2e4e2fce-c1b3-4dad-b57d-b20500b53de0\">Miten referoit? (APA)<\/a>&#8221;.<\/p>\n<p><iframe loading=\"lazy\" style=\"border: 1px solid #464646;\" src=\"https:\/\/panopto.jamk.fi\/Panopto\/Pages\/Embed.aspx?id=2e4e2fce-c1b3-4dad-b57d-b20500b53de0&amp;autoplay=false&amp;offerviewer=true&amp;showtitle=true&amp;showbrand=true&amp;captions=true&amp;interactivity=all\" width=\"720\" height=\"405\" allowfullscreen=\"allowfullscreen\"><\/iframe><\/p>\n<p><a href=\"https:\/\/help.jamk.fi\/tekstitaidot\/wp-content\/uploads\/sites\/63\/2025\/01\/Miten-referoit-APA7.pdf\">Diaesitys pdf-tiedostona<\/a><\/p>\n<h3>Miten k\u00e4yt\u00e4t l\u00e4hteit\u00e4 tekstiss\u00e4si? (APA)<\/h3>\n<p>Videolla k\u00e4yd\u00e4\u00e4n lyhyesti l\u00e4pi l\u00e4hdemerkint\u00e4tekniikan keskeisimm\u00e4t osa-alueet. Katso video painamalla kuvaa tai \u201d<a href=\"https:\/\/panopto.jamk.fi\/Panopto\/Pages\/Viewer.aspx?id=c1fa2da3-8a9e-41c9-beef-b205009335ca\">Miten k\u00e4yt\u00e4t l\u00e4hteit\u00e4 tekstiss\u00e4si? (APA)<\/a>\u201d.<\/p>\n<p><iframe loading=\"lazy\" style=\"border: 1px solid #464646;\" src=\"https:\/\/panopto.jamk.fi\/Panopto\/Pages\/Embed.aspx?id=c1fa2da3-8a9e-41c9-beef-b205009335ca&amp;autoplay=false&amp;offerviewer=true&amp;showtitle=true&amp;showbrand=true&amp;captions=true&amp;interactivity=all\" width=\"720\" height=\"405\" allowfullscreen=\"allowfullscreen\"><\/iframe><\/p>\n<p><a href=\"https:\/\/help.jamk.fi\/tekstitaidot\/wp-content\/uploads\/sites\/63\/2025\/04\/Miten-kaytat-lahteita-tekstissasi-APA7-1.pdf\">Diaesitys pdf-tiedostona<\/a><\/p>\n            <\/section>\n          <\/div>\n        <\/div>\n              <div class=\"accordion-item\">\n          <h2 class=\"h6 accordion-title\">\n            <button id=\"accordion-header-2\" class=\"accordion-header\" aria-expanded=\"false\" aria-controls=\"accordion-panel-2\">\n              3b L\u00e4hteiden referointi (ennen syksy\u00e4 2024 opintonsa aloittaneet)              <div class='plus-icon' itemprop='logo'><svg aria-hidden=\"true\" viewBox=\"0 0 16 16\" fill=\"none\" xmlns=\"http:\/\/www.w3.org\/2000\/svg\"><path d=\"M8.92 7.1V.06H7.2V7.1H.12v1.72H7.2v7.12h1.72V8.82H16V7.1H8.92z\" fill=\"#0D004C\"\/><\/svg><\/div>              <div class='minus-icon' itemprop='logo'><svg aria-hidden=\"true\" viewBox=\"0 0 14 2\" fill=\"none\" xmlns=\"http:\/\/www.w3.org\/2000\/svg\"><path d=\"M14 1.88H.88V.12H14v1.76z\" fill=\"#fff\"\/><\/svg><\/div>            <\/button>\n          <\/h2>\n          <div class=\"accordion-section-wrapper\">\n            <section id=\"accordion-panel-2\" class=\"accordion-panel\" aria-labelledby=\"accordion-header-2\">\n              <p>N\u00e4m\u00e4 videot esittelev\u00e4t Jamkin raportointiohjeen mukaisen ns. vanhan merkint\u00e4tavan. Ennen syksy\u00e4 2024 opintonsa aloittaneet ja vanhan opetussuunnitelman mukaan opiskelevat opiskelijat k\u00e4ytt\u00e4v\u00e4t t\u00e4t\u00e4 Jamkin aiemmin opetettua omaa raportointiohjetta l\u00e4hteiden merkint\u00e4tekniikasta.<\/p>\n<h3>Miten referoit?<\/h3>\n<p>Videolla esitell\u00e4\u00e4n erilaisia referointitapoja esimerkkien kautta. Katso video painamalla kuvaa tai \u201d<a href=\"https:\/\/panopto.jamk.fi\/Panopto\/Pages\/Viewer.aspx?id=04b09c87-add7-44fb-b280-af4f00bc2c49\">Miten referoit?<\/a>\u201d.<\/p>\n<p><iframe loading=\"lazy\" style=\"border: 1px solid #464646;\" src=\"https:\/\/panopto.jamk.fi\/Panopto\/Pages\/Embed.aspx?id=04b09c87-add7-44fb-b280-af4f00bc2c49&amp;autoplay=false&amp;offerviewer=true&amp;showtitle=true&amp;showbrand=true&amp;captions=true&amp;interactivity=all\" width=\"720\" height=\"405\" allowfullscreen=\"allowfullscreen\"><\/iframe><\/p>\n<p><a href=\"https:\/\/help.jamk.fi\/tekstitaidot\/wp-content\/uploads\/sites\/63\/2023\/09\/Miten-referoit-1.pdf\">Diaesitys pdf-tiedostona<\/a><\/p>\n<h3>Miten k\u00e4yt\u00e4t l\u00e4hteit\u00e4 tekstiss\u00e4si?<\/h3>\n<p>Videolla k\u00e4yd\u00e4\u00e4n lyhyesti l\u00e4pi l\u00e4hdemerkint\u00e4tekniikan keskeisimm\u00e4t osa-alueet. Katso video painamalla kuvaa tai \u201d<a href=\"https:\/\/panopto.jamk.fi\/Panopto\/Pages\/Viewer.aspx?id=148b38e5-f435-425a-a8cf-af4f00bbf66f\">Miten k\u00e4yt\u00e4t l\u00e4hteit\u00e4 tekstiss\u00e4si?<\/a>\u201d.<\/p>\n<p><iframe loading=\"lazy\" style=\"border: 1px solid #464646;\" src=\"https:\/\/panopto.jamk.fi\/Panopto\/Pages\/Embed.aspx?id=148b38e5-f435-425a-a8cf-af4f00bbf66f&amp;autoplay=false&amp;offerviewer=true&amp;showtitle=true&amp;showbrand=true&amp;captions=true&amp;interactivity=all\" width=\"720\" height=\"405\" allowfullscreen=\"allowfullscreen\"><\/iframe><\/p>\n<p><a href=\"https:\/\/help.jamk.fi\/tekstitaidot\/wp-content\/uploads\/sites\/63\/2023\/11\/Miten-kaytat-lahteita-tekstissasi.pdf\">Diaesitys pdf-tiedostona<\/a><\/p>\n            <\/section>\n          <\/div>\n        <\/div>\n            <\/div>\n<\/div>\n\n\n<p><br><\/p>\n\n\n\n<p><\/p>\n","protected":false},"excerpt":{"rendered":"<p>Siin\u00e4 vaiheessa, kun aiheen taustakirjallisuuteen on tutustuttu ja l\u00e4hdemateriaali valittu, on aika alkaa kirjoittamaan. Kirjoittaessa tarvitaan taitoa referoida l\u00e4hdeteksti\u00e4 sek\u00e4 erottaa referoitu tieto omista ajatuksista. T\u00e4ll\u00e4 sivulla keskityt\u00e4\u00e4n l\u00e4hteiden k\u00e4ytt\u00f6\u00f6n ja referoinnin keinoihin. Huomaa, ett\u00e4 l\u00e4hdemerkint\u00f6j\u00e4 k\u00e4sitell\u00e4\u00e4n tarkemmin Jamkin raportointiohjeessa. T\u00e4m\u00e4 v\u00e4lilehti on jaettu seuraavasti kahteen osaan ns. Jamkin vanhan ja uuden viittausohjeen mukaisesti:<\/p>\n","protected":false},"author":93,"featured_media":0,"parent":0,"menu_order":4,"comment_status":"closed","ping_status":"closed","template":"","meta":{"_acf_changed":false,"_relevanssi_hide_post":"","_relevanssi_hide_content":"","_relevanssi_pin_for_all":"","_relevanssi_pin_keywords":"l\u00e4hde, l\u00e4hteet, viittaus, referointi, tekstiviite","_relevanssi_unpin_keywords":"","_relevanssi_related_keywords":"","_relevanssi_related_include_ids":"","_relevanssi_related_exclude_ids":"","_relevanssi_related_no_append":"","_relevanssi_related_not_related":"","_relevanssi_related_posts":"","_relevanssi_noindex_reason":"","footnotes":""},"categories":[1],"tags":[],"class_list":["post-32","page","type-page","status-publish","hentry","category-yleinen"],"acf":[],"yoast_head":"<!-- This site is optimized with the Yoast SEO plugin v27.3 - https:\/\/yoast.com\/product\/yoast-seo-wordpress\/ -->\n<title>3 L\u00e4hteiden referointi - Tekstitaidot haltuun<\/title>\n<meta name=\"robots\" content=\"index, follow, max-snippet:-1, max-image-preview:large, max-video-preview:-1\" \/>\n<link rel=\"canonical\" href=\"https:\/\/help.jamk.fi\/tekstitaidot\/fi\/3-lahteiden-referointi\/\" \/>\n<meta property=\"og:locale\" content=\"fi_FI\" \/>\n<meta property=\"og:type\" content=\"article\" \/>\n<meta property=\"og:title\" content=\"3 L\u00e4hteiden referointi - Tekstitaidot haltuun\" \/>\n<meta property=\"og:description\" content=\"Siin\u00e4 vaiheessa, kun aiheen taustakirjallisuuteen on tutustuttu ja l\u00e4hdemateriaali valittu, on aika alkaa kirjoittamaan. Kirjoittaessa tarvitaan taitoa referoida l\u00e4hdeteksti\u00e4 sek\u00e4 erottaa referoitu tieto omista ajatuksista. T\u00e4ll\u00e4 sivulla keskityt\u00e4\u00e4n l\u00e4hteiden k\u00e4ytt\u00f6\u00f6n ja referoinnin keinoihin. Huomaa, ett\u00e4 l\u00e4hdemerkint\u00f6j\u00e4 k\u00e4sitell\u00e4\u00e4n tarkemmin Jamkin raportointiohjeessa. T\u00e4m\u00e4 v\u00e4lilehti on jaettu seuraavasti kahteen osaan ns. Jamkin vanhan ja uuden viittausohjeen mukaisesti:\" \/>\n<meta property=\"og:url\" content=\"https:\/\/help.jamk.fi\/tekstitaidot\/fi\/3-lahteiden-referointi\/\" \/>\n<meta property=\"og:site_name\" content=\"Tekstitaidot haltuun\" \/>\n<meta property=\"article:modified_time\" content=\"2025-07-17T07:20:03+00:00\" \/>\n<meta name=\"twitter:card\" content=\"summary_large_image\" \/>\n<meta name=\"twitter:label1\" content=\"Arvioitu lukuaika\" \/>\n\t<meta name=\"twitter:data1\" content=\"1 minuutti\" \/>\n<script type=\"application\/ld+json\" class=\"yoast-schema-graph\">{\"@context\":\"https:\\\/\\\/schema.org\",\"@graph\":[{\"@type\":\"WebPage\",\"@id\":\"https:\\\/\\\/help.jamk.fi\\\/tekstitaidot\\\/fi\\\/3-lahteiden-referointi\\\/\",\"url\":\"https:\\\/\\\/help.jamk.fi\\\/tekstitaidot\\\/fi\\\/3-lahteiden-referointi\\\/\",\"name\":\"3 L\u00e4hteiden referointi - Tekstitaidot haltuun\",\"isPartOf\":{\"@id\":\"https:\\\/\\\/help.jamk.fi\\\/tekstitaidot\\\/#website\"},\"datePublished\":\"2022-05-18T04:53:05+00:00\",\"dateModified\":\"2025-07-17T07:20:03+00:00\",\"breadcrumb\":{\"@id\":\"https:\\\/\\\/help.jamk.fi\\\/tekstitaidot\\\/fi\\\/3-lahteiden-referointi\\\/#breadcrumb\"},\"inLanguage\":\"fi\",\"potentialAction\":[{\"@type\":\"ReadAction\",\"target\":[\"https:\\\/\\\/help.jamk.fi\\\/tekstitaidot\\\/fi\\\/3-lahteiden-referointi\\\/\"]}]},{\"@type\":\"BreadcrumbList\",\"@id\":\"https:\\\/\\\/help.jamk.fi\\\/tekstitaidot\\\/fi\\\/3-lahteiden-referointi\\\/#breadcrumb\",\"itemListElement\":[{\"@type\":\"ListItem\",\"position\":1,\"name\":\"Etusivu\",\"item\":\"https:\\\/\\\/help.jamk.fi\\\/tekstitaidot\\\/fi\\\/\"},{\"@type\":\"ListItem\",\"position\":2,\"name\":\"3 L\u00e4hteiden referointi\"}]},{\"@type\":\"WebSite\",\"@id\":\"https:\\\/\\\/help.jamk.fi\\\/tekstitaidot\\\/#website\",\"url\":\"https:\\\/\\\/help.jamk.fi\\\/tekstitaidot\\\/\",\"name\":\"Tekstitaidot haltuun\",\"description\":\"\",\"potentialAction\":[{\"@type\":\"SearchAction\",\"target\":{\"@type\":\"EntryPoint\",\"urlTemplate\":\"https:\\\/\\\/help.jamk.fi\\\/tekstitaidot\\\/?s={search_term_string}\"},\"query-input\":{\"@type\":\"PropertyValueSpecification\",\"valueRequired\":true,\"valueName\":\"search_term_string\"}}],\"inLanguage\":\"fi\"}]}<\/script>\n<!-- \/ Yoast SEO plugin. -->","yoast_head_json":{"title":"3 L\u00e4hteiden referointi - Tekstitaidot haltuun","robots":{"index":"index","follow":"follow","max-snippet":"max-snippet:-1","max-image-preview":"max-image-preview:large","max-video-preview":"max-video-preview:-1"},"canonical":"https:\/\/help.jamk.fi\/tekstitaidot\/fi\/3-lahteiden-referointi\/","og_locale":"fi_FI","og_type":"article","og_title":"3 L\u00e4hteiden referointi - Tekstitaidot haltuun","og_description":"Siin\u00e4 vaiheessa, kun aiheen taustakirjallisuuteen on tutustuttu ja l\u00e4hdemateriaali valittu, on aika alkaa kirjoittamaan. Kirjoittaessa tarvitaan taitoa referoida l\u00e4hdeteksti\u00e4 sek\u00e4 erottaa referoitu tieto omista ajatuksista. T\u00e4ll\u00e4 sivulla keskityt\u00e4\u00e4n l\u00e4hteiden k\u00e4ytt\u00f6\u00f6n ja referoinnin keinoihin. Huomaa, ett\u00e4 l\u00e4hdemerkint\u00f6j\u00e4 k\u00e4sitell\u00e4\u00e4n tarkemmin Jamkin raportointiohjeessa. T\u00e4m\u00e4 v\u00e4lilehti on jaettu seuraavasti kahteen osaan ns. Jamkin vanhan ja uuden viittausohjeen mukaisesti:","og_url":"https:\/\/help.jamk.fi\/tekstitaidot\/fi\/3-lahteiden-referointi\/","og_site_name":"Tekstitaidot haltuun","article_modified_time":"2025-07-17T07:20:03+00:00","twitter_card":"summary_large_image","twitter_misc":{"Arvioitu lukuaika":"1 minuutti"},"schema":{"@context":"https:\/\/schema.org","@graph":[{"@type":"WebPage","@id":"https:\/\/help.jamk.fi\/tekstitaidot\/fi\/3-lahteiden-referointi\/","url":"https:\/\/help.jamk.fi\/tekstitaidot\/fi\/3-lahteiden-referointi\/","name":"3 L\u00e4hteiden referointi - Tekstitaidot haltuun","isPartOf":{"@id":"https:\/\/help.jamk.fi\/tekstitaidot\/#website"},"datePublished":"2022-05-18T04:53:05+00:00","dateModified":"2025-07-17T07:20:03+00:00","breadcrumb":{"@id":"https:\/\/help.jamk.fi\/tekstitaidot\/fi\/3-lahteiden-referointi\/#breadcrumb"},"inLanguage":"fi","potentialAction":[{"@type":"ReadAction","target":["https:\/\/help.jamk.fi\/tekstitaidot\/fi\/3-lahteiden-referointi\/"]}]},{"@type":"BreadcrumbList","@id":"https:\/\/help.jamk.fi\/tekstitaidot\/fi\/3-lahteiden-referointi\/#breadcrumb","itemListElement":[{"@type":"ListItem","position":1,"name":"Etusivu","item":"https:\/\/help.jamk.fi\/tekstitaidot\/fi\/"},{"@type":"ListItem","position":2,"name":"3 L\u00e4hteiden referointi"}]},{"@type":"WebSite","@id":"https:\/\/help.jamk.fi\/tekstitaidot\/#website","url":"https:\/\/help.jamk.fi\/tekstitaidot\/","name":"Tekstitaidot haltuun","description":"","potentialAction":[{"@type":"SearchAction","target":{"@type":"EntryPoint","urlTemplate":"https:\/\/help.jamk.fi\/tekstitaidot\/?s={search_term_string}"},"query-input":{"@type":"PropertyValueSpecification","valueRequired":true,"valueName":"search_term_string"}}],"inLanguage":"fi"}]}},"_links":{"self":[{"href":"https:\/\/help.jamk.fi\/tekstitaidot\/wp-json\/wp\/v2\/pages\/32","targetHints":{"allow":["GET"]}}],"collection":[{"href":"https:\/\/help.jamk.fi\/tekstitaidot\/wp-json\/wp\/v2\/pages"}],"about":[{"href":"https:\/\/help.jamk.fi\/tekstitaidot\/wp-json\/wp\/v2\/types\/page"}],"author":[{"embeddable":true,"href":"https:\/\/help.jamk.fi\/tekstitaidot\/wp-json\/wp\/v2\/users\/93"}],"replies":[{"embeddable":true,"href":"https:\/\/help.jamk.fi\/tekstitaidot\/wp-json\/wp\/v2\/comments?post=32"}],"version-history":[{"count":49,"href":"https:\/\/help.jamk.fi\/tekstitaidot\/wp-json\/wp\/v2\/pages\/32\/revisions"}],"predecessor-version":[{"id":680,"href":"https:\/\/help.jamk.fi\/tekstitaidot\/wp-json\/wp\/v2\/pages\/32\/revisions\/680"}],"wp:attachment":[{"href":"https:\/\/help.jamk.fi\/tekstitaidot\/wp-json\/wp\/v2\/media?parent=32"}],"wp:term":[{"taxonomy":"category","embeddable":true,"href":"https:\/\/help.jamk.fi\/tekstitaidot\/wp-json\/wp\/v2\/categories?post=32"},{"taxonomy":"post_tag","embeddable":true,"href":"https:\/\/help.jamk.fi\/tekstitaidot\/wp-json\/wp\/v2\/tags?post=32"}],"curies":[{"name":"wp","href":"https:\/\/api.w.org\/{rel}","templated":true}]}}