{"id":44,"date":"2022-05-18T07:54:38","date_gmt":"2022-05-18T04:54:38","guid":{"rendered":"https:\/\/help.jamk.fi\/tekstitaidot\/4-tekstin-rakenne\/"},"modified":"2025-03-21T13:42:15","modified_gmt":"2025-03-21T11:42:15","slug":"4-tekstin-rakenne","status":"publish","type":"page","link":"https:\/\/help.jamk.fi\/tekstitaidot\/fi\/4-tekstin-rakenne\/","title":{"rendered":"4 Tekstin rakenne"},"content":{"rendered":"\n<p>YAMK-opinnoissa kirjoitetaan paljon tekstej\u00e4. Jotta kirjoitusurakka helpottuu, on syyt\u00e4 ymm\u00e4rt\u00e4\u00e4, mist\u00e4 osista ja miten teksti rakentuu. T\u00e4ll\u00e4 sivulla esitell\u00e4\u00e4n tekstin rakentumista eri rakennetasoilla.<\/p>\n\n\n\n<p>Sivu on jaettu seuraaviin alasivuihin:<\/p>\n\n\n\n<p><a href=\"https:\/\/help.jamk.fi\/tekstitaidot\/fi\/4-tekstin-rakenne\/5-1-virkerakenteet\/\">4.1 Virkerakenteet<\/a><br><a href=\"https:\/\/help.jamk.fi\/tekstitaidot\/fi\/4-tekstin-rakenne\/5-2-tekstikappaleet\/\">4.2 Tekstikappaleet<\/a><br><a href=\"https:\/\/help.jamk.fi\/tekstitaidot\/fi\/4-tekstin-rakenne\/5-3-luvut\/\">4.3 Tekstin kokonaisrakenne<\/a><\/p>\n","protected":false},"excerpt":{"rendered":"<p>YAMK-opinnoissa kirjoitetaan paljon tekstej\u00e4. Jotta kirjoitusurakka helpottuu, on syyt\u00e4 ymm\u00e4rt\u00e4\u00e4, mist\u00e4 osista ja miten teksti rakentuu. T\u00e4ll\u00e4 sivulla esitell\u00e4\u00e4n tekstin rakentumista eri rakennetasoilla. Sivu on jaettu seuraaviin alasivuihin: 4.1 Virkerakenteet4.2 Tekstikappaleet4.3 Tekstin kokonaisrakenne<\/p>\n","protected":false},"author":93,"featured_media":0,"parent":0,"menu_order":5,"comment_status":"closed","ping_status":"closed","template":"","meta":{"_acf_changed":false,"_relevanssi_hide_post":"","_relevanssi_hide_content":"","_relevanssi_pin_for_all":"","_relevanssi_pin_keywords":"","_relevanssi_unpin_keywords":"","_relevanssi_related_keywords":"","_relevanssi_related_include_ids":"","_relevanssi_related_exclude_ids":"","_relevanssi_related_no_append":"","_relevanssi_related_not_related":"","_relevanssi_related_posts":"","_relevanssi_noindex_reason":"","footnotes":""},"categories":[1],"tags":[],"class_list":["post-44","page","type-page","status-publish","hentry","category-yleinen"],"acf":[],"yoast_head":"<!-- This site is optimized with the Yoast SEO plugin v27.3 - https:\/\/yoast.com\/product\/yoast-seo-wordpress\/ -->\n<title>4 Tekstin rakenne - Tekstitaidot haltuun<\/title>\n<meta name=\"robots\" content=\"index, follow, max-snippet:-1, max-image-preview:large, max-video-preview:-1\" \/>\n<link rel=\"canonical\" href=\"https:\/\/help.jamk.fi\/tekstitaidot\/fi\/4-tekstin-rakenne\/\" \/>\n<meta property=\"og:locale\" content=\"fi_FI\" \/>\n<meta property=\"og:type\" content=\"article\" \/>\n<meta property=\"og:title\" content=\"4 Tekstin rakenne - Tekstitaidot haltuun\" \/>\n<meta property=\"og:description\" content=\"YAMK-opinnoissa kirjoitetaan paljon tekstej\u00e4. Jotta kirjoitusurakka helpottuu, on syyt\u00e4 ymm\u00e4rt\u00e4\u00e4, mist\u00e4 osista ja miten teksti rakentuu. T\u00e4ll\u00e4 sivulla esitell\u00e4\u00e4n tekstin rakentumista eri rakennetasoilla. Sivu on jaettu seuraaviin alasivuihin: 4.1 Virkerakenteet4.2 Tekstikappaleet4.3 Tekstin kokonaisrakenne\" \/>\n<meta property=\"og:url\" content=\"https:\/\/help.jamk.fi\/tekstitaidot\/fi\/4-tekstin-rakenne\/\" \/>\n<meta property=\"og:site_name\" content=\"Tekstitaidot haltuun\" \/>\n<meta property=\"article:modified_time\" content=\"2025-03-21T11:42:15+00:00\" \/>\n<meta name=\"twitter:card\" content=\"summary_large_image\" \/>\n<meta name=\"twitter:label1\" content=\"Arvioitu lukuaika\" \/>\n\t<meta name=\"twitter:data1\" content=\"1 minuutti\" \/>\n<script type=\"application\/ld+json\" class=\"yoast-schema-graph\">{\"@context\":\"https:\\\/\\\/schema.org\",\"@graph\":[{\"@type\":\"WebPage\",\"@id\":\"https:\\\/\\\/help.jamk.fi\\\/tekstitaidot\\\/fi\\\/4-tekstin-rakenne\\\/\",\"url\":\"https:\\\/\\\/help.jamk.fi\\\/tekstitaidot\\\/fi\\\/4-tekstin-rakenne\\\/\",\"name\":\"4 Tekstin rakenne - Tekstitaidot haltuun\",\"isPartOf\":{\"@id\":\"https:\\\/\\\/help.jamk.fi\\\/tekstitaidot\\\/#website\"},\"datePublished\":\"2022-05-18T04:54:38+00:00\",\"dateModified\":\"2025-03-21T11:42:15+00:00\",\"breadcrumb\":{\"@id\":\"https:\\\/\\\/help.jamk.fi\\\/tekstitaidot\\\/fi\\\/4-tekstin-rakenne\\\/#breadcrumb\"},\"inLanguage\":\"fi\",\"potentialAction\":[{\"@type\":\"ReadAction\",\"target\":[\"https:\\\/\\\/help.jamk.fi\\\/tekstitaidot\\\/fi\\\/4-tekstin-rakenne\\\/\"]}]},{\"@type\":\"BreadcrumbList\",\"@id\":\"https:\\\/\\\/help.jamk.fi\\\/tekstitaidot\\\/fi\\\/4-tekstin-rakenne\\\/#breadcrumb\",\"itemListElement\":[{\"@type\":\"ListItem\",\"position\":1,\"name\":\"Etusivu\",\"item\":\"https:\\\/\\\/help.jamk.fi\\\/tekstitaidot\\\/fi\\\/\"},{\"@type\":\"ListItem\",\"position\":2,\"name\":\"4 Tekstin rakenne\"}]},{\"@type\":\"WebSite\",\"@id\":\"https:\\\/\\\/help.jamk.fi\\\/tekstitaidot\\\/#website\",\"url\":\"https:\\\/\\\/help.jamk.fi\\\/tekstitaidot\\\/\",\"name\":\"Tekstitaidot haltuun\",\"description\":\"\",\"potentialAction\":[{\"@type\":\"SearchAction\",\"target\":{\"@type\":\"EntryPoint\",\"urlTemplate\":\"https:\\\/\\\/help.jamk.fi\\\/tekstitaidot\\\/?s={search_term_string}\"},\"query-input\":{\"@type\":\"PropertyValueSpecification\",\"valueRequired\":true,\"valueName\":\"search_term_string\"}}],\"inLanguage\":\"fi\"}]}<\/script>\n<!-- \/ Yoast SEO plugin. -->","yoast_head_json":{"title":"4 Tekstin rakenne - Tekstitaidot haltuun","robots":{"index":"index","follow":"follow","max-snippet":"max-snippet:-1","max-image-preview":"max-image-preview:large","max-video-preview":"max-video-preview:-1"},"canonical":"https:\/\/help.jamk.fi\/tekstitaidot\/fi\/4-tekstin-rakenne\/","og_locale":"fi_FI","og_type":"article","og_title":"4 Tekstin rakenne - Tekstitaidot haltuun","og_description":"YAMK-opinnoissa kirjoitetaan paljon tekstej\u00e4. Jotta kirjoitusurakka helpottuu, on syyt\u00e4 ymm\u00e4rt\u00e4\u00e4, mist\u00e4 osista ja miten teksti rakentuu. T\u00e4ll\u00e4 sivulla esitell\u00e4\u00e4n tekstin rakentumista eri rakennetasoilla. Sivu on jaettu seuraaviin alasivuihin: 4.1 Virkerakenteet4.2 Tekstikappaleet4.3 Tekstin kokonaisrakenne","og_url":"https:\/\/help.jamk.fi\/tekstitaidot\/fi\/4-tekstin-rakenne\/","og_site_name":"Tekstitaidot haltuun","article_modified_time":"2025-03-21T11:42:15+00:00","twitter_card":"summary_large_image","twitter_misc":{"Arvioitu lukuaika":"1 minuutti"},"schema":{"@context":"https:\/\/schema.org","@graph":[{"@type":"WebPage","@id":"https:\/\/help.jamk.fi\/tekstitaidot\/fi\/4-tekstin-rakenne\/","url":"https:\/\/help.jamk.fi\/tekstitaidot\/fi\/4-tekstin-rakenne\/","name":"4 Tekstin rakenne - Tekstitaidot haltuun","isPartOf":{"@id":"https:\/\/help.jamk.fi\/tekstitaidot\/#website"},"datePublished":"2022-05-18T04:54:38+00:00","dateModified":"2025-03-21T11:42:15+00:00","breadcrumb":{"@id":"https:\/\/help.jamk.fi\/tekstitaidot\/fi\/4-tekstin-rakenne\/#breadcrumb"},"inLanguage":"fi","potentialAction":[{"@type":"ReadAction","target":["https:\/\/help.jamk.fi\/tekstitaidot\/fi\/4-tekstin-rakenne\/"]}]},{"@type":"BreadcrumbList","@id":"https:\/\/help.jamk.fi\/tekstitaidot\/fi\/4-tekstin-rakenne\/#breadcrumb","itemListElement":[{"@type":"ListItem","position":1,"name":"Etusivu","item":"https:\/\/help.jamk.fi\/tekstitaidot\/fi\/"},{"@type":"ListItem","position":2,"name":"4 Tekstin rakenne"}]},{"@type":"WebSite","@id":"https:\/\/help.jamk.fi\/tekstitaidot\/#website","url":"https:\/\/help.jamk.fi\/tekstitaidot\/","name":"Tekstitaidot haltuun","description":"","potentialAction":[{"@type":"SearchAction","target":{"@type":"EntryPoint","urlTemplate":"https:\/\/help.jamk.fi\/tekstitaidot\/?s={search_term_string}"},"query-input":{"@type":"PropertyValueSpecification","valueRequired":true,"valueName":"search_term_string"}}],"inLanguage":"fi"}]}},"_links":{"self":[{"href":"https:\/\/help.jamk.fi\/tekstitaidot\/wp-json\/wp\/v2\/pages\/44","targetHints":{"allow":["GET"]}}],"collection":[{"href":"https:\/\/help.jamk.fi\/tekstitaidot\/wp-json\/wp\/v2\/pages"}],"about":[{"href":"https:\/\/help.jamk.fi\/tekstitaidot\/wp-json\/wp\/v2\/types\/page"}],"author":[{"embeddable":true,"href":"https:\/\/help.jamk.fi\/tekstitaidot\/wp-json\/wp\/v2\/users\/93"}],"replies":[{"embeddable":true,"href":"https:\/\/help.jamk.fi\/tekstitaidot\/wp-json\/wp\/v2\/comments?post=44"}],"version-history":[{"count":7,"href":"https:\/\/help.jamk.fi\/tekstitaidot\/wp-json\/wp\/v2\/pages\/44\/revisions"}],"predecessor-version":[{"id":617,"href":"https:\/\/help.jamk.fi\/tekstitaidot\/wp-json\/wp\/v2\/pages\/44\/revisions\/617"}],"wp:attachment":[{"href":"https:\/\/help.jamk.fi\/tekstitaidot\/wp-json\/wp\/v2\/media?parent=44"}],"wp:term":[{"taxonomy":"category","embeddable":true,"href":"https:\/\/help.jamk.fi\/tekstitaidot\/wp-json\/wp\/v2\/categories?post=44"},{"taxonomy":"post_tag","embeddable":true,"href":"https:\/\/help.jamk.fi\/tekstitaidot\/wp-json\/wp\/v2\/tags?post=44"}],"curies":[{"name":"wp","href":"https:\/\/api.w.org\/{rel}","templated":true}]}}