{"id":1080,"date":"2025-09-17T14:24:35","date_gmt":"2025-09-17T11:24:35","guid":{"rendered":"https:\/\/help.jamk.fi\/tietosuoja\/?page_id=1080"},"modified":"2025-09-17T14:25:13","modified_gmt":"2025-09-17T11:25:13","slug":"tietosuojaseloste-m2-matkustuksenhallintajarjestelma","status":"publish","type":"page","link":"https:\/\/help.jamk.fi\/tietosuoja\/fi\/talouspalvelut\/tietosuojaseloste-m2-matkustuksenhallintajarjestelma\/","title":{"rendered":"Tietosuojaseloste \u2013 M2 matkustuksenhallintaj\u00e4rjestelm\u00e4"},"content":{"rendered":"\n<p>(<a href=\"http:\/\/eur-lex.europa.eu\/legal-content\/FI\/TXT\/?uri=uriserv:OJ.L_.2016.119.01.0001.01.FIN&amp;toc=OJ:L:2016:119:FULL\">EU -tietosuoja-asetus (2016\/679))<\/a><\/p>\n\n\n\n<p>P\u00e4ivitetty 16.9.2025<\/p>\n\n\n\n<h2 class=\"wp-block-heading\">1. <strong>Rekisterin nimi <\/strong><\/h2>\n\n\n\n<p>Matkustuksenhallintaj\u00e4rjestelm\u00e4<\/p>\n\n\n\n<h2 class=\"wp-block-heading\">2. <strong>Rekisterinpit\u00e4j\u00e4<\/strong><\/h2>\n\n\n\n<p>Jyv\u00e4skyl\u00e4n ammattikorkeakoulu Oy<br>PL 207, 40101 Jyv\u00e4skyl\u00e4<br>+358 20 743 8100<\/p>\n\n\n\n<h2 class=\"wp-block-heading\">3. <strong>Yhteyshenkil\u00f6 rekisteri\u00e4 koskevissa asioissa, yhteystiedot virka-aikana<\/strong><\/h2>\n\n\n\n<ul class=\"wp-block-list\">\n<li>Rekisterist\u00e4 vastaavan johtaja: Talousp\u00e4\u00e4llikk\u00f6\/KOPA Talouspalvelut<\/li>\n\n\n\n<li>Sis\u00e4ll\u00f6llinen p\u00e4\u00e4k\u00e4ytt\u00e4j\u00e4: Talousp\u00e4\u00e4llikk\u00f6\/KOPA Talouspalvelut<\/li>\n\n\n\n<li>Tekninen p\u00e4\u00e4k\u00e4ytt\u00e4j\u00e4: Talousp\u00e4\u00e4llikk\u00f6\/KOPA Talouspalvelut<br><br>etunimi.sukunimi@jamk.fi<\/li>\n<\/ul>\n\n\n\n<p><\/p>\n\n\n\n<h2 class=\"wp-block-heading\">4. <strong>Henkil\u00f6tietojen k\u00e4sittelyn tarkoitus<\/strong><\/h2>\n\n\n\n<p>Henkil\u00f6tietoja k\u00e4sitell\u00e4\u00e4n henkil\u00f6iden matkalaskuihin liittyen.<\/p>\n\n\n\n<h2 class=\"wp-block-heading\">5. <strong>Rekisterin tietosis\u00e4lt\u00f6<\/strong><\/h2>\n\n\n\n<p>Henkil\u00f6tietoja k\u00e4sitell\u00e4\u00e4n Jamkin henkil\u00f6tietojen k\u00e4sittelyohjeen mukaisesti.<\/p>\n\n\n\n<p>Rekister\u00f6ityjen ryhm\u00e4t: Jamkin ty\u00f6ntekij\u00e4t<\/p>\n\n\n\n<p>Henkil\u00f6tietoina rekisteriin voidaan tallentaa<\/p>\n\n\n\n<ul class=\"wp-block-list\">\n<li>Nimi<\/li>\n\n\n\n<li>Henkil\u00f6tunnus<\/li>\n\n\n\n<li>Kansalaisuus<\/li>\n\n\n\n<li>S\u00e4hk\u00f6postiosoite<\/li>\n\n\n\n<li>Osoite<\/li>\n\n\n\n<li>Henkil\u00f6numero<\/li>\n<\/ul>\n\n\n\n<p><\/p>\n\n\n\n<h2 class=\"wp-block-heading\">6. <strong>K\u00e4sittelyperuste<\/strong><\/h2>\n\n\n\n<p>Rekisterin tietojen k\u00e4sittelyperusteena on lakis\u00e4\u00e4teinen velvoite sek\u00e4 yleist\u00e4 etua koskeva teht\u00e4v\u00e4 tai julkisen vallan k\u00e4ytt\u00f6.<\/p>\n\n\n\n<h2 class=\"wp-block-heading\">7. <strong>S\u00e4\u00e4nn\u00f6nmukaiset tietol\u00e4hteet<\/strong><\/h2>\n\n\n\n<p>Palkkaj\u00e4rjestelm\u00e4 Personec F.K\/F2.<\/p>\n\n\n\n<p>Kirjanpitoj\u00e4rjestelm\u00e4 Wintime.<\/p>\n\n\n\n<h2 class=\"wp-block-heading\">8. <strong>S\u00e4\u00e4nn\u00f6nmukaiset tietojen luovutukset ja tietojen siirto EU:n tai Euroopan talousalueen ulkopuolelle<\/strong><\/h2>\n\n\n\n<p>Tietoja ei siirret\u00e4 EU:n tai ETA-alueen ulkopuolelle ja\/tai kansainv\u00e4lisille j\u00e4rjest\u00f6ille.<\/p>\n\n\n\n<h2 class=\"wp-block-heading\">9. <strong>Rekisterin suojauksen periaatteet<\/strong><\/h2>\n\n\n\n<p>Rekisterin k\u00e4sittelyss\u00e4 noudatetaan huolellisuutta ja tietoj\u00e4rjestelmien avulla k\u00e4sitelt\u00e4v\u00e4t tiedot suojataan asianmukaisesti. Rekisterink\u00e4sittelij\u00e4 huolehtii siit\u00e4, ett\u00e4 tallennettuja tietoja sek\u00e4 k\u00e4ytt\u00f6oikeuksia ja muita henkil\u00f6tietojen turvallisuuden kannalta kriittisi\u00e4 tietoja k\u00e4sitell\u00e4\u00e4n luottamuksellisesti ja vain niiden ty\u00f6ntekij\u00f6iden toimesta, joiden ty\u00f6nkuvaan se kuuluu. Aineistoja saa k\u00e4sitell\u00e4 vain budjetointij\u00e4rjestelm\u00e4n p\u00e4\u00e4k\u00e4ytt\u00e4j\u00e4t sek\u00e4 rajatuilla k\u00e4ytt\u00f6oikeuksilla budjetoijat (esihenkil\u00f6t, projektisihteerit).<\/p>\n\n\n\n<h2 class=\"wp-block-heading\">10. <strong>Henkil\u00f6tietojen s\u00e4ilytt\u00e4misaika tai s\u00e4ilytt\u00e4misajan m\u00e4\u00e4ritt\u00e4miskriteerit<\/strong><\/h2>\n\n\n\n<ol class=\"wp-block-list\"><\/ol>\n\n\n\n<p>Henkil\u00f6tietoja s\u00e4ilytet\u00e4\u00e4n niin kauan kuin henkil\u00f6n ty\u00f6suhde on voimassa.<\/p>\n\n\n\n<h2 class=\"wp-block-heading\"><strong>11&nbsp;Profilointi ja automaattinen p\u00e4\u00e4t\u00f6ksenteko<\/strong><\/h2>\n\n\n\n<p>Rekisterin tietoja ei k\u00e4ytet\u00e4 automatisoituihin yksitt\u00e4isp\u00e4\u00e4t\u00f6ksiin tai profilointiin.<\/p>\n\n\n\n<h2 class=\"wp-block-heading\"><strong>12 Rekister\u00f6idyn oikeudet<\/strong><\/h2>\n\n\n\n<p>Laki viranomaisten toiminnan julkisuudesta s\u00e4\u00e4ntelee viranomaisten asiakirjojen ja muiden tietoaineistojen julkisuutta ja salassapitoa sek\u00e4 tiedon antamista asiakirjasta ja siihen liittyv\u00e4\u00e4 menettely\u00e4. Lis\u00e4tietoa rekister\u00f6idyn oikeuksista ja niiden toteuttamisesta\u00a0kerrotaan\u00a0<a href=\"https:\/\/www.jamk.fi\/fi\/jamk\/tietosuoja-jamkissa\">Jamkin tietosuojalausekkeessa<\/a>\u00a0ja\u00a0<a href=\"https:\/\/www.jamk.fi\/fi\/jamk\/tietosuoja-jamkissa\">Rekister\u00f6idyn oikeudet<\/a>-sivulla.<\/p>\n","protected":false},"excerpt":{"rendered":"<p>(EU -tietosuoja-asetus (2016\/679)) P\u00e4ivitetty 16.9.2025 1. Rekisterin nimi Matkustuksenhallintaj\u00e4rjestelm\u00e4 2. Rekisterinpit\u00e4j\u00e4 Jyv\u00e4skyl\u00e4n ammattikorkeakoulu OyPL 207, 40101 Jyv\u00e4skyl\u00e4+358 20 743 8100 3. Yhteyshenkil\u00f6 rekisteri\u00e4 koskevissa asioissa, yhteystiedot virka-aikana 4. Henkil\u00f6tietojen k\u00e4sittelyn tarkoitus Henkil\u00f6tietoja k\u00e4sitell\u00e4\u00e4n henkil\u00f6iden matkalaskuihin liittyen. 5. Rekisterin tietosis\u00e4lt\u00f6 Henkil\u00f6tietoja k\u00e4sitell\u00e4\u00e4n Jamkin henkil\u00f6tietojen k\u00e4sittelyohjeen mukaisesti. Rekister\u00f6ityjen ryhm\u00e4t: Jamkin ty\u00f6ntekij\u00e4t Henkil\u00f6tietoina rekisteriin voidaan tallentaa 6. K\u00e4sittelyperuste [&hellip;]<\/p>\n","protected":false},"author":471,"featured_media":0,"parent":501,"menu_order":6,"comment_status":"closed","ping_status":"closed","template":"","meta":{"_acf_changed":false,"_relevanssi_hide_post":"","_relevanssi_hide_content":"","_relevanssi_pin_for_all":"","_relevanssi_pin_keywords":"","_relevanssi_unpin_keywords":"","_relevanssi_related_keywords":"","_relevanssi_related_include_ids":"","_relevanssi_related_exclude_ids":"","_relevanssi_related_no_append":"","_relevanssi_related_not_related":"","_relevanssi_related_posts":"","_relevanssi_noindex_reason":"","footnotes":""},"categories":[],"tags":[377,76,381],"class_list":["post-1080","page","type-page","status-publish","hentry","tag-matkustuksenhallinta","tag-tietosuojaseloste","tag-visma-m2"],"acf":[],"yoast_head":"<!-- This site is optimized with the Yoast SEO plugin v27.3 - https:\/\/yoast.com\/product\/yoast-seo-wordpress\/ -->\n<title>Tietosuojaseloste \u2013 M2 matkustuksenhallintaj\u00e4rjestelm\u00e4 - Tietosuoja<\/title>\n<meta name=\"robots\" content=\"index, follow, max-snippet:-1, max-image-preview:large, max-video-preview:-1\" \/>\n<link rel=\"canonical\" href=\"https:\/\/help.jamk.fi\/tietosuoja\/fi\/talouspalvelut\/tietosuojaseloste-m2-matkustuksenhallintajarjestelma\/\" \/>\n<meta property=\"og:locale\" content=\"fi_FI\" \/>\n<meta property=\"og:type\" content=\"article\" \/>\n<meta property=\"og:title\" content=\"Tietosuojaseloste \u2013 M2 matkustuksenhallintaj\u00e4rjestelm\u00e4 - Tietosuoja\" \/>\n<meta property=\"og:description\" content=\"(EU -tietosuoja-asetus (2016\/679)) P\u00e4ivitetty 16.9.2025 1. Rekisterin nimi Matkustuksenhallintaj\u00e4rjestelm\u00e4 2. Rekisterinpit\u00e4j\u00e4 Jyv\u00e4skyl\u00e4n ammattikorkeakoulu OyPL 207, 40101 Jyv\u00e4skyl\u00e4+358 20 743 8100 3. Yhteyshenkil\u00f6 rekisteri\u00e4 koskevissa asioissa, yhteystiedot virka-aikana 4. Henkil\u00f6tietojen k\u00e4sittelyn tarkoitus Henkil\u00f6tietoja k\u00e4sitell\u00e4\u00e4n henkil\u00f6iden matkalaskuihin liittyen. 5. Rekisterin tietosis\u00e4lt\u00f6 Henkil\u00f6tietoja k\u00e4sitell\u00e4\u00e4n Jamkin henkil\u00f6tietojen k\u00e4sittelyohjeen mukaisesti. Rekister\u00f6ityjen ryhm\u00e4t: Jamkin ty\u00f6ntekij\u00e4t Henkil\u00f6tietoina rekisteriin voidaan tallentaa 6. K\u00e4sittelyperuste [&hellip;]\" \/>\n<meta property=\"og:url\" content=\"https:\/\/help.jamk.fi\/tietosuoja\/fi\/talouspalvelut\/tietosuojaseloste-m2-matkustuksenhallintajarjestelma\/\" \/>\n<meta property=\"og:site_name\" content=\"Tietosuoja\" \/>\n<meta property=\"article:modified_time\" content=\"2025-09-17T11:25:13+00:00\" \/>\n<meta name=\"twitter:card\" content=\"summary_large_image\" \/>\n<meta name=\"twitter:label1\" content=\"Arvioitu lukuaika\" \/>\n\t<meta name=\"twitter:data1\" content=\"2 minuuttia\" \/>\n<script type=\"application\/ld+json\" class=\"yoast-schema-graph\">{\"@context\":\"https:\\\/\\\/schema.org\",\"@graph\":[{\"@type\":\"WebPage\",\"@id\":\"https:\\\/\\\/help.jamk.fi\\\/tietosuoja\\\/fi\\\/talouspalvelut\\\/tietosuojaseloste-m2-matkustuksenhallintajarjestelma\\\/\",\"url\":\"https:\\\/\\\/help.jamk.fi\\\/tietosuoja\\\/fi\\\/talouspalvelut\\\/tietosuojaseloste-m2-matkustuksenhallintajarjestelma\\\/\",\"name\":\"Tietosuojaseloste \u2013 M2 matkustuksenhallintaj\u00e4rjestelm\u00e4 - Tietosuoja\",\"isPartOf\":{\"@id\":\"https:\\\/\\\/help.jamk.fi\\\/tietosuoja\\\/#website\"},\"datePublished\":\"2025-09-17T11:24:35+00:00\",\"dateModified\":\"2025-09-17T11:25:13+00:00\",\"breadcrumb\":{\"@id\":\"https:\\\/\\\/help.jamk.fi\\\/tietosuoja\\\/fi\\\/talouspalvelut\\\/tietosuojaseloste-m2-matkustuksenhallintajarjestelma\\\/#breadcrumb\"},\"inLanguage\":\"fi\",\"potentialAction\":[{\"@type\":\"ReadAction\",\"target\":[\"https:\\\/\\\/help.jamk.fi\\\/tietosuoja\\\/fi\\\/talouspalvelut\\\/tietosuojaseloste-m2-matkustuksenhallintajarjestelma\\\/\"]}]},{\"@type\":\"BreadcrumbList\",\"@id\":\"https:\\\/\\\/help.jamk.fi\\\/tietosuoja\\\/fi\\\/talouspalvelut\\\/tietosuojaseloste-m2-matkustuksenhallintajarjestelma\\\/#breadcrumb\",\"itemListElement\":[{\"@type\":\"ListItem\",\"position\":1,\"name\":\"Etusivu\",\"item\":\"https:\\\/\\\/help.jamk.fi\\\/tietosuoja\\\/fi\\\/\"},{\"@type\":\"ListItem\",\"position\":2,\"name\":\"Talouspalvelut\",\"item\":\"https:\\\/\\\/help.jamk.fi\\\/tietosuoja\\\/fi\\\/talouspalvelut\\\/\"},{\"@type\":\"ListItem\",\"position\":3,\"name\":\"Tietosuojaseloste \u2013 M2 matkustuksenhallintaj\u00e4rjestelm\u00e4\"}]},{\"@type\":\"WebSite\",\"@id\":\"https:\\\/\\\/help.jamk.fi\\\/tietosuoja\\\/#website\",\"url\":\"https:\\\/\\\/help.jamk.fi\\\/tietosuoja\\\/\",\"name\":\"Tietosuoja\",\"description\":\"\",\"potentialAction\":[{\"@type\":\"SearchAction\",\"target\":{\"@type\":\"EntryPoint\",\"urlTemplate\":\"https:\\\/\\\/help.jamk.fi\\\/tietosuoja\\\/?s={search_term_string}\"},\"query-input\":{\"@type\":\"PropertyValueSpecification\",\"valueRequired\":true,\"valueName\":\"search_term_string\"}}],\"inLanguage\":\"fi\"}]}<\/script>\n<!-- \/ Yoast SEO plugin. -->","yoast_head_json":{"title":"Tietosuojaseloste \u2013 M2 matkustuksenhallintaj\u00e4rjestelm\u00e4 - Tietosuoja","robots":{"index":"index","follow":"follow","max-snippet":"max-snippet:-1","max-image-preview":"max-image-preview:large","max-video-preview":"max-video-preview:-1"},"canonical":"https:\/\/help.jamk.fi\/tietosuoja\/fi\/talouspalvelut\/tietosuojaseloste-m2-matkustuksenhallintajarjestelma\/","og_locale":"fi_FI","og_type":"article","og_title":"Tietosuojaseloste \u2013 M2 matkustuksenhallintaj\u00e4rjestelm\u00e4 - Tietosuoja","og_description":"(EU -tietosuoja-asetus (2016\/679)) P\u00e4ivitetty 16.9.2025 1. Rekisterin nimi Matkustuksenhallintaj\u00e4rjestelm\u00e4 2. Rekisterinpit\u00e4j\u00e4 Jyv\u00e4skyl\u00e4n ammattikorkeakoulu OyPL 207, 40101 Jyv\u00e4skyl\u00e4+358 20 743 8100 3. Yhteyshenkil\u00f6 rekisteri\u00e4 koskevissa asioissa, yhteystiedot virka-aikana 4. Henkil\u00f6tietojen k\u00e4sittelyn tarkoitus Henkil\u00f6tietoja k\u00e4sitell\u00e4\u00e4n henkil\u00f6iden matkalaskuihin liittyen. 5. Rekisterin tietosis\u00e4lt\u00f6 Henkil\u00f6tietoja k\u00e4sitell\u00e4\u00e4n Jamkin henkil\u00f6tietojen k\u00e4sittelyohjeen mukaisesti. Rekister\u00f6ityjen ryhm\u00e4t: Jamkin ty\u00f6ntekij\u00e4t Henkil\u00f6tietoina rekisteriin voidaan tallentaa 6. K\u00e4sittelyperuste [&hellip;]","og_url":"https:\/\/help.jamk.fi\/tietosuoja\/fi\/talouspalvelut\/tietosuojaseloste-m2-matkustuksenhallintajarjestelma\/","og_site_name":"Tietosuoja","article_modified_time":"2025-09-17T11:25:13+00:00","twitter_card":"summary_large_image","twitter_misc":{"Arvioitu lukuaika":"2 minuuttia"},"schema":{"@context":"https:\/\/schema.org","@graph":[{"@type":"WebPage","@id":"https:\/\/help.jamk.fi\/tietosuoja\/fi\/talouspalvelut\/tietosuojaseloste-m2-matkustuksenhallintajarjestelma\/","url":"https:\/\/help.jamk.fi\/tietosuoja\/fi\/talouspalvelut\/tietosuojaseloste-m2-matkustuksenhallintajarjestelma\/","name":"Tietosuojaseloste \u2013 M2 matkustuksenhallintaj\u00e4rjestelm\u00e4 - Tietosuoja","isPartOf":{"@id":"https:\/\/help.jamk.fi\/tietosuoja\/#website"},"datePublished":"2025-09-17T11:24:35+00:00","dateModified":"2025-09-17T11:25:13+00:00","breadcrumb":{"@id":"https:\/\/help.jamk.fi\/tietosuoja\/fi\/talouspalvelut\/tietosuojaseloste-m2-matkustuksenhallintajarjestelma\/#breadcrumb"},"inLanguage":"fi","potentialAction":[{"@type":"ReadAction","target":["https:\/\/help.jamk.fi\/tietosuoja\/fi\/talouspalvelut\/tietosuojaseloste-m2-matkustuksenhallintajarjestelma\/"]}]},{"@type":"BreadcrumbList","@id":"https:\/\/help.jamk.fi\/tietosuoja\/fi\/talouspalvelut\/tietosuojaseloste-m2-matkustuksenhallintajarjestelma\/#breadcrumb","itemListElement":[{"@type":"ListItem","position":1,"name":"Etusivu","item":"https:\/\/help.jamk.fi\/tietosuoja\/fi\/"},{"@type":"ListItem","position":2,"name":"Talouspalvelut","item":"https:\/\/help.jamk.fi\/tietosuoja\/fi\/talouspalvelut\/"},{"@type":"ListItem","position":3,"name":"Tietosuojaseloste \u2013 M2 matkustuksenhallintaj\u00e4rjestelm\u00e4"}]},{"@type":"WebSite","@id":"https:\/\/help.jamk.fi\/tietosuoja\/#website","url":"https:\/\/help.jamk.fi\/tietosuoja\/","name":"Tietosuoja","description":"","potentialAction":[{"@type":"SearchAction","target":{"@type":"EntryPoint","urlTemplate":"https:\/\/help.jamk.fi\/tietosuoja\/?s={search_term_string}"},"query-input":{"@type":"PropertyValueSpecification","valueRequired":true,"valueName":"search_term_string"}}],"inLanguage":"fi"}]}},"_links":{"self":[{"href":"https:\/\/help.jamk.fi\/tietosuoja\/wp-json\/wp\/v2\/pages\/1080","targetHints":{"allow":["GET"]}}],"collection":[{"href":"https:\/\/help.jamk.fi\/tietosuoja\/wp-json\/wp\/v2\/pages"}],"about":[{"href":"https:\/\/help.jamk.fi\/tietosuoja\/wp-json\/wp\/v2\/types\/page"}],"author":[{"embeddable":true,"href":"https:\/\/help.jamk.fi\/tietosuoja\/wp-json\/wp\/v2\/users\/471"}],"replies":[{"embeddable":true,"href":"https:\/\/help.jamk.fi\/tietosuoja\/wp-json\/wp\/v2\/comments?post=1080"}],"version-history":[{"count":1,"href":"https:\/\/help.jamk.fi\/tietosuoja\/wp-json\/wp\/v2\/pages\/1080\/revisions"}],"predecessor-version":[{"id":1081,"href":"https:\/\/help.jamk.fi\/tietosuoja\/wp-json\/wp\/v2\/pages\/1080\/revisions\/1081"}],"up":[{"embeddable":true,"href":"https:\/\/help.jamk.fi\/tietosuoja\/wp-json\/wp\/v2\/pages\/501"}],"wp:attachment":[{"href":"https:\/\/help.jamk.fi\/tietosuoja\/wp-json\/wp\/v2\/media?parent=1080"}],"wp:term":[{"taxonomy":"category","embeddable":true,"href":"https:\/\/help.jamk.fi\/tietosuoja\/wp-json\/wp\/v2\/categories?post=1080"},{"taxonomy":"post_tag","embeddable":true,"href":"https:\/\/help.jamk.fi\/tietosuoja\/wp-json\/wp\/v2\/tags?post=1080"}],"curies":[{"name":"wp","href":"https:\/\/api.w.org\/{rel}","templated":true}]}}