{"id":1093,"date":"2025-11-17T09:43:36","date_gmt":"2025-11-17T07:43:36","guid":{"rendered":"https:\/\/help.jamk.fi\/tietosuoja\/?page_id=1093"},"modified":"2025-11-17T09:44:37","modified_gmt":"2025-11-17T07:44:37","slug":"tietosuojaseloste-hr-jarjestelmat","status":"publish","type":"page","link":"https:\/\/help.jamk.fi\/tietosuoja\/fi\/henkilostopalvelut\/tietosuojaseloste-hr-jarjestelmat\/","title":{"rendered":"Tietosuojaseloste HR-j\u00e4rjestelm\u00e4t"},"content":{"rendered":"\n<p>Tietosuoja-asetus 2016\/679<\/p>\n\n\n\n<p>P\u00e4ivitetty 14.11.2025&nbsp;&nbsp; \/ HR<\/p>\n\n\n\n<h2 class=\"wp-block-heading\">1. Rekisterinpit\u00e4j\u00e4<\/h2>\n\n\n\n<p>Jyv\u00e4skyl\u00e4n Ammattikorkeakoulu Oy<br>PL 207, 40101 Jyv\u00e4skyl\u00e4<br>+358 20 743 8100<\/p>\n\n\n\n<h2 class=\"wp-block-heading\">2. Rekisterinpit\u00e4j\u00e4n yhteyshenkil\u00f6t<\/h2>\n\n\n\n<ol start=\"2\" class=\"wp-block-list\"><\/ol>\n\n\n\n<p>Prosessin omistaja: henkil\u00f6st\u00f6johtaja, korkeakoulupalvelut-yksikk\u00f6<br>Sis\u00e4ll\u00f6llinen p\u00e4\u00e4k\u00e4ytt\u00e4j\u00e4: HR- ja palkka-asiantuntijat, HR-j\u00e4rjestelm\u00e4asiantuntija, HR-asiantuntijat<br>Tekninen p\u00e4\u00e4k\u00e4ytt\u00e4j\u00e4: j\u00e4rjestelm\u00e4asiantuntija ICT-palvelut<\/p>\n\n\n\n<p>etunimi.sukunimi@jamk.fi<\/p>\n\n\n\n<h2 class=\"wp-block-heading\"><br>3. Rekisterin tiedot ja rekister\u00f6idyt ryhm\u00e4t<\/h2>\n\n\n\n<ol start=\"3\" class=\"wp-block-list\"><\/ol>\n\n\n\n<p>Jamk ker\u00e4\u00e4 rekisterinpit\u00e4j\u00e4n\u00e4 henkil\u00f6tietoja HR-j\u00e4rjestelm\u00e4kokonaisuuteen <strong>(Personec F.K, ESS, OSS) <\/strong>palkanlaskennan, poissaolotietojen ja osaamisen kehitt\u00e4misen tarkoituksiin. Toimittaja on Visma Public Oy (palveluntarjoaja).<\/p>\n\n\n\n<p>Rekisteriin ker\u00e4t\u00e4\u00e4n seuraavia tietoja:<\/p>\n\n\n\n<ul class=\"wp-block-list\">\n<li>Nimi, osoitetiedot, puhelinnumero, pankkitili, sukupuoli, \u00e4idinkieli, kansalaisuus<\/li>\n\n\n\n<li>Ty\u00f6suhteen alkup\u00e4iv\u00e4, ty\u00f6suhteen loppup\u00e4iv\u00e4, ty\u00f6aika<\/li>\n\n\n\n<li>S\u00e4hk\u00f6postiosoite, henkil\u00f6numero, verokortti- ja ennakonpid\u00e4tystiedot, luontaisedut<\/li>\n\n\n\n<li>Ay-j\u00e4senmaksutiedot, hallituksen j\u00e4seni\u00e4 ja siviilipalvelusmiehi\u00e4 koskevat tiedot<\/li>\n\n\n\n<li>Palkkatiedot, tutkintotiedot, poissaolotiedot ja -syykoodi<\/li>\n\n\n\n<li>Esihenkil\u00f6, yksikk\u00f6, tulosalue, kustannuspaikka, toiminto- ja projektinumero<\/li>\n\n\n\n<li>Ammattinimike ja -luokitus, toimipaikka, teht\u00e4v\u00e4koodi<\/li>\n\n\n\n<li>Lomatiedot, vapaajaksot<\/li>\n\n\n\n<li>Tarvekeskustelu- ja koulutustiedot, ilmoittautumiset koulutuksiin<\/li>\n<\/ul>\n\n\n\n<p>Rekister\u00f6idyt ryhm\u00e4t: Jamkin henkil\u00f6st\u00f6 ja satunnaiset palkkionsaajat<\/p>\n\n\n\n<p><\/p>\n\n\n\n<h2 class=\"wp-block-heading\">4. Henkil\u00f6tietojen k\u00e4sittelyn tarkoitus ja perusteet<\/h2>\n\n\n\n<ol start=\"4\" class=\"wp-block-list\"><\/ol>\n\n\n\n<p>Jamk ker\u00e4\u00e4 ja k\u00e4sittelee rekisterinpit\u00e4j\u00e4n\u00e4 henkil\u00f6tietoja suorittaakseen henkil\u00f6st\u00f6hallintoon ja palkkahallintoon liittyvi\u00e4 toimenpiteit\u00e4. HR k\u00e4sittelee henkil\u00f6tietoja ty\u00f6sopimuslain, yleisen tietosuoja-asetuksen (GDPR) ja muiden lakis\u00e4\u00e4teisten velvoitteiden perusteella. T\u00e4rkein peruste on ty\u00f6nantajan lakis\u00e4\u00e4teinen velvollisuus ja ty\u00f6sopimuslakiin sek\u00e4 ty\u00f6ehtosopimukseen perustuva tarve hoitaa ty\u00f6suhteen osapuolten oikeuksia ja velvollisuuksia. Lis\u00e4ksi voidaan nojautua sopimukseen ja suostumukseen. Henkil\u00f6tietoja k\u00e4sitell\u00e4\u00e4n Jamkin henkil\u00f6tietojen k\u00e4sittelyohjeen ja yleisen tietosuojaselosteen <a href=\"https:\/\/www.jamk.fi\/fi\/jamk\/tietosuoja-jamkissa\">https:\/\/www.jamk.fi\/fi\/jamk\/tietosuoja-jamkissa<\/a> mukaisesti.<\/p>\n\n\n\n<h2 class=\"wp-block-heading\">5. Henkil\u00f6tietojen k\u00e4sittelij\u00e4t<\/h2>\n\n\n\n<ol start=\"5\" class=\"wp-block-list\"><\/ol>\n\n\n\n<p>Henkil\u00f6tietoja k\u00e4sittelev\u00e4t Jamkissa HR-palveluiden henkil\u00f6st\u00f6 ja esihenkil\u00f6t omien alaistensa osalta tai esihenkil\u00f6n asettama sijainen. Henkil\u00f6st\u00f6 t\u00e4ytt\u00e4\u00e4 itse osaa tiedoista.<\/p>\n\n\n\n<h2 class=\"wp-block-heading\">6. Tietol\u00e4hteet<\/h2>\n\n\n\n<ol start=\"6\" class=\"wp-block-list\"><\/ol>\n\n\n\n<p>Tietol\u00e4hteen\u00e4 on verotustietojen osalta verottaja. Muutoin suoria tietol\u00e4hteit\u00e4 ei ole.<\/p>\n\n\n\n<h2 class=\"wp-block-heading\">7. Henkil\u00f6tietojen s\u00e4ilytysaika<\/h2>\n\n\n\n<ol start=\"7\" class=\"wp-block-list\"><\/ol>\n\n\n\n<p>K\u00e4ytt\u00e4jien tietoja s\u00e4ilytet\u00e4\u00e4n j\u00e4rjestelm\u00e4ss\u00e4 ty\u00f6suhteen keston ajan ja muilta osin erityislains\u00e4\u00e4d\u00e4nn\u00f6n edellytt\u00e4mien m\u00e4\u00e4r\u00e4aikojen mukaisesti.<\/p>\n\n\n\n<h2 class=\"wp-block-heading\">8. Rekister\u00f6idyn oikeudet ja niiden toteuttaminen<\/h2>\n\n\n\n<ol start=\"8\" class=\"wp-block-list\"><\/ol>\n\n\n\n<p>Rekister\u00f6idyll\u00e4 on tietosuoja-asetuksen nojalla oikeus:<\/p>\n\n\n\n<ul class=\"wp-block-list\">\n<li>Suostumuksen peruuttamiseen<\/li>\n\n\n\n<li>P\u00e4\u00e4sy omiin henkil\u00f6tietoihin<\/li>\n\n\n\n<li>Oikeus saada virheet korjatuksi<\/li>\n\n\n\n<li>Oikeus kielt\u00e4\u00e4 suoramarkkinointi<\/li>\n\n\n\n<li>Oikeus vastustaa k\u00e4sittely\u00e4<\/li>\n\n\n\n<li>Oikeus rajoittaa k\u00e4sittely\u00e4<\/li>\n\n\n\n<li>Oikeus saada tiedot siirretyksi.<\/li>\n<\/ul>\n\n\n\n<p>Rekister\u00f6idyn oikeuksien toteuttamiseksi pyydet\u00e4\u00e4n tekem\u00e4\u00e4n pyynt\u00f6 Jamkin tietosuojavastaavalle tietosuoja@jamk.fi. Jamkin tietosuojavastaavasta ja rekister\u00f6idyn oikeuksista ja niiden toteuttamisesta kerrotaan lis\u00e4\u00e4 Jamkin henkil\u00f6tietojen k\u00e4sittelyohjeessa ja yleisess\u00e4 tietosuojaselosteessa <a href=\"https:\/\/www.jamk.fi\/fi\/jamk\/tietosuoja-jamkissa\">https:\/\/www.jamk.fi\/fi\/jamk\/tietosuoja-jamkissa<\/a><\/p>\n\n\n\n<h2 class=\"wp-block-heading\">9. Tietoturva ja rekisterin suojauksen periaatteet<\/h2>\n\n\n\n<ol start=\"9\" class=\"wp-block-list\"><\/ol>\n\n\n\n<p>J\u00e4rjestelm\u00e4kokonaisuuteen kirjaudutaan Visman antamilla k\u00e4ytt\u00f6oikeuksilla. Palkkaj\u00e4rjestelm\u00e4\u00e4n on rajatut k\u00e4ytt\u00f6oikeudet, ESSiin ja OSSiin kirjaudutaan Entra ID:n kautta (identiteetti- ja k\u00e4ytt\u00f6oikeushallintapalvelu).<\/p>\n\n\n\n<p>J\u00e4rjestelm\u00e4ss\u00e4 henkil\u00f6tietoja suojataan asianmukaisin teknisin ja hallinnollisin toimin luvattomalta tai laittomalta k\u00e4sittelylt\u00e4 sek\u00e4 henkil\u00f6tietojen vahingoittumiselta tai h\u00e4vi\u00e4miselt\u00e4. N\u00e4it\u00e4 keinoja ovat mm. palomuurien, salaustekniikoiden ja turvallisten laitetilojen k\u00e4ytt\u00f6, asianmukainen kulunvalvonta, hallittu k\u00e4ytt\u00f6oikeuksien my\u00f6nt\u00e4minen ja niiden k\u00e4yt\u00f6n valvonta, henkil\u00f6tietojen k\u00e4sittelyyn osallistuvan henkil\u00f6st\u00f6n ohjeistaminen sek\u00e4 tietoja k\u00e4sittelevien huolellinen valinta.<\/p>\n\n\n\n<p>Ker\u00e4tt\u00e4v\u00e4 ja k\u00e4sitelt\u00e4v\u00e4 henkil\u00f6tieto pidet\u00e4\u00e4n luottamuksellisena eik\u00e4 sit\u00e4 ilmaista muille kuin sit\u00e4 ty\u00f6ss\u00e4\u00e4n tarvitseville taikka luottamuksellisesti ja rajoitetusti palvelusopimusten perusteella rekisterinpit\u00e4j\u00e4n asiakkaille.<\/p>\n\n\n\n<p>Palveluntarjoaja vastaa teknisest\u00e4 ja tietoturvallisesta suojauksesta. Palveluntarjoaja voi esimerkiksi teknisiss\u00e4 selvityksiss\u00e4 joutua k\u00e4sittelem\u00e4\u00e4n henkil\u00f6tietoja. Palveluntarjoajan henkil\u00f6st\u00f6 sitoutuu k\u00e4sittelem\u00e4\u00e4n henkil\u00f6tietoja tietoturvallisesti, luottamuksellisesti ja vain tuottaakseen palvelua.<\/p>\n\n\n\n<h2 class=\"wp-block-heading\">10. Tietojensiirto<\/h2>\n\n\n\n<ol start=\"10\" class=\"wp-block-list\"><\/ol>\n\n\n\n<p>J\u00e4rjestelm\u00e4kokonaisuudesta siirret\u00e4\u00e4n tietoja verohallintoon, tulorekisteriin, hyvinvointietuj\u00e4rjestelm\u00e4\u00e4n, ty\u00f6terveyshuoltoon, Jamkin tietovarastoon, IDM-j\u00e4rjestelm\u00e4\u00e4n ja ty\u00f6ajan leimaus- ja seurantaj\u00e4rjestelm\u00e4\u00e4n.<\/p>\n\n\n\n<p>Henkil\u00f6tietoja tallennetaan vain EU- ja ETA-alueella ja k\u00e4sitell\u00e4\u00e4n vain EU- ja ETA-alueella. Tietojensiirtoa EU- ja ETA-alueen ulkopuolelle voi tapahtua vain viranomaisvaatimuksen niin pakottaessa. T\u00e4ll\u00f6in palveluntarjoaja huolehtii, ett\u00e4 henkil\u00f6tietoja k\u00e4sitell\u00e4\u00e4n tietosuoja-asetuksen vaatimusten mukaisesti ja asetuksen mukainen k\u00e4sittely on sovittu asetuksen vaatimin tietojenk\u00e4sittelysopimuksin.<\/p>\n\n\n\n<h2 class=\"wp-block-heading\">11. Automaattinen p\u00e4\u00e4t\u00f6ksenteko ja profilointi<\/h2>\n\n\n\n<ol start=\"11\" class=\"wp-block-list\"><\/ol>\n\n\n\n<p>Rekisterin henkil\u00f6tietoihin ei kohdistu automaattista p\u00e4\u00e4t\u00f6ksentekoa eik\u00e4 profilointia.<\/p>\n","protected":false},"excerpt":{"rendered":"<p>Tietosuoja-asetus 2016\/679 P\u00e4ivitetty 14.11.2025&nbsp;&nbsp; \/ HR 1. Rekisterinpit\u00e4j\u00e4 Jyv\u00e4skyl\u00e4n Ammattikorkeakoulu OyPL 207, 40101 Jyv\u00e4skyl\u00e4+358 20 743 8100 2. Rekisterinpit\u00e4j\u00e4n yhteyshenkil\u00f6t Prosessin omistaja: henkil\u00f6st\u00f6johtaja, korkeakoulupalvelut-yksikk\u00f6Sis\u00e4ll\u00f6llinen p\u00e4\u00e4k\u00e4ytt\u00e4j\u00e4: HR- ja palkka-asiantuntijat, HR-j\u00e4rjestelm\u00e4asiantuntija, HR-asiantuntijatTekninen p\u00e4\u00e4k\u00e4ytt\u00e4j\u00e4: j\u00e4rjestelm\u00e4asiantuntija ICT-palvelut etunimi.sukunimi@jamk.fi 3. Rekisterin tiedot ja rekister\u00f6idyt ryhm\u00e4t Jamk ker\u00e4\u00e4 rekisterinpit\u00e4j\u00e4n\u00e4 henkil\u00f6tietoja HR-j\u00e4rjestelm\u00e4kokonaisuuteen (Personec F.K, ESS, OSS) palkanlaskennan, poissaolotietojen ja osaamisen kehitt\u00e4misen tarkoituksiin. [&hellip;]<\/p>\n","protected":false},"author":471,"featured_media":0,"parent":504,"menu_order":5,"comment_status":"closed","ping_status":"closed","template":"","meta":{"_acf_changed":false,"_relevanssi_hide_post":"","_relevanssi_hide_content":"","_relevanssi_pin_for_all":"","_relevanssi_pin_keywords":"","_relevanssi_unpin_keywords":"","_relevanssi_related_keywords":"","_relevanssi_related_include_ids":"","_relevanssi_related_exclude_ids":"","_relevanssi_related_no_append":"","_relevanssi_related_not_related":"","_relevanssi_related_posts":"","_relevanssi_noindex_reason":"","footnotes":""},"categories":[],"tags":[388,255,384,386,390,76],"class_list":["post-1093","page","type-page","status-publish","hentry","tag-ess","tag-henkilorekisteri","tag-hr","tag-oss","tag-personec-f","tag-tietosuojaseloste"],"acf":[],"yoast_head":"<!-- This site is optimized with the Yoast SEO plugin v27.4 - https:\/\/yoast.com\/product\/yoast-seo-wordpress\/ -->\n<title>Tietosuojaseloste HR-j\u00e4rjestelm\u00e4t - Tietosuoja<\/title>\n<meta name=\"robots\" content=\"index, follow, max-snippet:-1, max-image-preview:large, max-video-preview:-1\" \/>\n<link rel=\"canonical\" href=\"https:\/\/help.jamk.fi\/tietosuoja\/fi\/henkilostopalvelut\/tietosuojaseloste-hr-jarjestelmat\/\" \/>\n<meta property=\"og:locale\" content=\"fi_FI\" \/>\n<meta property=\"og:type\" content=\"article\" \/>\n<meta property=\"og:title\" content=\"Tietosuojaseloste HR-j\u00e4rjestelm\u00e4t - Tietosuoja\" \/>\n<meta property=\"og:description\" content=\"Tietosuoja-asetus 2016\/679 P\u00e4ivitetty 14.11.2025&nbsp;&nbsp; \/ HR 1. Rekisterinpit\u00e4j\u00e4 Jyv\u00e4skyl\u00e4n Ammattikorkeakoulu OyPL 207, 40101 Jyv\u00e4skyl\u00e4+358 20 743 8100 2. Rekisterinpit\u00e4j\u00e4n yhteyshenkil\u00f6t Prosessin omistaja: henkil\u00f6st\u00f6johtaja, korkeakoulupalvelut-yksikk\u00f6Sis\u00e4ll\u00f6llinen p\u00e4\u00e4k\u00e4ytt\u00e4j\u00e4: HR- ja palkka-asiantuntijat, HR-j\u00e4rjestelm\u00e4asiantuntija, HR-asiantuntijatTekninen p\u00e4\u00e4k\u00e4ytt\u00e4j\u00e4: j\u00e4rjestelm\u00e4asiantuntija ICT-palvelut etunimi.sukunimi@jamk.fi 3. Rekisterin tiedot ja rekister\u00f6idyt ryhm\u00e4t Jamk ker\u00e4\u00e4 rekisterinpit\u00e4j\u00e4n\u00e4 henkil\u00f6tietoja HR-j\u00e4rjestelm\u00e4kokonaisuuteen (Personec F.K, ESS, OSS) palkanlaskennan, poissaolotietojen ja osaamisen kehitt\u00e4misen tarkoituksiin. [&hellip;]\" \/>\n<meta property=\"og:url\" content=\"https:\/\/help.jamk.fi\/tietosuoja\/fi\/henkilostopalvelut\/tietosuojaseloste-hr-jarjestelmat\/\" \/>\n<meta property=\"og:site_name\" content=\"Tietosuoja\" \/>\n<meta property=\"article:modified_time\" content=\"2025-11-17T07:44:37+00:00\" \/>\n<meta name=\"twitter:card\" content=\"summary_large_image\" \/>\n<meta name=\"twitter:label1\" content=\"Arvioitu lukuaika\" \/>\n\t<meta name=\"twitter:data1\" content=\"4 minuuttia\" \/>\n<script type=\"application\/ld+json\" class=\"yoast-schema-graph\">{\"@context\":\"https:\\\/\\\/schema.org\",\"@graph\":[{\"@type\":\"WebPage\",\"@id\":\"https:\\\/\\\/help.jamk.fi\\\/tietosuoja\\\/fi\\\/henkilostopalvelut\\\/tietosuojaseloste-hr-jarjestelmat\\\/\",\"url\":\"https:\\\/\\\/help.jamk.fi\\\/tietosuoja\\\/fi\\\/henkilostopalvelut\\\/tietosuojaseloste-hr-jarjestelmat\\\/\",\"name\":\"Tietosuojaseloste HR-j\u00e4rjestelm\u00e4t - Tietosuoja\",\"isPartOf\":{\"@id\":\"https:\\\/\\\/help.jamk.fi\\\/tietosuoja\\\/#website\"},\"datePublished\":\"2025-11-17T07:43:36+00:00\",\"dateModified\":\"2025-11-17T07:44:37+00:00\",\"breadcrumb\":{\"@id\":\"https:\\\/\\\/help.jamk.fi\\\/tietosuoja\\\/fi\\\/henkilostopalvelut\\\/tietosuojaseloste-hr-jarjestelmat\\\/#breadcrumb\"},\"inLanguage\":\"fi\",\"potentialAction\":[{\"@type\":\"ReadAction\",\"target\":[\"https:\\\/\\\/help.jamk.fi\\\/tietosuoja\\\/fi\\\/henkilostopalvelut\\\/tietosuojaseloste-hr-jarjestelmat\\\/\"]}]},{\"@type\":\"BreadcrumbList\",\"@id\":\"https:\\\/\\\/help.jamk.fi\\\/tietosuoja\\\/fi\\\/henkilostopalvelut\\\/tietosuojaseloste-hr-jarjestelmat\\\/#breadcrumb\",\"itemListElement\":[{\"@type\":\"ListItem\",\"position\":1,\"name\":\"Etusivu\",\"item\":\"https:\\\/\\\/help.jamk.fi\\\/tietosuoja\\\/fi\\\/\"},{\"@type\":\"ListItem\",\"position\":2,\"name\":\"Henkil\u00f6st\u00f6palvelut\",\"item\":\"https:\\\/\\\/help.jamk.fi\\\/tietosuoja\\\/fi\\\/henkilostopalvelut\\\/\"},{\"@type\":\"ListItem\",\"position\":3,\"name\":\"Tietosuojaseloste HR-j\u00e4rjestelm\u00e4t\"}]},{\"@type\":\"WebSite\",\"@id\":\"https:\\\/\\\/help.jamk.fi\\\/tietosuoja\\\/#website\",\"url\":\"https:\\\/\\\/help.jamk.fi\\\/tietosuoja\\\/\",\"name\":\"Tietosuoja\",\"description\":\"\",\"potentialAction\":[{\"@type\":\"SearchAction\",\"target\":{\"@type\":\"EntryPoint\",\"urlTemplate\":\"https:\\\/\\\/help.jamk.fi\\\/tietosuoja\\\/?s={search_term_string}\"},\"query-input\":{\"@type\":\"PropertyValueSpecification\",\"valueRequired\":true,\"valueName\":\"search_term_string\"}}],\"inLanguage\":\"fi\"}]}<\/script>\n<!-- \/ Yoast SEO plugin. -->","yoast_head_json":{"title":"Tietosuojaseloste HR-j\u00e4rjestelm\u00e4t - Tietosuoja","robots":{"index":"index","follow":"follow","max-snippet":"max-snippet:-1","max-image-preview":"max-image-preview:large","max-video-preview":"max-video-preview:-1"},"canonical":"https:\/\/help.jamk.fi\/tietosuoja\/fi\/henkilostopalvelut\/tietosuojaseloste-hr-jarjestelmat\/","og_locale":"fi_FI","og_type":"article","og_title":"Tietosuojaseloste HR-j\u00e4rjestelm\u00e4t - Tietosuoja","og_description":"Tietosuoja-asetus 2016\/679 P\u00e4ivitetty 14.11.2025&nbsp;&nbsp; \/ HR 1. Rekisterinpit\u00e4j\u00e4 Jyv\u00e4skyl\u00e4n Ammattikorkeakoulu OyPL 207, 40101 Jyv\u00e4skyl\u00e4+358 20 743 8100 2. Rekisterinpit\u00e4j\u00e4n yhteyshenkil\u00f6t Prosessin omistaja: henkil\u00f6st\u00f6johtaja, korkeakoulupalvelut-yksikk\u00f6Sis\u00e4ll\u00f6llinen p\u00e4\u00e4k\u00e4ytt\u00e4j\u00e4: HR- ja palkka-asiantuntijat, HR-j\u00e4rjestelm\u00e4asiantuntija, HR-asiantuntijatTekninen p\u00e4\u00e4k\u00e4ytt\u00e4j\u00e4: j\u00e4rjestelm\u00e4asiantuntija ICT-palvelut etunimi.sukunimi@jamk.fi 3. Rekisterin tiedot ja rekister\u00f6idyt ryhm\u00e4t Jamk ker\u00e4\u00e4 rekisterinpit\u00e4j\u00e4n\u00e4 henkil\u00f6tietoja HR-j\u00e4rjestelm\u00e4kokonaisuuteen (Personec F.K, ESS, OSS) palkanlaskennan, poissaolotietojen ja osaamisen kehitt\u00e4misen tarkoituksiin. [&hellip;]","og_url":"https:\/\/help.jamk.fi\/tietosuoja\/fi\/henkilostopalvelut\/tietosuojaseloste-hr-jarjestelmat\/","og_site_name":"Tietosuoja","article_modified_time":"2025-11-17T07:44:37+00:00","twitter_card":"summary_large_image","twitter_misc":{"Arvioitu lukuaika":"4 minuuttia"},"schema":{"@context":"https:\/\/schema.org","@graph":[{"@type":"WebPage","@id":"https:\/\/help.jamk.fi\/tietosuoja\/fi\/henkilostopalvelut\/tietosuojaseloste-hr-jarjestelmat\/","url":"https:\/\/help.jamk.fi\/tietosuoja\/fi\/henkilostopalvelut\/tietosuojaseloste-hr-jarjestelmat\/","name":"Tietosuojaseloste HR-j\u00e4rjestelm\u00e4t - Tietosuoja","isPartOf":{"@id":"https:\/\/help.jamk.fi\/tietosuoja\/#website"},"datePublished":"2025-11-17T07:43:36+00:00","dateModified":"2025-11-17T07:44:37+00:00","breadcrumb":{"@id":"https:\/\/help.jamk.fi\/tietosuoja\/fi\/henkilostopalvelut\/tietosuojaseloste-hr-jarjestelmat\/#breadcrumb"},"inLanguage":"fi","potentialAction":[{"@type":"ReadAction","target":["https:\/\/help.jamk.fi\/tietosuoja\/fi\/henkilostopalvelut\/tietosuojaseloste-hr-jarjestelmat\/"]}]},{"@type":"BreadcrumbList","@id":"https:\/\/help.jamk.fi\/tietosuoja\/fi\/henkilostopalvelut\/tietosuojaseloste-hr-jarjestelmat\/#breadcrumb","itemListElement":[{"@type":"ListItem","position":1,"name":"Etusivu","item":"https:\/\/help.jamk.fi\/tietosuoja\/fi\/"},{"@type":"ListItem","position":2,"name":"Henkil\u00f6st\u00f6palvelut","item":"https:\/\/help.jamk.fi\/tietosuoja\/fi\/henkilostopalvelut\/"},{"@type":"ListItem","position":3,"name":"Tietosuojaseloste HR-j\u00e4rjestelm\u00e4t"}]},{"@type":"WebSite","@id":"https:\/\/help.jamk.fi\/tietosuoja\/#website","url":"https:\/\/help.jamk.fi\/tietosuoja\/","name":"Tietosuoja","description":"","potentialAction":[{"@type":"SearchAction","target":{"@type":"EntryPoint","urlTemplate":"https:\/\/help.jamk.fi\/tietosuoja\/?s={search_term_string}"},"query-input":{"@type":"PropertyValueSpecification","valueRequired":true,"valueName":"search_term_string"}}],"inLanguage":"fi"}]}},"_links":{"self":[{"href":"https:\/\/help.jamk.fi\/tietosuoja\/wp-json\/wp\/v2\/pages\/1093","targetHints":{"allow":["GET"]}}],"collection":[{"href":"https:\/\/help.jamk.fi\/tietosuoja\/wp-json\/wp\/v2\/pages"}],"about":[{"href":"https:\/\/help.jamk.fi\/tietosuoja\/wp-json\/wp\/v2\/types\/page"}],"author":[{"embeddable":true,"href":"https:\/\/help.jamk.fi\/tietosuoja\/wp-json\/wp\/v2\/users\/471"}],"replies":[{"embeddable":true,"href":"https:\/\/help.jamk.fi\/tietosuoja\/wp-json\/wp\/v2\/comments?post=1093"}],"version-history":[{"count":1,"href":"https:\/\/help.jamk.fi\/tietosuoja\/wp-json\/wp\/v2\/pages\/1093\/revisions"}],"predecessor-version":[{"id":1094,"href":"https:\/\/help.jamk.fi\/tietosuoja\/wp-json\/wp\/v2\/pages\/1093\/revisions\/1094"}],"up":[{"embeddable":true,"href":"https:\/\/help.jamk.fi\/tietosuoja\/wp-json\/wp\/v2\/pages\/504"}],"wp:attachment":[{"href":"https:\/\/help.jamk.fi\/tietosuoja\/wp-json\/wp\/v2\/media?parent=1093"}],"wp:term":[{"taxonomy":"category","embeddable":true,"href":"https:\/\/help.jamk.fi\/tietosuoja\/wp-json\/wp\/v2\/categories?post=1093"},{"taxonomy":"post_tag","embeddable":true,"href":"https:\/\/help.jamk.fi\/tietosuoja\/wp-json\/wp\/v2\/tags?post=1093"}],"curies":[{"name":"wp","href":"https:\/\/api.w.org\/{rel}","templated":true}]}}