{"id":1112,"date":"2025-11-21T11:01:50","date_gmt":"2025-11-21T09:01:50","guid":{"rendered":"https:\/\/help.jamk.fi\/tietosuoja\/?page_id=1112"},"modified":"2025-11-24T12:32:04","modified_gmt":"2025-11-24T10:32:04","slug":"tietosuojaseloste-maksuliikenneohjelmisto","status":"publish","type":"page","link":"https:\/\/help.jamk.fi\/tietosuoja\/fi\/talouspalvelut\/tietosuojaseloste-maksuliikenneohjelmisto\/","title":{"rendered":"Tietosuojaseloste Avalo maksuliikenneohjelmisto"},"content":{"rendered":"\n<p><\/p>\n\n\n\n<p>(<a href=\"http:\/\/eur-lex.europa.eu\/legal-content\/FI\/TXT\/?uri=uriserv:OJ.L_.2016.119.01.0001.01.FIN&amp;toc=OJ:L:2016:119:FULL\">EU -tietosuoja-asetus (2016\/679))<\/a><\/p>\n\n\n\n<p>P\u00e4ivitetty 21.11.2025 <\/p>\n\n\n\n<p><strong>1 Rekisterin nimi<\/strong><\/p>\n\n\n\n<p>Maksuliikenneohjelmisto<\/p>\n\n\n\n<p><strong>2&nbsp;Rekisterinpit\u00e4j\u00e4<\/strong><\/p>\n\n\n\n<p>Jyv\u00e4skyl\u00e4n ammattikorkeakoulu Oy<br>PL 207, 40101 Jyv\u00e4skyl\u00e4<br>+358 20 743 8100<\/p>\n\n\n\n<p><strong>3&nbsp;Yhteyshenkil\u00f6 rekisteri\u00e4 koskevissa asioissa, yhteystiedot virka-aikana<\/strong><\/p>\n\n\n\n<ul class=\"wp-block-list\">\n<li>Rekisterist\u00e4 vastaavan johtaja: Talousp\u00e4\u00e4llikk\u00f6\/KOPA Talouspalvelut<\/li>\n\n\n\n<li>Sis\u00e4ll\u00f6llinen p\u00e4\u00e4k\u00e4ytt\u00e4j\u00e4: Johtava talousasiantuntija\/KOPA Talouspalvelut<\/li>\n\n\n\n<li>Tekninen p\u00e4\u00e4k\u00e4ytt\u00e4j\u00e4: Pilvipalvelulla ei ole teknist\u00e4 p\u00e4\u00e4k\u00e4ytt\u00e4j\u00e4\u00e4 Jamkilla<br><br>etunimi.sukunimi[a]jamk.fi<\/li>\n<\/ul>\n\n\n\n<p><strong>4 Henkil\u00f6tietojen k\u00e4sittelyn tarkoitus<\/strong><\/p>\n\n\n\n<p>Henkil\u00f6tietoja k\u00e4sitell\u00e4\u00e4n Jamkille tuleviin ja l\u00e4hteviin maksusuorituksiin liittyen.<\/p>\n\n\n\n<p><strong>5 Rekisterin tietosis\u00e4lt\u00f6<\/strong><\/p>\n\n\n\n<p>Rekister\u00f6ityjen ryhm\u00e4t: kululaskun tai ostolaskun Jamkille l\u00e4hett\u00e4neet henkil\u00f6t sek\u00e4 Jamkin asiakkaat.<\/p>\n\n\n\n<p>Henkil\u00f6tietoina rekisteriin voidaan tallentaa:<\/p>\n\n\n\n<ul class=\"wp-block-list\">\n<li>Nimi<\/li>\n\n\n\n<li><span style=\"color: rgb(0, 0, 36);\">Osoite<\/span><\/li>\n\n\n\n<li>Pankkitili<\/li>\n<\/ul>\n\n\n\n<p><strong>6&nbsp;K\u00e4sittelyperuste<\/strong><\/p>\n\n\n\n<p>Lakis\u00e4\u00e4teinen velvoite.<\/p>\n\n\n\n<p><strong>7 S\u00e4\u00e4nn\u00f6nmukaiset tietol\u00e4hteet<\/strong><\/p>\n\n\n\n<p>Taloushallinto-ohjelmisto<\/p>\n\n\n\n<p>Pankin siirtotiedostot<\/p>\n\n\n\n<p><strong>8&nbsp;S\u00e4\u00e4nn\u00f6nmukaiset tietojen luovutukset ja tietojen siirto EU:n tai Euroopan talousalueen ulkopuolelle<\/strong><\/p>\n\n\n\n<p>Tietoja ei siirret\u00e4 EU:n tai ETA-alueen ulkopuolelle ja\/tai kansainv\u00e4lisille j\u00e4rjest\u00f6ille<\/p>\n\n\n\n<p><strong>9&nbsp;Rekisterin suojauksen periaatteet<\/strong><\/p>\n\n\n\n<p>Rekisterin k\u00e4sittelyss\u00e4 noudatetaan huolellisuutta ja tietoj\u00e4rjestelmien avulla k\u00e4sitelt\u00e4v\u00e4t tiedot suojataan k\u00e4ytt\u00e4j\u00e4tunnuksien ja salasanojen avulla. Rekisterink\u00e4sittelij\u00e4 huolehtii siit\u00e4, ett\u00e4 tallennettuja tietoja sek\u00e4 k\u00e4ytt\u00f6oikeuksia ja muita henkil\u00f6tietojen turvallisuuden kannalta kriittisi\u00e4 tietoja k\u00e4sitell\u00e4\u00e4n luottamuksellisesti ja vain niiden henkil\u00f6iden toimesta, joiden ty\u00f6nkuvaan se kuuluu. <a href=\"https:\/\/www.jamk.fi\/fi\/tietosuoja-jamkissa\">Henkil\u00f6tietoja k\u00e4sitell\u00e4\u00e4n Jamkin ohjeen mukaisesti.<\/a>.<\/p>\n\n\n\n<p><strong>10 Henkil\u00f6tietojen s\u00e4ilytt\u00e4misaika tai s\u00e4ilytt\u00e4misajan m\u00e4\u00e4ritt\u00e4miskriteerit<\/strong><\/p>\n\n\n\n<p>Henkil\u00f6tietoja s\u00e4ilytet\u00e4\u00e4n kirjanpidon tositteiden lakis\u00e4\u00e4teisen s\u00e4ilytysajan.<\/p>\n\n\n\n<p><strong>10&nbsp;Profilointi ja automaattinen p\u00e4\u00e4t\u00f6ksenteko<\/strong><\/p>\n\n\n\n<p>Rekisterin tietoja ei k\u00e4ytet\u00e4 automatisoituihin yksitt\u00e4isp\u00e4\u00e4t\u00f6ksiin tai profilointiin.<\/p>\n\n\n\n<p><strong>11 Rekister\u00f6idyn oikeudet<\/strong><\/p>\n\n\n\n<p>Laki viranomaisten toiminnan julkisuudesta s\u00e4\u00e4ntelee viranomaisten asiakirjojen ja muiden tietoaineistojen julkisuutta ja salassapitoa sek\u00e4 tiedon antamista asiakirjasta ja siihen liittyv\u00e4\u00e4 menettely\u00e4. Lis\u00e4tietoa tietosuojavastaavasta ja rekister\u00f6idyn oikeuksista ja niiden toteuttamisesta&nbsp;kerrotaan&nbsp;<a href=\"https:\/\/www.jamk.fi\/fi\/jamk\/tietosuoja-jamkissa\">Jamkin tietosuojalausekkeessa<\/a>&nbsp;ja&nbsp;<a href=\"https:\/\/www.jamk.fi\/fi\/jamk\/tietosuoja-jamkissa\">Rekister\u00f6idyn oikeudet<\/a>-sivulla.<\/p>\n","protected":false},"excerpt":{"rendered":"<p>(EU -tietosuoja-asetus (2016\/679)) P\u00e4ivitetty 21.11.2025 1 Rekisterin nimi Maksuliikenneohjelmisto 2&nbsp;Rekisterinpit\u00e4j\u00e4 Jyv\u00e4skyl\u00e4n ammattikorkeakoulu OyPL 207, 40101 Jyv\u00e4skyl\u00e4+358 20 743 8100 3&nbsp;Yhteyshenkil\u00f6 rekisteri\u00e4 koskevissa asioissa, yhteystiedot virka-aikana 4 Henkil\u00f6tietojen k\u00e4sittelyn tarkoitus Henkil\u00f6tietoja k\u00e4sitell\u00e4\u00e4n Jamkille tuleviin ja l\u00e4hteviin maksusuorituksiin liittyen. 5 Rekisterin tietosis\u00e4lt\u00f6 Rekister\u00f6ityjen ryhm\u00e4t: kululaskun tai ostolaskun Jamkille l\u00e4hett\u00e4neet henkil\u00f6t sek\u00e4 Jamkin asiakkaat. Henkil\u00f6tietoina rekisteriin voidaan tallentaa: [&hellip;]<\/p>\n","protected":false},"author":471,"featured_media":0,"parent":501,"menu_order":2,"comment_status":"closed","ping_status":"closed","template":"","meta":{"_acf_changed":false,"_relevanssi_hide_post":"","_relevanssi_hide_content":"","_relevanssi_pin_for_all":"","_relevanssi_pin_keywords":"","_relevanssi_unpin_keywords":"","_relevanssi_related_keywords":"","_relevanssi_related_include_ids":"","_relevanssi_related_exclude_ids":"","_relevanssi_related_no_append":"","_relevanssi_related_not_related":"","_relevanssi_related_posts":"","_relevanssi_noindex_reason":"","footnotes":""},"categories":[],"tags":[392,76],"class_list":["post-1112","page","type-page","status-publish","hentry","tag-maksuliikenneohjelmisto","tag-tietosuojaseloste"],"acf":[],"yoast_head":"<!-- This site is optimized with the Yoast SEO plugin v27.3 - https:\/\/yoast.com\/product\/yoast-seo-wordpress\/ -->\n<title>Tietosuojaseloste Avalo maksuliikenneohjelmisto - Tietosuoja<\/title>\n<meta name=\"robots\" content=\"index, follow, max-snippet:-1, max-image-preview:large, max-video-preview:-1\" \/>\n<link rel=\"canonical\" href=\"https:\/\/help.jamk.fi\/tietosuoja\/fi\/talouspalvelut\/tietosuojaseloste-maksuliikenneohjelmisto\/\" \/>\n<meta property=\"og:locale\" content=\"fi_FI\" \/>\n<meta property=\"og:type\" content=\"article\" \/>\n<meta property=\"og:title\" content=\"Tietosuojaseloste Avalo maksuliikenneohjelmisto - Tietosuoja\" \/>\n<meta property=\"og:description\" content=\"(EU -tietosuoja-asetus (2016\/679)) P\u00e4ivitetty 21.11.2025 1 Rekisterin nimi Maksuliikenneohjelmisto 2&nbsp;Rekisterinpit\u00e4j\u00e4 Jyv\u00e4skyl\u00e4n ammattikorkeakoulu OyPL 207, 40101 Jyv\u00e4skyl\u00e4+358 20 743 8100 3&nbsp;Yhteyshenkil\u00f6 rekisteri\u00e4 koskevissa asioissa, yhteystiedot virka-aikana 4 Henkil\u00f6tietojen k\u00e4sittelyn tarkoitus Henkil\u00f6tietoja k\u00e4sitell\u00e4\u00e4n Jamkille tuleviin ja l\u00e4hteviin maksusuorituksiin liittyen. 5 Rekisterin tietosis\u00e4lt\u00f6 Rekister\u00f6ityjen ryhm\u00e4t: kululaskun tai ostolaskun Jamkille l\u00e4hett\u00e4neet henkil\u00f6t sek\u00e4 Jamkin asiakkaat. Henkil\u00f6tietoina rekisteriin voidaan tallentaa: [&hellip;]\" \/>\n<meta property=\"og:url\" content=\"https:\/\/help.jamk.fi\/tietosuoja\/fi\/talouspalvelut\/tietosuojaseloste-maksuliikenneohjelmisto\/\" \/>\n<meta property=\"og:site_name\" content=\"Tietosuoja\" \/>\n<meta property=\"article:modified_time\" content=\"2025-11-24T10:32:04+00:00\" \/>\n<meta name=\"twitter:card\" content=\"summary_large_image\" \/>\n<meta name=\"twitter:label1\" content=\"Arvioitu lukuaika\" \/>\n\t<meta name=\"twitter:data1\" content=\"2 minuuttia\" \/>\n<script type=\"application\/ld+json\" class=\"yoast-schema-graph\">{\"@context\":\"https:\\\/\\\/schema.org\",\"@graph\":[{\"@type\":\"WebPage\",\"@id\":\"https:\\\/\\\/help.jamk.fi\\\/tietosuoja\\\/fi\\\/talouspalvelut\\\/tietosuojaseloste-maksuliikenneohjelmisto\\\/\",\"url\":\"https:\\\/\\\/help.jamk.fi\\\/tietosuoja\\\/fi\\\/talouspalvelut\\\/tietosuojaseloste-maksuliikenneohjelmisto\\\/\",\"name\":\"Tietosuojaseloste Avalo maksuliikenneohjelmisto - Tietosuoja\",\"isPartOf\":{\"@id\":\"https:\\\/\\\/help.jamk.fi\\\/tietosuoja\\\/#website\"},\"datePublished\":\"2025-11-21T09:01:50+00:00\",\"dateModified\":\"2025-11-24T10:32:04+00:00\",\"breadcrumb\":{\"@id\":\"https:\\\/\\\/help.jamk.fi\\\/tietosuoja\\\/fi\\\/talouspalvelut\\\/tietosuojaseloste-maksuliikenneohjelmisto\\\/#breadcrumb\"},\"inLanguage\":\"fi\",\"potentialAction\":[{\"@type\":\"ReadAction\",\"target\":[\"https:\\\/\\\/help.jamk.fi\\\/tietosuoja\\\/fi\\\/talouspalvelut\\\/tietosuojaseloste-maksuliikenneohjelmisto\\\/\"]}]},{\"@type\":\"BreadcrumbList\",\"@id\":\"https:\\\/\\\/help.jamk.fi\\\/tietosuoja\\\/fi\\\/talouspalvelut\\\/tietosuojaseloste-maksuliikenneohjelmisto\\\/#breadcrumb\",\"itemListElement\":[{\"@type\":\"ListItem\",\"position\":1,\"name\":\"Etusivu\",\"item\":\"https:\\\/\\\/help.jamk.fi\\\/tietosuoja\\\/fi\\\/\"},{\"@type\":\"ListItem\",\"position\":2,\"name\":\"Talouspalvelut\",\"item\":\"https:\\\/\\\/help.jamk.fi\\\/tietosuoja\\\/fi\\\/talouspalvelut\\\/\"},{\"@type\":\"ListItem\",\"position\":3,\"name\":\"Tietosuojaseloste Avalo maksuliikenneohjelmisto\"}]},{\"@type\":\"WebSite\",\"@id\":\"https:\\\/\\\/help.jamk.fi\\\/tietosuoja\\\/#website\",\"url\":\"https:\\\/\\\/help.jamk.fi\\\/tietosuoja\\\/\",\"name\":\"Tietosuoja\",\"description\":\"\",\"potentialAction\":[{\"@type\":\"SearchAction\",\"target\":{\"@type\":\"EntryPoint\",\"urlTemplate\":\"https:\\\/\\\/help.jamk.fi\\\/tietosuoja\\\/?s={search_term_string}\"},\"query-input\":{\"@type\":\"PropertyValueSpecification\",\"valueRequired\":true,\"valueName\":\"search_term_string\"}}],\"inLanguage\":\"fi\"}]}<\/script>\n<!-- \/ Yoast SEO plugin. -->","yoast_head_json":{"title":"Tietosuojaseloste Avalo maksuliikenneohjelmisto - Tietosuoja","robots":{"index":"index","follow":"follow","max-snippet":"max-snippet:-1","max-image-preview":"max-image-preview:large","max-video-preview":"max-video-preview:-1"},"canonical":"https:\/\/help.jamk.fi\/tietosuoja\/fi\/talouspalvelut\/tietosuojaseloste-maksuliikenneohjelmisto\/","og_locale":"fi_FI","og_type":"article","og_title":"Tietosuojaseloste Avalo maksuliikenneohjelmisto - Tietosuoja","og_description":"(EU -tietosuoja-asetus (2016\/679)) P\u00e4ivitetty 21.11.2025 1 Rekisterin nimi Maksuliikenneohjelmisto 2&nbsp;Rekisterinpit\u00e4j\u00e4 Jyv\u00e4skyl\u00e4n ammattikorkeakoulu OyPL 207, 40101 Jyv\u00e4skyl\u00e4+358 20 743 8100 3&nbsp;Yhteyshenkil\u00f6 rekisteri\u00e4 koskevissa asioissa, yhteystiedot virka-aikana 4 Henkil\u00f6tietojen k\u00e4sittelyn tarkoitus Henkil\u00f6tietoja k\u00e4sitell\u00e4\u00e4n Jamkille tuleviin ja l\u00e4hteviin maksusuorituksiin liittyen. 5 Rekisterin tietosis\u00e4lt\u00f6 Rekister\u00f6ityjen ryhm\u00e4t: kululaskun tai ostolaskun Jamkille l\u00e4hett\u00e4neet henkil\u00f6t sek\u00e4 Jamkin asiakkaat. Henkil\u00f6tietoina rekisteriin voidaan tallentaa: [&hellip;]","og_url":"https:\/\/help.jamk.fi\/tietosuoja\/fi\/talouspalvelut\/tietosuojaseloste-maksuliikenneohjelmisto\/","og_site_name":"Tietosuoja","article_modified_time":"2025-11-24T10:32:04+00:00","twitter_card":"summary_large_image","twitter_misc":{"Arvioitu lukuaika":"2 minuuttia"},"schema":{"@context":"https:\/\/schema.org","@graph":[{"@type":"WebPage","@id":"https:\/\/help.jamk.fi\/tietosuoja\/fi\/talouspalvelut\/tietosuojaseloste-maksuliikenneohjelmisto\/","url":"https:\/\/help.jamk.fi\/tietosuoja\/fi\/talouspalvelut\/tietosuojaseloste-maksuliikenneohjelmisto\/","name":"Tietosuojaseloste Avalo maksuliikenneohjelmisto - Tietosuoja","isPartOf":{"@id":"https:\/\/help.jamk.fi\/tietosuoja\/#website"},"datePublished":"2025-11-21T09:01:50+00:00","dateModified":"2025-11-24T10:32:04+00:00","breadcrumb":{"@id":"https:\/\/help.jamk.fi\/tietosuoja\/fi\/talouspalvelut\/tietosuojaseloste-maksuliikenneohjelmisto\/#breadcrumb"},"inLanguage":"fi","potentialAction":[{"@type":"ReadAction","target":["https:\/\/help.jamk.fi\/tietosuoja\/fi\/talouspalvelut\/tietosuojaseloste-maksuliikenneohjelmisto\/"]}]},{"@type":"BreadcrumbList","@id":"https:\/\/help.jamk.fi\/tietosuoja\/fi\/talouspalvelut\/tietosuojaseloste-maksuliikenneohjelmisto\/#breadcrumb","itemListElement":[{"@type":"ListItem","position":1,"name":"Etusivu","item":"https:\/\/help.jamk.fi\/tietosuoja\/fi\/"},{"@type":"ListItem","position":2,"name":"Talouspalvelut","item":"https:\/\/help.jamk.fi\/tietosuoja\/fi\/talouspalvelut\/"},{"@type":"ListItem","position":3,"name":"Tietosuojaseloste Avalo maksuliikenneohjelmisto"}]},{"@type":"WebSite","@id":"https:\/\/help.jamk.fi\/tietosuoja\/#website","url":"https:\/\/help.jamk.fi\/tietosuoja\/","name":"Tietosuoja","description":"","potentialAction":[{"@type":"SearchAction","target":{"@type":"EntryPoint","urlTemplate":"https:\/\/help.jamk.fi\/tietosuoja\/?s={search_term_string}"},"query-input":{"@type":"PropertyValueSpecification","valueRequired":true,"valueName":"search_term_string"}}],"inLanguage":"fi"}]}},"_links":{"self":[{"href":"https:\/\/help.jamk.fi\/tietosuoja\/wp-json\/wp\/v2\/pages\/1112","targetHints":{"allow":["GET"]}}],"collection":[{"href":"https:\/\/help.jamk.fi\/tietosuoja\/wp-json\/wp\/v2\/pages"}],"about":[{"href":"https:\/\/help.jamk.fi\/tietosuoja\/wp-json\/wp\/v2\/types\/page"}],"author":[{"embeddable":true,"href":"https:\/\/help.jamk.fi\/tietosuoja\/wp-json\/wp\/v2\/users\/471"}],"replies":[{"embeddable":true,"href":"https:\/\/help.jamk.fi\/tietosuoja\/wp-json\/wp\/v2\/comments?post=1112"}],"version-history":[{"count":2,"href":"https:\/\/help.jamk.fi\/tietosuoja\/wp-json\/wp\/v2\/pages\/1112\/revisions"}],"predecessor-version":[{"id":1116,"href":"https:\/\/help.jamk.fi\/tietosuoja\/wp-json\/wp\/v2\/pages\/1112\/revisions\/1116"}],"up":[{"embeddable":true,"href":"https:\/\/help.jamk.fi\/tietosuoja\/wp-json\/wp\/v2\/pages\/501"}],"wp:attachment":[{"href":"https:\/\/help.jamk.fi\/tietosuoja\/wp-json\/wp\/v2\/media?parent=1112"}],"wp:term":[{"taxonomy":"category","embeddable":true,"href":"https:\/\/help.jamk.fi\/tietosuoja\/wp-json\/wp\/v2\/categories?post=1112"},{"taxonomy":"post_tag","embeddable":true,"href":"https:\/\/help.jamk.fi\/tietosuoja\/wp-json\/wp\/v2\/tags?post=1112"}],"curies":[{"name":"wp","href":"https:\/\/api.w.org\/{rel}","templated":true}]}}